-- https://www.phpmyadmin.net/
--

START TRANSACTION;



--
-- Database: `topland_test`
--

-- --------------------------------------------------------

--
-- Table structure for table `about_us`
--

CREATE TABLE `about_us` (
  `id` bigint(20) UNSIGNED NOT NULL,
  `image` varchar(255) COLLATE utf8mb4_unicode_ci DEFAULT NULL,
  `created_at` timestamp NULL DEFAULT NULL,
  `updated_at` timestamp NULL DEFAULT NULL
) ENGINE=InnoDB DEFAULT CHARSET=utf8mb4 COLLATE=utf8mb4_unicode_ci;

--
-- Dumping data for table `about_us`
--

INSERT INTO `about_us` (`id`, `image`, `created_at`, `updated_at`) VALUES
(1, 'uploads/website-images/wsus-img-2024-12-31-05-16-10-8297.webp', '2024-08-26 00:03:10', '2024-12-30 23:16:10');

-- --------------------------------------------------------

--
-- Table structure for table `about_us_translations`
--

CREATE TABLE `about_us_translations` (
  `id` bigint(20) UNSIGNED NOT NULL,
  `about_us_id` int(11) NOT NULL,
  `lang_code` varchar(255) COLLATE utf8mb4_unicode_ci NOT NULL,
  `about_us` text COLLATE utf8mb4_unicode_ci DEFAULT NULL,
  `service` text COLLATE utf8mb4_unicode_ci DEFAULT NULL,
  `history` text COLLATE utf8mb4_unicode_ci DEFAULT NULL,
  `created_at` timestamp NULL DEFAULT NULL,
  `updated_at` timestamp NULL DEFAULT NULL
) ENGINE=InnoDB DEFAULT CHARSET=utf8mb4 COLLATE=utf8mb4_unicode_ci;

--
-- Dumping data for table `about_us_translations`
--

INSERT INTO `about_us_translations` (`id`, `about_us_id`, `lang_code`, `about_us`, `service`, `history`, `created_at`, `updated_at`) VALUES
(1, 1, 'en', '<p>Our real estate company offers expert services in property buying, selling, and leasing. We provide personalized assistance in finding the perfect property, negotiating deals, and guiding clients through the legal and financial processes. Our team also specializes in property management and investment advice, ensuring a seamless and successful experience for every client. With deep market knowledge and a commitment to customer satisfaction, we strive to exceed expectations and deliver the best real estate solutions. Trust us to make your property journey smooth and profitable.</p>', '<p>Our real estate company offers a wide range of services, including property buying, selling, leasing, and management. We assist clients in finding the ideal property, negotiating deals, and guiding them through legal and financial matters. Additionally, we provide expert investment advice to help clients make informed decisions. With a focus on market analysis and personalized service, we ensure a seamless experience from start to finish. Whether you\'re a first-time buyer or an experienced investor, our team is dedicated to providing tailored solutions for all your real estate needs.</p>', '<p>Our company was founded with a vision to provide exceptional real estate services to individuals and businesses alike. Over the years, we have built a reputation for integrity, professionalism, and commitment to customer satisfaction. Through hard work and dedication, we have expanded our expertise in property buying, selling, leasing, and management, becoming a trusted partner for clients seeking reliable real estate solutions. Our history reflects a commitment to excellence, and we continue to evolve to meet the needs of a dynamic market.</p>', '2024-08-26 00:03:10', '2024-12-28 23:43:27'),
(2, 1, 'hi', '<p>हमारी रियल एस्टेट कंपनी संपत्ति खरीदने, बेचने और पट्टे पर देने में विशेषज्ञ सेवाएं प्रदान करती है। हम सही संपत्ति ढूंढने, सौदों पर बातचीत करने और कानूनी और वित्तीय प्रक्रियाओं के माध्यम से ग्राहकों का मार्गदर्शन करने में व्यक्तिगत सहायता प्रदान करते हैं। हमारी टीम संपत्ति प्रबंधन और निवेश सलाह में भी माहिर है, जो प्रत्येक ग्राहक के लिए एक सहज और सफल अनुभव सुनिश्चित करती है। बाजार के गहन ज्ञान और ग्राहकों की संतुष्टि के प्रति प्रतिबद्धता के साथ, हम उम्मीदों से आगे बढ़ने और सर्वोत्तम रियल एस्टेट समाधान प्रदान करने का प्रयास करते हैं। अपनी संपत्ति यात्रा को सुचारू और लाभदायक बनाने के लिए हम पर भरोसा करें।</p>', '<p>हमारी रियल एस्टेट कंपनी संपत्ति खरीदने, बेचने, पट्टे पर देने और प्रबंधन सहित सेवाओं की एक विस्तृत श्रृंखला प्रदान करती है। हम ग्राहकों को आदर्श संपत्ति ढूंढने, सौदों पर बातचीत करने और कानूनी और वित्तीय मामलों में उनका मार्गदर्शन करने में सहायता करते हैं। इसके अतिरिक्त, हम ग्राहकों को सूचित निर्णय लेने में मदद करने के लिए विशेषज्ञ निवेश सलाह प्रदान करते हैं। बाज़ार विश्लेषण और वैयक्तिकृत सेवा पर ध्यान केंद्रित करते हुए, हम शुरू से अंत तक एक निर्बाध अनुभव सुनिश्चित करते हैं। चाहे आप पहली बार खरीदार हों या अनुभवी निवेशक, हमारी टीम आपकी सभी रियल एस्टेट जरूरतों के लिए अनुरूप समाधान प्रदान करने के लिए समर्पित है।</p>', '<p>हमारी कंपनी की स्थापना व्यक्तियों और व्यवसायों को समान रूप से असाधारण रियल एस्टेट सेवाएं प्रदान करने के उद्देश्य से की गई थी। इन वर्षों में, हमने ईमानदारी, व्यावसायिकता और ग्राहक संतुष्टि के प्रति प्रतिबद्धता के लिए प्रतिष्ठा बनाई है। कड़ी मेहनत और समर्पण के माध्यम से, हमने संपत्ति खरीदने, बेचने, पट्टे पर देने और प्रबंधन में अपनी विशेषज्ञता का विस्तार किया है, और विश्वसनीय रियल एस्टेट समाधान चाहने वाले ग्राहकों के लिए एक विश्वसनीय भागीदार बन गए हैं। हमारा इतिहास उत्कृष्टता के प्रति प्रतिबद्धता को दर्शाता है, और हम एक गतिशील बाजार की जरूरतों को पूरा करने के लिए विकास करना जारी रखते हैं।</p>', '2024-08-26 00:03:10', '2024-12-28 23:46:15'),
(3, 1, 'ar', '<p>تقدم شركتنا العقارية خدمات متخصصة في شراء وبيع وتأجير العقارات. نحن نقدم مساعدة شخصية في العثور على العقار المثالي، والتفاوض على الصفقات، وتوجيه العملاء خلال العمليات القانونية والمالية. ويتخصص فريقنا أيضًا في إدارة العقارات وتقديم المشورة الاستثمارية، مما يضمن تجربة سلسة وناجحة لكل عميل. بفضل المعرفة العميقة بالسوق والالتزام برضا العملاء، فإننا نسعى جاهدين لتجاوز التوقعات وتقديم أفضل الحلول العقارية. ثق بنا لجعل رحلتك العقارية سلسة ومربحة.</p>', '<p>تقدم شركتنا العقارية مجموعة واسعة من الخدمات، بما في ذلك شراء العقارات وبيعها وتأجيرها وإدارتها. نحن نساعد العملاء في العثور على العقار المثالي، والتفاوض على الصفقات، وتوجيههم خلال المسائل القانونية والمالية. بالإضافة إلى ذلك، نحن نقدم نصائح استثمارية متخصصة لمساعدة العملاء على اتخاذ قرارات مستنيرة. ومع التركيز على تحليل السوق والخدمة الشخصية، فإننا نضمن تجربة سلسة من البداية إلى النهاية. سواء كنت مشتريًا لأول مرة أو مستثمرًا ذو خبرة، فإن فريقنا ملتزم بتقديم حلول مخصصة لجميع احتياجاتك العقارية.</p>', '<p>تأسست شركتنا برؤية تتمثل في تقديم خدمات عقارية استثنائية للأفراد والشركات على حد سواء. على مر السنين، قمنا ببناء سمعة طيبة من حيث النزاهة والكفاءة المهنية والالتزام برضا العملاء. ومن خلال العمل الجاد والتفاني، قمنا بتوسيع خبرتنا في شراء العقارات وبيعها وتأجيرها وإدارتها، لنصبح شريكًا موثوقًا للعملاء الذين يبحثون عن حلول عقارية موثوقة. يعكس تاريخنا التزامنا بالتميز، ونحن مستمرون في التطور لتلبية احتياجات السوق الديناميكية.</p>', '2024-08-26 00:03:10', '2024-12-28 23:46:12');

-- --------------------------------------------------------

--
-- Table structure for table `aminities`
--

CREATE TABLE `aminities` (
  `id` bigint(20) UNSIGNED NOT NULL,
  `slug` varchar(255) COLLATE utf8mb4_unicode_ci DEFAULT NULL,
  `icon` varchar(255) COLLATE utf8mb4_unicode_ci DEFAULT NULL,
  `status` tinyint(1) NOT NULL DEFAULT 1,
  `created_at` timestamp NULL DEFAULT NULL,
  `updated_at` timestamp NULL DEFAULT NULL
) ENGINE=InnoDB DEFAULT CHARSET=utf8mb4 COLLATE=utf8mb4_unicode_ci;

--
-- Dumping data for table `aminities`
--

INSERT INTO `aminities` (`id`, `slug`, `icon`, `status`, `created_at`, `updated_at`) VALUES
(1, 'good-for-kids', NULL, 1, '2024-08-19 21:42:57', '2024-08-19 21:42:57'),
(2, 'elevator-in-building', NULL, 1, '2024-08-19 21:44:31', '2024-08-19 21:44:31'),
(3, 'bike-parking', NULL, 1, '2024-08-19 21:44:42', '2024-08-19 21:44:42'),
(4, 'alcohol', NULL, 1, '2024-08-19 21:44:51', '2024-08-19 21:44:51'),
(5, 'reservations', NULL, 1, '2024-08-19 21:45:01', '2024-08-19 21:45:01'),
(6, 'free-coffee-and-tea', NULL, 1, '2024-08-19 21:45:09', '2024-08-19 21:45:09'),
(7, 'accepts-credit-cards', NULL, 1, '2024-08-19 21:45:17', '2024-08-19 21:45:17'),
(8, 'air-condition', NULL, 1, '2024-08-19 21:45:27', '2024-08-19 21:45:27'),
(9, 'cable-tv', NULL, 1, '2024-08-19 21:45:35', '2024-08-19 21:45:35'),
(10, 'balcony', NULL, 1, '2024-08-19 21:45:42', '2024-12-23 00:02:23');

-- --------------------------------------------------------

--
-- Table structure for table `aminity_translations`
--

CREATE TABLE `aminity_translations` (
  `id` bigint(20) UNSIGNED NOT NULL,
  `aminity_id` int(11) NOT NULL,
  `lang_code` varchar(255) COLLATE utf8mb4_unicode_ci NOT NULL,
  `title` varchar(255) COLLATE utf8mb4_unicode_ci DEFAULT NULL,
  `created_at` timestamp NULL DEFAULT NULL,
  `updated_at` timestamp NULL DEFAULT NULL
) ENGINE=InnoDB DEFAULT CHARSET=utf8mb4 COLLATE=utf8mb4_unicode_ci;

--
-- Dumping data for table `aminity_translations`
--

INSERT INTO `aminity_translations` (`id`, `aminity_id`, `lang_code`, `title`, `created_at`, `updated_at`) VALUES
(1, 1, 'en', 'Good for kids', '2024-08-19 21:42:57', '2024-08-19 21:42:57'),
(2, 1, 'hi', 'बच्चों के लिए अच्छा है', '2024-08-19 21:42:57', '2024-08-19 21:47:24'),
(3, 1, 'ar', 'جيد للأطفال', '2024-08-19 21:42:57', '2024-08-19 21:50:03'),
(4, 2, 'en', 'Elevator in building', '2024-08-19 21:44:31', '2024-08-19 21:44:31'),
(5, 2, 'hi', 'इमारत में लिफ्ट', '2024-08-19 21:44:31', '2024-08-19 21:47:27'),
(6, 2, 'ar', 'مصعد في المبنى', '2024-08-19 21:44:31', '2024-08-19 21:50:06'),
(7, 3, 'en', 'Bike Parking', '2024-08-19 21:44:42', '2024-08-19 21:44:42'),
(8, 3, 'hi', 'बाइक पार्किंग', '2024-08-19 21:44:42', '2024-08-19 21:47:30'),
(9, 3, 'ar', 'مواقف الدراجات', '2024-08-19 21:44:42', '2024-08-19 21:50:09'),
(10, 4, 'en', 'Alcohol', '2024-08-19 21:44:51', '2024-08-19 21:44:51'),
(11, 4, 'hi', 'शराब', '2024-08-19 21:44:51', '2024-08-19 21:47:33'),
(12, 4, 'ar', 'الكحول', '2024-08-19 21:44:51', '2024-08-19 21:50:11'),
(13, 5, 'en', 'Reservations', '2024-08-19 21:45:01', '2024-08-19 21:45:01'),
(14, 5, 'hi', 'आरक्षण', '2024-08-19 21:45:01', '2024-08-19 21:47:36'),
(15, 5, 'ar', 'التحفظات', '2024-08-19 21:45:01', '2024-08-19 21:50:14'),
(16, 6, 'en', 'Free coffee and tea', '2024-08-19 21:45:09', '2024-08-19 21:45:09'),
(17, 6, 'hi', 'मुफ़्त कॉफ़ी और चाय', '2024-08-19 21:45:09', '2024-08-19 21:47:39'),
(18, 6, 'ar', 'القهوة والشاي مجانا', '2024-08-19 21:45:09', '2024-08-19 21:50:16'),
(19, 7, 'en', 'Accepts Credit Cards', '2024-08-19 21:45:17', '2024-08-19 21:45:17'),
(20, 7, 'hi', 'क्रेडिट कार्ड स्वीकार करता है', '2024-08-19 21:45:17', '2024-08-19 21:47:44'),
(21, 7, 'ar', 'يقبل بطاقات الائتمان', '2024-08-19 21:45:17', '2024-08-19 21:50:19'),
(22, 8, 'en', 'Air Condition', '2024-08-19 21:45:27', '2024-08-19 21:45:27'),
(23, 8, 'hi', 'एयर कंडीशन', '2024-08-19 21:45:27', '2024-08-19 21:47:51'),
(24, 8, 'ar', 'تكييف الهواء', '2024-08-19 21:45:27', '2024-08-19 21:50:21'),
(25, 9, 'en', 'Cable Tv', '2024-08-19 21:45:35', '2024-08-19 21:45:35'),
(26, 9, 'hi', 'केबल टीवी', '2024-08-19 21:45:35', '2024-08-19 21:47:57'),
(27, 9, 'ar', 'تلفزيون الكابل', '2024-08-19 21:45:35', '2024-08-19 21:50:24'),
(28, 10, 'en', 'Balcony', '2024-08-19 21:45:42', '2024-08-19 21:45:42'),
(29, 10, 'hi', 'बालकनी', '2024-08-19 21:45:42', '2024-12-23 00:03:32'),
(30, 10, 'ar', 'شرفة', '2024-08-19 21:45:42', '2024-08-19 21:50:29');

-- --------------------------------------------------------

--
-- Table structure for table `background_images`
--

CREATE TABLE `background_images` (
  `id` bigint(20) UNSIGNED NOT NULL,
  `home1_top_property` varchar(255) COLLATE utf8mb4_unicode_ci DEFAULT NULL,
  `agent` varchar(255) COLLATE utf8mb4_unicode_ci DEFAULT NULL,
  `home1_testimonial` varchar(255) COLLATE utf8mb4_unicode_ci DEFAULT NULL,
  `home2_testimonial` varchar(255) COLLATE utf8mb4_unicode_ci DEFAULT NULL,
  `home3_testimonial` varchar(255) COLLATE utf8mb4_unicode_ci DEFAULT NULL,
  `home1_footer` varchar(255) COLLATE utf8mb4_unicode_ci DEFAULT NULL,
  `home2_footer` varchar(255) COLLATE utf8mb4_unicode_ci DEFAULT NULL,
  `home3_footer` varchar(255) COLLATE utf8mb4_unicode_ci DEFAULT NULL,
  `service_background_image` varchar(255) COLLATE utf8mb4_unicode_ci DEFAULT NULL,
  `created_at` timestamp NULL DEFAULT NULL,
  `updated_at` timestamp NULL DEFAULT NULL
) ENGINE=InnoDB DEFAULT CHARSET=utf8mb4 COLLATE=utf8mb4_unicode_ci;

--
-- Dumping data for table `background_images`
--

INSERT INTO `background_images` (`id`, `home1_top_property`, `agent`, `home1_testimonial`, `home2_testimonial`, `home3_testimonial`, `home1_footer`, `home2_footer`, `home3_footer`, `service_background_image`, `created_at`, `updated_at`) VALUES
(1, 'uploads/website-images/wsus-img-2024-08-15-08-24-38-6875.webp', 'uploads/website-images/wsus-img-2024-08-15-08-24-38-4626.webp', 'uploads/website-images/wsus-img-2024-08-15-08-24-38-5937.webp', NULL, 'uploads/website-images/wsus-img-2024-08-15-08-24-38-5305.webp', 'uploads/website-images/wsus-img-2024-08-15-08-24-38-8585.webp', 'uploads/website-images/wsus-img-2024-08-15-08-24-38-4094.webp', 'uploads/website-images/wsus-img-2024-08-15-08-24-38-9236.webp', 'uploads/website-images/wsus-img-2024-12-31-05-18-47-5125.webp', '2024-08-19 05:54:43', '2024-12-30 23:18:47');

-- --------------------------------------------------------

--
-- Table structure for table `banned_histories`
--

CREATE TABLE `banned_histories` (
  `id` bigint(20) UNSIGNED NOT NULL,
  `user_id` int(11) NOT NULL,
  `subject` varchar(255) COLLATE utf8mb4_unicode_ci DEFAULT NULL,
  `reasone` varchar(255) COLLATE utf8mb4_unicode_ci DEFAULT NULL,
  `description` text COLLATE utf8mb4_unicode_ci DEFAULT NULL,
  `created_at` timestamp NULL DEFAULT NULL,
  `updated_at` timestamp NULL DEFAULT NULL
) ENGINE=InnoDB DEFAULT CHARSET=utf8mb4 COLLATE=utf8mb4_unicode_ci;

-- --------------------------------------------------------

--
-- Table structure for table `blogs`
--

CREATE TABLE `blogs` (
  `id` bigint(20) UNSIGNED NOT NULL,
  `admin_id` bigint(20) UNSIGNED NOT NULL DEFAULT 0,
  `blog_category_id` bigint(20) UNSIGNED NOT NULL,
  `slug` text COLLATE utf8mb4_unicode_ci NOT NULL,
  `image` varchar(255) COLLATE utf8mb4_unicode_ci DEFAULT NULL,
  `views` bigint(20) NOT NULL DEFAULT 0,
  `show_homepage` tinyint(1) NOT NULL DEFAULT 0,
  `is_popular` tinyint(1) NOT NULL DEFAULT 0,
  `tags` text COLLATE utf8mb4_unicode_ci DEFAULT NULL,
  `status` tinyint(1) NOT NULL DEFAULT 0,
  `created_at` timestamp NULL DEFAULT NULL,
  `updated_at` timestamp NULL DEFAULT NULL
) ENGINE=InnoDB DEFAULT CHARSET=utf8mb4 COLLATE=utf8mb4_unicode_ci;

--
-- Dumping data for table `blogs`
--

INSERT INTO `blogs` (`id`, `admin_id`, `blog_category_id`, `slug`, `image`, `views`, `show_homepage`, `is_popular`, `tags`, `status`, `created_at`, `updated_at`) VALUES
(1, 1, 5, 'the-best-delicious-coffee-shop-in-bangkok-china', 'uploads/custom-images/wsus-img-2024-08-20-10-45-02-6460.webp', 1, 1, 0, NULL, 1, '2024-08-20 04:45:02', '2024-12-31 00:55:48'),
(2, 1, 2, 'america-national-parks-with-denver-adventure-tours', 'uploads/custom-images/wsus-img-2024-08-20-10-46-41-6384.webp', 15, 1, 0, NULL, 1, '2024-08-20 04:46:41', '2025-01-02 04:49:20'),
(3, 1, 3, 'a-seaside-resort-in-laguna-beach-for-relaxation', 'uploads/custom-images/wsus-img-2024-08-20-10-48-30-3714.webp', 3, 0, 0, NULL, 1, '2024-08-20 04:48:30', '2025-01-02 04:47:55'),
(4, 1, 2, 'the-benefits-of-a-real-estate-agent-for-success', 'uploads/custom-images/wsus-img-2024-08-20-10-51-31-5713.webp', 2, 0, 0, NULL, 1, '2024-08-20 04:51:31', '2025-01-02 04:45:32'),
(5, 1, 2, 'what-people-says-about-real-estate-properties', 'uploads/custom-images/wsus-img-2024-08-20-10-56-47-6409.webp', 2, 0, 0, NULL, 1, '2024-08-20 04:56:47', '2024-12-31 00:55:38'),
(6, 1, 4, 'list-of-benifits-and-impressive-listeo-services', 'uploads/custom-images/wsus-img-2024-08-20-10-58-49-4758.webp', 2, 0, 0, NULL, 1, '2024-08-20 04:58:49', '2024-12-31 00:55:35'),
(7, 1, 2, 'simple-ways-to-reduce-your-unwanted-wrinkles', 'uploads/custom-images/wsus-img-2024-08-20-11-00-10-2511.webp', 6, 0, 0, NULL, 1, '2024-08-20 05:00:10', '2025-01-02 05:07:30'),
(8, 1, 5, '10-reasons-to-start-your-own-profitable-website', 'uploads/custom-images/wsus-img-2024-08-20-11-01-54-2290.webp', 8, 0, 1, NULL, 1, '2024-08-20 05:01:54', '2024-12-31 00:55:07'),
(9, 1, 3, '9-things-i-love-about-shaving-my-head-during-quarantine', 'uploads/custom-images/wsus-img-2024-08-20-11-02-53-4604.webp', 3, 0, 1, NULL, 1, '2024-08-20 05:02:53', '2024-12-31 00:55:03'),
(10, 1, 3, 'how-to-sell-your-home-fast-easily-and-for-maximum-profit', 'uploads/custom-images/wsus-img-2024-08-20-11-03-29-3683.webp', 3, 0, 1, NULL, 1, '2024-08-20 05:03:29', '2024-12-31 00:54:59'),
(11, 1, 3, 'apple-imac-with-retina-5k-display-review', 'uploads/custom-images/wsus-img-2024-08-20-11-04-19-8258.webp', 17, 1, 1, NULL, 1, '2024-08-20 05:04:19', '2024-12-31 00:54:56'),
(12, 1, 4, 'a-skin-cream-thats-proven-to-work-wonders-fast', 'uploads/custom-images/wsus-img-2024-08-20-11-04-59-1604.webp', 30, 0, 1, NULL, 1, '2024-08-20 05:04:59', '2025-01-02 05:08:08');

-- --------------------------------------------------------

--
-- Table structure for table `blog_categories`
--

CREATE TABLE `blog_categories` (
  `id` bigint(20) UNSIGNED NOT NULL,
  `slug` varchar(255) COLLATE utf8mb4_unicode_ci NOT NULL,
  `position` int(11) NOT NULL DEFAULT 0,
  `parent_id` varchar(255) COLLATE utf8mb4_unicode_ci DEFAULT NULL,
  `status` tinyint(1) NOT NULL DEFAULT 1,
  `created_at` timestamp NULL DEFAULT NULL,
  `updated_at` timestamp NULL DEFAULT NULL
) ENGINE=InnoDB DEFAULT CHARSET=utf8mb4 COLLATE=utf8mb4_unicode_ci;

--
-- Dumping data for table `blog_categories`
--

INSERT INTO `blog_categories` (`id`, `slug`, `position`, `parent_id`, `status`, `created_at`, `updated_at`) VALUES
(1, 'fitnesss', 0, NULL, 1, '2024-08-20 04:34:29', '2024-12-04 22:40:44'),
(2, 'lifestyle', 0, NULL, 1, '2024-08-20 04:34:37', '2024-12-04 22:40:59'),
(3, 'event', 0, NULL, 1, '2024-08-20 04:34:44', '2024-12-04 22:41:02'),
(4, 'bar-cafe', 0, NULL, 1, '2024-08-20 04:34:52', '2024-12-04 22:41:05'),
(5, 'food-and-drink', 0, NULL, 1, '2024-08-20 04:35:03', '2024-12-22 05:20:57');

-- --------------------------------------------------------

--
-- Table structure for table `blog_category_translations`
--

CREATE TABLE `blog_category_translations` (
  `id` bigint(20) UNSIGNED NOT NULL,
  `blog_category_id` bigint(20) UNSIGNED NOT NULL,
  `lang_code` varchar(255) COLLATE utf8mb4_unicode_ci NOT NULL,
  `title` varchar(255) COLLATE utf8mb4_unicode_ci NOT NULL,
  `short_description` varchar(255) COLLATE utf8mb4_unicode_ci DEFAULT NULL,
  `created_at` timestamp NULL DEFAULT NULL,
  `updated_at` timestamp NULL DEFAULT NULL
) ENGINE=InnoDB DEFAULT CHARSET=utf8mb4 COLLATE=utf8mb4_unicode_ci;

--
-- Dumping data for table `blog_category_translations`
--

INSERT INTO `blog_category_translations` (`id`, `blog_category_id`, `lang_code`, `title`, `short_description`, `created_at`, `updated_at`) VALUES
(1, 1, 'en', 'Fitnesss', NULL, '2024-08-20 04:34:29', '2024-08-20 04:34:29'),
(2, 1, 'hi', 'स्वास्थ्य', NULL, '2024-08-20 04:34:29', '2024-08-20 04:37:11'),
(3, 1, 'ar', 'لياقة بدنية', NULL, '2024-08-20 04:34:29', '2024-08-20 04:39:15'),
(4, 2, 'en', 'Lifestyle', NULL, '2024-08-20 04:34:37', '2024-08-20 04:34:37'),
(5, 2, 'hi', 'जीवन शैली', NULL, '2024-08-20 04:34:37', '2024-08-20 04:37:14'),
(6, 2, 'ar', 'نمط الحياة', NULL, '2024-08-20 04:34:37', '2024-08-20 04:39:18'),
(7, 3, 'en', 'Event', NULL, '2024-08-20 04:34:44', '2024-08-20 04:34:44'),
(8, 3, 'hi', 'आयोजन', NULL, '2024-08-20 04:34:44', '2024-08-20 04:37:20'),
(9, 3, 'ar', 'حدث', NULL, '2024-08-20 04:34:44', '2024-08-20 04:39:22'),
(10, 4, 'en', 'Bar And Cafe', NULL, '2024-08-20 04:34:52', '2024-08-21 21:56:19'),
(11, 4, 'hi', 'बार एवं कैफे', NULL, '2024-08-20 04:34:52', '2024-08-20 04:37:22'),
(12, 4, 'ar', 'بار ومقهى', NULL, '2024-08-20 04:34:52', '2024-08-20 04:39:24'),
(13, 5, 'en', 'Food And Drink', NULL, '2024-08-20 04:35:03', '2024-08-21 21:55:45'),
(14, 5, 'hi', 'भोजन पेय', NULL, '2024-08-20 04:35:03', '2024-08-20 04:37:28'),
(15, 5, 'ar', 'الطعام والشراب', NULL, '2024-08-20 04:35:03', '2024-08-20 04:39:30');

-- --------------------------------------------------------

--
-- Table structure for table `blog_comments`
--

CREATE TABLE `blog_comments` (
  `id` bigint(20) UNSIGNED NOT NULL,
  `blog_id` bigint(20) UNSIGNED NOT NULL,
  `name` varchar(255) COLLATE utf8mb4_unicode_ci DEFAULT NULL,
  `email` varchar(255) COLLATE utf8mb4_unicode_ci DEFAULT NULL,
  `phone` varchar(255) COLLATE utf8mb4_unicode_ci DEFAULT NULL,
  `comment` text COLLATE utf8mb4_unicode_ci NOT NULL,
  `status` tinyint(1) NOT NULL DEFAULT 0,
  `created_at` timestamp NULL DEFAULT NULL,
  `updated_at` timestamp NULL DEFAULT NULL
) ENGINE=InnoDB DEFAULT CHARSET=utf8mb4 COLLATE=utf8mb4_unicode_ci;

--
-- Dumping data for table `blog_comments`
--

INSERT INTO `blog_comments` (`id`, `blog_id`, `name`, `email`, `phone`, `comment`, `status`, `created_at`, `updated_at`) VALUES
(1, 3, 'Maria Jesus', 'maria32@gmail.com', NULL, 'Lorem ipsum dolor sit amet, qui assum oblique praesent te. Quo ei erant essent scaevola, est ut clita dolorem, ei est mazim fuisset scribentur', 1, '2024-08-21 06:21:50', '2024-08-21 06:21:50'),
(2, 2, 'Morni morkel', 'user@gmail.com', NULL, 'Lorem ipsum dolor sit amet, qui assum oblique praesent te. Quo ei erant essent scaevola, est ut clita dolorem, ei est mazim fuisset scribentur', 1, '2024-08-21 06:23:14', '2024-08-21 06:23:14'),
(3, 2, 'Darren shammi', 'darren36@gmail.com', NULL, 'Lorem ipsum dolor sit amet, qui assum oblique praesent te. Quo ei erant essent scaevola, est ut clita dolorem, ei est mazim fuisset scribentur', 1, '2024-08-21 06:24:29', '2024-08-21 06:24:29'),
(4, 12, 'Mahamudul Hassan', 'user2@gmail.com', NULL, 'Lorem ipsum dolor sit amet, qui assum oblique praesent te. Quo ei erant essent scaevola, est ut clita dolorem, ei est mazim fuisset scribentur', 1, '2024-08-21 06:25:31', '2024-08-21 06:25:31'),
(5, 12, 'Ripon Chandra', 'riponchandra667@gmail.com', NULL, 'Test Comment', 1, '2024-08-27 00:25:00', '2024-08-27 00:25:00'),
(6, 11, 'James Sims', 'miwe@mailinator.com', NULL, 'Dolores ex quia culp', 1, '2024-09-02 05:39:46', '2024-09-02 05:39:46');

-- --------------------------------------------------------

--
-- Table structure for table `blog_translations`
--

CREATE TABLE `blog_translations` (
  `id` bigint(20) UNSIGNED NOT NULL,
  `blog_id` bigint(20) UNSIGNED NOT NULL,
  `lang_code` varchar(255) COLLATE utf8mb4_unicode_ci NOT NULL,
  `title` varchar(255) COLLATE utf8mb4_unicode_ci NOT NULL,
  `short_description` text COLLATE utf8mb4_unicode_ci NOT NULL,
  `description` longtext COLLATE utf8mb4_unicode_ci NOT NULL,
  `seo_title` text COLLATE utf8mb4_unicode_ci DEFAULT NULL,
  `seo_description` text COLLATE utf8mb4_unicode_ci DEFAULT NULL,
  `created_at` timestamp NULL DEFAULT NULL,
  `updated_at` timestamp NULL DEFAULT NULL
) ENGINE=InnoDB DEFAULT CHARSET=utf8mb4 COLLATE=utf8mb4_unicode_ci;

--
-- Dumping data for table `blog_translations`
--

INSERT INTO `blog_translations` (`id`, `blog_id`, `lang_code`, `title`, `short_description`, `description`, `seo_title`, `seo_description`, `created_at`, `updated_at`) VALUES
(1, 1, 'en', 'The best delicious coffee shop in bangkok china', 'Discover the best coffee shops in Bangkok’s Chinatown, offering delightful brews and a unique cultural experience.', '<p>Bangkok&rsquo;s Chinatown is home to some of the most charming and delicious coffee shops, blending rich traditions with modern flavors. These cafes stand out for their aromatic coffee, cozy atmospheres, and distinctive character. Whether you&rsquo;re craving a perfectly brewed espresso or a Thai-inspired iced coffee, the options are endless. Each cup is crafted with precision and passion, reflecting the vibrant culture of the area.</p>\r\n<p>One of the highlights of coffee shops in Chinatown is their fusion of traditional and contemporary styles. Many are housed in beautifully restored shophouses, combining vintage decor with modern amenities. This creates a unique setting where visitors can enjoy their coffee surrounded by the history and energy of Bangkok&rsquo;s bustling Chinatown.</p>\r\n<p>In addition to great coffee, these shops often serve delicious pastries and snacks, making them perfect spots for a quick break or a leisurely afternoon. The friendly staff and welcoming vibe make every visit memorable. Some cafes even offer rooftop seating or outdoor spaces where you can soak in the lively atmosphere of Chinatown while sipping on your favorite brew.</p>\r\n<p>Exploring coffee shops in Bangkok&rsquo;s Chinatown is more than just a caffeine fix; it&rsquo;s a cultural journey. From artisanal blends to local flavors, these cafes are a must-visit for coffee lovers and anyone looking to experience the heart of Bangkok&rsquo;s dynamic coffee scene.</p>', 'The Best Delicious Coffee Shop In Bangkok China.', 'Discover the best coffee shops in Bangkok’s Chinatown, offering delightful brews and a unique cultural experience.', '2024-08-20 04:45:02', '2024-12-29 04:51:12'),
(2, 1, 'hi', 'बैंकॉक चीन में सबसे अच्छी स्वादिष्ट कॉफ़ी शॉप', 'बैंकॉक के चाइनाटाउन में सबसे अच्छी कॉफी की दुकानों की खोज करें, जो आनंददायक शराब और एक अद्वितीय सांस्कृतिक अनुभव प्रदान करती हैं।', '<p>बैंकॉक का चाइनाटाउन कुछ सबसे आकर्षक और स्वादिष्ट कॉफी की दुकानों का घर है, जो आधुनिक स्वादों के साथ समृद्ध परंपराओं का मिश्रण है। ये कैफे अपनी सुगंधित कॉफी, आरामदायक वातावरण और विशिष्ट चरित्र के लिए जाने जाते हैं। चाहे आप पूरी तरह से तैयार एस्प्रेसो या थाई-प्रेरित आइस्ड कॉफी चाहते हों, विकल्प अनंत हैं। प्रत्येक कप को सटीकता और जुनून के साथ तैयार किया गया है, जो क्षेत्र की जीवंत संस्कृति को दर्शाता है।</p>\r\n<p>चाइनाटाउन में कॉफी की दुकानों का एक मुख्य आकर्षण पारंपरिक और समकालीन शैलियों का मिश्रण है। कई को आधुनिक सुविधाओं के साथ पुरानी सजावट के संयोजन से खूबसूरती से बहाल किए गए शॉपहाउस में रखा गया है। यह एक अनूठी सेटिंग बनाता है जहां आगंतुक बैंकॉक के हलचल भरे चाइनाटाउन के इतिहास और ऊर्जा से घिरे अपनी कॉफी का आनंद ले सकते हैं।</p>\r\n<p>बढ़िया कॉफ़ी के अलावा, ये दुकानें अक्सर स्वादिष्ट पेस्ट्री और स्नैक्स परोसती हैं, जिससे ये त्वरित ब्रेक या आरामदायक दोपहर के लिए आदर्श स्थान बन जाते हैं। दोस्ताना स्टाफ और स्वागत करने वाला माहौल हर यात्रा को यादगार बनाता है। कुछ कैफ़े छत पर बैठने की जगह या बाहरी स्थान भी प्रदान करते हैं जहाँ आप अपने पसंदीदा पेय का आनंद लेते हुए चाइनाटाउन के जीवंत वातावरण का आनंद ले सकते हैं।</p>\r\n<p>बैंकॉक के चाइनाटाउन में कॉफी की दुकानों की खोज सिर्फ कैफीन फिक्स से कहीं अधिक है; यह एक सांस्कृतिक यात्रा है। कारीगर मिश्रणों से लेकर स्थानीय स्वादों तक, ये कैफे कॉफी प्रेमियों और बैंकॉक के जीवंत कॉफी दृश्य का अनुभव करने वाले किसी भी व्यक्ति के लिए जरूरी हैं।</p>', 'बैंकॉक, चीन में सर्वश्रेष्ठ स्वादिष्ट कॉफ़ी शॉप।', 'बैंकॉक के चाइनाटाउन में सबसे अच्छी कॉफी की दुकानों की खोज करें, जो आनंददायक शराब और एक अद्वितीय सांस्कृतिक अनुभव प्रदान करती हैं।', '2024-08-20 04:45:02', '2024-12-29 04:52:47'),
(3, 1, 'ar', 'أفضل مقهى لذيذ في بانكوك الصين', 'اكتشف أفضل المقاهي في الحي الصيني في بانكوك، والتي تقدم مشروبات لذيذة وتجربة ثقافية فريدة من نوعها.', '<p>يعد الحي الصيني في بانكوك موطنًا لبعض المقاهي الأكثر سحرًا ولذيذة، والتي تمزج بين التقاليد الغنية والنكهات الحديثة. وتتميز هذه المقاهي بقهوتها العطرية وأجوائها المريحة وطابعها المميز. سواء كنت تشتهي قهوة الإسبريسو المثالية أو القهوة المثلجة المستوحاة من تايلاند، فالخيارات لا حصر لها. تم تصميم كل كوب بدقة وشغف، مما يعكس الثقافة النابضة بالحياة للمنطقة.</p>\r\n<p>أحد أبرز معالم المقاهي في الحي الصيني هو الدمج بين الأساليب التقليدية والمعاصرة. ويقع العديد منها في متاجر تم تجديدها بشكل جميل، وتجمع بين الديكور العتيق ووسائل الراحة الحديثة. وهذا يخلق بيئة فريدة حيث يمكن للزوار الاستمتاع بقهوتهم وسط تاريخ وطاقة الحي الصيني الصاخب في بانكوك.</p>\r\n<p>بالإضافة إلى القهوة الرائعة، غالبًا ما تقدم هذه المتاجر المعجنات والوجبات الخفيفة اللذيذة، مما يجعلها أماكن مثالية لقضاء عطلة سريعة أو قضاء فترة ما بعد الظهيرة. الموظفون الودودون والأجواء الترحيبية تجعل كل زيارة لا تُنسى. توفر بعض المقاهي أيضًا أماكن للجلوس على السطح أو مساحات خارجية حيث يمكنك الاستمتاع بأجواء الحي الصيني المفعمة بالحيوية أثناء احتساء مشروبك المفضل.</p>\r\n<p>إن استكشاف المقاهي في الحي الصيني في بانكوك هو أكثر من مجرد علاج للكافيين؛ إنها رحلة ثقافية. من الخلطات الحرفية إلى النكهات المحلية، تعد هذه المقاهي مكانًا لا بد من زيارته لمحبي القهوة وأي شخص يتطلع إلى تجربة قلب مشهد القهوة الديناميكي في بانكوك.</p>', 'أفضل مقهى لذيذ في بانكوك الصين.', 'اكتشف أفضل المقاهي في الحي الصيني في بانكوك، والتي تقدم مشروبات لذيذة وتجربة ثقافية فريدة من نوعها.', '2024-08-20 04:45:02', '2024-12-29 04:52:42'),
(4, 2, 'en', 'America National Parks with Denver Adventure Tours', 'Explore the beauty of America’s national parks near Denver, offering breathtaking landscapes and unforgettable adventures.', '<p>Denver serves as a gateway to some of America&rsquo;s most stunning national parks, making it an ideal starting point for outdoor enthusiasts and nature lovers. Just a short drive from the city, Rocky Mountain National Park welcomes visitors with its majestic peaks, lush forests, and abundant wildlife. Whether hiking, camping, or driving along the scenic Trail Ridge Road, this park offers countless opportunities to immerse yourself in nature&rsquo;s beauty.</p>\r\n<p>A bit further from Denver, you&rsquo;ll find other remarkable parks like Great Sand Dunes National Park, home to the tallest sand dunes in North America. The combination of vast desert landscapes and nearby mountains creates a unique and awe-inspiring setting. Visitors can enjoy sandboarding, hiking, or simply marveling at the surreal beauty of this natural wonder.</p>\r\n<p>Black Canyon of the Gunnison National Park, known for its steep cliffs and dramatic views, is another must-visit destination. Perfect for adventurers, this park offers opportunities for rock climbing, rafting, and hiking through its rugged terrain. Each of these parks near Denver showcases the diverse landscapes and ecosystems that make America&rsquo;s national parks so unique.</p>\r\n<p>With Denver as your base, exploring these iconic parks is convenient and rewarding. Whether you&rsquo;re seeking tranquility, adventure, or stunning vistas, the national parks surrounding Denver promise unforgettable experiences that celebrate the best of America&rsquo;s natural beauty.</p>', 'America National Parks with Denver', 'Explore the beauty of America’s national parks near Denver, offering breathtaking landscapes and unforgettable adventures.', '2024-08-20 04:46:41', '2025-01-02 04:49:20'),
(5, 2, 'hi', 'एक त्वचा क्रीम जो तेजी से चमत्कारिक रूप से काम करने में सिद्ध है', 'डेनवर के पास अमेरिका के राष्ट्रीय उद्यानों की सुंदरता का अन्वेषण करें, जो लुभावने परिदृश्य और अविस्मरणीय रोमांच पेश करते हैं।', '<p>डेनवर अमेरिका के कुछ सबसे आश्चर्यजनक राष्ट्रीय उद्यानों के प्रवेश द्वार के रूप में कार्य करता है, जो इसे बाहरी उत्साही और प्रकृति प्रेमियों के लिए एक आदर्श प्रारंभिक बिंदु बनाता है। शहर से कुछ ही दूरी पर, रॉकी माउंटेन नेशनल पार्क अपनी राजसी चोटियों, हरे-भरे जंगलों और प्रचुर वन्य जीवन के साथ आगंतुकों का स्वागत करता है। चाहे लंबी पैदल यात्रा हो, कैंपिंग हो या सुंदर ट्रेल रिज रोड पर ड्राइविंग हो, यह पार्क प्रकृति की सुंदरता में डूबने के अनगिनत अवसर प्रदान करता है।</p>\r\n<p>डेनवर से थोड़ा आगे, आपको ग्रेट सैंड ड्यून्स नेशनल पार्क जैसे अन्य उल्लेखनीय पार्क मिलेंगे, जो उत्तरी अमेरिका के सबसे ऊंचे रेत के टीलों का घर है। विशाल रेगिस्तानी परिदृश्य और आस-पास के पहाड़ों का संयोजन एक अद्वितीय और विस्मयकारी सेटिंग बनाता है। पर्यटक सैंडबोर्डिंग, लंबी पैदल यात्रा या इस प्राकृतिक आश्चर्य की अवास्तविक सुंदरता को देखकर आश्चर्यचकित हो सकते हैं।</p>\r\n<p>गुनिसन नेशनल पार्क का ब्लैक कैन्यन, जो अपनी खड़ी चट्टानों और नाटकीय दृश्यों के लिए जाना जाता है, एक और अवश्य देखने योग्य स्थान है। साहसी लोगों के लिए बिल्कुल उपयुक्त, यह पार्क अपने ऊबड़-खाबड़ इलाकों में रॉक क्लाइंबिंग, राफ्टिंग और लंबी पैदल यात्रा के अवसर प्रदान करता है। डेनवर के निकट इनमें से प्रत्येक पार्क विविध परिदृश्यों और पारिस्थितिक तंत्रों को प्रदर्शित करता है जो अमेरिका के राष्ट्रीय उद्यानों को इतना अद्वितीय बनाते हैं।</p>\r\n<p>डेनवर को अपना आधार मानते हुए, इन प्रतिष्ठित पार्कों की खोज करना सुविधाजनक और फायदेमंद है। चाहे आप शांति, रोमांच या आश्चर्यजनक दृश्यों की तलाश में हों, डेनवर के आसपास के राष्ट्रीय उद्यान अविस्मरणीय अनुभवों का वादा करते हैं जो अमेरिका की सर्वोत्तम प्राकृतिक सुंदरता का जश्न मनाते हैं।</p>', 'डेनवर के साथ अमेरिका के राष्ट्रीय उद्यान', 'डेनवर के पास अमेरिका के राष्ट्रीय उद्यानों की सुंदरता का अन्वेषण करें, जो लुभावने परिदृश्य और अविस्मरणीय रोमांच पेश करते हैं।', '2024-08-20 04:46:41', '2025-01-02 04:52:49'),
(6, 2, 'ar', 'المتنزهات الوطنية الأمريكية مع دنفر', 'استكشف جمال المتنزهات الوطنية الأمريكية القريبة من دنفر، والتي توفر مناظر طبيعية خلابة ومغامرات لا تُنسى.', '<p>تعد دنفر بمثابة بوابة لبعض المتنزهات الوطنية الأكثر روعة في أمريكا، مما يجعلها نقطة انطلاق مثالية لعشاق الهواء الطلق ومحبي الطبيعة. على بعد مسافة قصيرة بالسيارة من المدينة، يرحب منتزه روكي ماونتن الوطني بالزوار بقممه الشامخة وغاباته الخضراء وحياةه البرية الوفيرة. سواء كنت تمارس رياضة المشي لمسافات طويلة أو التخييم أو القيادة على طول طريق تريل ريدج الخلاب، توفر هذه الحديقة فرصًا لا حصر لها للانغماس في جمال الطبيعة.</p>\r\n<p>على مسافة أبعد قليلًا من دنفر، ستجد متنزهات أخرى رائعة مثل متنزه غريت ساند ديونز الوطني، موطن أطول الكثبان الرملية في أمريكا الشمالية. إن الجمع بين المناظر الطبيعية الصحراوية الشاسعة والجبال القريبة يخلق بيئة فريدة ومذهلة. يمكن للزوار الاستمتاع بالتزلج على الرمال، أو المشي لمسافات طويلة، أو الاستمتاع ببساطة بالجمال السريالي لهذه الأعجوبة الطبيعية.</p>\r\n<p>يعد الوادي الأسود الموجود في متنزه غونيسون الوطني، المعروف بمنحدراته الشديدة ومناظره المثيرة، وجهة أخرى يجب زيارتها. تعتبر هذه الحديقة مثالية للمغامرين، وتوفر فرصًا لتسلق الصخور وركوب الرمث والمشي لمسافات طويلة عبر تضاريسها الوعرة. تعرض كل من هذه المتنزهات القريبة من دنفر المناظر الطبيعية والأنظمة البيئية المتنوعة التي تجعل المتنزهات الوطنية الأمريكية فريدة من نوعها.</p>\r\n<p>مع وجود دنفر كقاعدة لك، يعد استكشاف هذه المتنزهات الشهيرة أمرًا مريحًا ومجزيًا. سواء كنت تبحث عن الهدوء أو المغامرة أو المناظر الخلابة، تعدك المتنزهات الوطنية المحيطة بمدينة دنفر بتجارب لا تُنسى تحتفي بأفضل ما في الجمال الطبيعي في أمريكا.</p>', 'المتنزهات الوطنية الأمريكية مع دنفر', 'استكشف جمال المتنزهات الوطنية الأمريكية القريبة من دنفر، والتي توفر مناظر طبيعية خلابة ومغامرات لا تُنسى.', '2024-08-20 04:46:41', '2024-12-29 04:48:07'),
(7, 3, 'en', 'A Seaside Resort in Laguna Beach for Relaxation', 'Experience the rejuvenating charm of a seaside escape in Laguna Beach, where relaxation and beauty await.', '<p>Laguna Beach offers the perfect setting for a refreshing seaside reset, combining natural beauty with a tranquil atmosphere. With its pristine beaches, crystal-clear waters, and breathtaking sunsets, this coastal gem invites visitors to unwind and recharge. Whether you&rsquo;re strolling along the sandy shores or exploring hidden coves, the calming sound of the waves creates a serene backdrop for relaxation.</p>\r\n<p>For those seeking adventure, Laguna Beach provides plenty of activities to keep you engaged. From paddleboarding and kayaking to hiking the scenic trails of Heisler Park or Crystal Cove, the area is a haven for outdoor enthusiasts. The vibrant marine life and tide pools offer a chance to connect with nature, while the artistic charm of the town adds a cultural touch. Art galleries, boutique shops, and cozy cafes line the streets, offering a delightful mix of experiences for every taste.</p>\r\n<p>Laguna Beach is also an ideal destination for wellness and self-care. Many visitors indulge in spa treatments, yoga sessions, or simply enjoy the peaceful surroundings to reset their minds and bodies. The local cuisine, featuring fresh seafood and farm-to-table dishes, complements the restorative vibe, making every meal a memorable part of your seaside retreat.</p>\r\n<p>Whether you&rsquo;re looking for solitude, adventure, or a mix of both, a trip to Laguna Beach provides the perfect opportunity to refresh your spirit. This charming seaside town promises an unforgettable experience, leaving you rejuvenated and ready to embrace life&rsquo;s next chapter.</p>', 'A Seaside Reset in Laguna Beach', 'Experience the rejuvenating charm of a seaside escape in Laguna Beach, where relaxation and beauty await.', '2024-08-20 04:48:30', '2025-01-02 04:47:55'),
(8, 3, 'hi', 'विश्राम के लिए लगुना बीच में एक समुद्र तटीय रिज़ॉर्ट', 'लगुना बीच में समुद्र तटीय सैरगाह के ताजगी भरे आकर्षण का अनुभव करें, जहां विश्राम और सुंदरता इंतजार करती है।', '<p>लागुना बीच एक ताज़ा समुद्र तटीय विश्राम के लिए आदर्श स्थान प्रदान करता है, जो शांत वातावरण के साथ प्राकृतिक सुंदरता का संयोजन करता है। अपने प्राचीन समुद्र तटों, क्रिस्टल-साफ़ पानी और मनमोहक सूर्यास्त के साथ, यह तटीय रत्न आगंतुकों को आराम करने और तरोताज़ा होने के लिए आमंत्रित करता है। चाहे आप रेतीले तटों पर टहल रहे हों या छिपी हुई खाड़ियों की खोज कर रहे हों, लहरों की शांत ध्वनि विश्राम के लिए एक शांत पृष्ठभूमि बनाती है।</p>\r\n<p>रोमांच की चाह रखने वालों के लिए, लगुना बीच आपको व्यस्त रखने के लिए बहुत सारी गतिविधियाँ प्रदान करता है। पैडलबोर्डिंग और कायाकिंग से लेकर हेस्लर पार्क या क्रिस्टल कोव के सुंदर मार्गों पर लंबी पैदल यात्रा तक, यह क्षेत्र बाहरी उत्साही लोगों के लिए स्वर्ग है। जीवंत समुद्री जीवन और ज्वार ताल प्रकृति से जुड़ने का मौका देते हैं, जबकि शहर का कलात्मक आकर्षण एक सांस्कृतिक स्पर्श जोड़ता है। सड़कों पर कला दीर्घाएँ, बुटीक दुकानें और आरामदायक कैफे हैं, जो हर स्वाद के लिए अनुभवों का एक सुखद मिश्रण पेश करते हैं।</p>\r\n<p>लागुना बीच स्वास्थ्य और आत्म-देखभाल के लिए भी एक आदर्श स्थान है। कई आगंतुक अपने मन और शरीर को फिर से स्वस्थ करने के लिए स्पा उपचार, योग सत्र में शामिल होते हैं, या शांतिपूर्ण वातावरण का आनंद लेते हैं। ताजा समुद्री भोजन और खेत से टेबल पर परोसे जाने वाले व्यंजनों की विशेषता वाला स्थानीय व्यंजन, पुनर्स्थापनात्मक माहौल को पूरक करता है, जिससे हर भोजन आपके समुद्र तटीय विश्राम का एक यादगार हिस्सा बन जाता है।</p>\r\n<p>चाहे आप एकांत, रोमांच या दोनों के मिश्रण की तलाश में हों, लगुना बीच की यात्रा आपकी आत्मा को ताज़ा करने का सही अवसर प्रदान करती है। यह आकर्षक समुद्र तटीय शहर एक अविस्मरणीय अनुभव का वादा करता है, जो आपको तरोताजा कर देता है और जीवन के अगले अध्याय को अपनाने के लिए तैयार हो जाता है।</p>', 'लगुना बीच में एक समुद्र तटीय रीसेट', 'लगुना बीच में समुद्र तटीय सैरगाह के ताजगी भरे आकर्षण का अनुभव करें, जहां विश्राम और सुंदरता इंतजार करती है।', '2024-08-20 04:48:30', '2025-01-02 04:57:28'),
(9, 3, 'ar', 'إعادة ضبط شاطئ البحر في لاجونا بيتش', 'استمتع بالسحر المتجدد للملاذ الساحلي في شاطئ لاجونا، حيث ينتظرك الاسترخاء والجمال.', '<p>يوفر لاجونا بيتش المكان المثالي للتمتع بجو منعش على شاطئ البحر، حيث يجمع بين الجمال الطبيعي والأجواء الهادئة. بشواطئها النقية ومياهها الصافية وغروب الشمس المذهل، تدعو هذه الجوهرة الساحلية الزوار للاسترخاء وإعادة شحن طاقتهم. سواء كنت تتجول على طول الشواطئ الرملية أو تستكشف الخلجان المخفية، فإن صوت الأمواج الهادئ يخلق خلفية هادئة للاسترخاء.</p>\r\n<p>لأولئك الذين يبحثون عن المغامرة، يوفر لاجونا بيتش الكثير من الأنشطة التي ستبقيك منشغلاً. من ركوب الأمواج والتجديف بالكاياك إلى المشي لمسافات طويلة في المسارات ذات المناظر الخلابة في Heisler Park أو Crystal Cove، تعد المنطقة ملاذًا لعشاق الهواء الطلق. توفر الحياة البحرية النابضة بالحياة ومسابح المد والجزر فرصة للتواصل مع الطبيعة، بينما يضيف السحر الفني للمدينة لمسة ثقافية. تصطف المعارض الفنية ومحلات البوتيك والمقاهي المريحة في الشوارع، وتقدم مزيجًا مبهجًا من التجارب التي تناسب جميع الأذواق.</p>\r\n<p>يعد لاجونا بيتش أيضًا وجهة مثالية للصحة والرعاية الذاتية. ينغمس العديد من الزوار في علاجات السبا أو جلسات اليوغا أو ببساطة يستمتعون بالمناطق المحيطة الهادئة لإعادة ضبط عقولهم وأجسادهم. تكمل المأكولات المحلية، التي تضم المأكولات البحرية الطازجة وأطباق المزرعة إلى المائدة، الأجواء التصالحية، مما يجعل كل وجبة جزءًا لا يُنسى من ملاذك الساحلي.</p>\r\n<p>سواء كنت تبحث عن العزلة أو المغامرة أو مزيج من الاثنين معًا، فإن الرحلة إلى شاطئ لاجونا توفر لك الفرصة المثالية لتحديث روحك. تعدك هذه المدينة الساحلية الساحرة بتجربة لا تُنسى، مما يجعلك متجددًا ومستعدًا لاحتضان الفصل التالي من الحياة.</p>', 'إعادة ضبط شاطئ البحر في لاجونا بيتش', 'استمتع بالسحر المتجدد للملاذ الساحلي في شاطئ لاجونا، حيث ينتظرك الاسترخاء والجمال.', '2024-08-20 04:48:30', '2024-12-29 04:43:50'),
(10, 4, 'en', 'The Benefits of a Real Estate Agent for Success', 'Learn how real estate agents provide expertise, guidance, and convenience when buying or selling properties.', '<p>Real estate agents offer invaluable expertise when navigating the complex process of buying or selling properties. Their knowledge of local market trends, property values, and negotiation strategies ensures that you get the best deal possible. For sellers, agents help price properties competitively, market them effectively, and attract qualified buyers. For buyers, they provide access to a wide range of listings and guide them through every step, from property searches to closing deals.</p>\r\n<p>One of the key benefits of working with a real estate agent is their ability to handle the technical and legal aspects of real estate transactions. Agents are well-versed in contracts, disclosures, and legal requirements, ensuring that no critical details are overlooked. They help simplify paperwork and protect your interests, saving you time and reducing stress. Their experience also helps to identify potential red flags during property inspections or appraisals, offering clients peace of mind.</p>\r\n<p>Real estate agents also act as skilled negotiators, advocating for your needs to secure the best possible terms. Whether it&rsquo;s negotiating the selling price, repair costs, or closing dates, agents use their expertise to protect your financial interests. Their professional network, which includes mortgage lenders, inspectors, and contractors, further enhances the buying or selling process, providing clients with trusted recommendations and resources.</p>\r\n<p>Ultimately, hiring a real estate agent saves time, effort, and money while giving you access to expert guidance. Their comprehensive support ensures that you make informed decisions, avoid costly mistakes, and achieve your real estate goals with confidence. Whether you&rsquo;re a first-time buyer or an experienced investor, a real estate agent is a valuable partner in any transaction.</p>', 'Lorem Ipsum is simply dummy text of the printing', 'Learn how real estate agents provide expertise, guidance, and convenience when buying or selling properties.', '2024-08-20 04:51:31', '2025-01-02 04:45:32'),
(11, 4, 'hi', 'सफलता के लिए एक रियल एस्टेट एजेंट के लाभ', 'जानें कि संपत्ति खरीदते या बेचते समय रियल एस्टेट एजेंट कैसे विशेषज्ञता, मार्गदर्शन और सुविधा प्रदान करते हैं।', '<p>रियल एस्टेट एजेंट संपत्ति खरीदने या बेचने की जटिल प्रक्रिया से निपटने में अमूल्य विशेषज्ञता प्रदान करते हैं। स्थानीय बाजार के रुझान, संपत्ति मूल्यों और बातचीत की रणनीतियों का उनका ज्ञान यह सुनिश्चित करता है कि आपको सर्वोत्तम संभव सौदा मिले। विक्रेताओं के लिए, एजेंट संपत्तियों की प्रतिस्पर्धी कीमत तय करने, उनका प्रभावी ढंग से विपणन करने और योग्य खरीदारों को आकर्षित करने में मदद करते हैं। खरीदारों के लिए, वे लिस्टिंग की एक विस्तृत श्रृंखला तक पहुंच प्रदान करते हैं और संपत्ति की खोज से लेकर सौदे बंद करने तक हर कदम पर उनका मार्गदर्शन करते हैं।</p>\r\n<p>रियल एस्टेट एजेंट के साथ काम करने का एक प्रमुख लाभ रियल एस्टेट लेनदेन के तकनीकी और कानूनी पहलुओं को संभालने की उनकी क्षमता है। एजेंट अनुबंधों, प्रकटीकरणों और कानूनी आवश्यकताओं से अच्छी तरह वाकिफ हैं, यह सुनिश्चित करते हुए कि कोई भी महत्वपूर्ण विवरण नजरअंदाज न किया जाए। वे कागजी कार्रवाई को सरल बनाने और आपके हितों की रक्षा करने में मदद करते हैं, जिससे आपका समय बचता है और तनाव कम होता है। उनका अनुभव संपत्ति निरीक्षण या मूल्यांकन के दौरान संभावित लाल झंडों की पहचान करने में भी मदद करता है, जिससे ग्राहकों को मानसिक शांति मिलती है।</p>\r\n<p>रियल एस्टेट एजेंट कुशल वार्ताकारों के रूप में भी कार्य करते हैं, जो सर्वोत्तम संभव शर्तों को सुरक्षित करने के लिए आपकी आवश्यकताओं की वकालत करते हैं। चाहे वह विक्रय मूल्य, मरम्मत लागत, या समापन तिथियों पर बातचीत हो, एजेंट आपके वित्तीय हितों की रक्षा के लिए अपनी विशेषज्ञता का उपयोग करते हैं। उनका पेशेवर नेटवर्क, जिसमें बंधक ऋणदाता, निरीक्षक और ठेकेदार शामिल हैं, खरीद या बिक्री प्रक्रिया को और बढ़ाता है, ग्राहकों को विश्वसनीय सिफारिशें और संसाधन प्रदान करता है।</p>\r\n<p>आखिरकार, एक रियल एस्टेट एजेंट को काम पर रखने से आपको विशेषज्ञ मार्गदर्शन तक पहुंच मिलने के साथ-साथ समय, प्रयास और धन की बचत होती है। उनका व्यापक समर्थन यह सुनिश्चित करता है कि आप सोच-समझकर निर्णय लें, महँगी गलतियों से बचें और आत्मविश्वास के साथ अपने रियल एस्टेट लक्ष्यों को प्राप्त करें। चाहे आप पहली बार खरीदार हों या अनुभवी निवेशक, एक रियल एस्टेट एजेंट किसी भी लेनदेन में एक मूल्यवान भागीदार होता है।</p>', 'लोरेम इप्सम केवल मुद्रण का नकली पाठ है', 'जानें कि संपत्ति खरीदते या बेचते समय रियल एस्टेट एजेंट कैसे विशेषज्ञता, मार्गदर्शन और सुविधा प्रदान करते हैं।', '2024-08-20 04:51:31', '2025-01-02 04:56:28'),
(12, 4, 'ar', 'فوائد الوكيل العقاري', 'تعرف على كيفية قيام وكلاء العقارات بتقديم الخبرة والتوجيه والراحة عند شراء العقارات أو بيعها.', '<p>يقدم وكلاء العقارات خبرة لا تقدر بثمن عند التعامل مع العملية المعقدة لشراء أو بيع العقارات. إن معرفتهم باتجاهات السوق المحلية وقيم العقارات واستراتيجيات التفاوض تضمن حصولك على أفضل صفقة ممكنة. بالنسبة للبائعين، يساعد الوكلاء في تسعير العقارات بشكل تنافسي، وتسويقها بفعالية، وجذب المشترين المؤهلين. بالنسبة للمشترين، فهي توفر إمكانية الوصول إلى مجموعة واسعة من القوائم وترشدهم خلال كل خطوة، بدءًا من البحث عن العقارات وحتى إتمام الصفقات.</p>\r\n<p>تتمثل إحدى الفوائد الرئيسية للعمل مع وكيل عقاري في قدرته على التعامل مع الجوانب الفنية والقانونية للمعاملات العقارية. يتمتع الوكلاء بخبرة جيدة في العقود والإفصاحات والمتطلبات القانونية، مما يضمن عدم إغفال أي تفاصيل مهمة. فهي تساعد على تبسيط الأعمال الورقية وحماية مصالحك، مما يوفر لك الوقت ويقلل من التوتر. وتساعد خبرتهم أيضًا في تحديد العلامات التحذيرية المحتملة أثناء عمليات فحص العقارات أو تقييمها، مما يوفر للعملاء راحة البال.</p>\r\n<p>يعمل وكلاء العقارات أيضًا كمفاوضين ماهرين، ويدافعون عن احتياجاتك لتأمين أفضل الشروط الممكنة. سواء كان الأمر يتعلق بالتفاوض على سعر البيع أو تكاليف الإصلاح أو مواعيد الإغلاق، يستخدم الوكلاء خبراتهم لحماية مصالحك المالية. تعمل شبكتهم المهنية، التي تشمل مقرضي الرهن العقاري، والمفتشين، والمقاولين، على تعزيز عملية الشراء أو البيع، وتزويد العملاء بتوصيات وموارد موثوقة.</p>\r\n<p>في النهاية، يؤدي الاستعانة بوكيل عقاري إلى توفير الوقت والجهد والمال مع منحك إمكانية الوصول إلى إرشادات الخبراء. يضمن دعمهم الشامل اتخاذ قرارات مستنيرة وتجنب الأخطاء المكلفة وتحقيق أهدافك العقارية بثقة. سواء كنت مشتريًا لأول مرة أو مستثمرًا ذا خبرة، يعد الوكيل العقاري شريكًا قيمًا في أي معاملة.</p>', 'لوريم إيبسوم هو ببساطة نص وهمي للطباعة', 'تعرف على كيفية قيام وكلاء العقارات بتقديم الخبرة والتوجيه والراحة عند شراء العقارات أو بيعها.', '2024-08-20 04:51:31', '2024-12-29 04:39:24'),
(13, 5, 'en', 'What People Says About Real Estate Properties', 'Discover what people are saying about real estate properties, from the pros and cons to valuable insights for buyers and sellers.', '<p>When it comes to real estate properties, feedback from buyers, sellers, and investors offers valuable insights into market trends and property values. Many people praise well-maintained properties in desirable locations, highlighting their potential for long-term value appreciation. Buyers often mention how important curb appeal, the condition of the interior, and neighborhood amenities are in their decision-making process. Positive reviews often reflect a strong sense of community, convenient access to schools and transportation, and the overall quality of life in a particular area.</p>\r\n<p>On the other hand, some people express concerns about certain aspects of real estate properties, such as high maintenance costs, unclear property histories, or hidden issues like outdated plumbing or structural problems. Negative feedback also points to issues with property management, local crime rates, or poor communication during the buying process. However, many buyers and sellers value transparency and the expertise of real estate agents who can address concerns and guide them through complex transactions.</p>\r\n<p>Ultimately, what people say about real estate properties depends largely on individual experiences and expectations. Sellers often focus on the property&rsquo;s potential return on investment, while buyers seek peace of mind knowing they are making a sound financial decision. Overall, hearing different perspectives helps both buyers and sellers navigate the real estate market and make more informed choices.</p>', 'What People Says About Real Estate Properties', 'Discover what people are saying about real estate properties, from the pros and cons to valuable insights for buyers and sellers.', '2024-08-20 04:56:47', '2024-12-29 04:32:31'),
(14, 5, 'hi', 'रियल एस्टेट संपत्तियों के बारे में लोग क्या कहते हैं', 'जानें कि रियल एस्टेट संपत्तियों के बारे में लोग क्या कह रहे हैं, फायदे और नुकसान से लेकर खरीदारों और विक्रेताओं के लिए मूल्यवान जानकारी तक।', '<p>जब रियल एस्टेट संपत्तियों की बात आती है, तो खरीदारों, विक्रेताओं और निवेशकों की प्रतिक्रिया बाजार के रुझान और संपत्ति मूल्यों में मूल्यवान अंतर्दृष्टि प्रदान करती है। बहुत से लोग वांछनीय स्थानों में अच्छी तरह से बनाए रखी गई संपत्तियों की प्रशंसा करते हैं, जो दीर्घकालिक मूल्य प्रशंसा के लिए उनकी क्षमता पर प्रकाश डालते हैं। खरीदार अक्सर उल्लेख करते हैं कि उनकी निर्णय लेने की प्रक्रिया में अंकुश अपील, आंतरिक स्थिति और पड़ोस की सुविधाएं कितनी महत्वपूर्ण हैं। सकारात्मक समीक्षाएं अक्सर समुदाय की मजबूत भावना, स्कूलों और परिवहन तक सुविधाजनक पहुंच और किसी विशेष क्षेत्र में जीवन की समग्र गुणवत्ता को दर्शाती हैं।</p>\r\n<p>दूसरी ओर, कुछ लोग रियल एस्टेट संपत्तियों के कुछ पहलुओं के बारे में चिंता व्यक्त करते हैं, जैसे उच्च रखरखाव लागत, अस्पष्ट संपत्ति इतिहास, या पुरानी पाइपलाइन या संरचनात्मक समस्याओं जैसे छिपे हुए मुद्दे। नकारात्मक प्रतिक्रिया संपत्ति प्रबंधन, स्थानीय अपराध दर, या खरीद प्रक्रिया के दौरान खराब संचार जैसे मुद्दों की ओर भी इशारा करती है। हालाँकि, कई खरीदार और विक्रेता पारदर्शिता और रियल एस्टेट एजेंटों की विशेषज्ञता को महत्व देते हैं जो चिंताओं को दूर कर सकते हैं और जटिल लेनदेन के माध्यम से उनका मार्गदर्शन कर सकते हैं।</p>\r\n<p>आखिरकार, लोग रियल एस्टेट संपत्तियों के बारे में क्या कहते हैं यह काफी हद तक व्यक्तिगत अनुभवों और अपेक्षाओं पर निर्भर करता है। विक्रेता अक्सर निवेश पर संपत्ति के संभावित रिटर्न पर ध्यान केंद्रित करते हैं, जबकि खरीदार यह जानकर मानसिक शांति चाहते हैं कि वे एक अच्छा वित्तीय निर्णय ले रहे हैं। कुल मिलाकर, अलग-अलग दृष्टिकोण सुनने से खरीदारों और विक्रेताओं दोनों को रियल एस्टेट बाजार में नेविगेट करने और अधिक जानकारीपूर्ण विकल्प चुनने में मदद मिलती है।</p>', 'रियल एस्टेट संपत्तियों के बारे में लोग क्या कहते हैं', 'जानें कि रियल एस्टेट संपत्तियों के बारे में लोग क्या कह रहे हैं, फायदे और नुकसान से लेकर खरीदारों और विक्रेताओं के लिए मूल्यवान जानकारी तक।', '2024-08-20 04:56:47', '2024-12-29 04:34:08'),
(15, 5, 'ar', 'ماذا يقول الناس عن العقارات', 'اكتشف ما يقوله الناس عن العقارات، بدءًا من الإيجابيات والسلبيات وحتى الرؤى القيمة للمشترين والبائعين.', '<p>عندما يتعلق الأمر بالعقارات، فإن التعليقات الواردة من المشترين والبائعين والمستثمرين توفر رؤى قيمة حول اتجاهات السوق وقيم العقارات. يشيد العديد من الأشخاص بالعقارات التي تتم صيانتها جيدًا في المواقع المرغوبة، مما يسلط الضوء على قدرتها على تقدير قيمتها على المدى الطويل. غالبًا ما يذكر المشترون مدى أهمية جاذبية الرصيف والحالة الداخلية والمرافق المجاورة في عملية صنع القرار. غالبًا ما تعكس المراجعات الإيجابية إحساسًا قويًا بالمجتمع، وسهولة الوصول إلى المدارس ووسائل النقل، ونوعية الحياة بشكل عام في منطقة معينة.</p>\r\n<p>من ناحية أخرى، يعبر بعض الأشخاص عن مخاوفهم بشأن جوانب معينة من العقارات، مثل تكاليف الصيانة المرتفعة، أو تاريخ الملكية غير الواضح، أو المشكلات الخفية مثل السباكة القديمة أو المشكلات الهيكلية. تشير التعليقات السلبية أيضًا إلى مشكلات تتعلق بإدارة الممتلكات، أو معدلات الجريمة المحلية، أو ضعف التواصل أثناء عملية الشراء. ومع ذلك، فإن العديد من المشترين والبائعين يقدرون الشفافية وخبرة وكلاء العقارات الذين يمكنهم معالجة المخاوف وتوجيههم خلال المعاملات المعقدة.</p>\r\n<p>في النهاية، ما يقوله الناس عن العقارات يعتمد إلى حد كبير على التجارب والتوقعات الفردية. غالبًا ما يركز البائعون على العائد المحتمل للعقار على الاستثمار، بينما يبحث المشترون عن راحة البال عندما يعلمون أنهم يتخذون قرارًا ماليًا سليمًا. بشكل عام، يساعد الاستماع إلى وجهات نظر مختلفة كلا من المشترين والبائعين على التنقل في سوق العقارات واتخاذ خيارات أكثر استنارة.</p>', 'ماذا يقول الناس عن العقارات', 'اكتشف ما يقوله الناس عن العقارات، بدءًا من الإيجابيات والسلبيات وحتى الرؤى القيمة للمشترين والبائعين.', '2024-08-20 04:56:47', '2024-12-29 04:33:42'),
(16, 6, 'en', 'List Of Benifits And Impressive Listeo Services', 'Explore the benefits and impressive features of Listeo services, designed to enhance your business\'s online presence and performance.', '<p>Listeo offers a range of powerful features that can significantly enhance your business\'s online presence and efficiency. One of the key benefits is its user-friendly platform, which allows you to easily create, manage, and customize your listings without needing technical expertise. Whether you\'re running a real estate agency, a service business, or an online marketplace, Listeo provides the tools to streamline operations and improve user engagement. The platform is designed to optimize the experience for both business owners and customers, offering a smooth and responsive interface.</p>\r\n<p>Another impressive feature of Listeo is its built-in monetization options. The platform enables you to generate revenue by offering paid listings, featured ads, and premium services. It also integrates seamlessly with payment gateways, making it easier for businesses to manage transactions securely. This flexibility helps businesses scale while maintaining a steady stream of income, creating additional opportunities for growth.</p>\r\n<p>Listeo also offers advanced SEO features that improve your website\'s visibility on search engines. By optimizing your listings for local search, the platform ensures that potential customers can easily find your services when searching for relevant keywords. Additionally, Listeo&rsquo;s customizable design and mobile responsiveness ensure that your website looks great on any device, providing a seamless experience for users across desktops, tablets, and smartphones. These features together make Listeo an impressive choice for businesses looking to increase their online presence and improve customer engagement.</p>', 'List Of Benifits And Impressive Listeo Services', 'Explore the benefits and impressive features of Listeo services, designed to enhance your business\'s online presence and performance.', '2024-08-20 04:58:49', '2024-12-29 04:27:37'),
(17, 6, 'hi', 'लाभ और प्रभावशाली लिस्टियो सेवाओं की सूची', 'आपके व्यवसाय की ऑनलाइन उपस्थिति और प्रदर्शन को बढ़ाने के लिए डिज़ाइन की गई लिस्टियो सेवाओं के लाभों और प्रभावशाली विशेषताओं का अन्वेषण करें।', '<p>लिस्टियो कई शक्तिशाली सुविधाएँ प्रदान करता है जो आपके व्यवसाय की ऑनलाइन उपस्थिति और दक्षता को महत्वपूर्ण रूप से बढ़ा सकती हैं। प्रमुख लाभों में से एक इसका उपयोगकर्ता-अनुकूल प्लेटफ़ॉर्म है, जो आपको तकनीकी विशेषज्ञता की आवश्यकता के बिना आसानी से अपनी लिस्टिंग बनाने, प्रबंधित करने और अनुकूलित करने की अनुमति देता है। चाहे आप एक रियल एस्टेट एजेंसी, एक सेवा व्यवसाय, या एक ऑनलाइन बाज़ार चला रहे हों, लिस्टियो संचालन को सुव्यवस्थित करने और उपयोगकर्ता जुड़ाव में सुधार करने के लिए उपकरण प्रदान करता है। प्लेटफ़ॉर्म को व्यवसाय मालिकों और ग्राहकों दोनों के लिए अनुभव को अनुकूलित करने के लिए डिज़ाइन किया गया है, जो एक सहज और उत्तरदायी इंटरफ़ेस प्रदान करता है।</p>\r\n<p>लिस्टियो की एक और प्रभावशाली विशेषता इसके अंतर्निहित मुद्रीकरण विकल्प हैं। प्लेटफ़ॉर्म आपको सशुल्क लिस्टिंग, फ़ीचर्ड विज्ञापन और प्रीमियम सेवाएँ प्रदान करके राजस्व उत्पन्न करने में सक्षम बनाता है। यह भुगतान गेटवे के साथ भी सहजता से एकीकृत होता है, जिससे व्यवसायों के लिए लेनदेन को सुरक्षित रूप से प्रबंधित करना आसान हो जाता है। यह लचीलापन आय के एक स्थिर प्रवाह को बनाए रखते हुए, विकास के अतिरिक्त अवसर पैदा करते हुए व्यवसायों को बड़े पैमाने पर मदद करता है।</p>\r\n<p>लिस्टियो उन्नत एसईओ सुविधाएँ भी प्रदान करता है जो खोज इंजन पर आपकी वेबसाइट की दृश्यता में सुधार करती है। स्थानीय खोज के लिए आपकी लिस्टिंग को अनुकूलित करके, प्लेटफ़ॉर्म यह सुनिश्चित करता है कि संभावित ग्राहक प्रासंगिक कीवर्ड खोजते समय आपकी सेवाएं आसानी से पा सकें। इसके अतिरिक्त, लिस्टियो की अनुकूलन योग्य डिज़ाइन और मोबाइल प्रतिक्रिया यह सुनिश्चित करती है कि आपकी वेबसाइट किसी भी डिवाइस पर शानदार दिखे, जिससे डेस्कटॉप, टैबलेट और स्मार्टफ़ोन पर उपयोगकर्ताओं को एक सहज अनुभव मिले। ये सुविधाएं मिलकर लिस्टियो को उन व्यवसायों के लिए एक प्रभावशाली विकल्प बनाती हैं जो अपनी ऑनलाइन उपस्थिति बढ़ाना और ग्राहक जुड़ाव में सुधार करना चाहते हैं।</p>', 'लाभ और प्रभावशाली लिस्टियो सेवाओं की सूची', 'आपके व्यवसाय की ऑनलाइन उपस्थिति और प्रदर्शन को बढ़ाने के लिए डिज़ाइन की गई लिस्टियो सेवाओं के लाभों और प्रभावशाली विशेषताओं का अन्वेषण करें।', '2024-08-20 04:58:49', '2024-12-29 04:29:18'),
(18, 6, 'ar', 'قائمة بالفوائد وخدمات Listeo الرائعة', 'اكتشف الفوائد والميزات الرائعة لخدمات Listeo، المصممة لتعزيز تواجد عملك وأدائه عبر الإنترنت.', '<p>تقدم Listeo مجموعة من الميزات القوية التي يمكن أن تعزز بشكل كبير تواجد نشاطك التجاري وكفاءته عبر الإنترنت. إحدى الفوائد الرئيسية هي منصتها سهلة الاستخدام، والتي تتيح لك إنشاء قوائمك وإدارتها وتخصيصها بسهولة دون الحاجة إلى خبرة فنية. سواء كنت تدير وكالة عقارية، أو شركة خدمات، أو سوقًا عبر الإنترنت، توفر Listeo الأدوات اللازمة لتبسيط العمليات وتحسين مشاركة المستخدم. تم تصميم النظام الأساسي لتحسين التجربة لكل من أصحاب الأعمال والعملاء، مما يوفر واجهة سلسة وسريعة الاستجابة.</p>\r\n<p>هناك ميزة أخرى مثيرة للإعجاب في Listeo وهي خيارات تحقيق الدخل المضمنة فيها. يمكّنك النظام الأساسي من تحقيق الإيرادات من خلال تقديم القوائم المدفوعة والإعلانات المميزة والخدمات المتميزة. كما أنه يتكامل بسلاسة مع بوابات الدفع، مما يسهل على الشركات إدارة المعاملات بشكل آمن. تساعد هذه المرونة الشركات على التوسع مع الحفاظ على تدفق ثابت للدخل، مما يخلق فرصًا إضافية للنمو.</p>\r\n<p>يوفر Listeo أيضًا ميزات تحسين محركات البحث المتقدمة التي تعمل على تحسين ظهور موقع الويب الخاص بك على محركات البحث. من خلال تحسين قوائمك للبحث المحلي، يضمن النظام الأساسي أن العملاء المحتملين يمكنهم العثور بسهولة على خدماتك عند البحث عن الكلمات الرئيسية ذات الصلة. بالإضافة إلى ذلك، يضمن تصميم Listeo القابل للتخصيص واستجابة الهاتف المحمول أن يبدو موقع الويب الخاص بك رائعًا على أي جهاز، مما يوفر تجربة سلسة للمستخدمين عبر أجهزة الكمبيوتر المكتبية والأجهزة اللوحية والهواتف الذكية. تجعل هذه الميزات معًا Listeo خيارًا مثيرًا للإعجاب للشركات التي تتطلع إلى زيادة تواجدها عبر الإنترنت وتحسين مشاركة العملاء.</p>', 'قائمة بالفوائد وخدمات Listeo الرائعة', 'اكتشف الفوائد والميزات الرائعة لخدمات Listeo، المصممة لتعزيز تواجد عملك وأدائه عبر الإنترنت.', '2024-08-20 04:58:49', '2024-12-29 04:29:21'),
(19, 7, 'en', 'Simple Ways To Reduce Your Unwanted Wrinkles!', 'Discover simple, effective strategies to minimize wrinkles and maintain youthful, glowing skin. Say goodbye to unwanted lines with easy tips you can follow daily!', '<p>Wrinkles are an inevitable part of the aging process, but with the right care, you can significantly reduce their appearance. This blog explores simple, science-backed methods to minimize unwanted wrinkles, helping you achieve smoother and younger-looking skin. By focusing on small but impactful changes in your routine, you can maintain a glowing and youthful complexion.</p>\r\n<p>The foundation of wrinkle prevention starts with good hydration, proper skincare, and sun protection. Drinking enough water, using a quality moisturizer, and applying sunscreen daily are critical steps to keeping your skin supple and healthy. These small habits can make a big difference over time.</p>\r\n<p>In addition to skincare basics, incorporating anti-aging products such as retinol, peptides, and antioxidants can work wonders. These ingredients are known to boost collagen production and repair damaged skin cells, reducing the appearance of fine lines and wrinkles. A consistent skincare routine with these products can help you achieve visible results.</p>\r\n<p>Lifestyle changes also play a significant role in wrinkle reduction. Eating a balanced diet, getting enough sleep, and reducing stress can all contribute to healthier skin. Avoiding smoking and excessive alcohol consumption will further enhance your efforts, ensuring your skin looks its best for years to come.</p>', 'Simple Ways To Reduce Your Unwanted Wrinkles!', 'Discover simple, effective strategies to minimize wrinkles and maintain youthful, glowing skin. Say goodbye to unwanted lines with easy tips you can follow daily!', '2024-08-20 05:00:10', '2025-01-02 05:03:34'),
(20, 7, 'hi', 'आपकी अनचाही झुर्रियों को कम करने के आसान तरीके!', 'झुर्रियों को कम करने और युवा, चमकदार त्वचा बनाए रखने के लिए सरल, प्रभावी रणनीतियों की खोज करें। आसान युक्तियों के साथ अवांछित रेखाओं को अलविदा कहें जिनका आप प्रतिदिन पालन कर सकते हैं!', '<p>झुर्रियाँ उम्र बढ़ने की प्रक्रिया का एक अनिवार्य हिस्सा हैं, लेकिन सही देखभाल के साथ, आप उनकी उपस्थिति को काफी हद तक कम कर सकते हैं। यह ब्लॉग अवांछित झुर्रियों को कम करने के लिए सरल, विज्ञान-समर्थित तरीकों की खोज करता है, जिससे आपको चिकनी और युवा दिखने वाली त्वचा प्राप्त करने में मदद मिलती है। अपनी दिनचर्या में छोटे लेकिन प्रभावशाली बदलावों पर ध्यान केंद्रित करके, आप एक चमकदार और युवा रंगत बनाए रख सकते हैं।</p>\r\n<p>झुर्रियों की रोकथाम की नींव अच्छे जलयोजन, उचित त्वचा देखभाल और धूप से सुरक्षा से शुरू होती है। पर्याप्त पानी पीना, गुणवत्तापूर्ण मॉइस्चराइज़र का उपयोग करना और प्रतिदिन सनस्क्रीन लगाना आपकी त्वचा को कोमल और स्वस्थ रखने के लिए महत्वपूर्ण कदम हैं। ये छोटी-छोटी आदतें समय के साथ बड़ा बदलाव ला सकती हैं।</p>\r\n<p>त्वचा की देखभाल की बुनियादी बातों के अलावा, रेटिनॉल, पेप्टाइड्स और एंटीऑक्सिडेंट जैसे एंटी-एजिंग उत्पादों को शामिल करना अद्भुत काम कर सकता है। ये तत्व कोलेजन उत्पादन को बढ़ावा देने और क्षतिग्रस्त त्वचा कोशिकाओं की मरम्मत करने, महीन रेखाओं और झुर्रियों की उपस्थिति को कम करने के लिए जाने जाते हैं। इन उत्पादों के साथ लगातार त्वचा देखभाल की दिनचर्या आपको दृश्यमान परिणाम प्राप्त करने में मदद कर सकती है।</p>\r\n<p>जीवनशैली में बदलाव भी झुर्रियों को कम करने में महत्वपूर्ण भूमिका निभाता है। संतुलित आहार लेना, पर्याप्त नींद लेना और तनाव कम करना सभी स्वस्थ त्वचा में योगदान दे सकते हैं। धूम्रपान और अत्यधिक शराब के सेवन से बचना आपके प्रयासों को और बढ़ाएगा, जिससे यह सुनिश्चित होगा कि आपकी त्वचा आने वाले वर्षों में सबसे अच्छी दिखे।</p>', 'आपकी अनचाही झुर्रियों को कम करने के आसान तरीके!', 'झुर्रियों को कम करने और युवा, चमकदार त्वचा बनाए रखने के लिए सरल, प्रभावी रणनीतियों की खोज करें। आसान युक्तियों के साथ अवांछित रेखाओं को अलविदा कहें जिनका आप प्रतिदिन पालन कर सकते हैं!', '2024-08-20 05:00:10', '2025-01-02 05:06:06'),
(21, 7, 'ar', 'طرق بسيطة لتقليل التجاعيد غير المرغوب فيها!', 'اكتشف استراتيجيات بسيطة وفعالة لتقليل التجاعيد والحفاظ على بشرة شابة ومتوهجة. قل وداعًا للخطوط غير المرغوب فيها مع نصائح سهلة يمكنك اتباعها يوميًا!', '<p>تعد التجاعيد جزءًا لا مفر منه من عملية الشيخوخة، ولكن مع الرعاية المناسبة، يمكنك تقليل ظهورها بشكل كبير. تستكشف هذه المدونة طرقًا بسيطة ومدعومة علميًا لتقليل التجاعيد غير المرغوب فيها، مما يساعدك على الحصول على بشرة أكثر نعومة وشبابًا. من خلال التركيز على التغييرات الصغيرة ولكن المؤثرة في روتينك، يمكنك الحفاظ على بشرة متوهجة وشابة.</p>\r\n<p>أساس الوقاية من التجاعيد يبدأ بالترطيب الجيد والعناية المناسبة بالبشرة والحماية من أشعة الشمس. يعد شرب كمية كافية من الماء واستخدام مرطب عالي الجودة ووضع واقي الشمس يوميًا خطوات حاسمة للحفاظ على بشرتك ناعمة وصحية. يمكن لهذه العادات الصغيرة أن تُحدث فرقًا كبيرًا بمرور الوقت.</p>\r\n<p>بالإضافة إلى أساسيات العناية بالبشرة، فإن دمج المنتجات المضادة للشيخوخة مثل الريتينول والببتيدات ومضادات الأكسدة يمكن أن يحدث العجائب. من المعروف أن هذه المكونات تعزز إنتاج الكولاجين وتصلح خلايا الجلد التالفة، مما يقلل من ظهور الخطوط الدقيقة والتجاعيد. يمكن أن يساعدك روتين العناية بالبشرة المتسق مع هذه المنتجات على تحقيق نتائج واضحة.</p>\r\n<p>تلعب تغييرات نمط الحياة أيضًا دورًا مهمًا في تقليل التجاعيد. إن اتباع نظام غذائي متوازن والحصول على قسط كافٍ من النوم وتقليل التوتر يمكن أن يساهم جميعها في الحصول على بشرة أكثر صحة. سيؤدي تجنب التدخين والإفراط في استهلاك الكحول إلى تعزيز جهودك، مما يضمن أن تبدو بشرتك بأفضل حالاتها لسنوات قادمة.</p>', 'طرق بسيطة لتقليل التجاعيد غير المرغوب فيها!', 'اكتشف استراتيجيات بسيطة وفعالة لتقليل التجاعيد والحفاظ على بشرة شابة ومتوهجة. قل وداعًا للخطوط غير المرغوب فيها مع نصائح سهلة يمكنك اتباعها يوميًا!', '2024-08-20 05:00:10', '2025-01-02 05:05:27'),
(22, 8, 'en', '10 Reasons To Start Your Own, Profitable Website!', 'Discover 10 compelling reasons why starting your own website can lead to financial success and personal growth.', '<p>Starting your own website offers a wealth of opportunities, from financial independence to personal fulfillment. One of the biggest advantages is having full control over your content and brand. Unlike traditional jobs or businesses, you can shape your website to reflect your passions, interests, and expertise, creating a platform that&rsquo;s uniquely yours. Whether you&rsquo;re selling products, offering services, or sharing valuable information, your website can become a profitable asset.</p>\r\n<p>With the potential for global reach, a website allows you to tap into markets beyond your local area, expanding your audience base and customer potential. This makes it easier to scale your business or venture, whether you&rsquo;re using e-commerce, affiliate marketing, or other monetization methods. Plus, a well-designed website can generate passive income, creating long-term financial stability with minimal ongoing effort.</p>\r\n<p>A website also offers incredible flexibility. You can work from anywhere, on your own schedule, and tailor the site to meet your personal goals. Whether you aim to earn money on the side or build a full-time business, the flexibility to adapt and grow your website as you see fit is one of its biggest benefits. Along the way, you&rsquo;ll gain valuable digital skills such as SEO, content creation, and marketing, which can enhance your career and open doors to new opportunities.</p>\r\n<p>Starting a website isn&rsquo;t just about the potential financial rewards&mdash;it&rsquo;s also about personal growth. It provides a platform for self-expression, connecting with a community of like-minded individuals, and building a brand that reflects your values. Whether it&rsquo;s a hobby you&rsquo;re passionate about or a full-scale business, a website offers the tools and resources needed to achieve your goals while providing the chance to leave a lasting impact.</p>', '10 Reasons To Start Your Own, Profitable Website!', 'Discover 10 compelling reasons why starting your own website can lead to financial success and personal growth.', '2024-08-20 05:01:54', '2024-12-29 04:14:58'),
(23, 8, 'hi', 'अपनी खुद की, लाभदायक वेबसाइट शुरू करने के 10 कारण!', '10 आकर्षक कारणों की खोज करें कि क्यों अपनी खुद की वेबसाइट शुरू करने से वित्तीय सफलता और व्यक्तिगत विकास हो सकता है।', '<p>अपनी खुद की वेबसाइट शुरू करने से वित्तीय स्वतंत्रता से लेकर व्यक्तिगत संतुष्टि तक कई अवसर मिलते हैं। सबसे बड़े फायदों में से एक है आपकी सामग्री और ब्रांड पर पूर्ण नियंत्रण होना। पारंपरिक नौकरियों या व्यवसायों के विपरीत, आप अपनी वेबसाइट को अपने जुनून, रुचियों और विशेषज्ञता को प्रतिबिंबित करने के लिए आकार दे सकते हैं, एक ऐसा मंच तैयार कर सकते हैं जो विशिष्ट रूप से आपका हो। चाहे आप उत्पाद बेच रहे हों, सेवाएँ प्रदान कर रहे हों, या बहुमूल्य जानकारी साझा कर रहे हों, आपकी वेबसाइट एक लाभदायक संपत्ति बन सकती है।</p>\r\n<p>वैश्विक पहुंच की संभावना के साथ, एक वेबसाइट आपको अपने दर्शकों के आधार और ग्राहक क्षमता का विस्तार करते हुए, अपने स्थानीय क्षेत्र से परे बाजारों में प्रवेश करने की अनुमति देती है। इससे आपके व्यवसाय या उद्यम को बढ़ाना आसान हो जाता है, चाहे आप ई-कॉमर्स, संबद्ध विपणन, या अन्य मुद्रीकरण विधियों का उपयोग कर रहे हों। साथ ही, एक अच्छी तरह से डिज़ाइन की गई वेबसाइट न्यूनतम निरंतर प्रयास के साथ दीर्घकालिक वित्तीय स्थिरता बनाकर निष्क्रिय आय उत्पन्न कर सकती है।</p>\r\n<p>एक वेबसाइट अविश्वसनीय लचीलापन भी प्रदान करती है। आप कहीं से भी, अपने शेड्यूल पर काम कर सकते हैं और साइट को अपने व्यक्तिगत लक्ष्यों को पूरा करने के लिए तैयार कर सकते हैं। चाहे आपका लक्ष्य पैसा कमाना हो या एक पूर्णकालिक व्यवसाय खड़ा करना हो, अपनी वेबसाइट को अपनी इच्छानुसार अनुकूलित करने और विकसित करने का लचीलापन इसके सबसे बड़े लाभों में से एक है। साथ ही, आप एसईओ, सामग्री निर्माण और मार्केटिंग जैसे मूल्यवान डिजिटल कौशल हासिल करेंगे, जो आपके करियर को बढ़ा सकते हैं और नए अवसरों के द्वार खोल सकते हैं।</p>\r\n<p>एक वेबसाइट शुरू करना केवल संभावित वित्तीय पुरस्कारों के बारे में नहीं है - यह व्यक्तिगत विकास के बारे में भी है। यह आत्म-अभिव्यक्ति के लिए एक मंच प्रदान करता है, समान विचारधारा वाले व्यक्तियों के समुदाय से जुड़ता है, और एक ब्रांड बनाता है जो आपके मूल्यों को दर्शाता है। चाहे वह कोई शौक हो जिसके बारे में आप भावुक हों या एक पूर्ण-स्तरीय व्यवसाय, एक वेबसाइट आपके लक्ष्यों को प्राप्त करने के लिए आवश्यक उपकरण और संसाधन प्रदान करती है और साथ ही एक स्थायी प्रभाव छोड़ने का मौका भी प्रदान करती है।</p>', 'अपनी खुद की, लाभदायक वेबसाइट शुरू करने के 10 कारण!', '10 आकर्षक कारणों की खोज करें कि क्यों अपनी खुद की वेबसाइट शुरू करने से वित्तीय सफलता और व्यक्तिगत विकास हो सकता है।', '2024-08-20 05:01:54', '2024-12-29 04:16:47'),
(24, 8, 'ar', '10 أسباب لبدء موقع الويب الخاص بك والمربح!', 'اكتشف 10 أسباب مقنعة تجعل إنشاء موقع الويب الخاص بك يمكن أن يؤدي إلى النجاح المالي والنمو الشخصي.', '<p>يوفر إنشاء موقع الويب الخاص بك مجموعة كبيرة من الفرص، بدءًا من الاستقلال المالي ووصولاً إلى تحقيق الذات. واحدة من أكبر المزايا هي التحكم الكامل في المحتوى الخاص بك والعلامة التجارية الخاصة بك. على عكس الوظائف أو الشركات التقليدية، يمكنك تشكيل موقع الويب الخاص بك ليعكس اهتماماتك واهتماماتك وخبراتك، مما يؤدي إلى إنشاء منصة فريدة لك. سواء كنت تبيع منتجات، أو تقدم خدمات، أو تشارك معلومات قيمة، يمكن أن يصبح موقع الويب الخاص بك أحد الأصول المربحة.</p>\r\n<p>مع إمكانية الانتشار العالمي، يتيح لك موقع الويب إمكانية الوصول إلى أسواق خارج منطقتك المحلية، مما يؤدي إلى توسيع قاعدة جمهورك وإمكانيات عملائك. وهذا يجعل من السهل توسيع نطاق عملك أو مشروعك، سواء كنت تستخدم التجارة الإلكترونية، أو التسويق بالعمولة، أو طرق تحقيق الدخل الأخرى. بالإضافة إلى ذلك، يمكن لموقع الويب المصمم جيدًا أن يدر دخلاً سلبيًا، مما يؤدي إلى استقرار مالي طويل الأمد بأقل جهد مستمر.</p>\r\n<p>يوفر موقع الويب أيضًا مرونة مذهلة. يمكنك العمل من أي مكان، وفقًا لجدولك الزمني الخاص، وتخصيص الموقع لتلبية أهدافك الشخصية. سواء كنت تهدف إلى كسب المال بشكل جانبي أو إنشاء عمل بدوام كامل، فإن المرونة في التكيف مع موقع الويب الخاص بك وتنميته بالشكل الذي تراه مناسبًا هي إحدى أكبر فوائده. على طول الطريق، ستكتسب مهارات رقمية قيمة مثل تحسين محركات البحث وإنشاء المحتوى والتسويق، والتي يمكن أن تعزز حياتك المهنية وتفتح الأبواب أمام فرص جديدة.</p>\r\n<p>لا يقتصر إنشاء موقع ويب على المكافآت المالية المحتملة فحسب، بل يتعلق أيضًا بالنمو الشخصي. فهو يوفر منصة للتعبير عن الذات، والتواصل مع مجتمع من الأفراد ذوي التفكير المماثل، وبناء علامة تجارية تعكس قيمك. سواء أكانت هواية تثير شغفك أو نشاطًا تجاريًا واسع النطاق، يقدم موقع الويب الأدوات والموارد اللازمة لتحقيق أهدافك مع توفير الفرصة لترك تأثير دائم.</p>', '10 أسباب لبدء موقع الويب الخاص بك والمربح!', 'اكتشف 10 أسباب مقنعة تجعل إنشاء موقع الويب الخاص بك يمكن أن يؤدي إلى النجاح المالي والنمو الشخصي.', '2024-08-20 05:01:54', '2024-12-29 04:16:44'),
(25, 9, 'en', '9 Things I Love About Shaving My Head During Quarantine', 'Discover the unexpected benefits of shaving your head during quarantine, from simplicity to newfound confidence.', '<p>During quarantine, I decided to shave my head, and what began as a practical solution for the lack of haircuts quickly became a decision I truly embraced. Shaving my head simplified my daily routine by eliminating the need for styling, washing, and maintaining my hair, saving me time and effort each day. Without hair to manage, I enjoyed a low-maintenance routine with no bad hair days or frizzy strands. The sensation of a shaved head, especially in warm weather, was surprisingly comfortable, providing a cooler and more breathable feeling.</p>\r\n<p>Beyond practicality, shaving my head gave me a newfound sense of confidence. It gave me a bold, fresh look that made me feel empowered and more self-assured. It also freed me from the pressure of adhering to beauty trends, allowing me to embrace a more liberated sense of style. In a time when much of life felt out of control, shaving my head felt like an act of ownership, a way to assert control over something in my life.</p>\r\n<p>With the time and energy I saved from not having to care for my hair, I became more focused on other aspects of self-care, such as skincare and mental well-being. Shaving my head also turned out to be a more sustainable choice, reducing my need for hair products like shampoos and styling gels. Finally, this decision allowed me to explore a new side of my identity, helping me redefine how I saw myself and giving me a sense of renewal and confidence. Shaving my head during quarantine turned into a powerful and transformative experience that I wouldn&rsquo;t trade for anything.</p>', '9 Things I Love About Shaving My Head During Quarantine', 'Discover the unexpected benefits of shaving your head during quarantine, from simplicity to newfound confidence.', '2024-08-20 05:02:53', '2024-12-29 04:07:29');
INSERT INTO `blog_translations` (`id`, `blog_id`, `lang_code`, `title`, `short_description`, `description`, `seo_title`, `seo_description`, `created_at`, `updated_at`) VALUES
(26, 9, 'hi', 'क्वारंटाइन के दौरान सिर मुंडवाने के बारे में 9 बातें जो मुझे पसंद हैं', 'सरलता से लेकर नए आत्मविश्वास तक, संगरोध के दौरान अपना सिर मुंडवाने के अप्रत्याशित लाभों की खोज करें।', '<p>क्वारंटाइन के दौरान, मैंने अपना सिर मुंडवाने का फैसला किया, और जो बाल कटाने की कमी के लिए एक व्यावहारिक समाधान के रूप में शुरू हुआ वह जल्द ही एक ऐसा निर्णय बन गया जिसे मैंने वास्तव में स्वीकार कर लिया। सिर मुंडवाने से मेरे बालों को स्टाइल करने, धोने और बनाए रखने की आवश्यकता समाप्त होकर मेरी दैनिक दिनचर्या सरल हो गई, जिससे मेरा हर दिन समय और प्रयास बच गया। बालों के प्रबंधन के बिना, मैंने कम रखरखाव वाली दिनचर्या का आनंद लिया, जिसमें कोई खराब बाल दिवस या घुंघराले बाल नहीं थे। विशेष रूप से गर्म मौसम में, मुंडा हुए सिर की अनुभूति आश्चर्यजनक रूप से आरामदायक थी, जो एक ठंडा और अधिक सांस लेने योग्य एहसास प्रदान करती थी।</p>\r\n<p>व्यावहारिकता से परे, सिर मुंडवाने से मुझे आत्मविश्वास की एक नई अनुभूति मिली। इसने मुझे एक बोल्ड, ताज़ा लुक दिया जिससे मुझे सशक्त और अधिक आत्मविश्वासी महसूस हुआ। इसने मुझे सौंदर्य रुझानों का पालन करने के दबाव से भी मुक्त कर दिया, जिससे मुझे शैली की अधिक मुक्त भावना अपनाने की अनुमति मिली। ऐसे समय में जब जीवन का अधिकांश हिस्सा नियंत्रण से बाहर हो गया था, मुझे अपना सिर मुंडवाना स्वामित्व के कार्य जैसा लगा, अपने जीवन में किसी चीज़ पर नियंत्रण स्थापित करने का एक तरीका।</p>\r\n<p>अपने बालों की देखभाल न करने से बचाए गए समय और ऊर्जा के साथ, मैं आत्म-देखभाल के अन्य पहलुओं, जैसे त्वचा की देखभाल और मानसिक कल्याण पर अधिक ध्यान केंद्रित करने लगी। सिर मुंडवाना भी एक अधिक टिकाऊ विकल्प साबित हुआ, जिससे मुझे शैंपू और स्टाइलिंग जैल जैसे बाल उत्पादों की आवश्यकता कम हो गई। अंततः, इस निर्णय ने मुझे अपनी पहचान के एक नए पक्ष का पता लगाने की अनुमति दी, जिससे मुझे अपने आप को देखने के तरीके को फिर से परिभाषित करने में मदद मिली और मुझे नवीनीकरण और आत्मविश्वास की भावना मिली। संगरोध के दौरान अपना सिर मुंडवाना एक शक्तिशाली और परिवर्तनकारी अनुभव में बदल गया, जिसे मैं किसी भी चीज़ से बदल नहीं सकता।</p>', 'क्वारंटाइन के दौरान सिर मुंडवाने के बारे में 9 बातें जो मुझे पसंद हैं', 'सरलता से लेकर नए आत्मविश्वास तक, संगरोध के दौरान अपना सिर मुंडवाने के अप्रत्याशित लाभों की खोज करें।', '2024-08-20 05:02:53', '2024-12-29 04:10:23'),
(27, 9, 'ar', '9 أشياء أحبها في حلق رأسي أثناء الحجر الصحي', 'اكتشف الفوائد غير المتوقعة لحلاقة رأسك أثناء الحجر الصحي، بدءًا من البساطة وحتى الثقة المكتشفة حديثًا.', '<p>خلال الحجر الصحي، قررت أن أحلق رأسي، وما بدأ كحل عملي لعدم وجود قصة شعر سرعان ما أصبح قرارًا اعتنقته حقًا. لقد سهّلت حلاقة رأسي روتيني اليومي من خلال القضاء على الحاجة إلى تصفيف شعري وغسله والحفاظ عليه، مما وفر لي الوقت والجهد كل يوم. بدون شعر أتعامل معه، استمتعت بروتين قليل الصيانة بدون أيام شعر سيئة أو خصلات مجعدة. كان الإحساس بحلق الرأس، خاصة في الطقس الدافئ، مريحًا بشكل مدهش، مما يوفر شعورًا أكثر برودة وأكثر تنفسًا.</p>\r\n<p>بعيدًا عن التطبيق العملي، أعطتني حلق رأسي إحساسًا جديدًا بالثقة. لقد أعطتني نظرة جريئة وجديدة جعلتني أشعر بالقوة والثقة بالنفس. كما حررتني من ضغط الالتزام باتجاهات الجمال، مما سمح لي باحتضان إحساس أكثر تحررًا بالأناقة. في الوقت الذي شعرت فيه أن معظم حياتي خارج نطاق السيطرة، شعرت أن حلق رأسي هو بمثابة ملكية، وطريقة لتأكيد السيطرة على شيء ما في حياتي.</p>\r\n<p>مع الوقت والطاقة التي وفرتها لعدم الاضطرار إلى العناية بشعري، أصبحت أكثر تركيزًا على جوانب أخرى من الرعاية الذاتية، مثل العناية بالبشرة والصحة العقلية. كما تبين أن حلق رأسي هو خيار أكثر استدامة، مما يقلل من حاجتي لمنتجات الشعر مثل الشامبو وجل التصفيف. أخيرًا، سمح لي هذا القرار باستكشاف جانب جديد من هويتي، مما ساعدني على إعادة تعريف كيف أرى نفسي ومنحني شعورًا بالتجديد والثقة. لقد تحولت حلق رأسي أثناء الحجر الصحي إلى تجربة قوية وتحويلية لن أستبدلها بأي شيء.</p>', '9 أشياء أحبها في حلق رأسي أثناء الحجر الصحي', 'اكتشف الفوائد غير المتوقعة لحلاقة رأسك أثناء الحجر الصحي، بدءًا من البساطة وحتى الثقة المكتشفة حديثًا.', '2024-08-20 05:02:53', '2024-12-29 04:10:20'),
(28, 10, 'en', 'How to Sell Your Home Fast, Easily, and for Maximum Profit', 'Learn expert tips and strategies to sell your home quickly and at the best price with these proven techniques.', '<p>Selling your home fast requires a combination of smart pricing, effective marketing, and a well-maintained, inviting space that appeals to potential buyers. The first step in selling quickly is setting the right price. Overpricing can scare away buyers, while underpricing may lead to a lower-than-desired return. To determine the best price, research comparable homes in your area or consult with a local real estate agent who can offer insights on current market trends. Pricing competitively will attract more interest and set you up for a quicker sale.</p>\r\n<p>Once the price is set, focusing on curb appeal is essential. The exterior of your home is the first thing potential buyers see, so it&rsquo;s important to make a good impression. Simple upgrades like landscaping, painting the front door, and cleaning the driveway can make a big difference.</p>\r\n<p>Inside the home, staging is key. Buyers often have difficulty imagining how a space can look, so it&rsquo;s important to showcase the home&rsquo;s potential. Declutter every room, remove personal items, and arrange furniture to make the space feel larger and more functional. Consider neutral colors for d&eacute;cor and add touches like fresh flowers or modern accents to make the space feel inviting.</p>\r\n<p>High-quality photography is vital for online listings, as many buyers begin their search on websites and social media. Professional photos will highlight your home&rsquo;s best features and make it stand out among other listings. Virtual tours are another way to provide a closer look at your home and generate more interest. Your online presence is critical for attracting buyers, so be sure your home is showcased in the best light possible.</p>', 'How to Sell Your Home Fast', 'Learn expert tips and strategies to sell your home quickly and at the best price with these proven techniques.', '2024-08-20 05:03:29', '2024-12-29 04:58:27'),
(29, 10, 'hi', 'अपना घर तेजी से, आसानी से और अधिकतम लाभ के लिए कैसे बेचें', 'इन सिद्ध तकनीकों के साथ अपना घर जल्दी और सर्वोत्तम कीमत पर बेचने के लिए विशेषज्ञ युक्तियाँ और रणनीतियाँ सीखें।', '<p>अपने घर को तेजी से बेचने के लिए स्मार्ट मूल्य निर्धारण, प्रभावी विपणन और एक सुव्यवस्थित, आकर्षक स्थान का संयोजन आवश्यक है जो संभावित खरीदारों को पसंद आए। शीघ्रता से बेचने के लिए पहला कदम सही कीमत निर्धारित करना है। अधिक कीमत लगाने से खरीदार डर सकते हैं, जबकि कम कीमत लगाने से वांछित से कम रिटर्न मिल सकता है। सर्वोत्तम मूल्य निर्धारित करने के लिए, अपने क्षेत्र में तुलनीय घरों पर शोध करें या स्थानीय रियल एस्टेट एजेंट से परामर्श करें जो मौजूदा बाजार रुझानों पर अंतर्दृष्टि प्रदान कर सकता है। प्रतिस्पर्धात्मक मूल्य निर्धारण अधिक रुचि आकर्षित करेगा और आपको त्वरित बिक्री के लिए तैयार करेगा।</p>\r\n<p>एक बार कीमत निर्धारित हो जाने के बाद, अपील पर ध्यान देना आवश्यक है। आपके घर का बाहरी हिस्सा पहली चीज़ है जिसे संभावित खरीदार देखते हैं, इसलिए एक अच्छा प्रभाव डालना महत्वपूर्ण है। भूदृश्य-चित्रण, सामने के दरवाज़े को रंगना, और सड़क की सफ़ाई जैसे साधारण उन्नयन से बड़ा अंतर आ सकता है।</p>\r\n<p>घर के अंदर, मंचन महत्वपूर्ण है। खरीदारों को अक्सर यह कल्पना करने में कठिनाई होती है कि कोई स्थान कैसा दिख सकता है, इसलिए घर की क्षमता का प्रदर्शन करना महत्वपूर्ण है। प्रत्येक कमरे को अव्यवस्थित करें, व्यक्तिगत वस्तुओं को हटा दें, और स्थान को बड़ा और अधिक कार्यात्मक बनाने के लिए फर्नीचर की व्यवस्था करें। सजावट के लिए तटस्थ रंगों पर विचार करें और स्थान को आकर्षक बनाने के लिए ताजे फूल या आधुनिक लहजे जैसे स्पर्श जोड़ें।</p>\r\n<p>उच्च गुणवत्ता वाली फोटोग्राफी ऑनलाइन लिस्टिंग के लिए महत्वपूर्ण है, क्योंकि कई खरीदार वेबसाइटों और सोशल मीडिया पर अपनी खोज शुरू करते हैं। पेशेवर तस्वीरें आपके घर की सर्वोत्तम विशेषताओं को उजागर करेंगी और इसे अन्य सूचियों से अलग बनाएंगी। वर्चुअल टूर आपके घर को करीब से देखने और अधिक रुचि पैदा करने का एक और तरीका है। खरीदारों को आकर्षित करने के लिए आपकी ऑनलाइन उपस्थिति महत्वपूर्ण है, इसलिए सुनिश्चित करें कि आपका घर सर्वोत्तम संभव रोशनी में प्रदर्शित हो।</p>', 'अपना घर तेजी से कैसे बेचें', 'इन सिद्ध तकनीकों के साथ अपना घर जल्दी और सर्वोत्तम कीमत पर बेचने के लिए विशेषज्ञ युक्तियाँ और रणनीतियाँ सीखें।', '2024-08-20 05:03:29', '2024-12-29 04:58:51'),
(30, 10, 'ar', 'كيفية بيع منزلك بسرعة وسهولة وتحقيق أقصى قدر من الربح', 'تعلم نصائح واستراتيجيات الخبراء لبيع منزلك بسرعة وبأفضل الأسعار باستخدام هذه التقنيات التي أثبتت جدواها.', '<p>يتطلب بيع منزلك بسرعة مزيجًا من التسعير الذكي والتسويق الفعال ومساحة جذابة تتم صيانتها جيدًا تجذب المشترين المحتملين. الخطوة الأولى في البيع بسرعة هي تحديد السعر المناسب. المبالغة في الأسعار يمكن أن تخيف المشترين، في حين أن الأسعار المنخفضة قد تؤدي إلى عائد أقل من المطلوب. لتحديد أفضل الأسعار، ابحث عن منازل مماثلة في منطقتك أو استشر وكيل عقارات محلي يمكنه تقديم رؤى حول اتجاهات السوق الحالية. سيؤدي التسعير التنافسي إلى جذب المزيد من الاهتمام وإعدادك لعملية بيع أسرع.</p>\r\n<p>بعد تحديد السعر، يعد التركيز على الحد من الجاذبية أمرًا ضروريًا. المظهر الخارجي لمنزلك هو أول ما يراه المشترون المحتملون، لذلك من المهم ترك انطباع جيد. يمكن للترقيات البسيطة، مثل تنسيق الحدائق وطلاء الباب الأمامي وتنظيف الممر، أن تُحدث فرقًا كبيرًا.</p>\r\n<p>داخل المنزل، يعتبر التدريج أمرًا أساسيًا. غالبًا ما يواجه المشترون صعوبة في تصور الشكل الذي يمكن أن تبدو عليه المساحة، لذلك من المهم عرض إمكانات المنزل. قم بتنظيف كل غرفة وإزالة الأغراض الشخصية وترتيب الأثاث لجعل المساحة تبدو أكبر وأكثر عملية. فكر في استخدام الألوان المحايدة للديكور وأضف لمسات مثل الزهور النضرة أو اللمسات الحديثة لإضفاء طابع جذاب على المساحة.</p>\r\n<p>يعد التصوير الفوتوغرافي عالي الجودة أمرًا حيويًا لقوائم البيانات عبر الإنترنت، حيث يبدأ العديد من المشترين بحثهم على مواقع الويب ووسائل التواصل الاجتماعي. ستسلط الصور الاحترافية الضوء على أفضل ميزات منزلك وتجعله متميزًا بين القوائم الأخرى. تعد الجولات الافتراضية طريقة أخرى لإلقاء نظرة فاحصة على منزلك وإثارة المزيد من الاهتمام. يعد تواجدك عبر الإنترنت أمرًا بالغ الأهمية لجذب المشترين، لذا تأكد من عرض منزلك بأفضل إضاءة ممكنة.</p>', 'كيف تبيع منزلك بسرعة', 'تعلم نصائح واستراتيجيات الخبراء لبيع منزلك بسرعة وبأفضل الأسعار باستخدام هذه التقنيات التي أثبتت جدواها.', '2024-08-20 05:03:29', '2024-12-29 04:59:20'),
(31, 11, 'en', 'Apple IMac With Retina 5K Display Review', 'The Apple iMac with Retina 5K display combines stunning visuals, powerful performance, and sleek design, making it perfect for creatives and professionals.', '<p>The Apple iMac with Retina 5K display is a remarkable blend of performance, style, and cutting-edge technology. Its 27-inch display boasts 5K resolution, delivering exceptional sharpness, vibrant colors, and incredible detail&mdash;perfect for photo editing, video production, and immersive entertainment.</p>\r\n<p>Powered by advanced processors and high-performance graphics, the iMac ensures smooth multitasking and handles demanding tasks with ease. True Tone technology and a P3 wide color gamut enhance the viewing experience, while its minimalist design seamlessly integrates into any workspace.</p>\r\n<p>With macOS, users enjoy an intuitive interface and seamless integration with other Apple devices. Whether you&rsquo;re a creative professional or a tech enthusiast, the iMac with Retina 5K display is a powerhouse that elevates productivity and creativity to new heights.</p>\r\n<p>The macOS operating system enhances the user experience, providing seamless integration with other Apple devices like iPhones, iPads, and Apple Watches. Features such as Handoff, AirDrop, and Sidecar extend your productivity, allowing you to work across devices effortlessly. The iMac also includes plenty of ports, including Thunderbolt and USB-C, ensuring compatibility with various peripherals.</p>', 'Apple IMac With Retina 5K Display Review', 'Apple IMac With Retina 5K Display Review', '2024-08-20 05:04:19', '2024-12-29 03:44:26'),
(32, 11, 'hi', 'रेटिना 5K डिस्प्ले के साथ Apple IMac की समीक्षा', 'रेटिना 5K डिस्प्ले वाला Apple iMac आश्चर्यजनक दृश्यों, शक्तिशाली प्रदर्शन और आकर्षक डिज़ाइन का संयोजन है, जो इसे क्रिएटिव और पेशेवरों के लिए एकदम सही बनाता है।', '<p>इसे दर्द की ही बात होने दें, जैसे कि नमक के माध्यम से, ताकि वह खुद को पहले उखाड़ न फेंके, जब वे बाकी लोगों से ईर्ष्या करते हैं। शहद हँसते हुए दर्द पर हमला करता है। हर एक को विज्ञापन के सुख की परिभाषा में उसे लिखा जाए। जिसमें वह नाजुक ढंग से फले-फूले, वे एक लेखक थे जिसमें, लेकिन यह कुछ यार्ड में फला-फूला। मैं उन्हें अपना बनाऊंगा, और साथ ही मैं उस चीज़ से डरूंगा जो उसके लिए सामान्य है। एक अजनबी की मदद से, वह अपनी महिमा के लिए उड़ान भरी या दो फुटबॉल विरोधियों से सुसज्जित, उन्होंने लिखा</p>\r\n<p>इसे दर्द की ही बात होने दें, जैसे कि नमक के माध्यम से, ताकि वह खुद को पहले उखाड़ न फेंके, जब वे बाकी लोगों से ईर्ष्या करते हैं। शहद हँसते हुए दर्द पर हमला करता है। हर एक को विज्ञापन के सुख की परिभाषा में उसे लिखा जाए। जिसमें वह नाजुक ढंग से फले-फूले, वे एक लेखक थे जिसमें, लेकिन यह कुछ यार्ड में फला-फूला। मैं उन्हें अपना बनाऊंगा, और साथ ही मैं उस चीज़ से डरूंगा जो उसके लिए सामान्य है। एक अजनबी की मदद से, वह अपनी महिमा के लिए उड़ान भरी या दो फुटबॉल विरोधियों से सुसज्जित, उन्होंने लिखा</p>\r\n<p>इसे दर्द की ही बात होने दें, जैसे कि नमक के माध्यम से, ताकि वह खुद को पहले उखाड़ न फेंके, जब वे बाकी लोगों से ईर्ष्या करते हैं। शहद हँसते हुए दर्द पर हमला करता है। हर एक को विज्ञापन के सुख की परिभाषा में उसे लिखा जाए। जिसमें वह नाजुक ढंग से फले-फूले, वे एक लेखक थे जिसमें, लेकिन यह कुछ यार्ड में फला-फूला। मैं उन्हें अपना बनाऊंगा, और साथ ही मैं उस चीज़ से डरूंगा जो उसके लिए सामान्य है। एक अजनबी की मदद से, वह अपनी महिमा के लिए उड़ान भरी या दो फुटबॉल विरोधियों से सुसज्जित, उन्होंने लिखा</p>', 'रेटिना 5K डिस्प्ले के साथ Apple IMac की समीक्षा', 'रेटिना 5K डिस्प्ले के साथ Apple IMac की समीक्षा', '2024-08-20 05:04:19', '2024-12-29 03:46:17'),
(33, 11, 'ar', 'مراجعة جهاز Apple Imac مع شاشة Retina 5K', 'يجمع جهاز Apple iMac المزود بشاشة Retina 5K بين المرئيات المذهلة والأداء القوي والتصميم الأنيق، مما يجعله مثاليًا للمبدعين والمحترفين.', '<p>يعد جهاز Apple iMac المزود بشاشة Retina 5K مزيجًا رائعًا من الأداء والأناقة والتكنولوجيا المتطورة. وتتميز شاشته مقاس 27 بوصة بدقة 5K، مما يوفر وضوحًا استثنائيًا وألوانًا نابضة بالحياة وتفاصيل مذهلة، مما يجعلها مثالية لتحرير الصور وإنتاج الفيديو والترفيه الغامر.</p>\r\n<p>يضمن iMac، المدعوم بمعالجات متقدمة ورسومات عالية الأداء، أداءً سلسًا للمهام المتعددة ويتعامل مع المهام الصعبة بسهولة. تعمل تقنية True Tone ومجموعة الألوان الواسعة P3 على تحسين تجربة المشاهدة، بينما يندمج تصميمها البسيط بسلاسة في أي مساحة عمل.</p>\r\n<p>مع نظام التشغيل macOS، يستمتع المستخدمون بواجهة سهلة الاستخدام وتكامل سلس مع أجهزة Apple الأخرى. سواء كنت محترفًا مبدعًا أو متحمسًا للتكنولوجيا، فإن جهاز iMac المزود بشاشة Retina 5K يعد محركًا قويًا يرتقي بالإنتاجية والإبداع إلى آفاق جديدة.</p>\r\n<p>يعمل نظام التشغيل macOS على تحسين تجربة المستخدم، مما يوفر تكاملًا سلسًا مع أجهزة Apple الأخرى مثل iPhone وiPad وساعات Apple. تعمل ميزات مثل Handoff وAirDrop وSidecar على زيادة إنتاجيتك، مما يسمح لك بالعمل عبر الأجهزة دون عناء. يتضمن iMac أيضًا الكثير من المنافذ، بما في ذلك Thunderbolt وUSB-C، مما يضمن التوافق مع الأجهزة الطرفية المختلفة.</p>', 'مراجعة جهاز Apple Imac مع شاشة Retina 5K', 'مراجعة جهاز Apple Imac مع شاشة Retina 5K', '2024-08-20 05:04:19', '2024-12-29 03:46:20'),
(34, 12, 'en', 'A Skin Cream That’s Proven To Work Wonders Fast', 'Discover a skin cream backed by science, packed with powerful ingredients, and proven to deliver radiant, youthful results.', '<p>In the world of skincare, finding a product that truly delivers on its promises can feel like an endless search. With countless creams claiming miraculous results, it&rsquo;s difficult to determine what truly works. But what if you could finally discover a skin cream that&rsquo;s scientifically proven to transform your skin, leaving you with a radiant, youthful glow?</p>\r\n<p>This blog dives deep into the science, benefits, and real-life results of a revolutionary skin cream that has set a new benchmark in the beauty industry. Backed by clinical studies, this cream is designed to address common skin concerns such as dryness, wrinkles, uneven skin tone, and loss of elasticity. It&rsquo;s not just another cosmetic product&mdash;it&rsquo;s a solution grounded in dermatological expertise and advanced research.</p>\r\n<p>We&rsquo;ll explore the active ingredients that make this cream effective, including potent antioxidants, natural extracts, and cutting-edge compounds like hyaluronic acid and peptides. Each ingredient works synergistically to nourish, repair, and protect your skin from environmental stressors and aging effects.</p>\r\n<p>Additionally, we&rsquo;ll share inspiring testimonials from real users who have experienced transformative results. These stories are not just about improved skin&mdash;they&rsquo;re about renewed confidence and self-esteem.</p>\r\n<p>By the end of this article, you&rsquo;ll understand why this skin cream stands out in an overcrowded market. Whether you&rsquo;re battling persistent skin issues or simply looking to maintain your youthful glow, this cream could be the game-changer you&rsquo;ve been waiting for.</p>\r\n<p>Stay tuned as we uncover the secrets behind a skin cream that&rsquo;s proven to work and how it can help you achieve the flawless skin you&rsquo;ve always dreamed of.</p>', 'A Skin Cream That’s Proven To Work', 'A Skin Cream That’s Proven To Work', '2024-08-20 05:04:59', '2025-01-02 04:42:10'),
(35, 12, 'hi', 'एक त्वचा क्रीम जो तेजी से चमत्कारिक रूप से काम करने में सिद्ध है', 'विज्ञान द्वारा समर्थित, शक्तिशाली सामग्रियों से भरपूर और चमकदार, युवा परिणाम देने वाली सिद्ध त्वचा क्रीम की खोज करें।', '<p>त्वचा देखभाल की दुनिया में, ऐसा उत्पाद ढूंढना जो वास्तव में अपने वादों को पूरा करता हो, एक अंतहीन खोज जैसा महसूस हो सकता है। चमत्कारी परिणामों का दावा करने वाली अनगिनत क्रीमों के साथ, यह निर्धारित करना मुश्किल है कि वास्तव में क्या काम करता है। लेकिन क्या होगा अगर आप आखिरकार एक ऐसी त्वचा क्रीम खोज सकें जो वैज्ञानिक रूप से साबित हो कि आपकी त्वचा को बदल देगी, जिससे आपको एक चमकदार, युवा चमक मिलेगी?</p>\r\n<p>यह ब्लॉग एक क्रांतिकारी त्वचा क्रीम के विज्ञान, लाभों और वास्तविक जीवन के परिणामों पर गहराई से प्रकाश डालता है जिसने सौंदर्य उद्योग में एक नया मानक स्थापित किया है। क्लिनिकल अध्ययन द्वारा समर्थित, यह क्रीम त्वचा की सामान्य चिंताओं जैसे सूखापन, झुर्रियाँ, असमान त्वचा टोन और लोच की हानि को संबोधित करने के लिए डिज़ाइन की गई है। यह सिर्फ एक और कॉस्मेटिक उत्पाद नहीं है - यह त्वचाविज्ञान विशेषज्ञता और उन्नत शोध पर आधारित एक समाधान है।</p>\r\n<p>हम उन सक्रिय तत्वों का पता लगाएंगे जो इस क्रीम को प्रभावी बनाते हैं, जिनमें शक्तिशाली एंटीऑक्सिडेंट, प्राकृतिक अर्क और हयालूरोनिक एसिड और पेप्टाइड्स जैसे अत्याधुनिक यौगिक शामिल हैं। प्रत्येक घटक आपकी त्वचा को पर्यावरणीय तनावों और उम्र बढ़ने के प्रभावों से पोषण, मरम्मत और सुरक्षा के लिए सहक्रियात्मक रूप से काम करता है।</p>\r\n<p>इसके अतिरिक्त, हम वास्तविक उपयोगकर्ताओं से प्रेरणादायक प्रशंसापत्र साझा करेंगे जिन्होंने परिवर्तनकारी परिणामों का अनुभव किया है। ये कहानियाँ केवल बेहतर त्वचा के बारे में नहीं हैं - ये नए आत्मविश्वास और आत्म-सम्मान के बारे में हैं।</p>\r\n<p>इस लेख के अंत तक, आप समझ जाएंगे कि यह त्वचा क्रीम भीड़ भरे बाजार में क्यों अलग है। चाहे आप लगातार त्वचा की समस्याओं से जूझ रहे हों या बस अपनी युवा चमक बनाए रखना चाहते हों, यह क्रीम वह गेम-चेंजर हो सकती है जिसका आप इंतजार कर रहे थे।</p>\r\n<p>हमारे साथ बने रहें क्योंकि हम एक ऐसी त्वचा क्रीम के पीछे के रहस्यों को उजागर करते हैं जो कारगर साबित हुई है और यह आपको वह बेदाग त्वचा पाने में कैसे मदद कर सकती है जिसका आपने हमेशा सपना देखा है।</p>', 'एक त्वचा क्रीम जो कारगर साबित हुई है', 'एक त्वचा क्रीम जो कारगर साबित हुई है', '2024-08-20 05:04:59', '2025-01-02 04:58:03'),
(36, 12, 'ar', 'كريم للبشرة أثبت فعاليته في الترطيب والتفتيح الطبيعي', 'اكتشف كريم البشرة المدعوم بالعلم، والمليء بمكونات قوية، والذي أثبت فعاليته في تقديم نتائج شبابية ومشرقة.', '<p>في عالم العناية بالبشرة، قد يبدو العثور على منتج يفي بوعوده حقًا وكأنه بحث لا نهاية له. مع وجود عدد لا يحصى من الكريمات التي تدعي نتائج مذهلة، من الصعب تحديد ما هو فعال حقًا. ولكن ماذا لو تمكنت أخيرًا من اكتشاف كريم للبشرة ثبت علميًا قدرته على تحويل بشرتك، مما يتركك متألقًا وشبابيًا؟</p>\r\n<p>تتعمق هذه المدونة في العلوم والفوائد والنتائج الواقعية لكريم البشرة الثوري الذي وضع معيارًا جديدًا في صناعة التجميل. تم تصميم هذا الكريم، بدعم من الدراسات السريرية، لمعالجة مشاكل البشرة الشائعة مثل الجفاف والتجاعيد وتفاوت لون البشرة وفقدان المرونة. إنه ليس مجرد منتج تجميلي آخر، بل هو حل يرتكز على الخبرة الجلدية والأبحاث المتقدمة.</p>\r\n<p>سوف نستكشف المكونات النشطة التي تجعل هذا الكريم فعالاً، بما في ذلك مضادات الأكسدة القوية والمستخلصات الطبيعية والمركبات المتطورة مثل حمض الهيالورونيك والببتيدات. يعمل كل مكون بشكل تآزري لتغذية وإصلاح وحماية بشرتك من الضغوطات البيئية وتأثيرات الشيخوخة.</p>\r\n<p>بالإضافة إلى ذلك، سنشارك شهادات ملهمة من مستخدمين حقيقيين شهدوا نتائج تحويلية. لا تقتصر هذه القصص على تحسين البشرة فحسب، بل تدور حول تجديد الثقة واحترام الذات.</p>\r\n<p>بنهاية هذه المقالة، ستفهم سبب تميز كريم البشرة هذا في السوق المزدحمة. سواء كنت تعاني من مشاكل جلدية مستمرة أو تتطلع ببساطة إلى الحفاظ على توهجك الشبابي، فقد يكون هذا الكريم هو التغيير الذي كنت تنتظره.</p>\r\n<p>ابق معنا ونحن نكتشف الأسرار الكامنة وراء كريم البشرة الذي أثبت فعاليته وكيف يمكن أن يساعدك في الحصول على البشرة الخالية من العيوب التي طالما حلمت بها.</p>', 'كريم للبشرة أثبت فعاليته', 'كريم للبشرة أثبت فعاليته', '2024-08-20 05:04:59', '2024-12-29 05:04:11');

-- --------------------------------------------------------

--
-- Table structure for table `careers`
--

CREATE TABLE `careers` (
  `id` bigint(20) UNSIGNED NOT NULL,
  `slug` varchar(255) COLLATE utf8mb4_unicode_ci DEFAULT NULL,
  `salary_range` varchar(255) COLLATE utf8mb4_unicode_ci DEFAULT NULL,
  `image` varchar(255) COLLATE utf8mb4_unicode_ci DEFAULT NULL,
  `deadline` varchar(255) COLLATE utf8mb4_unicode_ci DEFAULT NULL,
  `status` tinyint(1) DEFAULT NULL,
  `created_at` timestamp NULL DEFAULT NULL,
  `updated_at` timestamp NULL DEFAULT NULL
) ENGINE=InnoDB DEFAULT CHARSET=utf8mb4 COLLATE=utf8mb4_unicode_ci;

--
-- Dumping data for table `careers`
--

INSERT INTO `careers` (`id`, `slug`, `salary_range`, `image`, `deadline`, `status`, `created_at`, `updated_at`) VALUES
(3, 'react-js-javascript-developer', '$200 - $350', 'uploads/custom-images/wsus-img-2024-08-29-11-54-04-6155.webp', '2024-09-11', 1, '2024-08-29 05:54:04', '2024-09-04 00:58:52'),
(9, 'flutter-developer', '$200 - $350', 'uploads/custom-images/wsus-img-2024-08-29-11-34-55-9509.webp', '2025-06-01', 1, '2024-12-29 06:45:12', '2024-12-29 06:45:12');

-- --------------------------------------------------------

--
-- Table structure for table `career_requests`
--

CREATE TABLE `career_requests` (
  `id` bigint(20) UNSIGNED NOT NULL,
  `career_id` int(11) NOT NULL,
  `email` varchar(255) COLLATE utf8mb4_unicode_ci DEFAULT NULL,
  `name` varchar(255) COLLATE utf8mb4_unicode_ci DEFAULT NULL,
  `phone` varchar(255) COLLATE utf8mb4_unicode_ci DEFAULT NULL,
  `description` text COLLATE utf8mb4_unicode_ci DEFAULT NULL,
  `cv` varchar(255) COLLATE utf8mb4_unicode_ci DEFAULT NULL,
  `subject` varchar(255) COLLATE utf8mb4_unicode_ci DEFAULT NULL,
  `created_at` timestamp NULL DEFAULT NULL,
  `updated_at` timestamp NULL DEFAULT NULL
) ENGINE=InnoDB DEFAULT CHARSET=utf8mb4 COLLATE=utf8mb4_unicode_ci;

-- --------------------------------------------------------

--
-- Table structure for table `career_translations`
--

CREATE TABLE `career_translations` (
  `id` bigint(20) UNSIGNED NOT NULL,
  `career_id` int(11) NOT NULL,
  `lang_code` varchar(255) COLLATE utf8mb4_unicode_ci NOT NULL,
  `title` varchar(255) COLLATE utf8mb4_unicode_ci DEFAULT NULL,
  `address` varchar(255) COLLATE utf8mb4_unicode_ci DEFAULT NULL,
  `job_nature` varchar(255) COLLATE utf8mb4_unicode_ci DEFAULT NULL,
  `office_time` varchar(255) COLLATE utf8mb4_unicode_ci DEFAULT NULL,
  `description` text COLLATE utf8mb4_unicode_ci DEFAULT NULL,
  `created_at` timestamp NULL DEFAULT NULL,
  `updated_at` timestamp NULL DEFAULT NULL
) ENGINE=InnoDB DEFAULT CHARSET=utf8mb4 COLLATE=utf8mb4_unicode_ci;

--
-- Dumping data for table `career_translations`
--

INSERT INTO `career_translations` (`id`, `career_id`, `lang_code`, `title`, `address`, `job_nature`, `office_time`, `description`, `created_at`, `updated_at`) VALUES
(7, 3, 'en', 'React Js/ Javascript Developer', 'React Js/ Javascript Developer', 'Full Time', '8 Hour', '<p>We are looking for a skilled React JS/JavaScript Developer to join our team. The ideal candidate will have experience building responsive, dynamic web applications using React, JavaScript, and related technologies. Strong problem-solving skills and the ability to work in a collaborative environment are essential.</p>\n<p>As a React JS/JavaScript Developer, you will work on creating dynamic, user-friendly applications that deliver a seamless experience across various platforms. You&rsquo;ll have the opportunity to contribute to the full development lifecycle, from coding and debugging to testing and deployment. We&rsquo;re looking for someone with a passion for front-end development, a keen eye for detail, and the ability to stay current with the latest industry trends and technologies.</p>\n<ul>\n<li>Meliore inimicus duo ut, tation veritus elaboraret eam cu.</li>\n<li>Cum in alii agam aliquip, aperiam salutandi et per.</li>\n<li>&nbsp;Ex vis summo probatus ocurreret, ex assum sententiae pri</li>\n<li>Ipsum volumus pertinax mea ut, eu erat tacimates nam.</li>\n<li>Tibique copiosae verterem mea no, eam ex melius option, soluta timeam et his. Sit simul gubergren reformidans id</li>\n<li>Per ex vero nonumy. Ius eu doming nominavi mediocrem, aliquid efficiantur no vim</li>\n<li>Sit vivendum eleifend adipiscing ea</li>\n<li>Sint dignissim consectetuer nec et</li>\n<li>No per harum dicant neglegentur, sea ei esse volumus adolescens. Nulla argumentum at pri, vel apeirian principes in</li>\n</ul>\n<h4>Job Responsibilities</h4>\n<p>In vim natum soleat nostro, pri in eloquentiam contentiones. Eu sit sapientem reprehendunt, omnis aliquid eu eos. No quot illum veniam est, ne pro iudico saperet mnesarchum. Ea pri nostro disputando contentiones, eu nec menandri qualisque, vis ex equidem invidunt. Et accusam detracto splendide per, congue meliore id sea. Has eu aeterno patrioque expetendis, mel ei dissentiet reformidans.</p>\n<ul>\n<li>Build and maintain web applications using React JS and JavaScript.</li>\n<li>Work with design and back-end teams to create responsive interfaces.</li>\n<li>Write clean and maintainable code following best practices.</li>\n<li>Use state management tools like Redux or Context API.</li>\n<li>Ensure applications run smoothly across devices and browsers.</li>\n<li>Review code and provide feedback to maintain quality.</li>\n</ul>\n<h4>Educational Requirements</h4>\n<p>A bachelor&rsquo;s degree in Computer Science, IT, or related field is preferred, but relevant certifications or experience are also considered. Strong knowledge of React JS and JavaScript is essential, along with a commitment to continuous learning and staying updated with industry trends.</p>\n<ul>\n<li>Bachelor&rsquo;s degree in Computer Science, Information Technology, or related field.</li>\n<li>Relevant certifications or hands-on experience in web development.</li>\n<li>Strong knowledge of React JS and JavaScript.</li>\n<li>Commitment to continuous learning and staying updated with industry trends.</li>\n</ul>\n<h4>Employment Status</h4>\n<p>The position is offered as a full-time role, requiring a dedicated commitment to project deadlines and team collaboration. As a React JS/JavaScript Developer, you will be expected to work regular hours with the flexibility to accommodate occasional overtime during peak project times.</p>\n<ul>\n<li>Full-time position.</li>\n<li>Regular work hours with occasional overtime.</li>\n<li>Flexible work environment.</li>\n<li>Opportunity for remote work, depending on team needs.</li>\n<li>Permanent employment status with growth potential.</li>\n</ul>', '2024-08-29 05:54:04', '2024-12-29 02:23:08'),
(8, 3, 'hi', 'रिएक्ट जेएस/जावास्क्रिप्ट डेवलपर', 'रिएक्ट जेएस/जावास्क्रिप्ट डेवलपर', 'पूरा समय', '8 घंटा', '<p>हम अपनी टीम में शामिल होने के लिए एक कुशल रिएक्ट जेएस/जावास्क्रिप्ट डेवलपर की तलाश कर रहे हैं। आदर्श उम्मीदवार के पास रिएक्ट, जावास्क्रिप्ट और संबंधित प्रौद्योगिकियों का उपयोग करके उत्तरदायी, गतिशील वेब एप्लिकेशन बनाने का अनुभव होगा। मजबूत समस्या-समाधान कौशल और सहयोगात्मक वातावरण में काम करने की क्षमता आवश्यक है।</p>\r\n<p>एक रिएक्ट जेएस/जावास्क्रिप्ट डेवलपर के रूप में, आप गतिशील, उपयोगकर्ता-अनुकूल एप्लिकेशन बनाने पर काम करेंगे जो विभिन्न प्लेटफार्मों पर एक सहज अनुभव प्रदान करते हैं। आपके पास कोडिंग और डिबगिंग से लेकर परीक्षण और तैनाती तक, पूर्ण विकास जीवनचक्र में योगदान करने का अवसर होगा। हम किसी ऐसे व्यक्ति की तलाश कर रहे हैं जिसमें फ्रंट-एंड डेवलपमेंट का जुनून, विस्तार पर गहरी नजर और नवीनतम उद्योग रुझानों और प्रौद्योगिकियों के साथ अपडेट रहने की क्षमता हो।</p>\r\n<ul>\r\n<li>मेलियोर इनिमिकस डुओ यूटी, टेशन वेरिटस विस्तृत ईएम सीयू।</li>\r\n<li>कम इन अली अगम एलिक्विप, एपेरियम सैलुटांडी एट प्रति।</li>\r\n<li>पूर्व विज़ सुम्मो प्रोबेटस ओक्यूरेरेट, पूर्व अस्सुम सेंटेंटिया प्री</li>\r\n<li>इप्सम वोलुमस पर्टिनैक्स मी यूट, ईयू एराट टैसीमेट्स नाम।</li>\r\n<li>टिबिक कॉपियोसे वर्टेरेम एमईए नं, ईएएम एक्स मेलियस ऑप्शन, सोलुटा टाइमएम एट हिज। सिमुल गुबरग्रेन रिफॉर्मिडन्स आईडी</li>\r\nबैठें\r\n<li>प्रति पूर्व vero nonumy. आईयूएस ईयू डोमिंग नॉमिनावी मेडियोक्रेम, एलिक्विड एफिशिएंटूर नो विम</li>\r\n<li>सिट विवेंडम एलीफेंड एडिपिसिंग ईए</li>\r\n<li>सिंट डिग्निसिम कंसेक्टेट्यूअर नेक एट</li>\r\n<li>नहीं प्रति हरम डाइकैंट नेगलेजेंटूर, समुद्र ईई एसएसई वॉल्यूमस किशोरावस्था। नुल्ला आर्गुगुम एट प्रि, वेल एपिरियन प्रिंसिपल्स इन</li>\r\n</ul>\r\n<h4>नौकरी की जिम्मेदारियाँ</h4>\r\n<p>इन विम नैटम सोलिएट नोस्ट्रो, प्री इन एलोक्वेंटियम कॉन्टेशंस। ईयू सिट सैपिएंटेम रिप्रेंडेंट, ओम्निस एलिक्विड ईयू ईओएस। नो कोट इलुम वेनियम इस्ट, ने प्रो आईयूडिको सपेरेट मेन्सार्चम। ईए प्री नोस्ट्रो डिस्प्यूटांडो कॉन्टेशंस, ईयू एनईसी मेनेंड्री क्वालिस्क, विज़ एक्स इक्विडेम इनविडंट। एट एक्यूसम डेट्रैक्टो स्प्लेंडाइड प्रति, कोनगू मेलियोर आईडी सी। क्या ईयू एटेरनो पैट्रियोक एक्सपेटेन्डिस, मेल ईआई डिसेंटिएट रिफॉर्मिडन्स।</p>\r\n<ul>\r\n<li>रिएक्ट जेएस और जावास्क्रिप्ट का उपयोग करके वेब एप्लिकेशन बनाएं और बनाए रखें।</li>\r\n<li>उत्तरदायी इंटरफ़ेस बनाने के लिए डिज़ाइन और बैक-एंड टीमों के साथ काम करें।</li>\r\n<li>सर्वोत्तम प्रथाओं का पालन करते हुए स्वच्छ और रखरखाव योग्य कोड लिखें।</li>\r\n<li>Redux या Context API जैसे राज्य प्रबंधन टूल का उपयोग करें।</li>\r\n<li>सुनिश्चित करें कि एप्लिकेशन सभी डिवाइस और ब्राउज़र पर सुचारू रूप से चलें।</li>\r\n<li>कोड की समीक्षा करें और गुणवत्ता बनाए रखने के लिए फीडबैक प्रदान करें।</li>\r\n</ul>\r\n<h4>शैक्षिक आवश्यकताएँ</h4>\r\n<p>कंप्यूटर विज्ञान, आईटी या संबंधित क्षेत्र में स्नातक की डिग्री को प्राथमिकता दी जाती है, लेकिन प्रासंगिक प्रमाणपत्र या अनुभव पर भी विचार किया जाता है। निरंतर सीखने और उद्योग के रुझानों के साथ अपडेट रहने की प्रतिबद्धता के साथ-साथ रिएक्ट जेएस और जावास्क्रिप्ट का मजबूत ज्ञान आवश्यक है।</p>\r\n<ul>\r\n<li>कंप्यूटर विज्ञान, सूचना प्रौद्योगिकी, या संबंधित क्षेत्र में स्नातक की डिग्री।</li>\r\n<li>वेब विकास में प्रासंगिक प्रमाणन या व्यावहारिक अनुभव।</li>\r\n<li>रिएक्ट जेएस और जावास्क्रिप्ट का मजबूत ज्ञान।</li>\r\n<li>निरंतर सीखने और उद्योग के रुझानों के साथ अपडेट रहने की प्रतिबद्धता।</li>\r\n</ul>\r\n<h4>रोज़गार स्थिति</h4>\r\n<p>पद को पूर्णकालिक भूमिका के रूप में पेश किया जाता है, जिसके लिए परियोजना की समय सीमा और टीम सहयोग के प्रति समर्पित प्रतिबद्धता की आवश्यकता होती है। एक रिएक्ट जेएस/जावास्क्रिप्ट डेवलपर के रूप में, आपसे पीक प्रोजेक्ट समय के दौरान कभी-कभी ओवरटाइम को समायोजित करने के लचीलेपन के साथ नियमित घंटे काम करने की अपेक्षा की जाएगी।</p>\r\n<ul>\r\n<li>पूर्णकालिक पद.</li>\r\n<li>नियमित काम के घंटे और कभी-कभार ओवरटाइम।</li>\r\n<li>लचीला कार्य वातावरण।</li>\r\n<li>टीम की जरूरतों के आधार पर दूरस्थ कार्य का अवसर।</li>\r\n<li>विकास क्षमता के साथ स्थायी रोजगार की स्थिति।</li>\r\n</ul>', '2024-08-29 05:54:04', '2024-12-29 02:23:30'),
(9, 3, 'ar', 'رد فعل Js/مطور جافا سكريبت', 'رد فعل Js/مطور جافا سكريبت', 'دوام كامل', '8 ساعات', '<p>نحن نبحث عن مطور React JS/JavaScript ماهر للانضمام إلى فريقنا. سيكون لدى المرشح المثالي خبرة في إنشاء تطبيقات ويب سريعة الاستجابة وديناميكية باستخدام React وJavaScript والتقنيات ذات الصلة. تعد المهارات القوية في حل المشكلات والقدرة على العمل في بيئة تعاونية أمرًا ضروريًا.</p>\r\n<p>باعتبارك مطور React JS/JavaScript، ستعمل على إنشاء تطبيقات ديناميكية وسهلة الاستخدام توفر تجربة سلسة عبر الأنظمة الأساسية المختلفة. ستتاح لك الفرصة للمساهمة في دورة حياة التطوير الكاملة، بدءًا من البرمجة وتصحيح الأخطاء وحتى الاختبار والنشر. نحن نبحث عن شخص لديه شغف بتطوير الواجهة الأمامية، وعين حريصة على التفاصيل، وقدرة على مواكبة أحدث اتجاهات وتقنيات الصناعة.</p>\r\n<ul>\r\n<li>أفضل الثنائي الخفي، الأمر الواقعي المتقن.</li>\r\n<li>نائب الرئيس في alii agam aliquip، aperiam salutandi et per.</li>\r\n<li>على الرغم من حدوث مجموع الإثبات، على أساس افتراض الأحكام</li>\r\n<li>Ipsum volumus pertinax mea ut، eu erat taciates nam.</li>\r\n<li>Tibique copiosae verterem mea no، eam ex melius option، soluta timeam et his. اجلس في معرّف إصلاح gubergren</li>\r\n<li>بحكم عدم الفعل. أنا في الاتحاد الأوروبي دومًا أسمي متوسط، لا توجد كفاءة في استخدام السوائل</li>\r\n<li>الجلوس على قيد الحياة eleifend adipiscing ea</li>\r\n<li>Sint dignissim consectetuer nec et</li>\r\n<li>لا داعي للإهمال، بل هو حجم كبير من المراهقين. لا توجد حجة في pri، أو مبادئ apeirian في</li>\r\n</ul>\r\n<h4>مسؤوليات الوظيفة</h4>\r\n<p>في vim natum Solet nostro، pri في خلافات بليغة. نحن نتحمل المسؤولية، كل شيء متوفر في الاتحاد الأوروبي. No quot illum veniam est، ne pro iudico saperet mnesarchum. في ما يتعلق بالخلافات التي نواجهها، لا يوجد لدينا أي شخص آخر، تجاه الآخرين. وهذا ينتقص من روعة كل ما هو أفضل في البحر. هل لديه كفاءات وطنية دائمة تخالف الإصلاحيين.</p>\r\n<ul>\r\n<li>إنشاء وصيانة تطبيقات الويب باستخدام React JS وJavaScript.</li>\r\n<li>العمل مع فرق التصميم والخلفية لإنشاء واجهات سريعة الاستجابة.</li>\r\n<li>اكتب تعليمات برمجية نظيفة وقابلة للصيانة باتباع أفضل الممارسات.</li>\r\n<li>استخدم أدوات إدارة الحالة مثل Redux أو context API.</li>\r\n<li>تأكد من تشغيل التطبيقات بسلاسة عبر الأجهزة والمتصفحات.</li>\r\n<li>راجع الكود وقدم تعليقاتك للحفاظ على الجودة.</li>\r\n</ul>\r\n<h4>المتطلبات التعليمية</h4>\r\n<p>يُفضل الحصول على درجة البكالوريوس في علوم الكمبيوتر أو تكنولوجيا المعلومات أو أي مجال ذي صلة، ولكن يتم أيضًا أخذ الشهادات أو الخبرة ذات الصلة في الاعتبار. تعد المعرفة القوية بـ React JS وJavaScript أمرًا ضروريًا، إلى جانب الالتزام بالتعلم المستمر والبقاء على اطلاع دائم باتجاهات الصناعة.</p>\r\n<ul>\r\n<li>درجة البكالوريوس في علوم الكمبيوتر، أو تكنولوجيا المعلومات، أو مجال ذي صلة.</li>\r\n<li>الشهادات ذات الصلة أو الخبرة العملية في تطوير الويب.</li>\r\n<li>معرفة قوية بـ React JS وJavaScript.</li>\r\n<li>الالتزام بالتعلم المستمر والبقاء على اطلاع دائم باتجاهات الصناعة.</li>\r\n</ul>\r\n<h4>حالة التوظيف</h4>\r\n<p>يتم تقديم الوظيفة كدور بدوام كامل، مما يتطلب التزامًا مخصصًا بالمواعيد النهائية للمشروع وتعاون الفريق. باعتبارك مطور React JS/JavaScript، يُتوقع منك العمل لساعات منتظمة مع المرونة اللازمة لاستيعاب العمل الإضافي العرضي خلال أوقات الذروة للمشروع.</p>\r\n<ul>\r\n<li>وظيفة بدوام كامل.</li>\r\n<li>ساعات العمل العادية مع العمل الإضافي في بعض الأحيان.</li>\r\n<li>بيئة عمل مرنة.</li>\r\n<li>فرصة للعمل عن بعد، حسب احتياجات الفريق.</li>\r\n<li>حالة التوظيف الدائمة مع إمكانية النمو.</li>\r\n</ul>', '2024-08-29 05:54:04', '2024-12-29 02:22:56'),
(25, 9, 'en', 'Flutter Developer', 'San Francisco City Hall, San Francisco, CA', 'Full Time', '8 Hour', '<p>A Flutter Developer is responsible for building natively compiled applications for mobile, web, and desktop platforms using the Flutter framework. They write code in Dart, ensuring the development of high-performance, visually appealing apps with a single codebase for multiple platforms. Flutter Developers focus on implementing user interfaces, integrating APIs, optimizing performance, and ensuring the app functions smoothly across all devices.</p>\n<p>They are also tasked with debugging, testing, and maintaining the app, making updates as needed for new features or security patches. Strong skills in state management, UI/UX design, and backend integration are essential for this role.</p>\n<ul>\n<li>Proficient in Dart programming language and Flutter SDK.</li>\n<li>Experience with state management solutions like Provider, Riverpod, and Bloc.</li>\n<li>Skilled in integrating RESTful APIs, Firebase, and third-party services.</li>\n<li>Ability to create responsive, visually appealing user interfaces.</li>\n</ul>\n<h4>Job Responsibilities</h4>\n<p>A Flutter Developer plays a key role in building mobile, web, and desktop applications using the Flutter framework. Their primary responsibilities include designing, developing, and maintaining apps that run smoothly across multiple platforms from a single codebase. They collaborate with designers, backend developers, and other team members to create high-quality apps. Additionally, Flutter developers are tasked with optimizing app performance, writing tests, ensuring smooth user experiences, and integrating third-party services and APIs.</p>\n<ul>\n<li>Build and maintain web applications using React JS and JavaScript.</li>\n<li>Work with design and back-end teams to create responsive interfaces.</li>\n<li>Write clean and maintainable code following best practices.</li>\n<li>Use state management tools like Redux or Context API.</li>\n<li>Ensure applications run smoothly across devices and browsers.</li>\n<li>Review code and provide feedback to maintain quality.</li>\n</ul>\n<h4>Educational Requirements</h4>\n<p>A bachelor&rsquo;s degree in Computer Science, IT, or related field is preferred, but relevant certifications or experience are also considered. Strong knowledge of React JS and JavaScript is essential, along with a commitment to continuous learning and staying updated with industry trends.</p>\n<ul>\n<li>Bachelor&rsquo;s degree in Computer Science, Information Technology, or related field.</li>\n<li>Relevant certifications or hands-on experience in web development.</li>\n<li>Strong knowledge of React JS and JavaScript.</li>\n<li>Commitment to continuous learning and staying updated with industry trends.</li>\n</ul>\n<h4>Employment Status</h4>\n<p>The position is offered as a full-time role, requiring a dedicated commitment to project deadlines and team collaboration. As a Flutter Developer, you will be expected to work regular hours with the flexibility to accommodate occasional overtime during peak project times.</p>\n<ul>\n<li>Full-time position.</li>\n<li>Regular work hours with occasional overtime.</li>\n<li>Flexible work environment.</li>\n<li>Opportunity for remote work, depending on team needs.</li>\n<li>Permanent employment status with growth potential.</li>\n</ul>', '2024-12-29 06:45:12', '2024-12-29 06:51:30'),
(26, 9, 'hi', 'स्पंदन डेवलपर', 'सैन फ्रांसिस्को सिटी हॉल, सैन फ्रांसिस्को, सीए', 'पूरा समय', '8 घंटा', '<p>फ़्लटर डेवलपर फ़्लटर फ़्रेमवर्क का उपयोग करके मोबाइल, वेब और डेस्कटॉप प्लेटफ़ॉर्म के लिए मूल रूप से संकलित एप्लिकेशन बनाने के लिए ज़िम्मेदार है। वे डार्ट में कोड लिखते हैं, जिससे कई प्लेटफार्मों के लिए एक ही कोडबेस के साथ उच्च-प्रदर्शन, दिखने में आकर्षक ऐप्स का विकास सुनिश्चित होता है। फ़्लटर डेवलपर्स उपयोगकर्ता इंटरफ़ेस को लागू करने, एपीआई को एकीकृत करने, प्रदर्शन को अनुकूलित करने और सभी उपकरणों पर ऐप को सुचारू रूप से चलाने को सुनिश्चित करने पर ध्यान केंद्रित करते हैं।</p>\r\n<p>उन्हें ऐप को डीबग करने, परीक्षण करने और बनाए रखने, नई सुविधाओं या सुरक्षा पैच के लिए आवश्यकतानुसार अपडेट करने का भी काम सौंपा गया है। इस भूमिका के लिए राज्य प्रबंधन, यूआई/यूएक्स डिज़ाइन और बैकएंड एकीकरण में मजबूत कौशल आवश्यक हैं।</p>\r\n<ul>\r\n<li>डार्ट प्रोग्रामिंग भाषा और फ़्लटर एसडीके में कुशल।</li>\r\n<li>प्रदाता, रिवरपॉड और ब्लॉक जैसे राज्य प्रबंधन समाधानों का अनुभव।</li>\r\n<li>RESTful API, Firebase और तृतीय-पक्ष सेवाओं को एकीकृत करने में कुशल।</li>\r\n<li>उत्तरदायी, देखने में आकर्षक उपयोगकर्ता इंटरफ़ेस बनाने की क्षमता।</li>\r\n</ul>\r\n<h4>नौकरी की जिम्मेदारियाँ</h4>\r\n<p>फ़्लटर डेवलपर फ़्लटर फ़्रेमवर्क का उपयोग करके मोबाइल, वेब और डेस्कटॉप एप्लिकेशन बनाने में महत्वपूर्ण भूमिका निभाता है। उनकी प्राथमिक जिम्मेदारियों में ऐसे ऐप्स को डिज़ाइन करना, विकसित करना और रखरखाव करना शामिल है जो एक ही कोडबेस से कई प्लेटफार्मों पर आसानी से चलते हैं। वे उच्च गुणवत्ता वाले ऐप्स बनाने के लिए डिजाइनरों, बैकएंड डेवलपर्स और टीम के अन्य सदस्यों के साथ सहयोग करते हैं। इसके अतिरिक्त, फ़्लटर डेवलपर्स को ऐप प्रदर्शन को अनुकूलित करने, परीक्षण लिखने, सहज उपयोगकर्ता अनुभव सुनिश्चित करने और तृतीय-पक्ष सेवाओं और एपीआई को एकीकृत करने का काम सौंपा गया है।</p>\r\n<ul>\r\n<li>रिएक्ट जेएस और जावास्क्रिप्ट का उपयोग करके वेब एप्लिकेशन बनाएं और बनाए रखें।</li>\r\n<li>उत्तरदायी इंटरफ़ेस बनाने के लिए डिज़ाइन और बैक-एंड टीमों के साथ काम करें।</li>\r\n<li>सर्वोत्तम प्रथाओं का पालन करते हुए स्वच्छ और रखरखाव योग्य कोड लिखें।</li>\r\n<li>Redux या Context API जैसे राज्य प्रबंधन टूल का उपयोग करें।</li>\r\n<li>सुनिश्चित करें कि एप्लिकेशन सभी डिवाइस और ब्राउज़र पर सुचारू रूप से चलें।</li>\r\n<li>कोड की समीक्षा करें और गुणवत्ता बनाए रखने के लिए फीडबैक प्रदान करें।</li>\r\n</ul>\r\n<h4>शैक्षिक आवश्यकताएँ</h4>\r\n<p>कंप्यूटर विज्ञान, आईटी या संबंधित क्षेत्र में स्नातक की डिग्री को प्राथमिकता दी जाती है, लेकिन प्रासंगिक प्रमाणपत्र या अनुभव पर भी विचार किया जाता है। निरंतर सीखने और उद्योग के रुझानों के साथ अपडेट रहने की प्रतिबद्धता के साथ-साथ रिएक्ट जेएस और जावास्क्रिप्ट का मजबूत ज्ञान आवश्यक है।</p>\r\n<ul>\r\n<li>कंप्यूटर विज्ञान, सूचना प्रौद्योगिकी, या संबंधित क्षेत्र में स्नातक की डिग्री।</li>\r\n<li>वेब विकास में प्रासंगिक प्रमाणन या व्यावहारिक अनुभव।</li>\r\n<li>रिएक्ट जेएस और जावास्क्रिप्ट का मजबूत ज्ञान।</li>\r\n<li>निरंतर सीखने और उद्योग के रुझानों के साथ अपडेट रहने की प्रतिबद्धता।</li>\r\n</ul>\r\n<h4>रोज़गार स्थिति</h4>\r\n<p>पद को पूर्णकालिक भूमिका के रूप में पेश किया जाता है, जिसके लिए परियोजना की समय सीमा और टीम सहयोग के प्रति समर्पित प्रतिबद्धता की आवश्यकता होती है। फ़्लटर डेवलपर के रूप में, आपसे पीक प्रोजेक्ट समय के दौरान कभी-कभी ओवरटाइम को समायोजित करने के लचीलेपन के साथ नियमित घंटे काम करने की अपेक्षा की जाएगी।</p>\r\n<ul>\r\n<li>पूर्णकालिक पद.</li>\r\n<li>नियमित काम के घंटे और कभी-कभार ओवरटाइम।</li>\r\n<li>लचीला कार्य वातावरण।</li>\r\n<li>टीम की जरूरतों के आधार पर दूरस्थ कार्य का अवसर।</li>\r\n<li>विकास क्षमता के साथ स्थायी रोजगार की स्थिति।</li>\r\n</ul>', '2024-12-29 06:45:12', '2024-12-29 06:53:10'),
(27, 9, 'ar', 'مطور الرفرفة', 'قاعة مدينة سان فرانسيسكو، سان فرانسيسكو، كاليفورنيا', 'دوام كامل', '8 ساعات', '<p>يتولى مطور Flutter مسؤولية إنشاء تطبيقات مجمعة محليًا لأنظمة الهاتف المحمول والويب وسطح المكتب باستخدام إطار عمل Flutter. إنهم يكتبون التعليمات البرمجية في Dart، مما يضمن تطوير تطبيقات عالية الأداء وجذابة بصريًا مع قاعدة تعليمات برمجية واحدة لمنصات متعددة. يركز مطورو Flutter على تنفيذ واجهات المستخدم، ودمج واجهات برمجة التطبيقات، وتحسين الأداء، وضمان عمل التطبيق بسلاسة عبر جميع الأجهزة.</p>\r\n<p>يتم تكليفهم أيضًا بتصحيح أخطاء التطبيق واختباره وصيانته وإجراء التحديثات حسب الحاجة للميزات الجديدة أو تصحيحات الأمان. تعد المهارات القوية في إدارة الحالة وتصميم UI/UX والتكامل الخلفي ضرورية لهذا الدور.</p>\r\n<ul>\r\n<li>إتقان لغة برمجة Dart وFlutter SDK.</li>\r\n<li>تجربة مع حلول إدارة الحالة مثل Provider وRiverpod وBloc.</li>\r\n<li>ماهر في دمج واجهات برمجة تطبيقات RESTful وFirebase وخدمات الجهات الخارجية.</li>\r\n<li>القدرة على إنشاء واجهات مستخدم سريعة الاستجابة وجذابة بصريًا.</li>\r\n</ul>\r\n<h4>مسؤوليات الوظيفة</h4>\r\n<p>يلعب مطور Flutter دورًا رئيسيًا في إنشاء تطبيقات الهاتف المحمول والويب وسطح المكتب باستخدام إطار عمل Flutter. تشمل مسؤولياتهم الأساسية تصميم وتطوير وصيانة التطبيقات التي تعمل بسلاسة عبر منصات متعددة من قاعدة تعليمات برمجية واحدة. إنهم يتعاونون مع المصممين ومطوري الواجهة الخلفية وأعضاء الفريق الآخرين لإنشاء تطبيقات عالية الجودة. بالإضافة إلى ذلك، يتم تكليف مطوري Flutter بتحسين أداء التطبيق، وكتابة الاختبارات، وضمان تجارب مستخدم سلسة، ودمج خدمات الجهات الخارجية وواجهات برمجة التطبيقات.</p>\r\n<ul>\r\n<li>إنشاء وصيانة تطبيقات الويب باستخدام React JS وJavaScript.</li>\r\n<li>العمل مع فرق التصميم والخلفية لإنشاء واجهات سريعة الاستجابة.</li>\r\n<li>اكتب تعليمات برمجية نظيفة وقابلة للصيانة باتباع أفضل الممارسات.</li>\r\n<li>استخدم أدوات إدارة الحالة مثل Redux أو context API.</li>\r\n<li>تأكد من تشغيل التطبيقات بسلاسة عبر الأجهزة والمتصفحات.</li>\r\n<li>راجع الكود وقدم تعليقاتك للحفاظ على الجودة.</li>\r\n</ul>\r\n<h4>المتطلبات التعليمية</h4>\r\n<p>يُفضل الحصول على درجة البكالوريوس في علوم الكمبيوتر أو تكنولوجيا المعلومات أو أي مجال ذي صلة، ولكن يتم أيضًا أخذ الشهادات أو الخبرة ذات الصلة في الاعتبار. تعد المعرفة القوية بـ React JS وJavaScript أمرًا ضروريًا، إلى جانب الالتزام بالتعلم المستمر والبقاء على اطلاع دائم باتجاهات الصناعة.</p>\r\n<ul>\r\n<li>درجة البكالوريوس في علوم الكمبيوتر، أو تكنولوجيا المعلومات، أو مجال ذي صلة.</li>\r\n<li>الشهادات ذات الصلة أو الخبرة العملية في تطوير الويب.</li>\r\n<li>معرفة قوية بـ React JS وJavaScript.</li>\r\n<li>الالتزام بالتعلم المستمر والبقاء على اطلاع دائم باتجاهات الصناعة.</li>\r\n</ul>\r\n<h4>حالة التوظيف</h4>\r\n<p>يتم تقديم الوظيفة كدور بدوام كامل، مما يتطلب التزامًا مخصصًا بالمواعيد النهائية للمشروع وتعاون الفريق. باعتبارك مطور Flutter، يُتوقع منك العمل لساعات منتظمة مع المرونة اللازمة لاستيعاب العمل الإضافي العرضي خلال أوقات الذروة للمشروع.</p>\r\n<ul>\r\n<li>وظيفة بدوام كامل.</li>\r\n<li>ساعات العمل العادية مع العمل الإضافي في بعض الأحيان.</li>\r\n<li>بيئة عمل مرنة.</li>\r\n<li>فرصة للعمل عن بعد، حسب احتياجات الفريق.</li>\r\n<li>حالة التوظيف الدائمة مع إمكانية النمو.</li>\r\n</ul>', '2024-12-29 06:45:12', '2024-12-29 06:53:18');

-- --------------------------------------------------------

--
-- Table structure for table `cities`
--

CREATE TABLE `cities` (
  `id` bigint(20) UNSIGNED NOT NULL,
  `country_state_id` int(11) NOT NULL,
  `title` varchar(255) COLLATE utf8mb4_unicode_ci DEFAULT NULL,
  `slug` varchar(255) COLLATE utf8mb4_unicode_ci DEFAULT NULL,
  `status` tinyint(1) NOT NULL DEFAULT 1,
  `created_at` timestamp NULL DEFAULT NULL,
  `updated_at` timestamp NULL DEFAULT NULL
) ENGINE=InnoDB DEFAULT CHARSET=utf8mb4 COLLATE=utf8mb4_unicode_ci;

--
-- Dumping data for table `cities`
--

INSERT INTO `cities` (`id`, `country_state_id`, `title`, `slug`, `status`, `created_at`, `updated_at`) VALUES
(1, 1, 'England', 'england', 1, '2024-08-19 06:12:35', '2024-08-19 06:12:35'),
(2, 4, 'Tezpur', 'tezpur', 1, '2024-08-19 06:12:44', '2024-08-19 06:12:44'),
(3, 5, 'Los Angeles', 'los-angeles', 1, '2024-08-19 06:12:54', '2024-08-19 06:12:54'),
(4, 5, 'California City', 'california-city', 1, '2024-08-19 06:13:09', '2024-08-19 06:13:09'),
(5, 5, 'Oaklan', 'oaklan', 1, '2024-08-19 06:13:18', '2024-08-19 06:13:18'),
(6, 8, 'Miami', 'miami', 1, '2024-08-19 06:13:36', '2024-08-19 06:13:36'),
(7, 8, 'Tampa', 'tampa', 1, '2024-08-19 06:13:51', '2024-08-19 06:13:51'),
(8, 8, 'Florida City', 'florida-city', 1, '2024-08-19 06:14:09', '2024-08-19 06:14:09');

-- --------------------------------------------------------

--
-- Table structure for table `configurations`
--

CREATE TABLE `configurations` (
  `id` bigint(20) UNSIGNED NOT NULL,
  `config` varchar(255) COLLATE utf8mb4_unicode_ci NOT NULL,
  `value` varchar(255) COLLATE utf8mb4_unicode_ci NOT NULL,
  `created_at` timestamp NULL DEFAULT NULL,
  `updated_at` timestamp NULL DEFAULT NULL
) ENGINE=InnoDB DEFAULT CHARSET=utf8mb4 COLLATE=utf8mb4_unicode_ci;

--
-- Dumping data for table `configurations`
--

INSERT INTO `configurations` (`id`, `config`, `value`, `created_at`, `updated_at`) VALUES
(1, 'setup_complete', '0', '2024-08-19 05:54:36', '2024-09-02 23:57:22'),
(2, 'setup_stage', '1', '2024-08-19 05:54:36', '2024-09-02 23:57:22');

-- --------------------------------------------------------

--
-- Table structure for table `contact_information`
--

CREATE TABLE `contact_information` (
  `id` bigint(20) UNSIGNED NOT NULL,
  `topbar_phone` text COLLATE utf8mb4_unicode_ci DEFAULT NULL,
  `topbar_email` text COLLATE utf8mb4_unicode_ci DEFAULT NULL,
  `footer_phone` text COLLATE utf8mb4_unicode_ci DEFAULT NULL,
  `footer_email` text COLLATE utf8mb4_unicode_ci DEFAULT NULL,
  `created_at` timestamp NULL DEFAULT NULL,
  `updated_at` timestamp NULL DEFAULT NULL
) ENGINE=InnoDB DEFAULT CHARSET=utf8mb4 COLLATE=utf8mb4_unicode_ci;

--
-- Dumping data for table `contact_information`
--

INSERT INTO `contact_information` (`id`, `topbar_phone`, `topbar_email`, `footer_phone`, `footer_email`, `created_at`, `updated_at`) VALUES
(1, '111-233-1273', 'info23@website.com', '111-233-1273', 'example@gmail.com', '2024-08-19 05:54:43', '2024-08-19 05:54:43');

-- --------------------------------------------------------

--
-- Table structure for table `contact_information_translations`
--

CREATE TABLE `contact_information_translations` (
  `id` bigint(20) UNSIGNED NOT NULL,
  `contact_information_id` int(11) NOT NULL,
  `lang_code` varchar(255) COLLATE utf8mb4_unicode_ci NOT NULL,
  `footer_address` text COLLATE utf8mb4_unicode_ci DEFAULT NULL,
  `created_at` timestamp NULL DEFAULT NULL,
  `updated_at` timestamp NULL DEFAULT NULL
) ENGINE=InnoDB DEFAULT CHARSET=utf8mb4 COLLATE=utf8mb4_unicode_ci;

--
-- Dumping data for table `contact_information_translations`
--

INSERT INTO `contact_information_translations` (`id`, `contact_information_id`, `lang_code`, `footer_address`, `created_at`, `updated_at`) VALUES
(1, 1, 'en', 'San Francisco City Hall, San Francisco, CA', '2024-08-19 05:54:43', '2024-08-19 05:54:43'),
(2, 1, 'hi', 'सैन फ्रांसिस्को सिटी हॉल, सैन फ्रांसिस्को, सीए', '2024-08-19 06:01:53', '2024-08-20 04:31:44'),
(3, 1, 'ar', 'قاعة مدينة سان فرانسيسكو، سان فرانسيسكو، كاليفورنيا', '2024-08-19 06:02:16', '2024-08-20 04:31:41');

-- --------------------------------------------------------

--
-- Table structure for table `contact_messages`
--

CREATE TABLE `contact_messages` (
  `id` bigint(20) UNSIGNED NOT NULL,
  `name` varchar(255) COLLATE utf8mb4_unicode_ci NOT NULL,
  `email` varchar(255) COLLATE utf8mb4_unicode_ci DEFAULT NULL,
  `phone` varchar(255) COLLATE utf8mb4_unicode_ci DEFAULT NULL,
  `subject` varchar(255) COLLATE utf8mb4_unicode_ci DEFAULT NULL,
  `message` text COLLATE utf8mb4_unicode_ci NOT NULL,
  `created_at` timestamp NULL DEFAULT NULL,
  `updated_at` timestamp NULL DEFAULT NULL
) ENGINE=InnoDB DEFAULT CHARSET=utf8mb4 COLLATE=utf8mb4_unicode_ci;

--
-- Dumping data for table `contact_messages`
--

INSERT INTO `contact_messages` (`id`, `name`, `email`, `phone`, `subject`, `message`, `created_at`, `updated_at`) VALUES
(1, 'Ripon Chandra', 'riponchandra667@gmail.com', '01745738766', 'Test', 'test', '2024-08-27 01:00:18', '2024-08-27 01:00:18'),
(2, 'Ripon Chandra', 'riponchandra667@gmail.com', '01745738766', 'Test', 'test', '2024-08-27 01:02:48', '2024-08-27 01:02:48'),
(5, 'Ripon Chandra', 'riponchandra667@gmail.com', '01745738766', 'For Testing', 'For Testing', '2024-12-22 01:27:12', '2024-12-22 01:27:12'),
(6, 'Ripon Chandra', 'riponchandra667@gmail.com', '01745738766', 'For Testing', 'Test', '2024-12-23 03:24:30', '2024-12-23 03:24:30');

-- --------------------------------------------------------

--
-- Table structure for table `contact_us_pages`
--

CREATE TABLE `contact_us_pages` (
  `id` bigint(20) UNSIGNED NOT NULL,
  `phones` text COLLATE utf8mb4_unicode_ci NOT NULL,
  `emails` text COLLATE utf8mb4_unicode_ci NOT NULL,
  `map_embed_code` text COLLATE utf8mb4_unicode_ci NOT NULL,
  `created_at` timestamp NULL DEFAULT NULL,
  `updated_at` timestamp NULL DEFAULT NULL
) ENGINE=InnoDB DEFAULT CHARSET=utf8mb4 COLLATE=utf8mb4_unicode_ci;

--
-- Dumping data for table `contact_us_pages`
--

INSERT INTO `contact_us_pages` (`id`, `phones`, `emails`, `map_embed_code`, `created_at`, `updated_at`) VALUES
(1, '(347) 430-9510', 'support@websolutionus.com', '<iframe src=\"https://www.google.com/maps/embed?pb=!1m18!1m12!1m3!1d3153.459102763315!2d-122.42181662524695!3d37.779279211902285!2m3!1f0!2f0!3f0!3m2!1i1024!2i768!4f13.1!3m3!1m2!1s0x808580997aeae663%3A0xb2706dff83574f4a!2sSan%20Francisco%20City%20Hall!5e0!3m2!1sen!2sbd!4v1723962124400!5m2!1sen!2sbd\" width=\"600\" height=\"450\" style=\"border:0;\" allowfullscreen=\"\" loading=\"lazy\" referrerpolicy=\"no-referrer-when-downgrade\"></iframe>', '2024-08-19 05:54:43', '2024-08-19 05:54:43');

-- --------------------------------------------------------

--
-- Table structure for table `contact_us_page_translations`
--

CREATE TABLE `contact_us_page_translations` (
  `id` bigint(20) UNSIGNED NOT NULL,
  `contact_us_id` int(11) NOT NULL,
  `lang_code` varchar(255) COLLATE utf8mb4_unicode_ci NOT NULL,
  `address` varchar(255) COLLATE utf8mb4_unicode_ci NOT NULL,
  `created_at` timestamp NULL DEFAULT NULL,
  `updated_at` timestamp NULL DEFAULT NULL
) ENGINE=InnoDB DEFAULT CHARSET=utf8mb4 COLLATE=utf8mb4_unicode_ci;

--
-- Dumping data for table `contact_us_page_translations`
--

INSERT INTO `contact_us_page_translations` (`id`, `contact_us_id`, `lang_code`, `address`, `created_at`, `updated_at`) VALUES
(1, 1, 'en', '95 South Park Avenue, New York, USA', '2024-08-19 05:54:43', '2024-08-19 05:54:43'),
(2, 1, 'hi', '95 साउथ पार्क एवेन्यू, न्यूयॉर्क, यूएसए', '2024-08-19 06:01:53', '2024-08-20 02:27:17'),
(3, 1, 'ar', '95 ساوث بارك أفينيو، نيويورك، الولايات المتحدة الأمريكية', '2024-08-19 06:02:16', '2024-08-20 02:27:40');

-- --------------------------------------------------------

--
-- Table structure for table `counters`
--

CREATE TABLE `counters` (
  `id` bigint(20) UNSIGNED NOT NULL,
  `icon` varchar(255) COLLATE utf8mb4_unicode_ci DEFAULT NULL,
  `qty` varchar(255) COLLATE utf8mb4_unicode_ci DEFAULT NULL,
  `created_at` timestamp NULL DEFAULT NULL,
  `updated_at` timestamp NULL DEFAULT NULL
) ENGINE=InnoDB DEFAULT CHARSET=utf8mb4 COLLATE=utf8mb4_unicode_ci;

--
-- Dumping data for table `counters`
--

INSERT INTO `counters` (`id`, `icon`, `qty`, `created_at`, `updated_at`) VALUES
(1, 'fas fa-building', '330', '2024-08-19 05:54:37', '2024-08-26 06:00:05'),
(2, 'fas fa-handshake', '115', '2024-08-19 05:54:37', '2024-08-26 06:00:05'),
(3, 'fas fa-home', '220', '2024-08-19 05:54:37', '2024-08-26 06:00:05'),
(4, 'fas fa-id-card', '123', '2024-08-19 05:54:37', '2024-08-26 06:00:05');

-- --------------------------------------------------------

--
-- Table structure for table `counter_translations`
--

CREATE TABLE `counter_translations` (
  `id` bigint(20) UNSIGNED NOT NULL,
  `counter_id` int(11) NOT NULL,
  `lang_code` varchar(255) COLLATE utf8mb4_unicode_ci NOT NULL,
  `title` varchar(255) COLLATE utf8mb4_unicode_ci DEFAULT NULL,
  `created_at` timestamp NULL DEFAULT NULL,
  `updated_at` timestamp NULL DEFAULT NULL
) ENGINE=InnoDB DEFAULT CHARSET=utf8mb4 COLLATE=utf8mb4_unicode_ci;

--
-- Dumping data for table `counter_translations`
--

INSERT INTO `counter_translations` (`id`, `counter_id`, `lang_code`, `title`, `created_at`, `updated_at`) VALUES
(1, 1, 'en', 'Total Properties', '2024-08-19 05:54:37', '2024-08-26 05:43:38'),
(2, 2, 'en', 'Happy Clients', '2024-08-19 05:54:37', '2024-08-21 05:35:44'),
(3, 3, 'en', 'Successfull Orders', '2024-08-19 05:54:37', '2024-08-26 05:43:38'),
(4, 4, 'en', 'Our Teams', '2024-08-19 05:54:37', '2024-08-26 05:43:38'),
(5, 1, 'hi', 'पुरस्कार जीतना', '2024-08-19 06:01:52', '2024-08-20 04:12:59'),
(6, 2, 'hi', 'खुश ग्राहक', '2024-08-19 06:01:52', '2024-08-21 05:36:55'),
(7, 3, 'hi', 'कुल सूची', '2024-08-19 06:01:52', '2024-08-21 05:36:55'),
(8, 4, 'hi', 'संपत्ति बेची', '2024-08-19 06:01:52', '2024-08-21 05:36:55'),
(9, 1, 'ar', 'جائزة الفوز', '2024-08-19 06:02:16', '2024-08-20 04:13:42'),
(10, 2, 'ar', 'عملاء سعداء', '2024-08-19 06:02:16', '2024-08-21 05:38:30'),
(11, 3, 'ar', 'القائمة الإجمالية', '2024-08-19 06:02:16', '2024-08-21 05:38:30'),
(12, 4, 'ar', 'العقارات المباعة', '2024-08-19 06:02:16', '2024-08-21 05:38:30');

-- --------------------------------------------------------

--
-- Table structure for table `countries`
--

CREATE TABLE `countries` (
  `id` bigint(20) UNSIGNED NOT NULL,
  `title` varchar(255) COLLATE utf8mb4_unicode_ci DEFAULT NULL,
  `slug` varchar(255) COLLATE utf8mb4_unicode_ci DEFAULT NULL,
  `status` tinyint(1) NOT NULL DEFAULT 1,
  `created_at` timestamp NULL DEFAULT NULL,
  `updated_at` timestamp NULL DEFAULT NULL
) ENGINE=InnoDB DEFAULT CHARSET=utf8mb4 COLLATE=utf8mb4_unicode_ci;

--
-- Dumping data for table `countries`
--

INSERT INTO `countries` (`id`, `title`, `slug`, `status`, `created_at`, `updated_at`) VALUES
(1, 'India', 'india', 1, '2024-08-19 06:03:46', '2024-08-19 06:03:46'),
(2, 'United Kindom', 'united-kindom', 1, '2024-08-19 06:03:57', '2024-08-19 06:03:57'),
(3, 'Australia', 'australia', 1, '2024-08-19 06:04:10', '2024-08-19 06:04:10'),
(4, 'United State', 'united-state', 1, '2024-08-19 06:04:22', '2024-08-19 06:04:22'),
(5, 'Africa', 'africa', 1, '2024-08-19 06:04:37', '2024-08-19 06:04:37');

-- --------------------------------------------------------

--
-- Table structure for table `country_states`
--

CREATE TABLE `country_states` (
  `id` bigint(20) UNSIGNED NOT NULL,
  `country_id` int(11) NOT NULL,
  `title` varchar(255) COLLATE utf8mb4_unicode_ci DEFAULT NULL,
  `slug` varchar(255) COLLATE utf8mb4_unicode_ci DEFAULT NULL,
  `status` tinyint(1) NOT NULL DEFAULT 1,
  `created_at` timestamp NULL DEFAULT NULL,
  `updated_at` timestamp NULL DEFAULT NULL
) ENGINE=InnoDB DEFAULT CHARSET=utf8mb4 COLLATE=utf8mb4_unicode_ci;

--
-- Dumping data for table `country_states`
--

INSERT INTO `country_states` (`id`, `country_id`, `title`, `slug`, `status`, `created_at`, `updated_at`) VALUES
(1, 2, 'England', 'england', 1, '2024-08-19 06:07:45', '2024-08-19 06:07:45'),
(2, 1, 'Andhra Pradesh', 'andhra-pradesh', 1, '2024-08-19 06:08:00', '2024-08-19 06:08:00'),
(3, 1, 'Assam', 'assam', 1, '2024-08-19 06:08:15', '2024-08-19 06:08:15'),
(4, 3, 'Queensland', 'queensland', 1, '2024-08-19 06:08:32', '2024-08-19 06:08:32'),
(5, 4, 'California', 'california', 1, '2024-08-19 06:08:46', '2024-08-19 06:08:46'),
(6, 2, 'Wales', 'wales', 1, '2024-08-19 06:09:00', '2024-08-19 06:09:00'),
(7, 4, 'Arizona', 'arizona', 1, '2024-08-19 06:09:19', '2024-08-19 06:09:19'),
(8, 4, 'Florida', 'florida', 1, '2024-08-19 06:09:42', '2024-08-19 06:09:42'),
(9, 4, 'Georgia', 'georgia', 1, '2024-08-19 06:09:59', '2024-08-19 06:09:59');

-- --------------------------------------------------------

--
-- Table structure for table `customizeable_pages`
--

CREATE TABLE `customizeable_pages` (
  `id` bigint(20) UNSIGNED NOT NULL,
  `title` varchar(255) COLLATE utf8mb4_unicode_ci NOT NULL,
  `slug` varchar(255) COLLATE utf8mb4_unicode_ci NOT NULL,
  `description` text COLLATE utf8mb4_unicode_ci DEFAULT NULL,
  `icon` varchar(255) COLLATE utf8mb4_unicode_ci DEFAULT NULL,
  `status` tinyint(1) NOT NULL DEFAULT 1,
  `created_at` timestamp NULL DEFAULT NULL,
  `updated_at` timestamp NULL DEFAULT NULL
) ENGINE=InnoDB DEFAULT CHARSET=utf8mb4 COLLATE=utf8mb4_unicode_ci;

--
-- Dumping data for table `customizeable_pages`
--

INSERT INTO `customizeable_pages` (`id`, `title`, `slug`, `description`, `icon`, `status`, `created_at`, `updated_at`) VALUES
(1, 'Home Page', 'homepage', NULL, NULL, 1, '2024-08-19 05:54:35', '2024-08-19 05:54:35');

-- --------------------------------------------------------

--
-- Table structure for table `customizeable_page_items`
--

CREATE TABLE `customizeable_page_items` (
  `id` bigint(20) UNSIGNED NOT NULL,
  `customizeable_page_id` bigint(20) UNSIGNED NOT NULL,
  `title` varchar(255) COLLATE utf8mb4_unicode_ci NOT NULL,
  `component_name` varchar(255) COLLATE utf8mb4_unicode_ci DEFAULT NULL,
  `position` int(11) NOT NULL,
  `status` tinyint(1) NOT NULL DEFAULT 1,
  `created_at` timestamp NULL DEFAULT NULL,
  `updated_at` timestamp NULL DEFAULT NULL
) ENGINE=InnoDB DEFAULT CHARSET=utf8mb4 COLLATE=utf8mb4_unicode_ci;

--
-- Dumping data for table `customizeable_page_items`
--

INSERT INTO `customizeable_page_items` (`id`, `customizeable_page_id`, `title`, `component_name`, `position`, `status`, `created_at`, `updated_at`) VALUES
(1, 1, 'Home Page Item', 'component-1', 0, 1, '2024-08-19 05:54:35', '2024-08-19 05:54:35'),
(2, 1, 'Home Page Item 2', 'component-2', 1, 1, '2024-08-19 05:54:35', '2024-08-19 05:54:35');

-- --------------------------------------------------------

--
-- Table structure for table `custom_addons`
--

CREATE TABLE `custom_addons` (
  `id` bigint(20) UNSIGNED NOT NULL,
  `name` varchar(255) COLLATE utf8mb4_unicode_ci NOT NULL,
  `slug` varchar(255) COLLATE utf8mb4_unicode_ci NOT NULL,
  `is_default` tinyint(1) NOT NULL DEFAULT 0,
  `isPaid` tinyint(1) NOT NULL DEFAULT 1,
  `description` text COLLATE utf8mb4_unicode_ci DEFAULT NULL,
  `author` longtext CHARACTER SET utf8mb4 COLLATE utf8mb4_bin DEFAULT NULL CHECK (json_valid(`author`)),
  `options` longtext CHARACTER SET utf8mb4 COLLATE utf8mb4_bin DEFAULT NULL CHECK (json_valid(`options`)),
  `icon` varchar(255) COLLATE utf8mb4_unicode_ci DEFAULT NULL,
  `license` varchar(255) COLLATE utf8mb4_unicode_ci DEFAULT NULL,
  `url` varchar(255) COLLATE utf8mb4_unicode_ci DEFAULT NULL,
  `version` varchar(255) COLLATE utf8mb4_unicode_ci DEFAULT NULL,
  `last_update` date DEFAULT NULL,
  `status` tinyint(1) NOT NULL DEFAULT 0,
  `created_at` timestamp NULL DEFAULT NULL,
  `updated_at` timestamp NULL DEFAULT NULL
) ENGINE=InnoDB DEFAULT CHARSET=utf8mb4 COLLATE=utf8mb4_unicode_ci;

-- --------------------------------------------------------

--
-- Table structure for table `custom_codes`
--

CREATE TABLE `custom_codes` (
  `id` bigint(20) UNSIGNED NOT NULL,
  `css` text COLLATE utf8mb4_unicode_ci DEFAULT NULL,
  `javascript` text COLLATE utf8mb4_unicode_ci DEFAULT NULL,
  `created_at` timestamp NULL DEFAULT NULL,
  `updated_at` timestamp NULL DEFAULT NULL
) ENGINE=InnoDB DEFAULT CHARSET=utf8mb4 COLLATE=utf8mb4_unicode_ci;

-- --------------------------------------------------------

--
-- Table structure for table `custom_pages`
--

CREATE TABLE `custom_pages` (
  `id` bigint(20) UNSIGNED NOT NULL,
  `slug` text COLLATE utf8mb4_unicode_ci NOT NULL,
  `status` enum('enable','disable') COLLATE utf8mb4_unicode_ci NOT NULL DEFAULT 'enable',
  `created_at` timestamp NULL DEFAULT NULL,
  `updated_at` timestamp NULL DEFAULT NULL
) ENGINE=InnoDB DEFAULT CHARSET=utf8mb4 COLLATE=utf8mb4_unicode_ci;

--
-- Dumping data for table `custom_pages`
--

INSERT INTO `custom_pages` (`id`, `slug`, `status`, `created_at`, `updated_at`) VALUES
(1, 'custom-page-1', 'enable', '2024-08-20 02:16:58', '2024-08-20 02:18:00'),
(2, 'custom-page-2', 'enable', '2024-08-20 02:17:38', '2024-12-08 21:41:21');

-- --------------------------------------------------------

--
-- Table structure for table `custom_page_translations`
--

CREATE TABLE `custom_page_translations` (
  `id` bigint(20) UNSIGNED NOT NULL,
  `page_id` int(11) NOT NULL,
  `lang_code` varchar(255) COLLATE utf8mb4_unicode_ci NOT NULL,
  `page_name` text COLLATE utf8mb4_unicode_ci NOT NULL,
  `description` longtext COLLATE utf8mb4_unicode_ci DEFAULT NULL,
  `created_at` timestamp NULL DEFAULT NULL,
  `updated_at` timestamp NULL DEFAULT NULL
) ENGINE=InnoDB DEFAULT CHARSET=utf8mb4 COLLATE=utf8mb4_unicode_ci;

--
-- Dumping data for table `custom_page_translations`
--

INSERT INTO `custom_page_translations` (`id`, `page_id`, `lang_code`, `page_name`, `description`, `created_at`, `updated_at`) VALUES
(1, 1, 'en', 'Custom Page 1', '<h4>01. What Are Privacy Policy?</h4>\r\n<p>A privacy policy is a statement that outlines how a company collects, uses, stores, and protects user data. It informs users about their rights and how their personal information, such as names, email addresses, or browsing activities, is handled. Privacy policies ensure transparency and compliance with legal requirements, building trust between businesses and their customers.</p>\r\n<h4>02. Terms and Conditions Examples</h4>\r\n<p>Terms and conditions outline the rules users must follow when accessing a product, service, or website. They typically cover user responsibilities, payment terms, intellectual property rights, limitation of liability, and termination clauses. These guidelines ensure clear expectations, protect both the business and users, and promote fair use of services.</p>\r\n<h4>03. Protect Your Property</h4>\r\n<p>Protecting your property involves taking steps to secure both physical and legal ownership. This can include installing security systems, maintaining insurance coverage, and safeguarding against fraud or theft. Additionally, it\'s important to regularly update legal documents, such as deeds and contracts, to ensure your rights are clearly defined and protected. Regular maintenance and proper documentation help reduce risks and preserve your property&rsquo;s value.</p>\r\n<h4>04. What to Include in Terms and Conditions for Online Stores</h4>\r\n<p>Terms and conditions for online stores are essential for setting clear expectations and protecting both the business and the customers. They should begin with a section on user responsibilities, outlining the correct use of the website, account creation, and restrictions on unlawful activities. It is crucial to specify payment terms, including accepted methods, pricing structures, applicable taxes, and any related billing information.</p>\r\n<p>A detailed shipping and delivery policy should cover shipping methods, estimated delivery times, costs, and procedures for tracking orders. Return and refund policies are vital to address how customers can return products, request refunds, or exchange items, including timeframes and conditions for eligibility. Including a comprehensive privacy policy ensures customers understand how their personal data is collected, stored, and used. Intellectual property clauses should clarify ownership of all website content, product images, and materials. Additionally, a limitation of liability statement is necessary to limit the store&rsquo;s responsibility in case of errors, product issues, or damages. Finally, terms should cover the governing law, specifying the jurisdiction under which any disputes will be resolved, and outlining the dispute resolution process, ensuring legal compliance and protecting the business&rsquo;s interests.</p>\r\n<h4>05.Pricing and Payment Terms</h4>\r\n<p>Pricing and payment terms are essential for establishing clear expectations between a business and its customers. These terms should clearly outline the cost of products or services, including any taxes, shipping, handling, or additional fees that may apply. Transparency is key, so all potential charges should be disclosed upfront to avoid any surprises at checkout. Additionally, it&rsquo;s important to specify whether pricing is one-time or recurring, especially if the business offers subscriptions, memberships, or ongoing services.</p>\r\n<p>Payment methods should also be clearly outlined in the terms. Businesses should state which payment options are accepted, such as credit cards, PayPal, or other online payment systems. Furthermore, businesses should specify how payments will be processed, including any security measures in place to protect customer information. Providing multiple payment options can make it easier for customers to complete their transactions, enhancing convenience and trust.</p>\r\n<p>In addition to payment methods, the terms should include details about payment deadlines, billing cycles, and late fees if applicable. Businesses should outline when payments are due and what happens if a payment is not made on time. Refund and return policies should also be incorporated, explaining how customers can request refunds, the conditions under which they are granted, and any time limitations or requirements for returning products. Clear pricing and payment terms help prevent disputes and ensure a smooth transaction process for both parties.</p>', '2024-08-20 02:16:58', '2024-12-30 02:23:38'),
(2, 1, 'hi', 'कस्टम पेज 1', '<h4>01. गोपनीयता नीति क्या हैं?</h4>\r\n<p>गोपनीयता नीति एक बयान है जो बताता है कि कोई कंपनी उपयोगकर्ता डेटा को कैसे एकत्र, उपयोग, भंडारण और सुरक्षा करती है। यह उपयोगकर्ताओं को उनके अधिकारों के बारे में सूचित करता है और उनकी व्यक्तिगत जानकारी, जैसे नाम, ईमेल पते या ब्राउज़िंग गतिविधियों को कैसे प्रबंधित किया जाता है। गोपनीयता नीतियां कानूनी आवश्यकताओं के साथ पारदर्शिता और अनुपालन सुनिश्चित करती हैं, व्यवसायों और उनके ग्राहकों के बीच विश्वास का निर्माण करती हैं।</p>\r\n<h4>02. नियम और शर्तें उदाहरण</h4>\r\n<p>नियम और शर्तें उन नियमों को रेखांकित करती हैं जिनका उपयोगकर्ताओं को किसी उत्पाद, सेवा या वेबसाइट तक पहुंचने के दौरान पालन करना चाहिए। वे आम तौर पर उपयोगकर्ता जिम्मेदारियों, भुगतान शर्तों, बौद्धिक संपदा अधिकार, दायित्व की सीमा और समाप्ति खंड को कवर करते हैं। ये दिशानिर्देश स्पष्ट अपेक्षाएं सुनिश्चित करते हैं, व्यवसाय और उपयोगकर्ताओं दोनों की सुरक्षा करते हैं और सेवाओं के उचित उपयोग को बढ़ावा देते हैं।</p>\r\n<h4>03. अपनी संपत्ति की रक्षा करें</h4>\r\n<p>आपकी संपत्ति की सुरक्षा में भौतिक और कानूनी स्वामित्व दोनों को सुरक्षित करने के लिए कदम उठाना शामिल है। इसमें सुरक्षा प्रणालियाँ स्थापित करना, बीमा कवरेज बनाए रखना और धोखाधड़ी या चोरी से सुरक्षा शामिल हो सकती है। इसके अतिरिक्त, यह सुनिश्चित करने के लिए कि आपके अधिकार स्पष्ट रूप से परिभाषित और संरक्षित हैं, कानूनी दस्तावेजों, जैसे कार्यों और अनुबंधों को नियमित रूप से अद्यतन करना महत्वपूर्ण है। नियमित रखरखाव और उचित दस्तावेज़ीकरण जोखिमों को कम करने और आपकी संपत्ति के मूल्य को संरक्षित करने में मदद करता है।</p>\r\n<h4>04. ऑनलाइन स्टोर के लिए नियम और शर्तों में क्या शामिल करें</h4>\r\n<p>ऑनलाइन स्टोर के लिए नियम और शर्तें स्पष्ट अपेक्षाएं स्थापित करने और व्यवसाय और ग्राहकों दोनों की सुरक्षा के लिए आवश्यक हैं। उन्हें उपयोगकर्ता की जिम्मेदारियों पर एक अनुभाग से शुरुआत करनी चाहिए, जिसमें वेबसाइट के सही उपयोग, खाता निर्माण और गैरकानूनी गतिविधियों पर प्रतिबंध की रूपरेखा दी गई हो। स्वीकृत तरीकों, मूल्य निर्धारण संरचनाओं, लागू करों और किसी भी संबंधित बिलिंग जानकारी सहित भुगतान शर्तों को निर्दिष्ट करना महत्वपूर्ण है।</p>\r\n<p>एक विस्तृत शिपिंग और डिलीवरी नीति में शिपिंग के तरीकों, अनुमानित डिलीवरी समय, लागत और ऑर्डर को ट्रैक करने की प्रक्रियाओं को शामिल किया जाना चाहिए। वापसी और धनवापसी नीतियां यह पता लगाने के लिए महत्वपूर्ण हैं कि ग्राहक उत्पादों को कैसे वापस कर सकते हैं, धनवापसी का अनुरोध कर सकते हैं, या पात्रता के लिए समय-सीमा और शर्तों सहित वस्तुओं का आदान-प्रदान कर सकते हैं। एक व्यापक गोपनीयता नीति शामिल करने से यह सुनिश्चित होता है कि ग्राहक यह समझें कि उनका व्यक्तिगत डेटा कैसे एकत्र, संग्रहीत और उपयोग किया जाता है। बौद्धिक संपदा खंड को सभी वेबसाइट सामग्री, उत्पाद छवियों और सामग्रियों के स्वामित्व को स्पष्ट करना चाहिए। इसके अतिरिक्त, त्रुटियों, उत्पाद संबंधी समस्याओं या क्षति के मामले में स्टोर की जिम्मेदारी को सीमित करने के लिए दायित्व विवरण की एक सीमा आवश्यक है। अंत में, शर्तों में शासी कानून को शामिल किया जाना चाहिए, उस क्षेत्राधिकार को निर्दिष्ट करना जिसके तहत किसी भी विवाद का समाधान किया जाएगा, और विवाद समाधान प्रक्रिया की रूपरेखा, कानूनी अनुपालन सुनिश्चित करना और व्यवसाय के हितों की रक्षा करना।</p>\r\n<h4>05.मूल्य निर्धारण और भुगतान शर्तें</h4>\r\n<p>किसी व्यवसाय और उसके ग्राहकों के बीच स्पष्ट अपेक्षाएं स्थापित करने के लिए मूल्य निर्धारण और भुगतान शर्तें आवश्यक हैं। इन शर्तों में उत्पादों या सेवाओं की लागत को स्पष्ट रूप से रेखांकित किया जाना चाहिए, जिसमें लागू होने वाले किसी भी कर, शिपिंग, हैंडलिंग या अतिरिक्त शुल्क शामिल हैं। पारदर्शिता महत्वपूर्ण है, इसलिए चेकआउट पर किसी भी आश्चर्य से बचने के लिए सभी संभावित शुल्कों का खुलासा पहले ही किया जाना चाहिए। इसके अतिरिक्त, यह निर्दिष्ट करना महत्वपूर्ण है कि क्या मूल्य निर्धारण एक बार या आवर्ती है, खासकर यदि व्यवसाय सदस्यता, सदस्यता या चालू सेवाएं प्रदान करता है।</p>\r\n<p>शर्तों में भुगतान के तरीकों को भी स्पष्ट रूप से रेखांकित किया जाना चाहिए। व्यवसायों को यह बताना चाहिए कि कौन से भुगतान विकल्प स्वीकार किए जाते हैं, जैसे क्रेडिट कार्ड, पेपाल, या अन्य ऑनलाइन भुगतान प्रणालियाँ। इसके अलावा, व्यवसायों को यह निर्दिष्ट करना चाहिए कि भुगतान कैसे संसाधित किया जाएगा, जिसमें ग्राहक जानकारी की सुरक्षा के लिए कोई भी सुरक्षा उपाय शामिल होंगे। कई भुगतान विकल्प प्रदान करने से ग्राहकों के लिए अपने लेनदेन को पूरा करना आसान हो सकता है, सुविधा और विश्वास बढ़ सकता है।</p>\r\n<p>भुगतान विधियों के अलावा, शर्तों में भुगतान की समय सीमा, बिलिंग चक्र और यदि लागू हो तो विलंब शुल्क के बारे में विवरण शामिल होना चाहिए। व्यवसायों को यह रेखांकित करना चाहिए कि भुगतान कब देय है और यदि भुगतान समय पर नहीं किया गया तो क्या होगा। रिफंड और रिटर्न नीतियों को भी शामिल किया जाना चाहिए, जिसमें बताया जाए कि ग्राहक रिफंड का अनुरोध कैसे कर सकते हैं, किन शर्तों के तहत उन्हें रिफंड दिया जाता है, और उत्पादों को वापस करने के लिए कोई समय सीमा या आवश्यकताएं। स्पष्ट मूल्य निर्धारण और भुगतान शर्तें विवादों को रोकने और दोनों पक्षों के लिए एक सुचारू लेनदेन प्रक्रिया सुनिश्चित करने में मदद करती हैं।</p>', '2024-08-20 02:16:58', '2024-12-30 02:24:00'),
(3, 1, 'ar', 'الصفحة المخصصة 1', '<h4>01. ما هي سياسة الخصوصية؟</h4>\r\n<p>سياسة الخصوصية عبارة عن بيان يوضح كيفية قيام الشركة بجمع بيانات المستخدم واستخدامها وتخزينها وحمايتها. فهو يُعلم المستخدمين بحقوقهم وكيفية التعامل مع معلوماتهم الشخصية، مثل الأسماء أو عناوين البريد الإلكتروني أو أنشطة التصفح. وتضمن سياسات الخصوصية الشفافية والامتثال للمتطلبات القانونية، وبناء الثقة بين الشركات وعملائها.</p>\r\n<h4>02. أمثلة على الشروط والأحكام</h4>\r\n<p>توضح الشروط والأحكام القواعد التي يجب على المستخدمين اتباعها عند الوصول إلى منتج أو خدمة أو موقع ويب. وهي تغطي عادةً مسؤوليات المستخدم، وشروط الدفع، وحقوق الملكية الفكرية، وحدود المسؤولية، وشروط الإنهاء. تضمن هذه الإرشادات توقعات واضحة، وحماية كل من الشركات والمستخدمين، وتعزيز الاستخدام العادل للخدمات.</p>\r\n<h4>03. حماية الممتلكات الخاصة بك</h4>\r\n<p>تتضمن حماية الممتلكات الخاصة بك اتخاذ خطوات لتأمين الملكية المادية والقانونية. يمكن أن يشمل ذلك تركيب أنظمة الأمان والحفاظ على التغطية التأمينية والحماية ضد الاحتيال أو السرقة. بالإضافة إلى ذلك، من المهم تحديث المستندات القانونية بانتظام، مثل الأفعال والعقود، لضمان تحديد حقوقك وحمايتها بوضوح. تساعد الصيانة الدورية والتوثيق المناسب في تقليل المخاطر والحفاظ على قيمة الممتلكات الخاصة بك.</p>\r\n<h4>04. ما يجب تضمينه في الشروط والأحكام الخاصة بالمتاجر عبر الإنترنت</h4>\r\n<p>تعد الشروط والأحكام الخاصة بالمتاجر عبر الإنترنت ضرورية لتحديد توقعات واضحة وحماية كل من الشركة والعملاء. يجب أن تبدأ بقسم خاص بمسؤوليات المستخدم، يوضح الاستخدام الصحيح للموقع، وإنشاء الحساب، والقيود المفروضة على الأنشطة غير القانونية. من الضروري تحديد شروط الدفع، بما في ذلك الطرق المقبولة وهياكل التسعير والضرائب المطبقة وأي معلومات فوترة ذات صلة.</p>\r\n<p>يجب أن تغطي سياسة الشحن والتسليم التفصيلية طرق الشحن وأوقات التسليم المقدرة والتكاليف وإجراءات تتبع الطلبات. تعد سياسات الإرجاع واسترداد الأموال أمرًا حيويًا لمعالجة كيفية إرجاع العملاء للمنتجات أو طلب استرداد الأموال أو استبدال العناصر، بما في ذلك الأطر الزمنية وشروط الأهلية. يضمن تضمين سياسة خصوصية شاملة أن يفهم العملاء كيفية جمع بياناتهم الشخصية وتخزينها واستخدامها. يجب أن توضح بنود الملكية الفكرية ملكية جميع محتويات موقع الويب وصور المنتجات والمواد. بالإضافة إلى ذلك، يعد بيان حدود المسؤولية ضروريًا للحد من مسؤولية المتجر في حالة حدوث أخطاء أو مشكلات في المنتج أو أضرار. أخيرًا، يجب أن تغطي المصطلحات القانون الحاكم، مع تحديد الولاية القضائية التي سيتم بموجبها حل أي نزاعات، وتحديد عملية حل النزاع، وضمان الامتثال القانوني وحماية مصالح الشركة.</p>\r\n<h4>05.شروط التسعير والدفع</h4>\r\n<p>تعد شروط التسعير والدفع ضرورية لتحديد توقعات واضحة بين الشركة وعملائها. يجب أن تحدد هذه الشروط بوضوح تكلفة المنتجات أو الخدمات، بما في ذلك أي ضرائب أو شحن أو مناولة أو رسوم إضافية قد يتم تطبيقها. تعد الشفافية أمرًا أساسيًا، لذا يجب الكشف عن جميع الرسوم المحتملة مقدمًا لتجنب أي مفاجآت عند الدفع. بالإضافة إلى ذلك، من المهم تحديد ما إذا كان التسعير يتم لمرة واحدة أو متكررًا، خاصة إذا كان النشاط التجاري يقدم اشتراكات أو عضويات أو خدمات مستمرة.</p>\r\n<p>يجب أيضًا توضيح طرق الدفع بوضوح في الشروط. يجب على الشركات تحديد خيارات الدفع المقبولة، مثل بطاقات الائتمان أو PayPal أو أنظمة الدفع الأخرى عبر الإنترنت. علاوة على ذلك، يجب على الشركات تحديد كيفية معالجة المدفوعات، بما في ذلك أي إجراءات أمنية مطبقة لحماية معلومات العملاء. إن توفير خيارات دفع متعددة يمكن أن يسهل على العملاء إتمام معاملاتهم، مما يعزز الراحة والثقة.</p>\r\n<p>بالإضافة إلى طرق الدفع، يجب أن تتضمن الشروط تفاصيل حول المواعيد النهائية للدفع ودورات الفوترة والرسوم المتأخرة إن وجدت. يجب على الشركات تحديد موعد استحقاق الدفعات وماذا يحدث إذا لم يتم الدفع في الوقت المحدد. وينبغي أيضًا دمج سياسات الاسترداد والإرجاع، مع توضيح كيف يمكن للعملاء طلب استرداد الأموال، والشروط التي يتم بموجبها منحها، وأي قيود زمنية أو متطلبات لإرجاع المنتجات. تساعد الأسعار وشروط الدفع الواضحة على منع النزاعات وضمان عملية معاملة سلسة لكلا الطرفين.</p>', '2024-08-20 02:16:58', '2024-12-30 02:24:24'),
(4, 2, 'en', 'Custom Page 2', '<h4>01. What Are Privacy Policy?</h4>\r\n<p>A privacy policy is a statement that outlines how a company collects, uses, stores, and protects user data. It informs users about their rights and how their personal information, such as names, email addresses, or browsing activities, is handled. Privacy policies ensure transparency and compliance with legal requirements, building trust between businesses and their customers.</p>\r\n<h4>02. Terms and Conditions Examples</h4>\r\n<p>Terms and conditions outline the rules users must follow when accessing a product, service, or website. They typically cover user responsibilities, payment terms, intellectual property rights, limitation of liability, and termination clauses. These guidelines ensure clear expectations, protect both the business and users, and promote fair use of services.</p>\r\n<h4>03. Protect Your Property</h4>\r\n<p>Protecting your property involves taking steps to secure both physical and legal ownership. This can include installing security systems, maintaining insurance coverage, and safeguarding against fraud or theft. Additionally, it\'s important to regularly update legal documents, such as deeds and contracts, to ensure your rights are clearly defined and protected. Regular maintenance and proper documentation help reduce risks and preserve your property&rsquo;s value.</p>\r\n<h4>04. What to Include in Terms and Conditions for Online Stores</h4>\r\n<p>Terms and conditions for online stores are essential for setting clear expectations and protecting both the business and the customers. They should begin with a section on user responsibilities, outlining the correct use of the website, account creation, and restrictions on unlawful activities. It is crucial to specify payment terms, including accepted methods, pricing structures, applicable taxes, and any related billing information.</p>\r\n<p>A detailed shipping and delivery policy should cover shipping methods, estimated delivery times, costs, and procedures for tracking orders. Return and refund policies are vital to address how customers can return products, request refunds, or exchange items, including timeframes and conditions for eligibility. Including a comprehensive privacy policy ensures customers understand how their personal data is collected, stored, and used. Intellectual property clauses should clarify ownership of all website content, product images, and materials. Additionally, a limitation of liability statement is necessary to limit the store&rsquo;s responsibility in case of errors, product issues, or damages. Finally, terms should cover the governing law, specifying the jurisdiction under which any disputes will be resolved, and outlining the dispute resolution process, ensuring legal compliance and protecting the business&rsquo;s interests.</p>\r\n<h4>05.Pricing and Payment Terms</h4>\r\n<p>Pricing and payment terms are essential for establishing clear expectations between a business and its customers. These terms should clearly outline the cost of products or services, including any taxes, shipping, handling, or additional fees that may apply. Transparency is key, so all potential charges should be disclosed upfront to avoid any surprises at checkout. Additionally, it&rsquo;s important to specify whether pricing is one-time or recurring, especially if the business offers subscriptions, memberships, or ongoing services.</p>\r\n<p>Payment methods should also be clearly outlined in the terms. Businesses should state which payment options are accepted, such as credit cards, PayPal, or other online payment systems. Furthermore, businesses should specify how payments will be processed, including any security measures in place to protect customer information. Providing multiple payment options can make it easier for customers to complete their transactions, enhancing convenience and trust.</p>\r\n<p>In addition to payment methods, the terms should include details about payment deadlines, billing cycles, and late fees if applicable. Businesses should outline when payments are due and what happens if a payment is not made on time. Refund and return policies should also be incorporated, explaining how customers can request refunds, the conditions under which they are granted, and any time limitations or requirements for returning products. Clear pricing and payment terms help prevent disputes and ensure a smooth transaction process for both parties.</p>', '2024-08-20 02:17:38', '2024-12-30 02:22:10'),
(5, 2, 'hi', 'कस्टम पेज 2', '<h4>01. गोपनीयता नीति क्या हैं?</h4>\r\n<p>गोपनीयता नीति एक बयान है जो बताता है कि कोई कंपनी उपयोगकर्ता डेटा को कैसे एकत्र, उपयोग, भंडारण और सुरक्षा करती है। यह उपयोगकर्ताओं को उनके अधिकारों के बारे में सूचित करता है और उनकी व्यक्तिगत जानकारी, जैसे नाम, ईमेल पते या ब्राउज़िंग गतिविधियों को कैसे प्रबंधित किया जाता है। गोपनीयता नीतियां कानूनी आवश्यकताओं के साथ पारदर्शिता और अनुपालन सुनिश्चित करती हैं, व्यवसायों और उनके ग्राहकों के बीच विश्वास का निर्माण करती हैं।</p>\r\n<h4>02. नियम और शर्तें उदाहरण</h4>\r\n<p>नियम और शर्तें उन नियमों को रेखांकित करती हैं जिनका उपयोगकर्ताओं को किसी उत्पाद, सेवा या वेबसाइट तक पहुंचने के दौरान पालन करना चाहिए। वे आम तौर पर उपयोगकर्ता जिम्मेदारियों, भुगतान शर्तों, बौद्धिक संपदा अधिकार, दायित्व की सीमा और समाप्ति खंड को कवर करते हैं। ये दिशानिर्देश स्पष्ट अपेक्षाएं सुनिश्चित करते हैं, व्यवसाय और उपयोगकर्ताओं दोनों की सुरक्षा करते हैं और सेवाओं के उचित उपयोग को बढ़ावा देते हैं।</p>\r\n<h4>03. अपनी संपत्ति की रक्षा करें</h4>\r\n<p>आपकी संपत्ति की सुरक्षा में भौतिक और कानूनी स्वामित्व दोनों को सुरक्षित करने के लिए कदम उठाना शामिल है। इसमें सुरक्षा प्रणालियाँ स्थापित करना, बीमा कवरेज बनाए रखना और धोखाधड़ी या चोरी से सुरक्षा शामिल हो सकती है। इसके अतिरिक्त, यह सुनिश्चित करने के लिए कि आपके अधिकार स्पष्ट रूप से परिभाषित और संरक्षित हैं, कानूनी दस्तावेजों, जैसे कार्यों और अनुबंधों को नियमित रूप से अद्यतन करना महत्वपूर्ण है। नियमित रखरखाव और उचित दस्तावेज़ीकरण जोखिमों को कम करने और आपकी संपत्ति के मूल्य को संरक्षित करने में मदद करता है।</p>\r\n<h4>04. ऑनलाइन स्टोर के लिए नियम और शर्तों में क्या शामिल करें</h4>\r\n<p>ऑनलाइन स्टोर के लिए नियम और शर्तें स्पष्ट अपेक्षाएं स्थापित करने और व्यवसाय और ग्राहकों दोनों की सुरक्षा के लिए आवश्यक हैं। उन्हें उपयोगकर्ता की जिम्मेदारियों पर एक अनुभाग से शुरुआत करनी चाहिए, जिसमें वेबसाइट के सही उपयोग, खाता निर्माण और गैरकानूनी गतिविधियों पर प्रतिबंध की रूपरेखा दी गई हो। स्वीकृत तरीकों, मूल्य निर्धारण संरचनाओं, लागू करों और किसी भी संबंधित बिलिंग जानकारी सहित भुगतान शर्तों को निर्दिष्ट करना महत्वपूर्ण है।</p>\r\n<p>एक विस्तृत शिपिंग और डिलीवरी नीति में शिपिंग के तरीकों, अनुमानित डिलीवरी समय, लागत और ऑर्डर को ट्रैक करने की प्रक्रियाओं को शामिल किया जाना चाहिए। वापसी और धनवापसी नीतियां यह पता लगाने के लिए महत्वपूर्ण हैं कि ग्राहक उत्पादों को कैसे वापस कर सकते हैं, धनवापसी का अनुरोध कर सकते हैं, या पात्रता के लिए समय-सीमा और शर्तों सहित वस्तुओं का आदान-प्रदान कर सकते हैं। एक व्यापक गोपनीयता नीति शामिल करने से यह सुनिश्चित होता है कि ग्राहक यह समझें कि उनका व्यक्तिगत डेटा कैसे एकत्र, संग्रहीत और उपयोग किया जाता है। बौद्धिक संपदा खंड को सभी वेबसाइट सामग्री, उत्पाद छवियों और सामग्रियों के स्वामित्व को स्पष्ट करना चाहिए। इसके अतिरिक्त, त्रुटियों, उत्पाद संबंधी समस्याओं या क्षति के मामले में स्टोर की जिम्मेदारी को सीमित करने के लिए दायित्व विवरण की एक सीमा आवश्यक है। अंत में, शर्तों में शासी कानून को शामिल किया जाना चाहिए, उस क्षेत्राधिकार को निर्दिष्ट करना जिसके तहत किसी भी विवाद का समाधान किया जाएगा, और विवाद समाधान प्रक्रिया की रूपरेखा, कानूनी अनुपालन सुनिश्चित करना और व्यवसाय के हितों की रक्षा करना।</p>\r\n<h4>05.मूल्य निर्धारण और भुगतान शर्तें</h4>\r\n<p>किसी व्यवसाय और उसके ग्राहकों के बीच स्पष्ट अपेक्षाएं स्थापित करने के लिए मूल्य निर्धारण और भुगतान शर्तें आवश्यक हैं। इन शर्तों में उत्पादों या सेवाओं की लागत को स्पष्ट रूप से रेखांकित किया जाना चाहिए, जिसमें लागू होने वाले किसी भी कर, शिपिंग, हैंडलिंग या अतिरिक्त शुल्क शामिल हैं। पारदर्शिता महत्वपूर्ण है, इसलिए चेकआउट पर किसी भी आश्चर्य से बचने के लिए सभी संभावित शुल्कों का खुलासा पहले ही किया जाना चाहिए। इसके अतिरिक्त, यह निर्दिष्ट करना महत्वपूर्ण है कि क्या मूल्य निर्धारण एक बार या आवर्ती है, खासकर यदि व्यवसाय सदस्यता, सदस्यता या चालू सेवाएं प्रदान करता है।</p>\r\n<p>शर्तों में भुगतान के तरीकों को भी स्पष्ट रूप से रेखांकित किया जाना चाहिए। व्यवसायों को यह बताना चाहिए कि कौन से भुगतान विकल्प स्वीकार किए जाते हैं, जैसे क्रेडिट कार्ड, पेपाल, या अन्य ऑनलाइन भुगतान प्रणालियाँ। इसके अलावा, व्यवसायों को यह निर्दिष्ट करना चाहिए कि भुगतान कैसे संसाधित किया जाएगा, जिसमें ग्राहक जानकारी की सुरक्षा के लिए कोई भी सुरक्षा उपाय शामिल होंगे। कई भुगतान विकल्प प्रदान करने से ग्राहकों के लिए अपने लेनदेन को पूरा करना आसान हो सकता है, सुविधा और विश्वास बढ़ सकता है।</p>\r\n<p>भुगतान विधियों के अलावा, शर्तों में भुगतान की समय सीमा, बिलिंग चक्र और यदि लागू हो तो विलंब शुल्क के बारे में विवरण शामिल होना चाहिए। व्यवसायों को यह रेखांकित करना चाहिए कि भुगतान कब देय है और यदि भुगतान समय पर नहीं किया गया तो क्या होगा। रिफंड और रिटर्न नीतियों को भी शामिल किया जाना चाहिए, जिसमें बताया जाए कि ग्राहक रिफंड का अनुरोध कैसे कर सकते हैं, किन शर्तों के तहत उन्हें रिफंड दिया जाता है, और उत्पादों को वापस करने के लिए कोई समय सीमा या आवश्यकताएं। स्पष्ट मूल्य निर्धारण और भुगतान शर्तें विवादों को रोकने और दोनों पक्षों के लिए एक सुचारू लेनदेन प्रक्रिया सुनिश्चित करने में मदद करती हैं।</p>', '2024-08-20 02:17:38', '2024-12-30 02:22:36'),
(6, 2, 'ar', 'صفحة مخصصة 2', '<h4>01. ما هي سياسة الخصوصية؟</h4>\r\n<p>سياسة الخصوصية عبارة عن بيان يوضح كيفية قيام الشركة بجمع بيانات المستخدم واستخدامها وتخزينها وحمايتها. فهو يُعلم المستخدمين بحقوقهم وكيفية التعامل مع معلوماتهم الشخصية، مثل الأسماء أو عناوين البريد الإلكتروني أو أنشطة التصفح. وتضمن سياسات الخصوصية الشفافية والامتثال للمتطلبات القانونية، وبناء الثقة بين الشركات وعملائها.</p>\r\n<h4>02. أمثلة على الشروط والأحكام</h4>\r\n<p>توضح الشروط والأحكام القواعد التي يجب على المستخدمين اتباعها عند الوصول إلى منتج أو خدمة أو موقع ويب. وهي تغطي عادةً مسؤوليات المستخدم، وشروط الدفع، وحقوق الملكية الفكرية، وحدود المسؤولية، وشروط الإنهاء. تضمن هذه الإرشادات توقعات واضحة، وحماية كل من الشركات والمستخدمين، وتعزيز الاستخدام العادل للخدمات.</p>\r\n<h4>03. حماية الممتلكات الخاصة بك</h4>\r\n<p>تتضمن حماية الممتلكات الخاصة بك اتخاذ خطوات لتأمين الملكية المادية والقانونية. يمكن أن يشمل ذلك تركيب أنظمة الأمان والحفاظ على التغطية التأمينية والحماية ضد الاحتيال أو السرقة. بالإضافة إلى ذلك، من المهم تحديث المستندات القانونية بانتظام، مثل الأفعال والعقود، لضمان تحديد حقوقك وحمايتها بوضوح. تساعد الصيانة الدورية والتوثيق المناسب في تقليل المخاطر والحفاظ على قيمة الممتلكات الخاصة بك.</p>\r\n<h4>04. ما يجب تضمينه في الشروط والأحكام الخاصة بالمتاجر عبر الإنترنت</h4>\r\n<p>تعد الشروط والأحكام الخاصة بالمتاجر عبر الإنترنت ضرورية لتحديد توقعات واضحة وحماية كل من الشركة والعملاء. يجب أن تبدأ بقسم خاص بمسؤوليات المستخدم، يوضح الاستخدام الصحيح للموقع، وإنشاء الحساب، والقيود المفروضة على الأنشطة غير القانونية. من الضروري تحديد شروط الدفع، بما في ذلك الطرق المقبولة وهياكل التسعير والضرائب المطبقة وأي معلومات فوترة ذات صلة.</p>\r\n<p>يجب أن تغطي سياسة الشحن والتسليم التفصيلية طرق الشحن وأوقات التسليم المقدرة والتكاليف وإجراءات تتبع الطلبات. تعد سياسات الإرجاع واسترداد الأموال أمرًا حيويًا لمعالجة كيفية إرجاع العملاء للمنتجات أو طلب استرداد الأموال أو استبدال العناصر، بما في ذلك الأطر الزمنية وشروط الأهلية. يضمن تضمين سياسة خصوصية شاملة أن يفهم العملاء كيفية جمع بياناتهم الشخصية وتخزينها واستخدامها. يجب أن توضح بنود الملكية الفكرية ملكية جميع محتويات موقع الويب وصور المنتجات والمواد. بالإضافة إلى ذلك، يعد بيان حدود المسؤولية ضروريًا للحد من مسؤولية المتجر في حالة حدوث أخطاء أو مشكلات في المنتج أو أضرار. أخيرًا، يجب أن تغطي المصطلحات القانون الحاكم، مع تحديد الولاية القضائية التي سيتم بموجبها حل أي نزاعات، وتحديد عملية حل النزاع، وضمان الامتثال القانوني وحماية مصالح الشركة.</p>\r\n<h3>05.شروط التسعير والدفع</h3>\r\n<h4>تعد شروط التسعير والدفع ضرورية لتحديد توقعات واضحة بين الشركة وعملائها. يجب أن تحدد هذه الشروط بوضوح تكلفة المنتجات أو الخدمات، بما في ذلك أي ضرائب أو شحن أو مناولة أو رسوم إضافية قد يتم تطبيقها. تعد الشفافية أمرًا أساسيًا، لذا يجب الكشف عن جميع الرسوم المحتملة مقدمًا لتجنب أي مفاجآت عند الدفع. بالإضافة إلى ذلك، من المهم تحديد ما إذا كان التسعير يتم لمرة واحدة أو متكررًا، خاصة إذا كان النشاط التجاري يقدم اشتراكات أو عضويات أو خدمات مستمرة.</h4>\r\n<p>يجب أيضًا توضيح طرق الدفع بوضوح في الشروط. يجب على الشركات تحديد خيارات الدفع المقبولة، مثل بطاقات الائتمان أو PayPal أو أنظمة الدفع الأخرى عبر الإنترنت. علاوة على ذلك، يجب على الشركات تحديد كيفية معالجة المدفوعات، بما في ذلك أي إجراءات أمنية مطبقة لحماية معلومات العملاء. إن توفير خيارات دفع متعددة يمكن أن يسهل على العملاء إتمام معاملاتهم، مما يعزز الراحة والثقة.</p>\r\n<p>بالإضافة إلى طرق الدفع، يجب أن تتضمن الشروط تفاصيل حول المواعيد النهائية للدفع ودورات الفوترة والرسوم المتأخرة إن وجدت. يجب على الشركات تحديد موعد استحقاق الدفعات وماذا يحدث إذا لم يتم الدفع في الوقت المحدد. وينبغي أيضًا دمج سياسات الاسترداد والإرجاع، مع توضيح كيف يمكن للعملاء طلب استرداد الأموال، والشروط التي يتم بموجبها منحها، وأي قيود زمنية أو متطلبات لإرجاع المنتجات. تساعد الأسعار وشروط الدفع الواضحة على منع النزاعات وضمان عملية معاملة سلسة لكلا الطرفين.</p>', '2024-08-20 02:17:38', '2024-12-30 02:22:56');

-- --------------------------------------------------------

--
-- Table structure for table `custom_paginations`
--

CREATE TABLE `custom_paginations` (
  `id` bigint(20) UNSIGNED NOT NULL,
  `section_name` varchar(255) COLLATE utf8mb4_unicode_ci NOT NULL,
  `item_qty` int(11) NOT NULL DEFAULT 1,
  `created_at` timestamp NULL DEFAULT NULL,
  `updated_at` timestamp NULL DEFAULT NULL
) ENGINE=InnoDB DEFAULT CHARSET=utf8mb4 COLLATE=utf8mb4_unicode_ci;

--
-- Dumping data for table `custom_paginations`
--

INSERT INTO `custom_paginations` (`id`, `section_name`, `item_qty`, `created_at`, `updated_at`) VALUES
(1, 'Blog List', 6, '2024-08-19 05:54:31', '2024-08-21 06:20:38'),
(2, 'Blog Comment', 10, '2024-08-19 05:54:31', '2024-08-19 05:54:31'),
(3, 'Language List', 10, '2024-08-19 05:54:31', '2024-09-01 22:56:42'),
(4, 'Property', 12, '2024-08-19 05:54:31', '2024-09-01 23:05:02'),
(5, 'Agent', 8, '2024-08-19 05:54:31', '2024-12-17 02:43:50'),
(6, 'Career', 6, '2024-09-02 05:18:20', '2024-09-01 23:22:29');

-- --------------------------------------------------------

--
-- Table structure for table `email_templates`
--

CREATE TABLE `email_templates` (
  `id` bigint(20) UNSIGNED NOT NULL,
  `name` varchar(255) COLLATE utf8mb4_unicode_ci NOT NULL,
  `subject` varchar(255) COLLATE utf8mb4_unicode_ci NOT NULL,
  `message` longtext COLLATE utf8mb4_unicode_ci NOT NULL,
  `created_at` timestamp NULL DEFAULT NULL,
  `updated_at` timestamp NULL DEFAULT NULL
) ENGINE=InnoDB DEFAULT CHARSET=utf8mb4 COLLATE=utf8mb4_unicode_ci;

--
-- Dumping data for table `email_templates`
--

INSERT INTO `email_templates` (`id`, `name`, `subject`, `message`, `created_at`, `updated_at`) VALUES
(1, 'password_reset', 'Password Reset', '<p>Dear {{user_name}},</p>\n                <p>Do you want to reset your password? Please Click the following link and Reset Your Password.</p>', '2024-08-19 05:54:31', '2024-08-19 05:54:31'),
(2, 'contact_mail', 'Contact Email', '<p>Hello there,</p>\n                <p>&nbsp;Mr. {{name}} has sent a new message. you can see the message details below.&nbsp;</p>\n                <p>Email: {{email}}</p>\n                <p>Phone: {{phone}}</p>\n                <p>Subject: {{subject}}</p>\n                <p>Message: {{message}}</p>', '2024-08-19 05:54:31', '2024-08-19 05:54:31'),
(3, 'subscribe_notification', 'Subscribe Notification', '<p>Hi there, Congratulations! Your Subscription has been created successfully. Please Click the following link and Verified Your Subscription. If you will not approve this link, you can not get any newsletter from us.</p>', '2024-08-19 05:54:31', '2024-08-19 05:54:31'),
(4, 'social_login', 'Social Login', '<p>Hello {{user_name}},</p>\n                <p>Welcome to {{app_name}}! Your account has been created successfully.</p>\n                <p>Your password: {{password}}</p>\n                <p>You can log in to your account at <a href=\"https://websolutionus.com\">https://websolutionus.com</a></p>\n                <p>Thank you for joining us.</p>', '2024-08-19 05:54:31', '2024-08-19 05:54:31'),
(5, 'user_verification', 'User Verification', '<p>Dear {{user_name}},</p>\n                <p>Congratulations! Your account has been created successfully. Please click the following link to activate your account.</p>', '2024-08-19 05:54:31', '2024-08-19 05:54:31'),
(6, 'approved_refund', 'Refund Request Approval', '<p>Dear {{user_name}},</p>\n                <p>We are happy to say that, we have send {{refund_amount}} USD to your provided bank information. </p>', '2024-08-19 05:54:31', '2024-08-19 05:54:31'),
(7, 'new_refund', 'New Refund Request', '<p>Hello websolutionus, </p>\n\n                <p>Mr. {{user_name}} has send a new refund request to you.</p>', '2024-08-19 05:54:31', '2024-08-19 05:54:31'),
(8, 'pending_wallet_payment', 'Wallet Payment Approval', '<p>Hello {{user_name}},</p>\n                <p>We have received your wallet payment request. we find your payment to our bank account.</p>\n                <p>Thanks &amp; Regards</p>', '2024-08-19 05:54:31', '2024-08-19 05:54:31'),
(9, 'approved_withdraw', 'Withdraw Request Approval', '<p>Dear {{user_name}},</p>\n                <p>We are happy to say that, we have send a withdraw amount to your provided bank information.</p>\n                <p>Thanks &amp; Regards</p>\n                <p>WebSolutionUs</p>', '2024-08-19 05:54:31', '2024-08-19 05:54:31'),
(10, 'contact_mail_for_agent', 'Agent Contact Email', '<p>Hello there,</p>\r\n<p>&nbsp;Mr. {{name}} has sent a new message. you can see the message details below.&nbsp;</p>\r\n<p>Email: {{email}}</p>\r\n<p>Phone: {{phone}}</p>\r\n<p>Subject: {{subject}}</p>\r\n<p>Property Name: {{property}}</p>\r\n<p>Message: {{message}}</p>', '2024-12-07 22:51:56', '2024-12-07 23:02:08');

-- --------------------------------------------------------

--
-- Table structure for table `failed_jobs`
--

CREATE TABLE `failed_jobs` (
  `id` bigint(20) UNSIGNED NOT NULL,
  `uuid` varchar(255) COLLATE utf8mb4_unicode_ci NOT NULL,
  `connection` text COLLATE utf8mb4_unicode_ci NOT NULL,
  `queue` text COLLATE utf8mb4_unicode_ci NOT NULL,
  `payload` longtext COLLATE utf8mb4_unicode_ci NOT NULL,
  `exception` longtext COLLATE utf8mb4_unicode_ci NOT NULL,
  `failed_at` timestamp NOT NULL DEFAULT current_timestamp()
) ENGINE=InnoDB DEFAULT CHARSET=utf8mb4 COLLATE=utf8mb4_unicode_ci;

-- --------------------------------------------------------

--
-- Table structure for table `faqs`
--

CREATE TABLE `faqs` (
  `id` bigint(20) UNSIGNED NOT NULL,
  `status` tinyint(1) NOT NULL DEFAULT 1,
  `created_at` timestamp NULL DEFAULT NULL,
  `updated_at` timestamp NULL DEFAULT NULL
) ENGINE=InnoDB DEFAULT CHARSET=utf8mb4 COLLATE=utf8mb4_unicode_ci;

--
-- Dumping data for table `faqs`
--

INSERT INTO `faqs` (`id`, `status`, `created_at`, `updated_at`) VALUES
(1, 1, '2024-08-20 02:01:13', '2024-08-20 02:01:13'),
(2, 1, '2024-08-20 02:04:30', '2024-08-20 02:04:30'),
(3, 1, '2024-08-20 02:04:52', '2024-08-20 02:04:52'),
(4, 1, '2024-08-20 02:05:23', '2024-08-20 02:05:23'),
(5, 1, '2024-08-20 02:06:21', '2024-08-20 02:06:21'),
(6, 1, '2024-08-20 02:06:24', '2024-08-20 02:06:24'),
(7, 1, '2024-08-20 02:06:37', '2024-08-20 02:06:37'),
(8, 1, '2024-08-20 02:06:45', '2024-08-20 02:06:45'),
(9, 1, '2024-08-20 02:06:53', '2024-08-20 02:06:53');

-- --------------------------------------------------------

--
-- Table structure for table `faq_translations`
--

CREATE TABLE `faq_translations` (
  `id` bigint(20) UNSIGNED NOT NULL,
  `faq_id` bigint(20) UNSIGNED NOT NULL,
  `lang_code` varchar(255) COLLATE utf8mb4_unicode_ci NOT NULL,
  `question` varchar(255) COLLATE utf8mb4_unicode_ci DEFAULT NULL,
  `answer` text COLLATE utf8mb4_unicode_ci DEFAULT NULL,
  `created_at` timestamp NULL DEFAULT NULL,
  `updated_at` timestamp NULL DEFAULT NULL
) ENGINE=InnoDB DEFAULT CHARSET=utf8mb4 COLLATE=utf8mb4_unicode_ci;

--
-- Dumping data for table `faq_translations`
--

INSERT INTO `faq_translations` (`id`, `faq_id`, `lang_code`, `question`, `answer`, `created_at`, `updated_at`) VALUES
(1, 1, 'en', 'Who Are Our Clients?', 'Our clients for real estate projects include developers, investors, and businesses looking for residential, commercial, or mixed-use properties. We provide tailored solutions to meet the unique needs of each project.', '2024-08-20 02:01:13', '2024-12-29 01:26:59'),
(2, 1, 'hi', 'हमारे ग्राहक कौन हैं?', 'रियल एस्टेट परियोजनाओं के लिए हमारे ग्राहकों में डेवलपर्स, निवेशक और आवासीय, वाणिज्यिक या मिश्रित-उपयोग वाली संपत्तियों की तलाश करने वाले व्यवसाय शामिल हैं। हम प्रत्येक परियोजना की विशिष्ट आवश्यकताओं को पूरा करने के लिए अनुरूप समाधान प्रदान करते हैं।', '2024-08-20 02:01:13', '2024-12-29 01:59:44'),
(3, 1, 'ar', 'من هم عملاؤنا؟', 'يشمل عملاؤنا في المشاريع العقارية المطورين والمستثمرين والشركات التي تبحث عن عقارات سكنية أو تجارية أو متعددة الاستخدامات. نحن نقدم حلولاً مخصصة لتلبية الاحتياجات الفريدة لكل مشروع.', '2024-08-20 02:01:13', '2024-12-29 01:59:38'),
(4, 2, 'en', 'How To Buy a Product?', 'To buy a product, simply browse our listings, select the property or item you’re interested in, and contact us for more details. Our team will guide you through the purchasing process, from negotiations to finalizing the transaction.', '2024-08-20 02:04:30', '2024-12-29 01:30:03'),
(5, 2, 'hi', 'उत्पाद कैसे खरीदें?', 'कोई उत्पाद खरीदने के लिए, बस हमारी लिस्टिंग ब्राउज़ करें, उस संपत्ति या वस्तु का चयन करें जिसमें आप रुचि रखते हैं, और अधिक जानकारी के लिए हमसे संपर्क करें। हमारी टीम खरीदारी प्रक्रिया, बातचीत से लेकर लेन-देन को अंतिम रूप देने तक आपका मार्गदर्शन करेगी।', '2024-08-20 02:04:30', '2024-12-29 01:31:10'),
(6, 2, 'ar', 'كيفية شراء المنتج؟', 'لشراء منتج ما، ما عليك سوى تصفح قوائمنا، واختيار العقار أو العنصر الذي يهمك، والاتصال بنا للحصول على مزيد من التفاصيل. سيقوم فريقنا بإرشادك خلال عملية الشراء، بدءًا من المفاوضات وحتى إتمام الصفقة.', '2024-08-20 02:04:30', '2024-12-29 01:31:06'),
(7, 3, 'en', 'How to make a payment by credit card?', 'To make a payment by credit card, select your preferred property or service, proceed to checkout, and choose the credit card option. Enter your card details securely and confirm the payment. Once processed, you will receive a confirmation of your transaction.', '2024-08-20 02:04:52', '2024-12-29 01:32:41'),
(8, 3, 'hi', 'क्रेडिट कार्ड से भुगतान कैसे करें?', 'क्रेडिट कार्ड से भुगतान करने के लिए, अपनी पसंदीदा संपत्ति या सेवा चुनें, चेकआउट के लिए आगे बढ़ें और क्रेडिट कार्ड विकल्प चुनें। अपना कार्ड विवरण सुरक्षित रूप से दर्ज करें और भुगतान की पुष्टि करें। एक बार संसाधित होने पर, आपको अपने लेनदेन की पुष्टि प्राप्त होगी।', '2024-08-20 02:04:52', '2024-12-29 01:33:45'),
(9, 3, 'ar', 'كيفية إجراء الدفع عن طريق بطاقة الائتمان؟', 'لإجراء الدفع عن طريق بطاقة الائتمان، حدد العقار أو الخدمة المفضلة لديك، ثم انتقل إلى الخروج، واختر خيار بطاقة الائتمان. أدخل تفاصيل بطاقتك بشكل آمن وقم بتأكيد الدفع. بمجرد معالجتها، سوف تتلقى تأكيدًا لمعاملتك.', '2024-08-20 02:04:52', '2024-12-29 01:33:42'),
(10, 4, 'en', 'How do you write a FAQ question?', 'To write a FAQ question, focus on common inquiries or concerns your clients might have. Keep the question clear, concise, and relevant to the services or products you offer. Use simple language and ensure the question directly addresses a potential issue or need.', '2024-08-20 02:05:23', '2024-12-29 01:35:55'),
(11, 4, 'hi', 'आप FAQ प्रश्न कैसे लिखते हैं?', 'FAQ प्रश्न लिखने के लिए, अपने ग्राहकों की सामान्य पूछताछ या चिंताओं पर ध्यान केंद्रित करें। प्रश्न को स्पष्ट, संक्षिप्त और आपके द्वारा प्रदान की जाने वाली सेवाओं या उत्पादों के लिए प्रासंगिक रखें। सरल भाषा का प्रयोग करें और सुनिश्चित करें कि प्रश्न सीधे किसी संभावित मुद्दे या आवश्यकता को संबोधित करता है।', '2024-08-20 02:05:23', '2024-12-29 01:37:13'),
(12, 4, 'ar', 'كيف تكتب سؤالا شائعا؟', 'لكتابة سؤال شائع، ركز على الاستفسارات أو المخاوف الشائعة التي قد تكون لدى عملائك. اجعل السؤال واضحًا وموجزًا ​​وذو صلة بالخدمات أو المنتجات التي تقدمها. استخدم لغة بسيطة وتأكد من أن السؤال يتناول بشكل مباشر مشكلة أو حاجة محتملة.', '2024-08-20 02:05:23', '2024-12-29 01:37:07'),
(13, 5, 'en', 'What questions should be on a FAQ page?', 'Our FAQ page answers common questions about services, payments, returns, and more. For additional help, our support team is available.', '2024-08-20 02:06:21', '2024-12-29 01:39:42'),
(14, 5, 'hi', 'FAQ पृष्ठ पर कौन से प्रश्न होने चाहिए?', 'हमारा FAQ पृष्ठ सेवाओं, भुगतान, रिटर्न और बहुत कुछ के बारे में सामान्य प्रश्नों के उत्तर देता है। अतिरिक्त सहायता के लिए, हमारी सहायता टीम उपलब्ध है।', '2024-08-20 02:06:21', '2024-12-29 01:40:31'),
(15, 5, 'ar', 'ما هي الأسئلة التي يجب أن تكون في صفحة الأسئلة الشائعة؟', 'تجيب صفحة الأسئلة الشائعة لدينا على الأسئلة الشائعة حول الخدمات والمدفوعات والمرتجعات والمزيد. للحصول على مساعدة إضافية، فريق الدعم لدينا متاح.', '2024-08-20 02:06:21', '2024-12-29 01:40:29'),
(16, 6, 'en', 'What are FAQ questions?', 'FAQ questions are common inquiries about a business or service, providing quick answers on topics like services, payments, and policies.', '2024-08-20 02:06:24', '2024-12-29 01:42:19'),
(17, 6, 'hi', 'अक्सर पूछे जाने वाले प्रश्न क्या हैं?', 'FAQ प्रश्न किसी व्यवसाय या सेवा के बारे में सामान्य पूछताछ हैं, जो सेवाओं, भुगतान और नीतियों जैसे विषयों पर त्वरित उत्तर प्रदान करते हैं।', '2024-08-20 02:06:24', '2024-12-29 01:43:19'),
(18, 6, 'ar', 'ما هي الأسئلة الشائعة؟', 'الأسئلة الشائعة هي استفسارات شائعة حول نشاط تجاري أو خدمة ما، وتوفر إجابات سريعة حول موضوعات مثل الخدمات والمدفوعات والسياسات.', '2024-08-20 02:06:24', '2024-12-29 01:43:22'),
(19, 7, 'en', 'How do I schedule a property viewing?', 'You can schedule a property viewing by contacting our team directly via phone, email, or through our website. Simply let us know your preferred time, and we will arrange a viewing at your convenience.', '2024-08-20 02:06:37', '2024-12-29 01:48:08'),
(20, 7, 'hi', 'मैं किसी संपत्ति को देखने का कार्यक्रम कैसे बनाऊं?', 'आप हमारी टीम से सीधे फोन, ईमेल या हमारी वेबसाइट के माध्यम से संपर्क करके संपत्ति देखने का कार्यक्रम निर्धारित कर सकते हैं। बस हमें अपना पसंदीदा समय बताएं, और हम आपकी सुविधानुसार देखने की व्यवस्था करेंगे।', '2024-08-20 02:06:37', '2024-12-29 01:49:07'),
(21, 7, 'ar', 'كيف يمكنني جدولة عرض العقار؟', 'يمكنك تحديد موعد لمشاهدة العقار عن طريق الاتصال بفريقنا مباشرة عبر الهاتف أو البريد الإلكتروني أو من خلال موقعنا الإلكتروني. ما عليك سوى إخبارنا بالوقت المفضل لديك، وسنقوم بترتيب المشاهدة حسب راحتك.', '2024-08-20 02:06:37', '2024-12-29 01:49:09'),
(22, 8, 'en', 'What is your return policy?', 'Our return policy allows returns within 30 days of purchase, provided the property or service meets specified conditions. Please contact us for more details and to initiate the return process.', '2024-08-20 02:06:45', '2024-12-29 01:50:47'),
(23, 8, 'hi', 'आपकी वापसी नीति क्या है?', 'हमारी वापसी नीति खरीद के 30 दिनों के भीतर रिटर्न की अनुमति देती है, बशर्ते संपत्ति या सेवा निर्दिष्ट शर्तों को पूरा करती हो। कृपया अधिक जानकारी और रिटर्न प्रक्रिया शुरू करने के लिए हमसे संपर्क करें।', '2024-08-20 02:06:45', '2024-12-29 01:52:36'),
(24, 8, 'ar', 'ما هي سياسة الإرجاع الخاصة بك؟', 'تسمح سياسة الإرجاع الخاصة بنا بالإرجاع خلال 30 يومًا من الشراء، بشرط أن يستوفي العقار أو الخدمة الشروط المحددة. يرجى الاتصال بنا للحصول على مزيد من التفاصيل وبدء عملية الإرجاع.', '2024-08-20 02:06:45', '2024-12-29 01:52:33'),
(25, 9, 'en', 'How can I contact customer support?', 'You can contact customer support by phone, email, or through our website contact form. Our team is available to assist you with any inquiries or concerns.', '2024-08-20 02:06:53', '2024-12-29 01:54:17'),
(26, 9, 'hi', 'मैं ग्राहक सहायता से कैसे संपर्क कर सकता हूं?', 'आप फोन, ईमेल या हमारी वेबसाइट संपर्क फ़ॉर्म के माध्यम से ग्राहक सहायता से संपर्क कर सकते हैं। हमारी टीम किसी भी पूछताछ या चिंता में आपकी सहायता के लिए उपलब्ध है।', '2024-08-20 02:06:53', '2024-12-29 01:56:13'),
(27, 9, 'ar', 'كيف يمكنني الاتصال بدعم العملاء؟', 'يمكنك الاتصال بدعم العملاء عبر الهاتف أو البريد الإلكتروني أو من خلال نموذج الاتصال على موقعنا. فريقنا متاح لمساعدتك في أي استفسارات أو استفسارات.', '2024-08-20 02:06:53', '2024-12-29 01:56:10');

-- --------------------------------------------------------

--
-- Table structure for table `jobs`
--

CREATE TABLE `jobs` (
  `id` bigint(20) UNSIGNED NOT NULL,
  `queue` varchar(255) COLLATE utf8mb4_unicode_ci NOT NULL,
  `payload` longtext COLLATE utf8mb4_unicode_ci NOT NULL,
  `attempts` tinyint(3) UNSIGNED NOT NULL,
  `reserved_at` int(10) UNSIGNED DEFAULT NULL,
  `available_at` int(10) UNSIGNED NOT NULL,
  `created_at` int(10) UNSIGNED NOT NULL
) ENGINE=InnoDB DEFAULT CHARSET=utf8mb4 COLLATE=utf8mb4_unicode_ci;

--
-- Dumping data for table `jobs`
--

INSERT INTO `jobs` (`id`, `queue`, `payload`, `attempts`, `reserved_at`, `available_at`, `created_at`) VALUES
(1, 'default', '{\"uuid\":\"6fe9baa6-7b8f-483b-87a9-db4d59e6239f\",\"displayName\":\"App\\\\Jobs\\\\GlobalMailJob\",\"job\":\"Illuminate\\\\Queue\\\\CallQueuedHandler@call\",\"maxTries\":null,\"maxExceptions\":null,\"failOnTimeout\":false,\"backoff\":null,\"timeout\":null,\"retryUntil\":null,\"data\":{\"commandName\":\"App\\\\Jobs\\\\GlobalMailJob\",\"command\":\"O:22:\\\"App\\\\Jobs\\\\GlobalMailJob\\\":4:{s:36:\\\"\\u0000App\\\\Jobs\\\\GlobalMailJob\\u0000mail_address\\\";s:15:\\\"admin@gmail.com\\\";s:36:\\\"\\u0000App\\\\Jobs\\\\GlobalMailJob\\u0000mail_subject\\\";s:19:\\\"Agent Contact Email\\\";s:36:\\\"\\u0000App\\\\Jobs\\\\GlobalMailJob\\u0000mail_message\\\";s:298:\\\"<p>Hello there,<\\/p>\\r\\n<p>&nbsp;Mr. Ripon Chandra has sent a new message. you can see the message details below.&nbsp;<\\/p>\\r\\n<p>Email: riponchandra667@gmail.com<\\/p>\\r\\n<p>Phone: 01745738766<\\/p>\\r\\n<p>Subject: For Testing<\\/p>\\r\\n<p>Property Name: 2811 Battery Place Northwest<\\/p>\\r\\n<p>Message: For Testing<\\/p>\\\";s:28:\\\"\\u0000App\\\\Jobs\\\\GlobalMailJob\\u0000link\\\";a:0:{}}\"}}', 0, NULL, 1734851994, 1734851994);

-- --------------------------------------------------------

--
-- Table structure for table `languages`
--

CREATE TABLE `languages` (
  `id` bigint(20) UNSIGNED NOT NULL,
  `name` varchar(255) COLLATE utf8mb4_unicode_ci NOT NULL,
  `code` varchar(255) COLLATE utf8mb4_unicode_ci NOT NULL,
  `direction` varchar(255) COLLATE utf8mb4_unicode_ci NOT NULL DEFAULT 'ltr',
  `status` varchar(255) COLLATE utf8mb4_unicode_ci NOT NULL DEFAULT '1',
  `is_default` varchar(255) COLLATE utf8mb4_unicode_ci NOT NULL DEFAULT '0',
  `created_at` timestamp NULL DEFAULT NULL,
  `updated_at` timestamp NULL DEFAULT NULL
) ENGINE=InnoDB DEFAULT CHARSET=utf8mb4 COLLATE=utf8mb4_unicode_ci;

--
-- Dumping data for table `languages`
--

INSERT INTO `languages` (`id`, `name`, `code`, `direction`, `status`, `is_default`, `created_at`, `updated_at`) VALUES
(1, 'English', 'en', 'ltr', '1', '1', '2024-08-19 05:54:30', '2024-12-22 00:43:49'),
(2, 'Hindi', 'hi', 'ltr', '1', '0', '2024-08-19 06:01:52', '2024-12-22 00:43:35'),
(3, 'Arabic', 'ar', 'rtl', '1', '0', '2024-08-19 06:02:15', '2024-12-22 00:43:49');

-- --------------------------------------------------------

--
-- Table structure for table `menus`
--

CREATE TABLE `menus` (
  `id` bigint(20) UNSIGNED NOT NULL,
  `name` varchar(255) COLLATE utf8mb4_unicode_ci NOT NULL,
  `slug` varchar(255) COLLATE utf8mb4_unicode_ci NOT NULL,
  `created_at` timestamp NULL DEFAULT NULL,
  `updated_at` timestamp NULL DEFAULT NULL
) ENGINE=InnoDB DEFAULT CHARSET=utf8mb4 COLLATE=utf8mb4_unicode_ci;

--
-- Dumping data for table `menus`
--

INSERT INTO `menus` (`id`, `name`, `slug`, `created_at`, `updated_at`) VALUES
(1, 'Main Menu', 'main-menu', '2024-08-19 05:54:35', '2024-08-19 05:54:35'),
(2, 'Footer Menu', 'footer-menu', '2024-08-19 05:54:35', '2024-08-19 05:54:35');

-- --------------------------------------------------------

--
-- Table structure for table `menu_items`
--

CREATE TABLE `menu_items` (
  `id` bigint(20) UNSIGNED NOT NULL,
  `label` varchar(255) COLLATE utf8mb4_unicode_ci NOT NULL,
  `link` varchar(255) COLLATE utf8mb4_unicode_ci NOT NULL,
  `parent_id` bigint(20) UNSIGNED NOT NULL DEFAULT 0,
  `sort` int(11) NOT NULL DEFAULT 0,
  `menu_id` bigint(20) UNSIGNED NOT NULL,
  `created_at` timestamp NULL DEFAULT NULL,
  `updated_at` timestamp NULL DEFAULT NULL
) ENGINE=InnoDB DEFAULT CHARSET=utf8mb4 COLLATE=utf8mb4_unicode_ci;

--
-- Dumping data for table `menu_items`
--

INSERT INTO `menu_items` (`id`, `label`, `link`, `parent_id`, `sort`, `menu_id`, `created_at`, `updated_at`) VALUES
(1, 'Home', '/', 0, 1, 1, '2024-08-19 05:54:35', '2024-12-08 00:24:41'),
(5, 'About Us', '/about-us', 0, 2, 1, '2024-08-19 05:54:35', '2024-09-03 22:22:08'),
(6, 'Properties', '#', 0, 3, 1, '2024-08-19 05:54:35', '2024-09-03 22:22:08'),
(7, 'All Properties', '/properties?page_type=list_view', 6, 1, 1, '2024-08-19 05:54:35', '2024-09-01 06:06:20'),
(8, 'Featured Properties', '/properties?page_type=list_view&sorting_id=3', 6, 2, 1, '2024-08-19 05:54:35', '2024-09-01 06:06:20'),
(9, 'Top Properties', '/properties?page_type=list_view&sorting_id=4', 6, 3, 1, '2024-08-19 05:54:35', '2024-09-01 06:06:20'),
(10, 'Urgent Properties', '/properties?page_type=list_view&sorting_id=6', 6, 4, 1, '2024-08-19 05:54:35', '2024-09-01 06:06:20'),
(11, 'Agents', '/agents', 6, 5, 1, '2024-08-19 05:54:35', '2024-09-01 06:06:20'),
(12, 'Pricing', '/pricing-plan', 0, 4, 1, '2024-08-19 05:54:35', '2024-09-03 22:22:08'),
(13, 'Pages', '#', 0, 5, 1, '2024-08-19 05:54:35', '2024-09-03 22:22:08'),
(14, 'FAQ', '/faq', 13, 1, 1, '2024-08-19 05:54:35', '2024-09-01 06:06:20'),
(15, 'Privacy Policy', '/privacy-policy', 13, 4, 1, '2024-08-19 05:54:35', '2024-09-01 06:06:20'),
(16, 'Terms & Conditions', '/terms-and-conditions', 13, 5, 1, '2024-08-19 05:54:35', '2024-09-01 06:06:20'),
(17, 'Custom Page 1', '/page/custom-page-1', 13, 6, 1, '2024-08-19 05:54:35', '2024-09-01 06:06:20'),
(18, 'Custom Page 2', '/page/custom-page-2', 13, 7, 1, '2024-08-19 05:54:35', '2024-09-01 06:06:20'),
(19, 'Blog', '/blogs', 13, 3, 1, '2024-08-19 05:54:35', '2024-09-01 06:06:20'),
(20, 'Contact Us', '/contact-us', 0, 6, 1, '2024-08-19 05:54:35', '2024-09-03 22:22:08'),
(21, 'Short Links', '#', 0, 1, 2, '2024-08-19 05:54:35', '2024-08-21 01:49:02'),
(22, 'About Us', '/about-us', 21, 1, 2, '2024-08-19 05:54:35', '2024-08-21 01:26:38'),
(23, 'All Properties', '/properties?page_type=list_view', 21, 2, 2, '2024-08-19 05:54:35', '2024-12-05 05:32:39'),
(24, 'Blogs', '/blogs', 21, 3, 2, '2024-08-19 05:54:35', '2024-08-21 01:26:38'),
(25, 'Pricing', '/pricing-plan', 21, 4, 2, '2024-08-19 05:54:36', '2024-08-21 01:26:38'),
(26, 'Help Link', '#', 0, 2, 2, '2024-08-19 05:54:36', '2024-08-21 01:49:02'),
(27, 'Terms & Conditions', '/terms-and-conditions', 26, 1, 2, '2024-08-19 05:54:36', '2024-08-21 01:26:38'),
(28, 'Privacy Policy', '/privacy-policy', 26, 2, 2, '2024-08-19 05:54:36', '2024-08-21 01:26:38'),
(29, 'FAQ', '/faq', 26, 3, 2, '2024-08-19 05:54:36', '2024-08-21 01:26:38'),
(30, 'Contact Us', '/contact-us', 26, 4, 2, '2024-08-19 05:54:36', '2024-12-05 05:27:39'),
(33, 'Career', '/career', 13, 2, 1, '2024-09-01 06:05:44', '2024-09-01 06:06:20');

-- --------------------------------------------------------

--
-- Table structure for table `menu_item_translations`
--

CREATE TABLE `menu_item_translations` (
  `id` bigint(20) UNSIGNED NOT NULL,
  `menu_item_id` bigint(20) UNSIGNED NOT NULL,
  `lang_code` varchar(255) COLLATE utf8mb4_unicode_ci NOT NULL,
  `label` varchar(255) COLLATE utf8mb4_unicode_ci NOT NULL,
  `created_at` timestamp NULL DEFAULT NULL,
  `updated_at` timestamp NULL DEFAULT NULL
) ENGINE=InnoDB DEFAULT CHARSET=utf8mb4 COLLATE=utf8mb4_unicode_ci;

--
-- Dumping data for table `menu_item_translations`
--

INSERT INTO `menu_item_translations` (`id`, `menu_item_id`, `lang_code`, `label`, `created_at`, `updated_at`) VALUES
(1, 1, 'en', 'Home', '2024-08-19 05:54:35', '2024-12-08 00:24:41'),
(5, 5, 'en', 'About Us', '2024-08-19 05:54:35', '2024-08-19 05:54:35'),
(6, 6, 'en', 'Properties', '2024-08-19 05:54:35', '2024-08-19 05:54:35'),
(7, 7, 'en', 'All Properties', '2024-08-19 05:54:35', '2024-08-19 05:54:35'),
(8, 8, 'en', 'Featured Properties', '2024-08-19 05:54:35', '2024-08-19 05:54:35'),
(9, 9, 'en', 'Top Properties', '2024-08-19 05:54:35', '2024-08-19 05:54:35'),
(10, 10, 'en', 'Urgent Properties', '2024-08-19 05:54:35', '2024-08-19 05:54:35'),
(11, 11, 'en', 'Agents', '2024-08-19 05:54:35', '2024-08-19 05:54:35'),
(12, 12, 'en', 'Pricing', '2024-08-19 05:54:35', '2024-08-19 05:54:35'),
(13, 13, 'en', 'Pages', '2024-08-19 05:54:35', '2024-08-19 05:54:35'),
(14, 14, 'en', 'FAQ', '2024-08-19 05:54:35', '2024-08-19 05:54:35'),
(15, 15, 'en', 'Privacy Policy', '2024-08-19 05:54:35', '2024-08-19 05:54:35'),
(16, 16, 'en', 'Terms & Conditions', '2024-08-19 05:54:35', '2024-08-19 05:54:35'),
(17, 17, 'en', 'Custom Page 1', '2024-08-19 05:54:35', '2024-08-19 05:54:35'),
(18, 18, 'en', 'Custom Page 2', '2024-08-19 05:54:35', '2024-08-19 05:54:35'),
(19, 19, 'en', 'Blog', '2024-08-19 05:54:35', '2024-08-19 05:54:35'),
(20, 20, 'en', 'Contact Us', '2024-08-19 05:54:35', '2024-08-19 05:54:35'),
(21, 21, 'en', 'Short Links', '2024-08-19 05:54:35', '2024-08-19 05:54:35'),
(22, 22, 'en', 'About Us', '2024-08-19 05:54:35', '2024-08-19 05:54:35'),
(23, 23, 'en', 'All Properties', '2024-08-19 05:54:35', '2024-08-19 05:54:35'),
(24, 24, 'en', 'Blogs', '2024-08-19 05:54:35', '2024-08-19 05:54:35'),
(25, 25, 'en', 'Pricing', '2024-08-19 05:54:36', '2024-08-19 05:54:36'),
(26, 26, 'en', 'Help Link', '2024-08-19 05:54:36', '2024-08-19 05:54:36'),
(27, 27, 'en', 'Terms & Conditions', '2024-08-19 05:54:36', '2024-08-19 05:54:36'),
(28, 28, 'en', 'Privacy Policy', '2024-08-19 05:54:36', '2024-08-19 05:54:36'),
(29, 29, 'en', 'FAQ', '2024-08-19 05:54:36', '2024-08-19 05:54:36'),
(30, 30, 'en', 'Contact Us', '2024-08-19 05:54:36', '2024-08-19 05:54:36'),
(33, 1, 'hi', 'घर', '2024-08-19 06:01:52', '2024-08-21 01:02:14'),
(37, 5, 'hi', 'हमारे बारे में', '2024-08-19 06:01:52', '2024-08-21 01:03:43'),
(38, 6, 'hi', 'गुण', '2024-08-19 06:01:52', '2024-08-21 01:06:25'),
(39, 7, 'hi', 'सभी गुण', '2024-08-19 06:01:52', '2024-08-21 01:07:08'),
(40, 8, 'hi', 'विशेष गुण', '2024-08-19 06:01:52', '2024-08-21 01:09:30'),
(41, 9, 'hi', 'शीर्ष गुण', '2024-08-19 06:01:52', '2024-08-21 01:09:58'),
(42, 10, 'hi', 'अत्यावश्यक गुण', '2024-08-19 06:01:52', '2024-08-21 01:10:16'),
(43, 11, 'hi', 'एजेंटों', '2024-08-19 06:01:52', '2024-08-21 01:10:38'),
(44, 12, 'hi', 'मूल्य निर्धारण', '2024-08-19 06:01:52', '2024-08-21 01:11:08'),
(45, 13, 'hi', 'पृष्ठों', '2024-08-19 06:01:52', '2024-08-21 01:11:30'),
(46, 14, 'hi', 'अक्सर पूछे जाने वाले प्रश्न', '2024-08-19 06:01:52', '2024-08-21 01:11:55'),
(47, 15, 'hi', 'गोपनीयता नीति', '2024-08-19 06:01:52', '2024-08-21 01:12:23'),
(48, 16, 'hi', 'नियम और शर्तें', '2024-08-19 06:01:52', '2024-08-21 01:13:32'),
(49, 17, 'hi', 'कस्टम पेज 1', '2024-08-19 06:01:52', '2024-08-21 01:13:09'),
(50, 18, 'hi', 'कस्टम पेज 2', '2024-08-19 06:01:52', '2024-08-21 01:14:02'),
(51, 19, 'hi', 'ब्लॉग', '2024-08-19 06:01:52', '2024-08-21 01:14:22'),
(52, 20, 'hi', 'हमसे संपर्क करें', '2024-08-19 06:01:52', '2024-08-21 01:15:15'),
(53, 21, 'hi', 'लघु कड़ियाँ', '2024-08-19 06:01:52', '2024-08-21 01:26:13'),
(54, 22, 'hi', 'हमारे बारे में', '2024-08-19 06:01:52', '2024-08-19 06:01:52'),
(55, 23, 'hi', 'सभी गुण', '2024-08-19 06:01:52', '2024-08-19 06:01:52'),
(56, 24, 'hi', 'ब्लॉग', '2024-08-19 06:01:52', '2024-08-19 06:01:52'),
(57, 25, 'hi', 'मूल्य निर्धारण', '2024-08-19 06:01:52', '2024-08-19 06:01:52'),
(58, 26, 'hi', 'सहायता लिंक', '2024-08-19 06:01:52', '2024-08-19 06:01:52'),
(59, 27, 'hi', 'नियम एवं शर्तें', '2024-08-19 06:01:52', '2024-08-19 06:01:52'),
(60, 28, 'hi', 'गोपनीयता नीति', '2024-08-19 06:01:52', '2024-08-19 06:01:52'),
(61, 29, 'hi', 'अक्सर पूछे जाने वाले प्रश्न', '2024-08-19 06:01:52', '2024-08-19 06:01:52'),
(62, 30, 'hi', 'हमसे संपर्क करें', '2024-08-19 06:01:52', '2024-08-19 06:01:52'),
(65, 1, 'ar', 'بيت', '2024-08-19 06:02:15', '2024-08-21 01:04:44'),
(69, 5, 'ar', 'معلومات عنا', '2024-08-19 06:02:15', '2024-08-21 01:05:58'),
(70, 6, 'ar', 'ملكيات', '2024-08-19 06:02:15', '2024-08-21 01:06:18'),
(71, 7, 'ar', 'جميع العقارات', '2024-08-19 06:02:15', '2024-08-21 01:07:11'),
(72, 8, 'ar', 'خصائص مميزة', '2024-08-19 06:02:15', '2024-08-19 06:02:15'),
(73, 9, 'ar', 'أعلى الخصائص', '2024-08-19 06:02:15', '2024-08-19 06:02:15'),
(74, 10, 'ar', 'خصائص عاجلة', '2024-08-19 06:02:15', '2024-08-19 06:02:15'),
(75, 11, 'ar', 'الوكلاء', '2024-08-19 06:02:15', '2024-08-19 06:02:15'),
(76, 12, 'ar', 'التسعير', '2024-08-19 06:02:15', '2024-08-19 06:02:15'),
(77, 13, 'ar', 'الصفحات', '2024-08-19 06:02:15', '2024-08-19 06:02:15'),
(78, 14, 'ar', 'التعليمات', '2024-08-19 06:02:15', '2024-08-19 06:02:15'),
(79, 15, 'ar', 'سياسة الخصوصية', '2024-08-19 06:02:15', '2024-08-19 06:02:15'),
(80, 16, 'ar', 'الشروط والأحكام', '2024-08-19 06:02:15', '2024-08-19 06:02:15'),
(81, 17, 'ar', 'الصفحة المخصصة 1', '2024-08-19 06:02:15', '2024-08-19 06:02:15'),
(82, 18, 'ar', 'صفحة مخصصة 2', '2024-08-19 06:02:15', '2024-08-19 06:02:15'),
(83, 19, 'ar', 'مدونة', '2024-08-19 06:02:15', '2024-08-19 06:02:15'),
(84, 20, 'ar', 'اتصل بنا', '2024-08-19 06:02:15', '2024-08-19 06:02:15'),
(85, 21, 'ar', 'روابط قصيرة', '2024-08-19 06:02:15', '2024-08-19 06:02:15'),
(86, 22, 'ar', 'معلومات عنا', '2024-08-19 06:02:15', '2024-08-19 06:02:15'),
(87, 23, 'ar', 'جميع العقارات', '2024-08-19 06:02:15', '2024-08-19 06:02:15'),
(88, 24, 'ar', 'مدونات', '2024-08-19 06:02:15', '2024-08-19 06:02:15'),
(89, 25, 'ar', 'التسعير', '2024-08-19 06:02:15', '2024-08-19 06:02:15'),
(90, 26, 'ar', 'رابط المساعدة', '2024-08-19 06:02:16', '2024-08-19 06:02:16'),
(91, 27, 'ar', 'الشروط والأحكام', '2024-08-19 06:02:16', '2024-08-19 06:02:16'),
(92, 28, 'ar', 'سياسة الخصوصية', '2024-08-19 06:02:16', '2024-08-19 06:02:16'),
(93, 29, 'ar', 'التعليمات', '2024-08-19 06:02:16', '2024-08-19 06:02:16'),
(94, 30, 'ar', 'اتصل بنا', '2024-08-19 06:02:16', '2024-08-19 06:02:16'),
(97, 33, 'en', 'Career', '2024-09-01 06:05:44', '2024-09-01 06:05:44'),
(98, 33, 'hi', 'Career', '2024-09-01 06:05:44', '2024-09-01 06:05:44'),
(99, 33, 'ar', 'Career', '2024-09-01 06:05:44', '2024-09-01 06:05:44');

-- --------------------------------------------------------

--
-- Table structure for table `menu_translations`
--

CREATE TABLE `menu_translations` (
  `id` bigint(20) UNSIGNED NOT NULL,
  `menu_id` bigint(20) UNSIGNED NOT NULL,
  `lang_code` varchar(255) COLLATE utf8mb4_unicode_ci NOT NULL,
  `name` varchar(255) COLLATE utf8mb4_unicode_ci NOT NULL,
  `created_at` timestamp NULL DEFAULT NULL,
  `updated_at` timestamp NULL DEFAULT NULL
) ENGINE=InnoDB DEFAULT CHARSET=utf8mb4 COLLATE=utf8mb4_unicode_ci;

--
-- Dumping data for table `menu_translations`
--

INSERT INTO `menu_translations` (`id`, `menu_id`, `lang_code`, `name`, `created_at`, `updated_at`) VALUES
(1, 1, 'en', 'Main Menu', '2024-08-19 05:54:35', '2024-08-19 05:54:35'),
(2, 2, 'en', 'Footer Menu', '2024-08-19 05:54:35', '2024-08-19 05:54:35'),
(4, 1, 'hi', 'Main Menu', '2024-08-19 06:01:52', '2024-08-19 06:01:52'),
(5, 2, 'hi', 'Footer Menu', '2024-08-19 06:01:52', '2024-08-19 06:01:52'),
(8, 2, 'ar', 'Footer Menu', '2024-08-19 06:02:15', '2024-08-19 06:02:15');

-- --------------------------------------------------------

--
-- Table structure for table `messages`
--

CREATE TABLE `messages` (
  `id` bigint(20) UNSIGNED NOT NULL,
  `sender_id` int(11) NOT NULL,
  `receiver_id` int(11) NOT NULL,
  `message` text COLLATE utf8mb4_unicode_ci NOT NULL,
  `seen` varchar(255) COLLATE utf8mb4_unicode_ci NOT NULL DEFAULT 'no',
  `created_at` timestamp NULL DEFAULT NULL,
  `updated_at` timestamp NULL DEFAULT NULL
) ENGINE=InnoDB DEFAULT CHARSET=utf8mb4 COLLATE=utf8mb4_unicode_ci;

-- --------------------------------------------------------

--
-- Table structure for table `migrations`
--

CREATE TABLE `migrations` (
  `id` int(10) UNSIGNED NOT NULL,
  `migration` varchar(255) COLLATE utf8mb4_unicode_ci NOT NULL,
  `batch` int(11) NOT NULL
) ENGINE=InnoDB DEFAULT CHARSET=utf8mb4 COLLATE=utf8mb4_unicode_ci;

--
-- Dumping data for table `migrations`
--

INSERT INTO `migrations` (`id`, `migration`, `batch`) VALUES
(1, '2014_10_12_000000_create_users_table', 1),
(2, '2014_10_12_100000_create_password_reset_tokens_table', 1),
(3, '2019_08_19_000000_create_failed_jobs_table', 1),
(4, '2019_12_14_000001_create_personal_access_tokens_table', 1),
(5, '2023_11_05_045432_create_admins_table', 1),
(6, '2023_11_05_114814_create_languages_table', 1),
(7, '2023_11_06_043247_create_settings_table', 1),
(8, '2023_11_06_054251_create_seo_settings_table', 1),
(9, '2023_11_06_094842_create_custom_paginations_table', 1),
(10, '2023_11_06_115856_create_email_templates_table', 1),
(11, '2023_11_07_051924_create_multi_currencies_table', 1),
(12, '2023_11_07_103108_create_basic_payments_table', 1),
(13, '2023_11_07_104315_create_blog_categories_table', 1),
(14, '2023_11_07_104328_create_blog_category_translations_table', 1),
(15, '2023_11_07_104336_create_blogs_table', 1),
(16, '2023_11_07_104343_create_blog_translations_table', 1),
(17, '2023_11_07_104546_create_blog_comments_table', 1),
(18, '2023_11_09_035236_create_payment_gateways_table', 1),
(19, '2023_11_09_100621_create_jobs_table', 1),
(20, '2023_11_12_052417_create_subscription_plans_table', 1),
(21, '2023_11_12_064847_create_subscription_histories_table', 1),
(22, '2023_11_16_035458_add_user_info_to_users', 1),
(23, '2023_11_16_061508_add_forget_info_to_users', 1),
(24, '2023_11_16_063639_add_phone_to_users', 1),
(25, '2023_11_18_091357_create_page_item_components_table', 1),
(26, '2023_11_19_055229_add_image_to_users', 1),
(27, '2023_11_19_064341_create_banned_histories_table', 1),
(28, '2023_11_19_091457_create_customizeable_pages_table', 1),
(29, '2023_11_19_091504_create_customizeable_page_items_table', 1),
(30, '2023_11_21_043030_create_news_letters_table', 1),
(31, '2023_11_21_094702_create_contact_messages_table', 1),
(32, '2023_11_22_090504_create_messages_table', 1),
(33, '2023_11_22_105539_create_permission_tables', 1),
(34, '2023_11_29_104658_create_testimonials_table', 1),
(35, '2023_11_29_104704_create_testimonial_translations_table', 1),
(36, '2023_11_30_044838_create_faqs_table', 1),
(37, '2023_11_30_044844_create_faq_translations_table', 1),
(38, '2023_11_30_095404_add_wallet_balance_to_users', 1),
(39, '2023_12_05_090256_create_our_teams_table', 1),
(40, '2023_12_10_061124_create_counters_table', 1),
(41, '2023_12_10_061138_create_counter_translations_table', 1),
(42, '2024_01_01_054644_create_socialite_credentials_table', 1),
(43, '2024_01_03_092007_create_custom_codes_table', 1),
(44, '2024_01_15_110328_create_privacy_policies_table', 1),
(45, '2024_01_15_110446_create_privacy_policy_translations_table', 1),
(46, '2024_01_15_121535_create_terms_and_conditions_table', 1),
(47, '2024_01_15_121639_create_terms_and_condition_translations_table', 1),
(48, '2024_02_04_103504_create_custom_pages_table', 1),
(49, '2024_02_04_103615_create_custom_page_translations_table', 1),
(50, '2024_02_10_060044_create_configurations_table', 1),
(51, '2024_02_28_064128_add_forgot_info_to_admins', 1),
(52, '2024_03_28_095206_create_custom_addons_table', 1),
(53, '2024_03_28_095207_create_menus_wp_table', 1),
(54, '2024_03_28_095208_create_menu_translations_table', 1),
(55, '2024_03_28_095209_create_menu_items_wp_table', 1),
(56, '2024_03_28_095210_create_menu_item_translations_table', 1),
(57, '2024_05_26_065953_create_social_links_table', 1),
(60, '2024_07_24_104814_create_services_table', 1),
(61, '2024_07_24_104915_create_service_translations_table', 1),
(70, '2024_07_26_034029_create_aminities_table', 1),
(71, '2024_07_26_034114_create_aminity_translations_table', 1),
(72, '2024_07_26_045840_create_nearest_locations_table', 1),
(73, '2024_07_26_045922_create_nearest_location_translations_table', 1),
(74, '2024_07_26_060526_create_property_types_table', 1),
(75, '2024_07_26_060645_create_property_type_translations_table', 1),
(76, '2024_07_26_081134_create_property_purposes_table', 1),
(77, '2024_07_26_081203_create_property_purpose_translations_table', 1),
(78, '2024_07_26_102853_create_countries_table', 1),
(79, '2024_07_26_112038_create_country_states_table', 1),
(80, '2024_07_26_120049_create_cities_table', 1),
(81, '2024_07_27_051058_create_properties_table', 1),
(82, '2024_07_27_051118_create_property_translations_table', 1),
(83, '2024_07_27_104545_create_property_aminities_table', 1),
(84, '2024_07_27_113808_create_property_images_table', 1),
(85, '2024_07_27_121140_create_property_nearest_locations_table', 1),
(86, '2024_07_29_040526_create_section_controls_table', 1),
(87, '2024_07_29_065631_create_contact_us_pages_table', 1),
(88, '2024_07_29_065659_create_contact_us_page_translations_table', 1),
(89, '2024_07_29_075730_create_contact_information_table', 1),
(90, '2024_07_29_075751_create_contact_information_translations_table', 1),
(91, '2024_07_29_113528_create_background_images_table', 1),
(92, '2024_08_03_123359_create_wish_lists_table', 1),
(93, '2024_08_04_033508_create_property_reviews_table', 1),
(94, '2024_08_25_112321_create_sliders_table', 2),
(95, '2024_08_25_112421_create_slider_translations_table', 2),
(96, '2024_07_25_041652_create_about_us_table', 3),
(97, '2024_07_25_041743_create_about_us_translations_table', 4),
(98, '2024_08_29_093756_create_careers_table', 5),
(99, '2024_08_29_093943_create_career_translations_table', 5),
(101, '2024_08_29_094821_create_career_requests_table', 6);

-- --------------------------------------------------------

--
-- Table structure for table `model_has_permissions`
--

CREATE TABLE `model_has_permissions` (
  `permission_id` bigint(20) UNSIGNED NOT NULL,
  `model_type` varchar(255) COLLATE utf8mb4_unicode_ci NOT NULL,
  `model_id` bigint(20) UNSIGNED NOT NULL
) ENGINE=InnoDB DEFAULT CHARSET=utf8mb4 COLLATE=utf8mb4_unicode_ci;

-- --------------------------------------------------------

--
-- Table structure for table `model_has_roles`
--

CREATE TABLE `model_has_roles` (
  `role_id` bigint(20) UNSIGNED NOT NULL,
  `model_type` varchar(255) COLLATE utf8mb4_unicode_ci NOT NULL,
  `model_id` bigint(20) UNSIGNED NOT NULL
) ENGINE=InnoDB DEFAULT CHARSET=utf8mb4 COLLATE=utf8mb4_unicode_ci;

--
-- Dumping data for table `model_has_roles`
--

INSERT INTO `model_has_roles` (`role_id`, `model_type`, `model_id`) VALUES
(1, 'App\\Models\\Admin', 1),
(2, 'App\\Models\\Admin', 3);

-- --------------------------------------------------------

--
-- Table structure for table `multi_currencies`
--

CREATE TABLE `multi_currencies` (
  `id` bigint(20) UNSIGNED NOT NULL,
  `currency_name` varchar(255) COLLATE utf8mb4_unicode_ci NOT NULL,
  `country_code` varchar(255) COLLATE utf8mb4_unicode_ci NOT NULL,
  `currency_code` varchar(255) COLLATE utf8mb4_unicode_ci NOT NULL,
  `currency_icon` varchar(255) COLLATE utf8mb4_unicode_ci NOT NULL,
  `is_default` varchar(255) COLLATE utf8mb4_unicode_ci NOT NULL,
  `currency_rate` decimal(8,2) NOT NULL,
  `currency_position` varchar(255) COLLATE utf8mb4_unicode_ci NOT NULL DEFAULT 'before_price',
  `status` varchar(255) COLLATE utf8mb4_unicode_ci NOT NULL,
  `created_at` timestamp NULL DEFAULT NULL,
  `updated_at` timestamp NULL DEFAULT NULL
) ENGINE=InnoDB DEFAULT CHARSET=utf8mb4 COLLATE=utf8mb4_unicode_ci;

--
-- Dumping data for table `multi_currencies`
--

INSERT INTO `multi_currencies` (`id`, `currency_name`, `country_code`, `currency_code`, `currency_icon`, `is_default`, `currency_rate`, `currency_position`, `status`, `created_at`, `updated_at`) VALUES
(1, '$-USD', 'US', 'USD', '$', 'yes', '1.00', 'before_price', 'active', '2024-08-19 05:54:30', '2024-12-08 01:14:19'),
(2, '₦-Naira', 'NG', 'NGN', '₦', 'no', '417.35', 'before_price', 'active', '2024-08-19 05:54:30', '2024-12-25 22:07:18'),
(3, '₹-Rupee', 'IN', 'INR', '₹', 'no', '74.66', 'before_price', 'active', '2024-08-19 05:54:30', '2024-08-19 05:54:30'),
(4, '₱-Peso', 'PH', 'PHP', '₱', 'no', '55.07', 'before_price', 'active', '2024-08-19 05:54:30', '2024-08-19 05:54:30'),
(5, '$-CAD', 'CA', 'CAD', '$', 'no', '1.27', 'before_price', 'active', '2024-08-19 05:54:30', '2024-08-19 05:54:30'),
(6, '৳-Taka', 'BD', 'BDT', '৳', 'no', '80.00', 'before_price', 'active', '2024-08-19 05:54:30', '2024-12-08 01:14:19');

-- --------------------------------------------------------

--
-- Table structure for table `nearest_locations`
--

CREATE TABLE `nearest_locations` (
  `id` bigint(20) UNSIGNED NOT NULL,
  `slug` varchar(255) COLLATE utf8mb4_unicode_ci DEFAULT NULL,
  `status` tinyint(1) NOT NULL DEFAULT 1,
  `created_at` timestamp NULL DEFAULT NULL,
  `updated_at` timestamp NULL DEFAULT NULL
) ENGINE=InnoDB DEFAULT CHARSET=utf8mb4 COLLATE=utf8mb4_unicode_ci;

--
-- Dumping data for table `nearest_locations`
--

INSERT INTO `nearest_locations` (`id`, `slug`, `status`, `created_at`, `updated_at`) VALUES
(1, 'pharmacy', 1, '2024-08-19 21:33:25', '2024-08-19 21:33:25'),
(2, 'super-market', 1, '2024-08-19 21:33:32', '2024-08-19 21:33:32'),
(3, 'hospital', 1, '2024-08-19 21:33:39', '2024-08-19 21:33:39'),
(4, 'school', 1, '2024-08-19 21:33:50', '2024-08-19 21:33:50'),
(5, 'bank', 1, '2024-08-19 21:33:58', '2024-08-19 21:33:58'),
(6, 'metro', 1, '2024-08-19 21:34:07', '2024-08-19 21:34:07'),
(7, 'beach', 1, '2024-08-19 21:34:15', '2024-08-19 21:34:15'),
(8, 'airport', 1, '2024-08-19 21:34:26', '2024-08-19 21:34:26'),
(9, 'bus-station', 1, '2024-08-19 21:34:37', '2024-08-19 21:34:37'),
(10, 'rail-station', 1, '2024-08-19 21:34:46', '2024-12-22 23:54:55');

-- --------------------------------------------------------

--
-- Table structure for table `nearest_location_translations`
--

CREATE TABLE `nearest_location_translations` (
  `id` bigint(20) UNSIGNED NOT NULL,
  `location_id` int(11) NOT NULL,
  `lang_code` varchar(255) COLLATE utf8mb4_unicode_ci NOT NULL,
  `title` varchar(255) COLLATE utf8mb4_unicode_ci DEFAULT NULL,
  `created_at` timestamp NULL DEFAULT NULL,
  `updated_at` timestamp NULL DEFAULT NULL
) ENGINE=InnoDB DEFAULT CHARSET=utf8mb4 COLLATE=utf8mb4_unicode_ci;

--
-- Dumping data for table `nearest_location_translations`
--

INSERT INTO `nearest_location_translations` (`id`, `location_id`, `lang_code`, `title`, `created_at`, `updated_at`) VALUES
(1, 1, 'en', 'Pharmacy', '2024-08-19 21:33:25', '2024-08-19 21:33:25'),
(2, 1, 'hi', 'फार्मेसी', '2024-08-19 21:33:25', '2024-08-19 21:36:41'),
(3, 1, 'ar', 'صيدلية', '2024-08-19 21:33:25', '2024-08-19 21:39:05'),
(4, 2, 'en', 'Super Market', '2024-08-19 21:33:32', '2024-08-19 21:33:32'),
(5, 2, 'hi', 'सुपरमार्केट', '2024-08-19 21:33:32', '2024-08-19 21:36:44'),
(6, 2, 'ar', 'سوبر ماركت', '2024-08-19 21:33:32', '2024-08-19 21:39:08'),
(7, 3, 'en', 'Hospital', '2024-08-19 21:33:39', '2024-08-19 21:33:39'),
(8, 3, 'hi', 'अस्पताल', '2024-08-19 21:33:39', '2024-08-19 21:36:50'),
(9, 3, 'ar', 'مستشفى', '2024-08-19 21:33:39', '2024-08-19 21:39:14'),
(10, 4, 'en', 'School', '2024-08-19 21:33:50', '2024-08-19 21:33:50'),
(11, 4, 'hi', 'विद्यालय', '2024-08-19 21:33:50', '2024-08-19 21:36:57'),
(12, 4, 'ar', 'مدرسة', '2024-08-19 21:33:50', '2024-08-19 21:39:21'),
(13, 5, 'en', 'Bank', '2024-08-19 21:33:58', '2024-08-19 21:33:58'),
(14, 5, 'hi', 'किनारा', '2024-08-19 21:33:58', '2024-08-19 21:37:00'),
(15, 5, 'ar', 'بنك', '2024-08-19 21:33:58', '2024-08-19 21:39:27'),
(16, 6, 'en', 'Metro', '2024-08-19 21:34:07', '2024-08-19 21:34:07'),
(17, 6, 'hi', 'मेट्रो', '2024-08-19 21:34:07', '2024-08-19 21:37:03'),
(18, 6, 'ar', 'مترو', '2024-08-19 21:34:07', '2024-08-19 21:39:30'),
(19, 7, 'en', 'Beach', '2024-08-19 21:34:15', '2024-08-19 21:34:15'),
(20, 7, 'hi', 'समुद्र तट', '2024-08-19 21:34:15', '2024-08-19 21:37:08'),
(21, 7, 'ar', 'شاطئ', '2024-08-19 21:34:15', '2024-08-19 21:39:32'),
(22, 8, 'en', 'Airport', '2024-08-19 21:34:26', '2024-08-19 21:34:26'),
(23, 8, 'hi', 'एयरपोर्ट', '2024-08-19 21:34:26', '2024-08-19 21:37:11'),
(24, 8, 'ar', 'مطار', '2024-08-19 21:34:26', '2024-08-19 21:39:38'),
(25, 9, 'en', 'Bus Station', '2024-08-19 21:34:37', '2024-08-19 21:34:37'),
(26, 9, 'hi', 'बस स्टेशन', '2024-08-19 21:34:37', '2024-08-19 21:37:13'),
(27, 9, 'ar', 'محطة الحافلات', '2024-08-19 21:34:37', '2024-08-19 21:39:40'),
(28, 10, 'en', 'Rail Station', '2024-08-19 21:34:46', '2024-08-19 21:34:46'),
(29, 10, 'hi', 'रेलवे स्टेशन', '2024-08-19 21:34:46', '2024-08-19 21:37:20'),
(30, 10, 'ar', 'محطة السكك الحديدية', '2024-08-19 21:34:46', '2024-08-19 21:39:43');

-- --------------------------------------------------------

--
-- Table structure for table `our_teams`
--

CREATE TABLE `our_teams` (
  `id` bigint(20) UNSIGNED NOT NULL,
  `name` varchar(255) COLLATE utf8mb4_unicode_ci NOT NULL,
  `designation` varchar(255) COLLATE utf8mb4_unicode_ci NOT NULL,
  `image` varchar(255) COLLATE utf8mb4_unicode_ci DEFAULT NULL,
  `facebook` text COLLATE utf8mb4_unicode_ci DEFAULT NULL,
  `twitter` text COLLATE utf8mb4_unicode_ci DEFAULT NULL,
  `linkedin` text COLLATE utf8mb4_unicode_ci DEFAULT NULL,
  `instagram` text COLLATE utf8mb4_unicode_ci DEFAULT NULL,
  `status` enum('active','inactive') COLLATE utf8mb4_unicode_ci NOT NULL DEFAULT 'active',
  `created_at` timestamp NULL DEFAULT NULL,
  `updated_at` timestamp NULL DEFAULT NULL
) ENGINE=InnoDB DEFAULT CHARSET=utf8mb4 COLLATE=utf8mb4_unicode_ci;

--
-- Dumping data for table `our_teams`
--

INSERT INTO `our_teams` (`id`, `name`, `designation`, `image`, `facebook`, `twitter`, `linkedin`, `instagram`, `status`, `created_at`, `updated_at`) VALUES
(1, 'Stiven Smith', 'Lawyer', 'uploads/custom-images/wsus-img-2024-08-20-09-54-58-2634.webp', 'https://www.facebook.com/', 'https://twitter.com', 'https://www.linkedin.com/', 'https://instagram.com', 'active', '2024-08-20 03:54:58', '2024-08-20 03:54:58'),
(2, 'David Richard', 'Teacher', 'uploads/custom-images/wsus-img-2024-08-20-09-56-18-4880.webp', 'https://www.facebook.com/', 'https://twitter.com', 'https://www.linkedin.com/', 'https://instagram.com', 'active', '2024-08-20 03:56:18', '2024-08-20 03:56:18'),
(3, 'Thomas Charles', 'Founder', 'uploads/custom-images/wsus-img-2024-08-20-09-56-58-8595.webp', 'https://www.facebook.com/', 'https://twitter.com', 'https://www.linkedin.com/', 'https://instagram.com', 'active', '2024-08-20 03:56:58', '2024-08-20 03:56:58'),
(4, 'Kenneth Kevin', 'CEO', 'uploads/custom-images/wsus-img-2024-08-20-09-57-27-7419.webp', 'https://www.facebook.com/', 'https://twitter.com', 'https://www.linkedin.com/', 'https://instagram.com', 'active', '2024-08-20 03:57:27', '2024-08-20 03:57:27'),
(5, 'Matthew Anthony', 'Founder & CO', 'uploads/custom-images/wsus-img-2024-08-20-09-58-16-7364.webp', 'https://www.facebook.com/', 'https://twitter.com', 'https://www.linkedin.com/', 'https://instagram.com', 'active', '2024-08-20 03:58:16', '2024-08-20 03:58:16'),
(6, 'Lewandaski', 'Founder', 'uploads/custom-images/wsus-img-2024-08-20-09-58-50-6523.webp', 'https://www.facebook.com/', 'https://twitter.com', 'https://www.linkedin.com/', 'https://instagram.com', 'active', '2024-08-20 03:58:50', '2024-08-20 03:58:50');

-- --------------------------------------------------------

--
-- Table structure for table `page_item_components`
--

CREATE TABLE `page_item_components` (
  `id` bigint(20) UNSIGNED NOT NULL,
  `name` varchar(255) COLLATE utf8mb4_unicode_ci NOT NULL,
  `file` varchar(255) COLLATE utf8mb4_unicode_ci NOT NULL,
  `created_at` timestamp NULL DEFAULT NULL,
  `updated_at` timestamp NULL DEFAULT NULL
) ENGINE=InnoDB DEFAULT CHARSET=utf8mb4 COLLATE=utf8mb4_unicode_ci;

--
-- Dumping data for table `page_item_components`
--

INSERT INTO `page_item_components` (`id`, `name`, `file`, `created_at`, `updated_at`) VALUES
(1, 'Home Page Item', 'component-1', '2024-08-19 05:54:35', '2024-08-19 05:54:35'),
(2, 'Home Page Item 2', 'component-2', '2024-08-19 05:54:35', '2024-08-19 05:54:35'),
(3, 'Home Page Item 3', 'component-3', '2024-08-19 05:54:35', '2024-08-19 05:54:35');

-- --------------------------------------------------------

--
-- Table structure for table `permissions`
--

CREATE TABLE `permissions` (
  `id` bigint(20) UNSIGNED NOT NULL,
  `name` varchar(255) COLLATE utf8mb4_unicode_ci NOT NULL,
  `guard_name` varchar(255) COLLATE utf8mb4_unicode_ci NOT NULL,
  `group_name` varchar(255) COLLATE utf8mb4_unicode_ci DEFAULT NULL,
  `created_at` timestamp NULL DEFAULT NULL,
  `updated_at` timestamp NULL DEFAULT NULL
) ENGINE=InnoDB DEFAULT CHARSET=utf8mb4 COLLATE=utf8mb4_unicode_ci;

--
-- Dumping data for table `permissions`
--

INSERT INTO `permissions` (`id`, `name`, `guard_name`, `group_name`, `created_at`, `updated_at`) VALUES
(1, 'dashboard.view', 'admin', 'dashboard', '2024-08-19 05:54:31', '2024-08-19 05:54:31'),
(2, 'admin.profile.view', 'admin', 'admin profile', '2024-08-19 05:54:31', '2024-08-19 05:54:31'),
(3, 'admin.profile.edit', 'admin', 'admin profile', '2024-08-19 05:54:31', '2024-08-19 05:54:31'),
(4, 'admin.profile.update', 'admin', 'admin profile', '2024-08-19 05:54:31', '2024-08-19 05:54:31'),
(6, 'admin.view', 'admin', 'admin', '2024-08-19 05:54:31', '2024-08-19 05:54:31'),
(7, 'admin.create', 'admin', 'admin', '2024-08-19 05:54:31', '2024-08-19 05:54:31'),
(8, 'admin.store', 'admin', 'admin', '2024-08-19 05:54:31', '2024-08-19 05:54:31'),
(9, 'admin.edit', 'admin', 'admin', '2024-08-19 05:54:31', '2024-08-19 05:54:31'),
(10, 'admin.update', 'admin', 'admin', '2024-08-19 05:54:31', '2024-08-19 05:54:31'),
(11, 'admin.delete', 'admin', 'admin', '2024-08-19 05:54:31', '2024-08-19 05:54:31'),
(12, 'blog.category.view', 'admin', 'blog category', '2024-08-19 05:54:31', '2024-08-19 05:54:31'),
(13, 'blog.category.create', 'admin', 'blog category', '2024-08-19 05:54:31', '2024-08-19 05:54:31'),
(14, 'blog.category.translate', 'admin', 'blog category', '2024-08-19 05:54:31', '2024-08-19 05:54:31'),
(15, 'blog.category.store', 'admin', 'blog category', '2024-08-19 05:54:31', '2024-08-19 05:54:31'),
(16, 'blog.category.edit', 'admin', 'blog category', '2024-08-19 05:54:31', '2024-08-19 05:54:31'),
(17, 'blog.category.update', 'admin', 'blog category', '2024-08-19 05:54:31', '2024-08-19 05:54:31'),
(18, 'blog.category.delete', 'admin', 'blog category', '2024-08-19 05:54:32', '2024-08-19 05:54:32'),
(19, 'blog.view', 'admin', 'blog', '2024-08-19 05:54:32', '2024-08-19 05:54:32'),
(20, 'blog.create', 'admin', 'blog', '2024-08-19 05:54:32', '2024-08-19 05:54:32'),
(21, 'blog.translate', 'admin', 'blog', '2024-08-19 05:54:32', '2024-08-19 05:54:32'),
(22, 'blog.store', 'admin', 'blog', '2024-08-19 05:54:32', '2024-08-19 05:54:32'),
(23, 'blog.edit', 'admin', 'blog', '2024-08-19 05:54:32', '2024-08-19 05:54:32'),
(24, 'blog.update', 'admin', 'blog', '2024-08-19 05:54:32', '2024-08-19 05:54:32'),
(25, 'blog.delete', 'admin', 'blog', '2024-08-19 05:54:32', '2024-08-19 05:54:32'),
(26, 'blog.comment.view', 'admin', 'blog comment', '2024-08-19 05:54:32', '2024-08-19 05:54:32'),
(27, 'blog.comment.update', 'admin', 'blog comment', '2024-08-19 05:54:32', '2024-08-19 05:54:32'),
(28, 'blog.comment.delete', 'admin', 'blog comment', '2024-08-19 05:54:32', '2024-08-19 05:54:32'),
(29, 'role.view', 'admin', 'role', '2024-08-19 05:54:32', '2024-08-19 05:54:32'),
(30, 'role.create', 'admin', 'role', '2024-08-19 05:54:32', '2024-08-19 05:54:32'),
(31, 'role.store', 'admin', 'role', '2024-08-19 05:54:32', '2024-08-19 05:54:32'),
(32, 'role.assign', 'admin', 'role', '2024-08-19 05:54:32', '2024-08-19 05:54:32'),
(33, 'role.edit', 'admin', 'role', '2024-08-19 05:54:32', '2024-08-19 05:54:32'),
(34, 'role.update', 'admin', 'role', '2024-08-19 05:54:32', '2024-08-19 05:54:32'),
(35, 'role.delete', 'admin', 'role', '2024-08-19 05:54:32', '2024-08-19 05:54:32'),
(36, 'setting.view', 'admin', 'setting', '2024-08-19 05:54:32', '2024-08-19 05:54:32'),
(37, 'setting.update', 'admin', 'setting', '2024-08-19 05:54:32', '2024-08-19 05:54:32'),
(38, 'basic.payment.view', 'admin', 'basic payment', '2024-08-19 05:54:32', '2024-08-19 05:54:32'),
(39, 'basic.payment.update', 'admin', 'basic payment', '2024-08-19 05:54:32', '2024-08-19 05:54:32'),
(40, 'contect.message.view', 'admin', 'contect message', '2024-08-19 05:54:32', '2024-08-19 05:54:32'),
(41, 'contect.message.delete', 'admin', 'contect message', '2024-08-19 05:54:32', '2024-08-19 05:54:32'),
(42, 'currency.view', 'admin', 'currency', '2024-08-19 05:54:32', '2024-08-19 05:54:32'),
(43, 'currency.create', 'admin', 'currency', '2024-08-19 05:54:32', '2024-08-19 05:54:32'),
(44, 'currency.store', 'admin', 'currency', '2024-08-19 05:54:32', '2024-08-19 05:54:32'),
(45, 'currency.edit', 'admin', 'currency', '2024-08-19 05:54:32', '2024-08-19 05:54:32'),
(46, 'currency.update', 'admin', 'currency', '2024-08-19 05:54:32', '2024-08-19 05:54:32'),
(47, 'currency.delete', 'admin', 'currency', '2024-08-19 05:54:32', '2024-08-19 05:54:32'),
(48, 'customer.view', 'admin', 'customer', '2024-08-19 05:54:32', '2024-08-19 05:54:32'),
(49, 'customer.bulk.mail', 'admin', 'customer', '2024-08-19 05:54:32', '2024-08-19 05:54:32'),
(52, 'customer.edit', 'admin', 'customer', '2024-08-19 05:54:32', '2024-08-19 05:54:32'),
(53, 'customer.update', 'admin', 'customer', '2024-08-19 05:54:32', '2024-08-19 05:54:32'),
(54, 'customer.delete', 'admin', 'customer', '2024-08-19 05:54:32', '2024-08-19 05:54:32'),
(55, 'language.view', 'admin', 'language', '2024-08-19 05:54:32', '2024-08-19 05:54:32'),
(56, 'language.create', 'admin', 'language', '2024-08-19 05:54:32', '2024-08-19 05:54:32'),
(57, 'language.store', 'admin', 'language', '2024-08-19 05:54:32', '2024-08-19 05:54:32'),
(58, 'language.edit', 'admin', 'language', '2024-08-19 05:54:32', '2024-08-19 05:54:32'),
(59, 'language.update', 'admin', 'language', '2024-08-19 05:54:32', '2024-08-19 05:54:32'),
(60, 'language.delete', 'admin', 'language', '2024-08-19 05:54:32', '2024-08-19 05:54:32'),
(61, 'language.translate', 'admin', 'language', '2024-08-19 05:54:32', '2024-08-19 05:54:32'),
(62, 'language.single.translate', 'admin', 'language', '2024-08-19 05:54:32', '2024-08-19 05:54:32'),
(63, 'menu.view', 'admin', 'menu builder', '2024-08-19 05:54:32', '2024-08-19 05:54:32'),
(64, 'menu.create', 'admin', 'menu builder', '2024-08-19 05:54:32', '2024-08-19 05:54:32'),
(65, 'menu.update', 'admin', 'menu builder', '2024-08-19 05:54:32', '2024-08-19 05:54:32'),
(66, 'menu.delete', 'admin', 'menu builder', '2024-08-19 05:54:32', '2024-08-19 05:54:32'),
(67, 'subscription.view', 'admin', 'subscription', '2024-08-19 05:54:32', '2024-08-19 05:54:32'),
(68, 'subscription.create', 'admin', 'subscription', '2024-08-19 05:54:33', '2024-08-19 05:54:33'),
(69, 'subscription.store', 'admin', 'subscription', '2024-08-19 05:54:33', '2024-08-19 05:54:33'),
(70, 'subscription.edit', 'admin', 'subscription', '2024-08-19 05:54:33', '2024-08-19 05:54:33'),
(71, 'subscription.update', 'admin', 'subscription', '2024-08-19 05:54:33', '2024-08-19 05:54:33'),
(72, 'subscription.delete', 'admin', 'subscription', '2024-08-19 05:54:33', '2024-08-19 05:54:33'),
(75, 'social.link.management', 'admin', 'social link management', '2024-08-19 05:54:33', '2024-08-19 05:54:33'),
(76, 'newsletter.view', 'admin', 'newsletter', '2024-08-19 05:54:33', '2024-08-19 05:54:33'),
(77, 'newsletter.mail', 'admin', 'newsletter', '2024-08-19 05:54:33', '2024-08-19 05:54:33'),
(78, 'newsletter.delete', 'admin', 'newsletter', '2024-08-19 05:54:33', '2024-08-19 05:54:33'),
(79, 'testimonial.view', 'admin', 'testimonial', '2024-08-19 05:54:33', '2024-08-19 05:54:33'),
(80, 'testimonial.create', 'admin', 'testimonial', '2024-08-19 05:54:33', '2024-08-19 05:54:33'),
(81, 'testimonial.translate', 'admin', 'testimonial', '2024-08-19 05:54:33', '2024-08-19 05:54:33'),
(82, 'testimonial.store', 'admin', 'testimonial', '2024-08-19 05:54:33', '2024-08-19 05:54:33'),
(83, 'testimonial.edit', 'admin', 'testimonial', '2024-08-19 05:54:33', '2024-08-19 05:54:33'),
(84, 'testimonial.update', 'admin', 'testimonial', '2024-08-19 05:54:33', '2024-08-19 05:54:33'),
(85, 'testimonial.delete', 'admin', 'testimonial', '2024-08-19 05:54:33', '2024-08-19 05:54:33'),
(86, 'faq.view', 'admin', 'faq', '2024-08-19 05:54:33', '2024-08-19 05:54:33'),
(87, 'faq.create', 'admin', 'faq', '2024-08-19 05:54:33', '2024-08-19 05:54:33'),
(88, 'faq.translate', 'admin', 'faq', '2024-08-19 05:54:33', '2024-08-19 05:54:33'),
(89, 'faq.store', 'admin', 'faq', '2024-08-19 05:54:33', '2024-08-19 05:54:33'),
(90, 'faq.edit', 'admin', 'faq', '2024-08-19 05:54:33', '2024-08-19 05:54:33'),
(91, 'faq.update', 'admin', 'faq', '2024-08-19 05:54:33', '2024-08-19 05:54:33'),
(92, 'faq.delete', 'admin', 'faq', '2024-08-19 05:54:33', '2024-08-19 05:54:33'),
(93, 'property.amenity.view', 'admin', 'property amenity', '2024-08-19 05:54:33', '2024-08-19 05:54:33'),
(94, 'property.amenity.create', 'admin', 'property amenity', '2024-08-19 05:54:33', '2024-08-19 05:54:33'),
(95, 'property.amenity.translate', 'admin', 'property amenity', '2024-08-19 05:54:33', '2024-08-19 05:54:33'),
(96, 'property.amenity.store', 'admin', 'property amenity', '2024-08-19 05:54:33', '2024-08-19 05:54:33'),
(97, 'property.amenity.edit', 'admin', 'property amenity', '2024-08-19 05:54:33', '2024-08-19 05:54:33'),
(98, 'property.amenity.update', 'admin', 'property amenity', '2024-08-19 05:54:33', '2024-08-19 05:54:33'),
(99, 'property.amenity.delete', 'admin', 'property amenity', '2024-08-19 05:54:33', '2024-08-19 05:54:33'),
(100, 'nearest.location.view', 'admin', 'nearest location', '2024-08-19 05:54:33', '2024-08-19 05:54:33'),
(101, 'nearest.location.create', 'admin', 'nearest location', '2024-08-19 05:54:33', '2024-08-19 05:54:33'),
(102, 'nearest.location.translate', 'admin', 'nearest location', '2024-08-19 05:54:33', '2024-08-19 05:54:33'),
(103, 'nearest.location.store', 'admin', 'nearest location', '2024-08-19 05:54:33', '2024-08-19 05:54:33'),
(104, 'nearest.location.edit', 'admin', 'nearest location', '2024-08-19 05:54:33', '2024-08-19 05:54:33'),
(105, 'nearest.location.update', 'admin', 'nearest location', '2024-08-19 05:54:33', '2024-08-19 05:54:33'),
(106, 'nearest.location.delete', 'admin', 'nearest location', '2024-08-19 05:54:33', '2024-08-19 05:54:33'),
(107, 'property.type.view', 'admin', 'property type', '2024-08-19 05:54:33', '2024-08-19 05:54:33'),
(108, 'property.type.create', 'admin', 'property type', '2024-08-19 05:54:33', '2024-08-19 05:54:33'),
(109, 'property.type.translate', 'admin', 'property type', '2024-08-19 05:54:33', '2024-08-19 05:54:33'),
(110, 'property.type.store', 'admin', 'property type', '2024-08-19 05:54:33', '2024-08-19 05:54:33'),
(111, 'property.type.edit', 'admin', 'property type', '2024-08-19 05:54:33', '2024-08-19 05:54:33'),
(112, 'property.type.update', 'admin', 'property type', '2024-08-19 05:54:34', '2024-08-19 05:54:34'),
(113, 'property.type.delete', 'admin', 'property type', '2024-08-19 05:54:34', '2024-08-19 05:54:34'),
(114, 'location.view', 'admin', 'location', '2024-08-19 05:54:34', '2024-08-19 05:54:34'),
(115, 'country.view', 'admin', 'location', '2024-08-19 05:54:34', '2024-08-19 05:54:34'),
(116, 'country.create', 'admin', 'location', '2024-08-19 05:54:34', '2024-08-19 05:54:34'),
(117, 'country.store', 'admin', 'location', '2024-08-19 05:54:34', '2024-08-19 05:54:34'),
(118, 'country.edit', 'admin', 'location', '2024-08-19 05:54:34', '2024-08-19 05:54:34'),
(119, 'country.update', 'admin', 'location', '2024-08-19 05:54:34', '2024-08-19 05:54:34'),
(120, 'country.delete', 'admin', 'location', '2024-08-19 05:54:34', '2024-08-19 05:54:34'),
(121, 'state.view', 'admin', 'location', '2024-08-19 05:54:34', '2024-08-19 05:54:34'),
(122, 'state.create', 'admin', 'location', '2024-08-19 05:54:34', '2024-08-19 05:54:34'),
(123, 'state.store', 'admin', 'location', '2024-08-19 05:54:34', '2024-08-19 05:54:34'),
(124, 'state.edit', 'admin', 'location', '2024-08-19 05:54:34', '2024-08-19 05:54:34'),
(125, 'state.update', 'admin', 'location', '2024-08-19 05:54:34', '2024-08-19 05:54:34'),
(126, 'state.delete', 'admin', 'location', '2024-08-19 05:54:34', '2024-08-19 05:54:34'),
(127, 'city.view', 'admin', 'location', '2024-08-19 05:54:34', '2024-08-19 05:54:34'),
(128, 'city.create', 'admin', 'location', '2024-08-19 05:54:34', '2024-08-19 05:54:34'),
(129, 'city.store', 'admin', 'location', '2024-08-19 05:54:34', '2024-08-19 05:54:34'),
(130, 'city.edit', 'admin', 'location', '2024-08-19 05:54:34', '2024-08-19 05:54:34'),
(131, 'city.update', 'admin', 'location', '2024-08-19 05:54:34', '2024-08-19 05:54:34'),
(132, 'city.delete', 'admin', 'location', '2024-08-19 05:54:34', '2024-08-19 05:54:34'),
(133, 'property.view', 'admin', 'property', '2024-08-19 05:54:34', '2024-08-19 05:54:34'),
(134, 'property.create', 'admin', 'property', '2024-08-19 05:54:34', '2024-08-19 05:54:34'),
(135, 'property.translate', 'admin', 'property', '2024-08-19 05:54:34', '2024-08-19 05:54:34'),
(136, 'property.store', 'admin', 'property', '2024-08-19 05:54:34', '2024-08-19 05:54:34'),
(137, 'property.edit', 'admin', 'property', '2024-08-19 05:54:34', '2024-08-19 05:54:34'),
(138, 'property.update', 'admin', 'property', '2024-08-19 05:54:34', '2024-08-19 05:54:34'),
(139, 'property.delete', 'admin', 'property', '2024-08-19 05:54:34', '2024-08-19 05:54:34'),
(140, 'property.slider', 'admin', 'property', '2024-08-19 05:54:34', '2024-08-19 05:54:34'),
(141, 'property.slider.upload', 'admin', 'property', '2024-08-19 05:54:34', '2024-08-19 05:54:34'),
(142, 'property.slider.delete', 'admin', 'property', '2024-08-19 05:54:34', '2024-08-19 05:54:34'),
(143, 'property.nearest.location', 'admin', 'property', '2024-08-19 05:54:34', '2024-08-19 05:54:34'),
(144, 'property.nearest.location.upload', 'admin', 'property', '2024-08-19 05:54:34', '2024-08-19 05:54:34'),
(145, 'property.nearest.location.delete', 'admin', 'property', '2024-08-19 05:54:34', '2024-08-19 05:54:34'),
(146, 'contact.us.view', 'admin', 'Contact Us Page', '2024-08-19 05:54:34', '2024-08-19 05:54:34'),
(147, 'contact.us.translate', 'admin', 'Contact Us Page', '2024-08-19 05:54:34', '2024-08-19 05:54:34'),
(148, 'contact.us.update', 'admin', 'Contact Us Page', '2024-08-19 05:54:34', '2024-08-19 05:54:34'),
(149, 'contact.information.view', 'admin', 'Contact Information', '2024-08-19 05:54:34', '2024-08-19 05:54:34'),
(150, 'contact.information.translate', 'admin', 'Contact Information', '2024-08-19 05:54:34', '2024-08-19 05:54:34'),
(151, 'contact.information.update', 'admin', 'Contact Information', '2024-08-19 05:54:34', '2024-08-19 05:54:34'),
(152, 'team.view', 'admin', 'Our Team', '2024-08-19 05:54:35', '2024-08-19 05:54:35'),
(153, 'team.create', 'admin', 'Our Team', '2024-08-19 05:54:35', '2024-08-19 05:54:35'),
(154, 'team.store', 'admin', 'Our Team', '2024-08-19 05:54:35', '2024-08-19 05:54:35'),
(155, 'team.edit', 'admin', 'Our Team', '2024-08-19 05:54:35', '2024-08-19 05:54:35'),
(156, 'team.update', 'admin', 'Our Team', '2024-08-19 05:54:35', '2024-08-19 05:54:35'),
(157, 'team.delete', 'admin', 'Our Team', '2024-08-19 05:54:35', '2024-08-19 05:54:35'),
(166, 'service.create', 'admin', 'Service', '2024-08-19 05:54:36', '2024-08-19 05:54:36'),
(167, 'service.store', 'admin', 'Service', '2024-08-19 05:54:36', '2024-08-19 05:54:36'),
(168, 'service.view', 'admin', 'Service', '2024-08-19 05:54:36', '2024-08-19 05:54:36'),
(169, 'service.update', 'admin', 'Service', '2024-08-19 05:54:36', '2024-08-19 05:54:36'),
(170, 'service.edit', 'admin', 'Service', '2024-08-19 05:54:36', '2024-08-19 05:54:36'),
(171, 'service.delete', 'admin', 'Service', '2024-08-19 05:54:36', '2024-08-19 05:54:36'),
(172, 'service.translate', 'admin', 'Service', '2024-08-19 05:54:36', '2024-08-19 05:54:36'),
(173, 'counter.view', 'admin', 'counter', '2024-08-19 05:54:37', '2024-08-19 05:54:37'),
(174, 'counter.update', 'admin', 'counter', '2024-08-19 05:54:37', '2024-08-19 05:54:37'),
(175, 'counter.translate', 'admin', 'counter', '2024-08-19 05:54:37', '2024-08-19 05:54:37'),
(176, 'about.us.view', 'admin', 'About Us', '2024-08-19 05:54:37', '2024-08-19 05:54:37'),
(177, 'about.us.update', 'admin', 'About Us', '2024-08-19 05:54:37', '2024-08-19 05:54:37'),
(178, 'about.us.translate', 'admin', 'About Us', '2024-08-19 05:54:37', '2024-08-19 05:54:37'),
(188, 'terms.and.condition.view', 'admin', 'terms and condition', '2024-08-19 05:54:39', '2024-08-19 05:54:39'),
(189, 'terms.and.condition.update', 'admin', 'terms and condition', '2024-08-19 05:54:39', '2024-08-19 05:54:39'),
(190, 'terms.and.condition.translate', 'admin', 'terms and condition', '2024-08-19 05:54:40', '2024-08-19 05:54:40'),
(191, 'privacy.policy.view', 'admin', 'privacy policy', '2024-08-19 05:54:40', '2024-08-19 05:54:40'),
(192, 'privacy.policy.update', 'admin', 'privacy policy', '2024-08-19 05:54:40', '2024-08-19 05:54:40'),
(193, 'privacy.policy.translate', 'admin', 'privacy policy', '2024-08-19 05:54:41', '2024-08-19 05:54:41'),
(194, 'custom.page.view', 'admin', 'custom page', '2024-08-19 05:54:41', '2024-08-19 05:54:41'),
(195, 'custom.page.create', 'admin', 'custom page', '2024-08-19 05:54:42', '2024-08-19 05:54:42'),
(196, 'custom.page.store', 'admin', 'custom page', '2024-08-19 05:54:42', '2024-08-19 05:54:42'),
(197, 'custom.page.edit', 'admin', 'custom page', '2024-08-19 05:54:42', '2024-08-19 05:54:42'),
(198, 'custom.page.update', 'admin', 'custom page', '2024-08-19 05:54:42', '2024-08-19 05:54:42'),
(199, 'custom.page.delete', 'admin', 'custom page', '2024-08-19 05:54:42', '2024-08-19 05:54:42'),
(200, 'custom.page.status', 'admin', 'custom page', '2024-08-19 05:54:42', '2024-08-19 05:54:42'),
(201, 'custom.page.translate', 'admin', 'custom page', '2024-08-19 05:54:42', '2024-08-19 05:54:42'),
(202, 'slider.view', 'admin', 'Slider', '2024-08-25 22:37:11', '2024-08-25 22:37:11'),
(203, 'slider.create', 'admin', 'Slider', '2024-08-25 22:37:11', '2024-08-25 22:37:11'),
(204, 'slider.store', 'admin', 'Slider', '2024-08-25 22:37:11', '2024-08-25 22:37:11'),
(205, 'slider.edit', 'admin', 'Slider', '2024-08-25 22:37:11', '2024-08-25 22:37:11'),
(206, 'slider.update', 'admin', 'Slider', '2024-08-25 22:37:11', '2024-08-25 22:37:11'),
(207, 'slider.delete', 'admin', 'Slider', '2024-08-25 22:37:11', '2024-08-25 22:37:11'),
(208, 'slider.translate', 'admin', 'Slider', '2024-08-25 22:37:11', '2024-08-25 22:37:11'),
(209, 'career.view', 'admin', 'Career', '2024-08-29 04:08:28', '2024-08-29 04:08:28'),
(210, 'career.create', 'admin', 'Career', '2024-08-29 04:08:29', '2024-08-29 04:08:29'),
(211, 'career.store', 'admin', 'Career', '2024-08-29 04:08:29', '2024-08-29 04:08:29'),
(212, 'career.edit', 'admin', 'Career', '2024-08-29 04:08:29', '2024-08-29 04:08:29'),
(213, 'career.update', 'admin', 'Career', '2024-08-29 04:08:29', '2024-08-29 04:08:29'),
(214, 'career.delete', 'admin', 'Career', '2024-08-29 04:08:29', '2024-08-29 04:08:29'),
(215, 'career.translate', 'admin', 'Career', '2024-08-29 04:08:29', '2024-08-29 04:08:29'),
(216, 'career.request.view', 'admin', 'Career', '2024-08-29 04:08:29', '2024-08-29 04:08:29'),
(217, 'addon.view', 'admin', 'Addons', '2024-12-24 01:34:31', '2024-12-24 01:34:31'),
(218, 'addon.install', 'admin', 'Addons', '2024-12-24 01:34:31', '2024-12-24 01:34:31'),
(219, 'addon.update', 'admin', 'Addons', '2024-12-24 01:34:31', '2024-12-24 01:34:31'),
(220, 'addon.status.change', 'admin', 'Addons', '2024-12-24 01:34:31', '2024-12-24 01:34:31'),
(221, 'addon.remove', 'admin', 'Addons', '2024-12-24 01:34:31', '2024-12-24 01:34:31');

-- --------------------------------------------------------

--
-- Table structure for table `privacy_policies`
--

CREATE TABLE `privacy_policies` (
  `id` bigint(20) UNSIGNED NOT NULL,
  `created_at` timestamp NULL DEFAULT NULL,
  `updated_at` timestamp NULL DEFAULT NULL
) ENGINE=InnoDB DEFAULT CHARSET=utf8mb4 COLLATE=utf8mb4_unicode_ci;

--
-- Dumping data for table `privacy_policies`
--

INSERT INTO `privacy_policies` (`id`, `created_at`, `updated_at`) VALUES
(1, '2024-08-19 05:54:40', '2024-08-19 05:54:40');

-- --------------------------------------------------------

--
-- Table structure for table `privacy_policy_translations`
--

CREATE TABLE `privacy_policy_translations` (
  `id` bigint(20) UNSIGNED NOT NULL,
  `privacy_policy_id` int(11) NOT NULL,
  `lang_code` varchar(255) COLLATE utf8mb4_unicode_ci NOT NULL,
  `privacy_policy` longtext COLLATE utf8mb4_unicode_ci NOT NULL,
  `created_at` timestamp NULL DEFAULT NULL,
  `updated_at` timestamp NULL DEFAULT NULL
) ENGINE=InnoDB DEFAULT CHARSET=utf8mb4 COLLATE=utf8mb4_unicode_ci;

--
-- Dumping data for table `privacy_policy_translations`
--

INSERT INTO `privacy_policy_translations` (`id`, `privacy_policy_id`, `lang_code`, `privacy_policy`, `created_at`, `updated_at`) VALUES
(1, 1, 'en', '<h4>01. What Are Privacy Policy?</h4>\r\n<p>A privacy policy is a statement that outlines how a company collects, uses, stores, and protects user data. It informs users about their rights and how their personal information, such as names, email addresses, or browsing activities, is handled. Privacy policies ensure transparency and compliance with legal requirements, building trust between businesses and their customers.</p>\r\n<h4>02. Terms and Conditions Examples</h4>\r\n<p>Terms and conditions outline the rules users must follow when accessing a product, service, or website. They typically cover user responsibilities, payment terms, intellectual property rights, limitation of liability, and termination clauses. These guidelines ensure clear expectations, protect both the business and users, and promote fair use of services.</p>\r\n<h4>03. Protect Your Property</h4>\r\n<p>Protecting your property involves taking steps to secure both physical and legal ownership. This can include installing security systems, maintaining insurance coverage, and safeguarding against fraud or theft. Additionally, it\'s important to regularly update legal documents, such as deeds and contracts, to ensure your rights are clearly defined and protected. Regular maintenance and proper documentation help reduce risks and preserve your property&rsquo;s value.</p>\r\n<h4>04. What to Include in Terms and Conditions for Online Stores</h4>\r\n<p>Terms and conditions for online stores are essential for setting clear expectations and protecting both the business and the customers. They should begin with a section on user responsibilities, outlining the correct use of the website, account creation, and restrictions on unlawful activities. It is crucial to specify payment terms, including accepted methods, pricing structures, applicable taxes, and any related billing information.</p>\r\n<p>A detailed shipping and delivery policy should cover shipping methods, estimated delivery times, costs, and procedures for tracking orders. Return and refund policies are vital to address how customers can return products, request refunds, or exchange items, including timeframes and conditions for eligibility. Including a comprehensive privacy policy ensures customers understand how their personal data is collected, stored, and used. Intellectual property clauses should clarify ownership of all website content, product images, and materials. Additionally, a limitation of liability statement is necessary to limit the store&rsquo;s responsibility in case of errors, product issues, or damages. Finally, terms should cover the governing law, specifying the jurisdiction under which any disputes will be resolved, and outlining the dispute resolution process, ensuring legal compliance and protecting the business&rsquo;s interests.</p>\r\n<h4>05.Pricing and Payment Terms</h4>\r\n<p>Pricing and payment terms are essential for establishing clear expectations between a business and its customers. These terms should clearly outline the cost of products or services, including any taxes, shipping, handling, or additional fees that may apply. Transparency is key, so all potential charges should be disclosed upfront to avoid any surprises at checkout. Additionally, it&rsquo;s important to specify whether pricing is one-time or recurring, especially if the business offers subscriptions, memberships, or ongoing services.</p>\r\n<p>Payment methods should also be clearly outlined in the terms. Businesses should state which payment options are accepted, such as credit cards, PayPal, or other online payment systems. Furthermore, businesses should specify how payments will be processed, including any security measures in place to protect customer information. Providing multiple payment options can make it easier for customers to complete their transactions, enhancing convenience and trust.</p>\r\n<p>In addition to payment methods, the terms should include details about payment deadlines, billing cycles, and late fees if applicable. Businesses should outline when payments are due and what happens if a payment is not made on time. Refund and return policies should also be incorporated, explaining how customers can request refunds, the conditions under which they are granted, and any time limitations or requirements for returning products. Clear pricing and payment terms help prevent disputes and ensure a smooth transaction process for both parties.</p>', '2024-08-19 05:54:40', '2024-12-30 02:18:27'),
(2, 1, 'hi', '<h4>01. गोपनीयता नीति क्या हैं?</h4>\r\n<p>गोपनीयता नीति एक बयान है जो बताता है कि कोई कंपनी उपयोगकर्ता डेटा को कैसे एकत्र, उपयोग, भंडारण और सुरक्षा करती है। यह उपयोगकर्ताओं को उनके अधिकारों के बारे में सूचित करता है और उनकी व्यक्तिगत जानकारी, जैसे नाम, ईमेल पते या ब्राउज़िंग गतिविधियों को कैसे प्रबंधित किया जाता है। गोपनीयता नीतियां कानूनी आवश्यकताओं के साथ पारदर्शिता और अनुपालन सुनिश्चित करती हैं, व्यवसायों और उनके ग्राहकों के बीच विश्वास का निर्माण करती हैं।</p>\r\n<h4>02. नियम और शर्तें उदाहरण</h4>\r\n<p>नियम और शर्तें उन नियमों को रेखांकित करती हैं जिनका उपयोगकर्ताओं को किसी उत्पाद, सेवा या वेबसाइट तक पहुंचने के दौरान पालन करना चाहिए। वे आम तौर पर उपयोगकर्ता जिम्मेदारियों, भुगतान शर्तों, बौद्धिक संपदा अधिकार, दायित्व की सीमा और समाप्ति खंड को कवर करते हैं। ये दिशानिर्देश स्पष्ट अपेक्षाएं सुनिश्चित करते हैं, व्यवसाय और उपयोगकर्ताओं दोनों की सुरक्षा करते हैं और सेवाओं के उचित उपयोग को बढ़ावा देते हैं।</p>\r\n<h4>03. अपनी संपत्ति की रक्षा करें</h4>\r\n<p>आपकी संपत्ति की सुरक्षा में भौतिक और कानूनी स्वामित्व दोनों को सुरक्षित करने के लिए कदम उठाना शामिल है। इसमें सुरक्षा प्रणालियाँ स्थापित करना, बीमा कवरेज बनाए रखना और धोखाधड़ी या चोरी से सुरक्षा शामिल हो सकती है। इसके अतिरिक्त, यह सुनिश्चित करने के लिए कि आपके अधिकार स्पष्ट रूप से परिभाषित और संरक्षित हैं, कानूनी दस्तावेजों, जैसे कार्यों और अनुबंधों को नियमित रूप से अद्यतन करना महत्वपूर्ण है। नियमित रखरखाव और उचित दस्तावेज़ीकरण जोखिमों को कम करने और आपकी संपत्ति के मूल्य को संरक्षित करने में मदद करता है।</p>\r\n<h4>04. ऑनलाइन स्टोर के लिए नियम और शर्तों में क्या शामिल करें</h4>\r\n<p>ऑनलाइन स्टोर के लिए नियम और शर्तें स्पष्ट अपेक्षाएं स्थापित करने और व्यवसाय और ग्राहकों दोनों की सुरक्षा के लिए आवश्यक हैं। उन्हें उपयोगकर्ता की जिम्मेदारियों पर एक अनुभाग से शुरुआत करनी चाहिए, जिसमें वेबसाइट के सही उपयोग, खाता निर्माण और गैरकानूनी गतिविधियों पर प्रतिबंध की रूपरेखा दी गई हो। स्वीकृत तरीकों, मूल्य निर्धारण संरचनाओं, लागू करों और किसी भी संबंधित बिलिंग जानकारी सहित भुगतान शर्तों को निर्दिष्ट करना महत्वपूर्ण है।</p>\r\n<p>एक विस्तृत शिपिंग और डिलीवरी नीति में शिपिंग के तरीकों, अनुमानित डिलीवरी समय, लागत और ऑर्डर को ट्रैक करने की प्रक्रियाओं को शामिल किया जाना चाहिए। वापसी और धनवापसी नीतियां यह पता लगाने के लिए महत्वपूर्ण हैं कि ग्राहक उत्पादों को कैसे वापस कर सकते हैं, धनवापसी का अनुरोध कर सकते हैं, या पात्रता के लिए समय-सीमा और शर्तों सहित वस्तुओं का आदान-प्रदान कर सकते हैं। एक व्यापक गोपनीयता नीति शामिल करने से यह सुनिश्चित होता है कि ग्राहक यह समझें कि उनका व्यक्तिगत डेटा कैसे एकत्र, संग्रहीत और उपयोग किया जाता है। बौद्धिक संपदा खंड को सभी वेबसाइट सामग्री, उत्पाद छवियों और सामग्रियों के स्वामित्व को स्पष्ट करना चाहिए। इसके अतिरिक्त, त्रुटियों, उत्पाद संबंधी समस्याओं या क्षति के मामले में स्टोर की जिम्मेदारी को सीमित करने के लिए दायित्व विवरण की एक सीमा आवश्यक है। अंत में, शर्तों में शासी कानून को शामिल किया जाना चाहिए, उस क्षेत्राधिकार को निर्दिष्ट करना जिसके तहत किसी भी विवाद का समाधान किया जाएगा, और विवाद समाधान प्रक्रिया की रूपरेखा, कानूनी अनुपालन सुनिश्चित करना और व्यवसाय के हितों की रक्षा करना।</p>\r\n<h4>05.मूल्य निर्धारण और भुगतान शर्तें</h4>\r\n<p>किसी व्यवसाय और उसके ग्राहकों के बीच स्पष्ट अपेक्षाएं स्थापित करने के लिए मूल्य निर्धारण और भुगतान शर्तें आवश्यक हैं। इन शर्तों में उत्पादों या सेवाओं की लागत को स्पष्ट रूप से रेखांकित किया जाना चाहिए, जिसमें लागू होने वाले किसी भी कर, शिपिंग, हैंडलिंग या अतिरिक्त शुल्क शामिल हैं। पारदर्शिता महत्वपूर्ण है, इसलिए चेकआउट पर किसी भी आश्चर्य से बचने के लिए सभी संभावित शुल्कों का खुलासा पहले ही किया जाना चाहिए। इसके अतिरिक्त, यह निर्दिष्ट करना महत्वपूर्ण है कि मूल्य निर्धारण एक बार या आवर्ती है, खासकर यदि व्यवसाय सदस्यता, सदस्यता या चालू सेवाएं प्रदान करता है।</p>\r\n<p>शर्तों में भुगतान के तरीकों को भी स्पष्ट रूप से रेखांकित किया जाना चाहिए। व्यवसायों को यह बताना चाहिए कि कौन से भुगतान विकल्प स्वीकार किए जाते हैं, जैसे क्रेडिट कार्ड, पेपाल, या अन्य ऑनलाइन भुगतान प्रणालियाँ। इसके अलावा, व्यवसायों को यह निर्दिष्ट करना चाहिए कि भुगतान कैसे संसाधित किया जाएगा, जिसमें ग्राहक जानकारी की सुरक्षा के लिए कोई भी सुरक्षा उपाय शामिल होंगे। कई भुगतान विकल्प प्रदान करने से ग्राहकों के लिए अपने लेनदेन को पूरा करना आसान हो सकता है, सुविधा और विश्वास बढ़ सकता है।</p>\r\n<p>भुगतान विधियों के अलावा, शर्तों में भुगतान की समय सीमा, बिलिंग चक्र और यदि लागू हो तो विलंब शुल्क के बारे में विवरण शामिल होना चाहिए। व्यवसायों को यह रेखांकित करना चाहिए कि भुगतान कब देय है और यदि भुगतान समय पर नहीं किया गया तो क्या होगा। रिफंड और रिटर्न नीतियों को भी शामिल किया जाना चाहिए, जिसमें बताया जाए कि ग्राहक रिफंड का अनुरोध कैसे कर सकते हैं, किन शर्तों के तहत उन्हें रिफंड दिया जाता है, और उत्पादों को वापस करने के लिए कोई समय सीमा या आवश्यकताएं। स्पष्ट मूल्य निर्धारण और भुगतान शर्तें विवादों को रोकने और दोनों पक्षों के लिए एक सुचारू लेनदेन प्रक्रिया सुनिश्चित करने में मदद करती हैं।</p>', '2024-08-19 06:01:52', '2024-12-30 02:18:45'),
(3, 1, 'ar', '<h4>01. ما هي سياسة الخصوصية؟</h4>\r\n<p>سياسة الخصوصية عبارة عن بيان يوضح كيفية قيام الشركة بجمع بيانات المستخدم واستخدامها وتخزينها وحمايتها. فهو يُعلم المستخدمين بحقوقهم وكيفية التعامل مع معلوماتهم الشخصية، مثل الأسماء أو عناوين البريد الإلكتروني أو أنشطة التصفح. وتضمن سياسات الخصوصية الشفافية والامتثال للمتطلبات القانونية، وبناء الثقة بين الشركات وعملائها.</p>\r\n<h4>02. أمثلة على الشروط والأحكام</h4>\r\n<p>توضح الشروط والأحكام القواعد التي يجب على المستخدمين اتباعها عند الوصول إلى منتج أو خدمة أو موقع ويب. وهي تغطي عادةً مسؤوليات المستخدم، وشروط الدفع، وحقوق الملكية الفكرية، وحدود المسؤولية، وشروط الإنهاء. تضمن هذه الإرشادات توقعات واضحة، وحماية كل من الشركات والمستخدمين، وتعزيز الاستخدام العادل للخدمات.</p>\r\n<h4>03. حماية الممتلكات الخاصة بك</h4>\r\n<p>تتضمن حماية الممتلكات الخاصة بك اتخاذ خطوات لتأمين الملكية المادية والقانونية. يمكن أن يشمل ذلك تركيب أنظمة الأمان والحفاظ على التغطية التأمينية والحماية ضد الاحتيال أو السرقة. بالإضافة إلى ذلك، من المهم تحديث المستندات القانونية بانتظام، مثل الأفعال والعقود، لضمان تحديد حقوقك وحمايتها بوضوح. تساعد الصيانة الدورية والتوثيق المناسب في تقليل المخاطر والحفاظ على قيمة الممتلكات الخاصة بك.</p>\r\n<h4>04. ما يجب تضمينه في الشروط والأحكام الخاصة بالمتاجر عبر الإنترنت</h4>\r\n<p>تعد الشروط والأحكام الخاصة بالمتاجر عبر الإنترنت ضرورية لتحديد توقعات واضحة وحماية كل من الشركة والعملاء. يجب أن تبدأ بقسم خاص بمسؤوليات المستخدم، يوضح الاستخدام الصحيح للموقع، وإنشاء الحساب، والقيود المفروضة على الأنشطة غير القانونية. من الضروري تحديد شروط الدفع، بما في ذلك الطرق المقبولة وهياكل التسعير والضرائب المطبقة وأي معلومات فوترة ذات صلة.</p>\r\n<p>يجب أن تغطي سياسة الشحن والتسليم التفصيلية طرق الشحن وأوقات التسليم المقدرة والتكاليف وإجراءات تتبع الطلبات. تعد سياسات الإرجاع واسترداد الأموال أمرًا حيويًا لمعالجة كيفية إرجاع العملاء للمنتجات أو طلب استرداد الأموال أو استبدال العناصر، بما في ذلك الأطر الزمنية وشروط الأهلية. يضمن تضمين سياسة خصوصية شاملة أن يفهم العملاء كيفية جمع بياناتهم الشخصية وتخزينها واستخدامها. يجب أن توضح بنود الملكية الفكرية ملكية جميع محتويات موقع الويب وصور المنتجات والمواد. بالإضافة إلى ذلك، يعد بيان حدود المسؤولية ضروريًا للحد من مسؤولية المتجر في حالة حدوث أخطاء أو مشكلات في المنتج أو أضرار. أخيرًا، يجب أن تغطي المصطلحات القانون الحاكم، مع تحديد الولاية القضائية التي سيتم بموجبها حل أي نزاعات، وتحديد عملية حل النزاع، وضمان الامتثال القانوني وحماية مصالح الشركة.</p>\r\n<h4>05.شروط التسعير والدفع</h4>\r\n<p>تعد شروط التسعير والدفع ضرورية لتحديد توقعات واضحة بين الشركة وعملائها. يجب أن تحدد هذه الشروط بوضوح تكلفة المنتجات أو الخدمات، بما في ذلك أي ضرائب أو شحن أو مناولة أو رسوم إضافية قد يتم تطبيقها. تعد الشفافية أمرًا أساسيًا، لذا يجب الكشف عن جميع الرسوم المحتملة مقدمًا لتجنب أي مفاجآت عند الدفع. بالإضافة إلى ذلك، من المهم تحديد ما إذا كان التسعير يتم لمرة واحدة أو متكررًا، خاصة إذا كان النشاط التجاري يقدم اشتراكات أو عضويات أو خدمات مستمرة.</p>\r\n<p>يجب أيضًا توضيح طرق الدفع بوضوح في الشروط. يجب على الشركات تحديد خيارات الدفع المقبولة، مثل بطاقات الائتمان أو PayPal أو أنظمة الدفع الأخرى عبر الإنترنت. علاوة على ذلك، يجب على الشركات تحديد كيفية معالجة المدفوعات، بما في ذلك أي إجراءات أمنية مطبقة لحماية معلومات العملاء. إن توفير خيارات دفع متعددة يمكن أن يسهل على العملاء إكمال معاملاتهم، مما يعزز الراحة والثقة.</p>\r\n<p>بالإضافة إلى طرق الدفع، يجب أن تتضمن الشروط تفاصيل حول المواعيد النهائية للدفع ودورات الفوترة والرسوم المتأخرة إن وجدت. يجب على الشركات تحديد موعد استحقاق الدفعات وماذا يحدث إذا لم يتم الدفع في الوقت المحدد. وينبغي أيضًا دمج سياسات الاسترداد والإرجاع، مع توضيح كيف يمكن للعملاء طلب استرداد الأموال، والشروط التي يتم بموجبها منحها، وأي قيود زمنية أو متطلبات لإرجاع المنتجات. تساعد الأسعار وشروط الدفع الواضحة على منع النزاعات وضمان عملية معاملة سلسة لكلا الطرفين.</p>', '2024-08-19 06:02:16', '2024-12-30 02:19:05');

-- --------------------------------------------------------

--
-- Table structure for table `properties`
--

CREATE TABLE `properties` (
  `id` bigint(20) UNSIGNED NOT NULL,
  `user_type` int(11) NOT NULL DEFAULT 1,
  `admin_id` int(11) NOT NULL DEFAULT 0,
  `user_id` int(11) NOT NULL DEFAULT 0,
  `property_type_id` int(11) NOT NULL DEFAULT 0,
  `property_search_id` varchar(255) COLLATE utf8mb4_unicode_ci DEFAULT NULL,
  `city_id` int(11) NOT NULL DEFAULT 0,
  `listing_package_id` int(11) NOT NULL DEFAULT 0,
  `property_purpose_id` int(11) NOT NULL DEFAULT 0,
  `slug` text COLLATE utf8mb4_unicode_ci NOT NULL,
  `views` int(11) NOT NULL DEFAULT 0,
  `phone` text COLLATE utf8mb4_unicode_ci DEFAULT NULL,
  `email` text COLLATE utf8mb4_unicode_ci DEFAULT NULL,
  `website` text COLLATE utf8mb4_unicode_ci DEFAULT NULL,
  `short_description` text COLLATE utf8mb4_unicode_ci NOT NULL,
  `pdf_file` text COLLATE utf8mb4_unicode_ci DEFAULT NULL,
  `thumbnail_image` text COLLATE utf8mb4_unicode_ci DEFAULT NULL,
  `banner_image` text COLLATE utf8mb4_unicode_ci DEFAULT NULL,
  `number_of_unit` int(11) DEFAULT NULL,
  `number_of_room` int(11) DEFAULT NULL,
  `number_of_bedroom` int(11) DEFAULT NULL,
  `number_of_bathroom` int(11) DEFAULT NULL,
  `number_of_floor` int(11) DEFAULT NULL,
  `number_of_kitchen` int(11) DEFAULT NULL,
  `number_of_parking` int(11) DEFAULT NULL,
  `area` double DEFAULT NULL,
  `price` double DEFAULT NULL,
  `period` text COLLATE utf8mb4_unicode_ci DEFAULT NULL,
  `video_link` text COLLATE utf8mb4_unicode_ci DEFAULT NULL,
  `is_featured` tinyint(4) NOT NULL DEFAULT 0,
  `verified` tinyint(4) NOT NULL DEFAULT 0,
  `status` tinyint(4) NOT NULL DEFAULT 0,
  `seo_title` text COLLATE utf8mb4_unicode_ci DEFAULT NULL,
  `seo_description` text COLLATE utf8mb4_unicode_ci DEFAULT NULL,
  `is_popular` tinyint(4) DEFAULT NULL,
  `google_map_embed_code` longtext COLLATE utf8mb4_unicode_ci DEFAULT NULL,
  `urgent_property` tinyint(4) NOT NULL DEFAULT 0,
  `top_property` tinyint(4) NOT NULL DEFAULT 0,
  `expired_date` varchar(255) COLLATE utf8mb4_unicode_ci DEFAULT NULL,
  `created_at` timestamp NULL DEFAULT NULL,
  `updated_at` timestamp NULL DEFAULT NULL
) ENGINE=InnoDB DEFAULT CHARSET=utf8mb4 COLLATE=utf8mb4_unicode_ci;

--
-- Dumping data for table `properties`
--

INSERT INTO `properties` (`id`, `user_type`, `admin_id`, `user_id`, `property_type_id`, `property_search_id`, `city_id`, `listing_package_id`, `property_purpose_id`, `slug`, `views`, `phone`, `email`, `website`, `short_description`, `pdf_file`, `thumbnail_image`, `banner_image`, `number_of_unit`, `number_of_room`, `number_of_bedroom`, `number_of_bathroom`, `number_of_floor`, `number_of_kitchen`, `number_of_parking`, `area`, `price`, `period`, `video_link`, `is_featured`, `verified`, `status`, `seo_title`, `seo_description`, `is_popular`, `google_map_embed_code`, `urgent_property`, `top_property`, `expired_date`, `created_at`, `updated_at`) VALUES
(1, 1, 1, 0, 17, '29969160', 3, 0, 1, 'library-road6854', 96, '123-343-4444', 'user@gmail.com', 'https://example.com', '', NULL, 'uploads/custom-images/wsus-img-2024-08-20-04-01-44-4488.webp', 'uploads/custom-images/wsus-img-2024-08-20-04-01-44-5610.webp', 33, 33, 15, 30, 5, 4, 3, 400, 300, 'Daily', 'SMKPKGW083c', 1, 0, 1, 'Library Road-6854', 'Library Road-6854', 1, '<iframe src=\"https://www.google.com/maps/embed?pb=!1m14!1m8!1m3!1d211642.3448766027!2d-118.41173199999999!3d34.020479!3m2!1i1024!2i768!4f13.1!3m3!1m2!1s0x80c2c75ddc27da13%3A0xe22fdf6f254608f4!2sLos%20Angeles%2C%20CA%2C%20USA!5e0!3m2!1sen!2sbd!4v1734948163279!5m2!1sen!2sbd\" width=\"600\" height=\"450\" style=\"border:0;\" allowfullscreen=\"\" loading=\"lazy\" referrerpolicy=\"no-referrer-when-downgrade\"></iframe>', 1, 1, '2124-12-29', '2024-08-19 22:01:44', '2024-12-31 00:47:51'),
(2, 1, 1, 0, 13, '76719191', 2, 0, 1, '2811-battery-place-northwest', 34, '1907485306', 'admin@gmail.com', NULL, '', NULL, 'uploads/custom-images/wsus-img-2024-08-20-04-19-06-6982.webp', 'uploads/custom-images/wsus-img-2024-08-20-04-19-06-3996.webp', 40, 25, 22, 10, 10, 4, 4, 400, 200, 'Daily', 'SMKPKGW083c', 1, 0, 1, '2811 Battery Place Northwest', '2811 Battery Place Northwest', 1, '<iframe src=\"https://www.google.com/maps/embed?pb=!1m14!1m8!1m3!1d211642.3448766027!2d-118.41173199999999!3d34.020479!3m2!1i1024!2i768!4f13.1!3m3!1m2!1s0x80c2c75ddc27da13%3A0xe22fdf6f254608f4!2sLos%20Angeles%2C%20CA%2C%20USA!5e0!3m2!1sen!2sbd!4v1734948163279!5m2!1sen!2sbd\" width=\"600\" height=\"450\" style=\"border:0;\" allowfullscreen=\"\" loading=\"lazy\" referrerpolicy=\"no-referrer-when-downgrade\"></iframe>', 1, 1, '2124-12-29', '2024-08-19 22:19:06', '2024-12-31 00:47:54'),
(3, 1, 1, 0, 14, '75455339', 3, 0, 2, 'saybrook-point-resort', 16, '123-343-4444', 'client@gmail.com', 'https://example.com', '', NULL, 'uploads/custom-images/wsus-img-2024-08-20-04-28-22-9726.webp', 'uploads/custom-images/wsus-img-2024-08-20-04-28-22-9068.webp', 15, 20, 16, 4, 5, 6, 6, 450, 500, 'Yearly', 'UJv9-F7SN5A', 1, 0, 1, 'Saybrook Point Resort and Marina', 'Saybrook Point Resort and Marina', 1, '<iframe src=\"https://www.google.com/maps/embed?pb=!1m14!1m8!1m3!1d211642.3448766027!2d-118.41173199999999!3d34.020479!3m2!1i1024!2i768!4f13.1!3m3!1m2!1s0x80c2c75ddc27da13%3A0xe22fdf6f254608f4!2sLos%20Angeles%2C%20CA%2C%20USA!5e0!3m2!1sen!2sbd!4v1734948163279!5m2!1sen!2sbd\" width=\"600\" height=\"450\" style=\"border:0;\" allowfullscreen=\"\" loading=\"lazy\" referrerpolicy=\"no-referrer-when-downgrade\"></iframe>', 1, 1, '2125-01-02', '2024-08-19 22:28:22', '2025-01-02 04:36:37'),
(4, 1, 1, 0, 11, '35181580', 7, 0, 2, '3015-grand-avenue-cocowalk', 38, '651-458-754', 'client@gmail.com', 'https://example.com', '', NULL, 'uploads/custom-images/wsus-img-2024-08-20-04-35-57-5341.webp', 'uploads/custom-images/wsus-img-2024-08-20-04-35-57-6920.webp', 30, 21, 18, 10, 10, 5, 5, 300, 500, 'Monthly', 'SMKPKGW083c', 0, 0, 1, '3015 Grand Avenue, CocoWalk', '3015 Grand Avenue, CocoWalk', 0, '<iframe src=\"https://www.google.com/maps/embed?pb=!1m14!1m8!1m3!1d211642.3448766027!2d-118.41173199999999!3d34.020479!3m2!1i1024!2i768!4f13.1!3m3!1m2!1s0x80c2c75ddc27da13%3A0xe22fdf6f254608f4!2sLos%20Angeles%2C%20CA%2C%20USA!5e0!3m2!1sen!2sbd!4v1734948163279!5m2!1sen!2sbd\" width=\"600\" height=\"450\" style=\"border:0;\" allowfullscreen=\"\" loading=\"lazy\" referrerpolicy=\"no-referrer-when-downgrade\"></iframe>', 1, 0, '2124-12-29', '2024-08-19 22:35:57', '2024-12-31 00:47:59'),
(5, 1, 1, 0, 6, '62129985', 2, 0, 1, '1745-t-street-southeast', 15, '123-343-4444', 'admin@gmail.com', 'https://example.com', '', NULL, 'uploads/custom-images/wsus-img-2024-08-20-04-41-44-3928.webp', 'uploads/custom-images/wsus-img-2024-08-20-04-41-44-5657.webp', 25, 30, 25, 5, 5, 10, 7, 630, 650, 'Daily', 'SMKPKGW083c', 1, 0, 1, '1745 T Street Southeast', '1745 T Street Southeast', 1, '<iframe src=\"https://www.google.com/maps/embed?pb=!1m14!1m8!1m3!1d211642.3448766027!2d-118.41173199999999!3d34.020479!3m2!1i1024!2i768!4f13.1!3m3!1m2!1s0x80c2c75ddc27da13%3A0xe22fdf6f254608f4!2sLos%20Angeles%2C%20CA%2C%20USA!5e0!3m2!1sen!2sbd!4v1734948163279!5m2!1sen!2sbd\" width=\"600\" height=\"450\" style=\"border:0;\" allowfullscreen=\"\" loading=\"lazy\" referrerpolicy=\"no-referrer-when-downgrade\"></iframe>', 1, 1, '2124-12-29', '2024-08-19 22:41:44', '2024-12-31 00:48:03'),
(6, 1, 1, 0, 16, '34924867', 3, 0, 2, '8502-madrone-avenue', 20, '125-547-869', 'agent@gmail.com', 'https://example.com', '', NULL, 'uploads/custom-images/wsus-img-2024-08-20-04-49-40-3599.webp', 'uploads/custom-images/wsus-img-2024-08-20-04-49-40-8287.webp', 33, 20, 15, 10, 4, 5, 5, 1000, 300, 'Monthly', 'G6KBwzjbs7w', 1, 0, 1, '8502 Madrone Avenue', '8502 Madrone Avenue', 0, '<iframe src=\"https://www.google.com/maps/embed?pb=!1m14!1m8!1m3!1d211642.3448766027!2d-118.41173199999999!3d34.020479!3m2!1i1024!2i768!4f13.1!3m3!1m2!1s0x80c2c75ddc27da13%3A0xe22fdf6f254608f4!2sLos%20Angeles%2C%20CA%2C%20USA!5e0!3m2!1sen!2sbd!4v1734948163279!5m2!1sen!2sbd\" width=\"600\" height=\"450\" style=\"border:0;\" allowfullscreen=\"\" loading=\"lazy\" referrerpolicy=\"no-referrer-when-downgrade\"></iframe>', 1, 1, '2124-12-29', '2024-08-19 22:49:40', '2024-12-31 00:48:06'),
(7, 1, 1, 0, 10, '63619185', 3, 0, 1, '1508-massachusetts-avenue-southeast', 11, NULL, 'agent@gmail.com', 'https://example.com', '', NULL, 'uploads/custom-images/wsus-img-2024-08-20-04-54-45-5925.webp', 'uploads/custom-images/wsus-img-2024-08-20-04-54-45-4725.webp', 33, 10, 5, 3, 4, 3, 5, 630, 450, 'Daily', 'G6KBwzjbs7w', 0, 0, 1, '1508 Massachusetts Avenue Southeast', '1508 Massachusetts Avenue Southeast', 0, '<iframe src=\"https://www.google.com/maps/embed?pb=!1m14!1m8!1m3!1d211642.3448766027!2d-118.41173199999999!3d34.020479!3m2!1i1024!2i768!4f13.1!3m3!1m2!1s0x80c2c75ddc27da13%3A0xe22fdf6f254608f4!2sLos%20Angeles%2C%20CA%2C%20USA!5e0!3m2!1sen!2sbd!4v1734948163279!5m2!1sen!2sbd\" width=\"600\" height=\"450\" style=\"border:0;\" allowfullscreen=\"\" loading=\"lazy\" referrerpolicy=\"no-referrer-when-downgrade\"></iframe>', 1, 0, '2124-12-29', '2024-08-19 22:54:45', '2024-12-31 00:48:09'),
(8, 1, 1, 0, 5, '15502580', 6, 0, 2, '3d-rendering-luxury-modern-design', 3, '123-343-4444', 'user@gmail.com', NULL, '', NULL, 'uploads/custom-images/wsus-img-2024-08-20-05-01-32-3451.webp', 'uploads/custom-images/wsus-img-2024-08-20-05-01-32-3872.webp', 12, 23, 12, 11, 3, 4, 2, 452, 120, 'Monthly', 'SMKPKGW083c', 0, 0, 1, '3d Rendering Luxury Modern Design', '3d Rendering Luxury Modern Design', 0, '<iframe src=\"https://www.google.com/maps/embed?pb=!1m14!1m8!1m3!1d211642.3448766027!2d-118.41173199999999!3d34.020479!3m2!1i1024!2i768!4f13.1!3m3!1m2!1s0x80c2c75ddc27da13%3A0xe22fdf6f254608f4!2sLos%20Angeles%2C%20CA%2C%20USA!5e0!3m2!1sen!2sbd!4v1734948163279!5m2!1sen!2sbd\" width=\"600\" height=\"450\" style=\"border:0;\" allowfullscreen=\"\" loading=\"lazy\" referrerpolicy=\"no-referrer-when-downgrade\"></iframe>', 1, 0, '2124-12-29', '2024-08-19 23:01:32', '2024-12-31 00:48:11'),
(9, 1, 1, 0, 2, '75555841', 2, 0, 1, 'trendy-house-interior', 17, '635-897-412', 'user@gmail.com', 'https://example.com', '', NULL, 'uploads/custom-images/wsus-img-2024-08-20-05-07-58-4629.webp', 'uploads/custom-images/wsus-img-2024-08-20-05-07-58-5494.webp', 41, 11, 12, 4, 2, 1, 1, 1200, 1200, 'Daily', NULL, 1, 0, 1, 'Trendy House Interior', 'Trendy House Interior', 1, '<iframe src=\"https://www.google.com/maps/embed?pb=!1m14!1m8!1m3!1d211642.3448766027!2d-118.41173199999999!3d34.020479!3m2!1i1024!2i768!4f13.1!3m3!1m2!1s0x80c2c75ddc27da13%3A0xe22fdf6f254608f4!2sLos%20Angeles%2C%20CA%2C%20USA!5e0!3m2!1sen!2sbd!4v1734948163279!5m2!1sen!2sbd\" width=\"600\" height=\"450\" style=\"border:0;\" allowfullscreen=\"\" loading=\"lazy\" referrerpolicy=\"no-referrer-when-downgrade\"></iframe>', 1, 1, '2124-12-29', '2024-08-19 23:07:58', '2024-12-31 00:48:14'),
(10, 1, 1, 0, 5, '51777646', 4, 0, 2, 'leisure-beautiful-health-garden-landscape', 10, NULL, 'user@gmail.com', NULL, '', NULL, 'uploads/custom-images/wsus-img-2024-08-20-05-14-30-4400.webp', 'uploads/custom-images/wsus-img-2024-08-20-05-14-30-9185.webp', 12, 32, 12, 21, 5, 5, 3, 480, 200, 'Yearly', 'SMKPKGW083c', 0, 0, 1, 'Leisure Beautiful Health Garden Landscape', 'Leisure Beautiful Health Garden Landscape', 0, '<iframe src=\"https://www.google.com/maps/embed?pb=!1m14!1m8!1m3!1d211642.3448766027!2d-118.41173199999999!3d34.020479!3m2!1i1024!2i768!4f13.1!3m3!1m2!1s0x80c2c75ddc27da13%3A0xe22fdf6f254608f4!2sLos%20Angeles%2C%20CA%2C%20USA!5e0!3m2!1sen!2sbd!4v1734948163279!5m2!1sen!2sbd\" width=\"600\" height=\"450\" style=\"border:0;\" allowfullscreen=\"\" loading=\"lazy\" referrerpolicy=\"no-referrer-when-downgrade\"></iframe>', 1, 0, '2124-12-29', '2024-08-19 23:14:30', '2024-12-31 00:48:16'),
(11, 1, 1, 0, 2, '68252240', 3, 0, 1, 'outdoor-swimming-pool', 10, NULL, 'client@gmail.com', NULL, '', NULL, 'uploads/custom-images/wsus-img-2024-08-20-05-19-58-9599.webp', 'uploads/custom-images/wsus-img-2024-08-20-05-19-58-1508.webp', 10, 10, 15, 12, 2, 5, 1, 800, 1300, 'Daily', 'SMKPKGW083c', 1, 0, 1, 'Outdoor Swimming Pool', 'Outdoor Swimming Pool', 0, '<iframe src=\"https://www.google.com/maps/embed?pb=!1m14!1m8!1m3!1d211642.3448766027!2d-118.41173199999999!3d34.020479!3m2!1i1024!2i768!4f13.1!3m3!1m2!1s0x80c2c75ddc27da13%3A0xe22fdf6f254608f4!2sLos%20Angeles%2C%20CA%2C%20USA!5e0!3m2!1sen!2sbd!4v1734948163279!5m2!1sen!2sbd\" width=\"600\" height=\"450\" style=\"border:0;\" allowfullscreen=\"\" loading=\"lazy\" referrerpolicy=\"no-referrer-when-downgrade\"></iframe>', 1, 1, '2124-12-29', '2024-08-19 23:19:58', '2024-12-31 00:48:19'),
(12, 1, 1, 0, 1, '91111754', 5, 0, 1, 'indoor-swimming-pool', 3, NULL, 'user@gmail.com', 'https://example.com', '', NULL, 'uploads/custom-images/wsus-img-2024-08-20-05-27-12-3506.webp', 'uploads/custom-images/wsus-img-2024-08-20-05-27-12-4414.webp', 5, 3, 1, 2, 1, 1, 1, 750, 300, 'Daily', 'G6KBwzjbs7w', 1, 0, 1, 'Indoor Swimming Pool', 'Indoor Swimming Pool', 1, '<iframe src=\"https://www.google.com/maps/embed?pb=!1m14!1m8!1m3!1d211642.3448766027!2d-118.41173199999999!3d34.020479!3m2!1i1024!2i768!4f13.1!3m3!1m2!1s0x80c2c75ddc27da13%3A0xe22fdf6f254608f4!2sLos%20Angeles%2C%20CA%2C%20USA!5e0!3m2!1sen!2sbd!4v1734948163279!5m2!1sen!2sbd\" width=\"600\" height=\"450\" style=\"border:0;\" allowfullscreen=\"\" loading=\"lazy\" referrerpolicy=\"no-referrer-when-downgrade\"></iframe>', 1, 1, '2124-12-29', '2024-08-19 23:27:12', '2024-12-31 00:48:21'),
(13, 0, 0, 1, 7, '93795455', 3, 0, 2, 'ozalj-apartment', 12, '112-223-443', 'client@gmail.com', 'https://example.com', '', NULL, 'uploads/custom-images/wsus-img-2024-08-20-12-33-50-2625.webp', 'uploads/custom-images/wsus-img-2024-08-20-12-33-50-7523.webp', 45, 65, 4, 5, 6, 4, 3, 44, 500, 'Yearly', 'SMKPKGW083c', 0, 0, 1, 'Ozalj apartment', 'Ozalj apartment', NULL, '<iframe src=\"https://www.google.com/maps/embed?pb=!1m14!1m8!1m3!1d211642.3448766027!2d-118.41173199999999!3d34.020479!3m2!1i1024!2i768!4f13.1!3m3!1m2!1s0x80c2c75ddc27da13%3A0xe22fdf6f254608f4!2sLos%20Angeles%2C%20CA%2C%20USA!5e0!3m2!1sen!2sbd!4v1734948163279!5m2!1sen!2sbd\" width=\"600\" height=\"450\" style=\"border:0;\" allowfullscreen=\"\" loading=\"lazy\" referrerpolicy=\"no-referrer-when-downgrade\"></iframe>', 0, 0, '2025-12-29', '2024-08-20 06:33:50', '2024-12-31 00:50:58'),
(14, 0, 0, 1, 8, '57995331', 3, 0, 2, 'black-glass-house', 12, NULL, 'agent@gmail.com', 'https://example.com', '', NULL, 'uploads/custom-images/wsus-img-2024-08-20-12-43-17-1640.webp', 'uploads/custom-images/wsus-img-2024-08-20-12-43-17-2942.webp', 1, 10, 0, 3, 1, 0, 3, 150, 20, 'Monthly', 'G6KBwzjbs7w', 0, 0, 1, 'Black glass house', 'Black glass house', NULL, '<iframe src=\"https://www.google.com/maps/embed?pb=!1m14!1m8!1m3!1d211642.3448766027!2d-118.41173199999999!3d34.020479!3m2!1i1024!2i768!4f13.1!3m3!1m2!1s0x80c2c75ddc27da13%3A0xe22fdf6f254608f4!2sLos%20Angeles%2C%20CA%2C%20USA!5e0!3m2!1sen!2sbd!4v1734948163279!5m2!1sen!2sbd\" width=\"600\" height=\"450\" style=\"border:0;\" allowfullscreen=\"\" loading=\"lazy\" referrerpolicy=\"no-referrer-when-downgrade\"></iframe>', 0, 0, '2025-12-29', '2024-08-20 06:43:17', '2024-12-31 00:51:02'),
(15, 0, 0, 1, 12, '47647644', 8, 0, 1, 'luxury-family-home', 4, '0170000000', 'agent@gmail.com', 'https://example.com', '', NULL, 'uploads/custom-images/wsus-img-2024-08-21-03-39-21-999.webp', 'uploads/custom-images/wsus-img-2024-08-21-03-39-21-2999.webp', 33, 30, 30, 12, 10, 3, 3, 630, 20, 'Daily', 'SMKPKGW083c', 0, 0, 1, 'Luxury Family Home', 'Luxury Family Home', NULL, '<iframe src=\"https://www.google.com/maps/embed?pb=!1m14!1m8!1m3!1d211642.3448766027!2d-118.41173199999999!3d34.020479!3m2!1i1024!2i768!4f13.1!3m3!1m2!1s0x80c2c75ddc27da13%3A0xe22fdf6f254608f4!2sLos%20Angeles%2C%20CA%2C%20USA!5e0!3m2!1sen!2sbd!4v1734948163279!5m2!1sen!2sbd\" width=\"600\" height=\"450\" style=\"border:0;\" allowfullscreen=\"\" loading=\"lazy\" referrerpolicy=\"no-referrer-when-downgrade\"></iframe>', 0, 0, '2025-12-29', '2024-08-20 21:39:21', '2024-12-31 00:51:05'),
(16, 0, 0, 1, 2, '61248599', 3, 0, 1, 'retro-house', 10, '123-343-4444', 'agent@gmail.com', 'https://example.com', '', NULL, 'uploads/custom-images/wsus-img-2024-08-21-03-46-43-4232.webp', 'uploads/custom-images/wsus-img-2024-08-21-03-46-43-1722.webp', 19, 52, 45, 30, 16, 12, 33, 520, 300, 'Daily', 'SMKPKGW083c', 0, 0, 1, 'Retro House', 'Retro House', NULL, '<iframe src=\"https://www.google.com/maps/embed?pb=!1m14!1m8!1m3!1d211642.3448766027!2d-118.41173199999999!3d34.020479!3m2!1i1024!2i768!4f13.1!3m3!1m2!1s0x80c2c75ddc27da13%3A0xe22fdf6f254608f4!2sLos%20Angeles%2C%20CA%2C%20USA!5e0!3m2!1sen!2sbd!4v1734948163279!5m2!1sen!2sbd\" width=\"600\" height=\"450\" style=\"border:0;\" allowfullscreen=\"\" loading=\"lazy\" referrerpolicy=\"no-referrer-when-downgrade\"></iframe>', 0, 0, '2025-12-29', '2024-08-20 21:46:43', '2024-12-31 00:51:08'),
(17, 0, 0, 1, 15, '48403474', 5, 0, 1, 'gorgeous-villa-bay-view', 2, '0170000000', 'admin@gmail.com', 'https://example.com', '', NULL, 'uploads/custom-images/wsus-img-2024-08-21-03-58-06-7659.webp', 'uploads/custom-images/wsus-img-2024-08-21-03-58-06-8957.webp', 33, 30, 45, 30, 5, 13, 8, 750, 650, 'Daily', 'SMKPKGW083c', 0, 0, 1, 'Gorgeous Villa Bay View', 'Gorgeous Villa Bay View', NULL, '<iframe src=\"https://www.google.com/maps/embed?pb=!1m14!1m8!1m3!1d211642.3448766027!2d-118.41173199999999!3d34.020479!3m2!1i1024!2i768!4f13.1!3m3!1m2!1s0x80c2c75ddc27da13%3A0xe22fdf6f254608f4!2sLos%20Angeles%2C%20CA%2C%20USA!5e0!3m2!1sen!2sbd!4v1734948163279!5m2!1sen!2sbd\" width=\"600\" height=\"450\" style=\"border:0;\" allowfullscreen=\"\" loading=\"lazy\" referrerpolicy=\"no-referrer-when-downgrade\"></iframe>', 0, 0, '2025-12-29', '2024-08-20 21:58:06', '2024-12-31 00:51:11'),
(18, 0, 0, 2, 11, '23638244', 6, 0, 1, 'stay-greenwich-village', 1, '123-343-4444', 'client@gmail.com', 'https://example.com', '', NULL, 'uploads/custom-images/wsus-img-2024-08-21-04-35-06-8797.webp', 'uploads/custom-images/wsus-img-2024-08-21-04-35-06-6920.webp', 3, 9, 3, 3, 3, 1, 1, 63.58, 66, 'Daily', 'G6KBwzjbs7w', 0, 0, 1, 'Stay Greenwich Village', 'Stay Greenwich Village', NULL, '<iframe src=\"https://www.google.com/maps/embed?pb=!1m14!1m8!1m3!1d211642.3448766027!2d-118.41173199999999!3d34.020479!3m2!1i1024!2i768!4f13.1!3m3!1m2!1s0x80c2c75ddc27da13%3A0xe22fdf6f254608f4!2sLos%20Angeles%2C%20CA%2C%20USA!5e0!3m2!1sen!2sbd!4v1734948163279!5m2!1sen!2sbd\" width=\"600\" height=\"450\" style=\"border:0;\" allowfullscreen=\"\" loading=\"lazy\" referrerpolicy=\"no-referrer-when-downgrade\"></iframe>', 0, 0, '2025-01-28', '2024-08-20 22:35:06', '2024-12-31 00:51:13'),
(19, 0, 0, 4, 10, '42964880', 4, 0, 1, 'luxury-gymnasium-club', 1, '123-343-4444', 'agent@thesky9.com', 'https://example.com', '', NULL, 'uploads/custom-images/wsus-img-2024-08-21-05-16-23-6026.webp', 'uploads/custom-images/wsus-img-2024-08-21-05-16-23-4436.webp', 45, 50, 45, 15, 5, 10, 4, 600, 250, 'Daily', 'SMKPKGW083c', 1, 0, 1, 'Luxury Gymnasium  Club', 'Luxury Gymnasium  Club', NULL, '<iframe src=\"https://www.google.com/maps/embed?pb=!1m14!1m8!1m3!1d211642.3448766027!2d-118.41173199999999!3d34.020479!3m2!1i1024!2i768!4f13.1!3m3!1m2!1s0x80c2c75ddc27da13%3A0xe22fdf6f254608f4!2sLos%20Angeles%2C%20CA%2C%20USA!5e0!3m2!1sen!2sbd!4v1734948163279!5m2!1sen!2sbd\" width=\"600\" height=\"450\" style=\"border:0;\" allowfullscreen=\"\" loading=\"lazy\" referrerpolicy=\"no-referrer-when-downgrade\"></iframe>', 1, 1, '2025-01-28', '2024-08-20 23:16:23', '2024-12-31 00:51:16'),
(20, 1, 1, 0, 11, '32040322', 3, 0, 1, '2812-battery-place-nw', 6, '111--222-233', 'staff@gmail.com', 'https://example.com', '', NULL, 'uploads/custom-images/wsus-img-2024-08-21-06-36-42-3937.webp', 'uploads/custom-images/wsus-img-2024-08-21-06-36-42-3065.webp', 10, 5, 5, 2, 5, 1, 1, 400, 200, 'Daily', NULL, 1, 0, 1, '2812 Battery Place N.W.', '2812 Battery Place N.W.', 1, '<iframe src=\"https://www.google.com/maps/embed?pb=!1m14!1m8!1m3!1d211642.3448766027!2d-118.41173199999999!3d34.020479!3m2!1i1024!2i768!4f13.1!3m3!1m2!1s0x80c2c75ddc27da13%3A0xe22fdf6f254608f4!2sLos%20Angeles%2C%20CA%2C%20USA!5e0!3m2!1sen!2sbd!4v1734948163279!5m2!1sen!2sbd\" width=\"600\" height=\"450\" style=\"border:0;\" allowfullscreen=\"\" loading=\"lazy\" referrerpolicy=\"no-referrer-when-downgrade\"></iframe>', 1, 1, '2124-12-29', '2024-08-21 00:36:42', '2024-12-31 00:51:18'),
(27, 1, 1, 0, 11, '35621936', 3, 0, 1, '2813-battery-place-us', 25, '111--222-233', 'staff@gmail.com', 'https://example.com', '', NULL, 'uploads/custom-images/wsus-img-2024-09-04-10-08-02-7592.webp', 'uploads/custom-images/wsus-img-2024-09-04-10-08-02-5859.webp', 10, 5, 5, 2, 5, 1, 1, 400, 200, 'Daily', NULL, 1, 0, 1, '2813 Battery Place U.S.', '2813 Battery Place U.S.', NULL, '<iframe src=\"https://www.google.com/maps/embed?pb=!1m14!1m8!1m3!1d211642.3448766027!2d-118.41173199999999!3d34.020479!3m2!1i1024!2i768!4f13.1!3m3!1m2!1s0x80c2c75ddc27da13%3A0xe22fdf6f254608f4!2sLos%20Angeles%2C%20CA%2C%20USA!5e0!3m2!1sen!2sbd!4v1734948163279!5m2!1sen!2sbd\" width=\"600\" height=\"450\" style=\"border:0;\" allowfullscreen=\"\" loading=\"lazy\" referrerpolicy=\"no-referrer-when-downgrade\"></iframe>', 1, 1, '2124-12-29', '2024-09-04 04:08:02', '2024-12-31 00:51:21');

-- --------------------------------------------------------

--
-- Table structure for table `property_aminities`
--

CREATE TABLE `property_aminities` (
  `id` bigint(20) UNSIGNED NOT NULL,
  `property_id` int(11) NOT NULL,
  `aminity_id` int(11) NOT NULL,
  `status` tinyint(1) NOT NULL DEFAULT 1,
  `created_at` timestamp NULL DEFAULT NULL,
  `updated_at` timestamp NULL DEFAULT NULL
) ENGINE=InnoDB DEFAULT CHARSET=utf8mb4 COLLATE=utf8mb4_unicode_ci;

--
-- Dumping data for table `property_aminities`
--

INSERT INTO `property_aminities` (`id`, `property_id`, `aminity_id`, `status`, `created_at`, `updated_at`) VALUES
(737, 27, 1, 1, '2024-12-28 22:05:39', '2024-12-28 22:05:39'),
(738, 27, 2, 1, '2024-12-28 22:05:39', '2024-12-28 22:05:39'),
(739, 27, 3, 1, '2024-12-28 22:05:39', '2024-12-28 22:05:39'),
(740, 27, 4, 1, '2024-12-28 22:05:39', '2024-12-28 22:05:39'),
(741, 27, 5, 1, '2024-12-28 22:05:39', '2024-12-28 22:05:39'),
(742, 27, 6, 1, '2024-12-28 22:05:39', '2024-12-28 22:05:39'),
(743, 27, 7, 1, '2024-12-28 22:05:39', '2024-12-28 22:05:39'),
(768, 2, 1, 1, '2024-12-28 22:46:33', '2024-12-28 22:46:33'),
(769, 2, 2, 1, '2024-12-28 22:46:33', '2024-12-28 22:46:33'),
(770, 2, 3, 1, '2024-12-28 22:46:33', '2024-12-28 22:46:33'),
(771, 2, 4, 1, '2024-12-28 22:46:33', '2024-12-28 22:46:33'),
(772, 2, 5, 1, '2024-12-28 22:46:33', '2024-12-28 22:46:33'),
(773, 2, 6, 1, '2024-12-28 22:46:33', '2024-12-28 22:46:33'),
(774, 2, 7, 1, '2024-12-28 22:46:33', '2024-12-28 22:46:33'),
(775, 2, 8, 1, '2024-12-28 22:46:33', '2024-12-28 22:46:33'),
(776, 2, 9, 1, '2024-12-28 22:46:33', '2024-12-28 22:46:33'),
(777, 2, 10, 1, '2024-12-28 22:46:33', '2024-12-28 22:46:33'),
(792, 1, 2, 1, '2024-12-28 22:50:24', '2024-12-28 22:50:24'),
(793, 1, 3, 1, '2024-12-28 22:50:24', '2024-12-28 22:50:24'),
(794, 1, 4, 1, '2024-12-28 22:50:24', '2024-12-28 22:50:24'),
(795, 1, 5, 1, '2024-12-28 22:50:24', '2024-12-28 22:50:24'),
(796, 1, 6, 1, '2024-12-28 22:50:24', '2024-12-28 22:50:24'),
(797, 1, 8, 1, '2024-12-28 22:50:24', '2024-12-28 22:50:24'),
(798, 1, 9, 1, '2024-12-28 22:50:24', '2024-12-28 22:50:24');

-- --------------------------------------------------------

--
-- Table structure for table `property_images`
--

CREATE TABLE `property_images` (
  `id` bigint(20) UNSIGNED NOT NULL,
  `property_id` int(11) NOT NULL,
  `image` varchar(255) COLLATE utf8mb4_unicode_ci DEFAULT NULL,
  `created_at` timestamp NULL DEFAULT NULL,
  `updated_at` timestamp NULL DEFAULT NULL
) ENGINE=InnoDB DEFAULT CHARSET=utf8mb4 COLLATE=utf8mb4_unicode_ci;

--
-- Dumping data for table `property_images`
--

INSERT INTO `property_images` (`id`, `property_id`, `image`, `created_at`, `updated_at`) VALUES
(1, 1, 'uploads/custom-images/wsus-img-2024-08-20-04-13-40-4867.webp', '2024-08-19 22:13:40', '2024-08-19 22:13:40'),
(2, 1, 'uploads/custom-images/wsus-img-2024-08-20-04-13-40-4951.webp', '2024-08-19 22:13:40', '2024-08-19 22:13:40'),
(3, 1, 'uploads/custom-images/wsus-img-2024-08-20-04-13-40-6957.webp', '2024-08-19 22:13:40', '2024-08-19 22:13:40'),
(4, 2, 'uploads/custom-images/wsus-img-2024-08-20-04-22-50-8180.webp', '2024-08-19 22:22:50', '2024-08-19 22:22:50'),
(5, 2, 'uploads/custom-images/wsus-img-2024-08-20-04-22-50-9628.webp', '2024-08-19 22:22:50', '2024-08-19 22:22:50'),
(6, 2, 'uploads/custom-images/wsus-img-2024-08-20-04-22-50-2444.webp', '2024-08-19 22:22:50', '2024-08-19 22:22:50'),
(7, 3, 'uploads/custom-images/wsus-img-2024-08-20-04-29-16-4281.webp', '2024-08-19 22:29:16', '2024-08-19 22:29:16'),
(8, 3, 'uploads/custom-images/wsus-img-2024-08-20-04-29-16-8035.webp', '2024-08-19 22:29:16', '2024-08-19 22:29:16'),
(9, 3, 'uploads/custom-images/wsus-img-2024-08-20-04-29-16-7670.webp', '2024-08-19 22:29:16', '2024-08-19 22:29:16'),
(10, 4, 'uploads/custom-images/wsus-img-2024-08-20-04-37-44-3008.webp', '2024-08-19 22:37:44', '2024-08-19 22:37:44'),
(11, 4, 'uploads/custom-images/wsus-img-2024-08-20-04-37-44-2583.webp', '2024-08-19 22:37:44', '2024-08-19 22:37:44'),
(12, 5, 'uploads/custom-images/wsus-img-2024-08-20-04-45-38-2300.webp', '2024-08-19 22:45:38', '2024-08-19 22:45:38'),
(13, 5, 'uploads/custom-images/wsus-img-2024-08-20-04-45-38-4807.webp', '2024-08-19 22:45:38', '2024-08-19 22:45:38'),
(14, 5, 'uploads/custom-images/wsus-img-2024-08-20-04-45-38-8332.webp', '2024-08-19 22:45:38', '2024-08-19 22:45:38'),
(15, 6, 'uploads/custom-images/wsus-img-2024-08-20-04-50-26-3149.webp', '2024-08-19 22:50:26', '2024-08-19 22:50:26'),
(16, 6, 'uploads/custom-images/wsus-img-2024-08-20-04-50-26-1122.webp', '2024-08-19 22:50:26', '2024-08-19 22:50:26'),
(17, 6, 'uploads/custom-images/wsus-img-2024-08-20-04-50-26-8795.webp', '2024-08-19 22:50:26', '2024-08-19 22:50:26'),
(18, 7, 'uploads/custom-images/wsus-img-2024-08-20-04-57-12-4769.webp', '2024-08-19 22:57:12', '2024-08-19 22:57:12'),
(19, 7, 'uploads/custom-images/wsus-img-2024-08-20-04-57-12-7034.webp', '2024-08-19 22:57:12', '2024-08-19 22:57:12'),
(20, 7, 'uploads/custom-images/wsus-img-2024-08-20-04-57-12-8553.webp', '2024-08-19 22:57:12', '2024-08-19 22:57:12'),
(21, 8, 'uploads/custom-images/wsus-img-2024-08-20-05-04-10-7774.webp', '2024-08-19 23:04:10', '2024-08-19 23:04:10'),
(22, 8, 'uploads/custom-images/wsus-img-2024-08-20-05-04-10-7489.webp', '2024-08-19 23:04:10', '2024-08-19 23:04:10'),
(23, 8, 'uploads/custom-images/wsus-img-2024-08-20-05-04-10-1286.webp', '2024-08-19 23:04:10', '2024-08-19 23:04:10'),
(24, 9, 'uploads/custom-images/wsus-img-2024-08-20-05-09-48-7909.webp', '2024-08-19 23:09:48', '2024-08-19 23:09:48'),
(25, 9, 'uploads/custom-images/wsus-img-2024-08-20-05-09-48-9162.webp', '2024-08-19 23:09:48', '2024-08-19 23:09:48'),
(26, 9, 'uploads/custom-images/wsus-img-2024-08-20-05-09-48-5387.webp', '2024-08-19 23:09:48', '2024-08-19 23:09:48'),
(27, 10, 'uploads/custom-images/wsus-img-2024-08-20-05-16-07-9972.webp', '2024-08-19 23:16:07', '2024-08-19 23:16:07'),
(28, 10, 'uploads/custom-images/wsus-img-2024-08-20-05-16-07-8823.webp', '2024-08-19 23:16:07', '2024-08-19 23:16:07'),
(29, 10, 'uploads/custom-images/wsus-img-2024-08-20-05-16-07-9992.webp', '2024-08-19 23:16:07', '2024-08-19 23:16:07'),
(30, 11, 'uploads/custom-images/wsus-img-2024-08-20-05-22-12-7890.webp', '2024-08-19 23:22:12', '2024-08-19 23:22:12'),
(31, 11, 'uploads/custom-images/wsus-img-2024-08-20-05-22-12-4458.webp', '2024-08-19 23:22:12', '2024-08-19 23:22:12'),
(32, 11, 'uploads/custom-images/wsus-img-2024-08-20-05-22-12-2217.webp', '2024-08-19 23:22:12', '2024-08-19 23:22:12'),
(33, 12, 'uploads/custom-images/wsus-img-2024-08-20-05-29-48-5832.webp', '2024-08-19 23:29:48', '2024-08-19 23:29:48'),
(34, 12, 'uploads/custom-images/wsus-img-2024-08-20-05-29-48-3399.webp', '2024-08-19 23:29:48', '2024-08-19 23:29:48'),
(36, 13, 'uploads/custom-images/wsus-img-2024-08-20-12-34-44-4285.webp', '2024-08-20 06:34:44', '2024-08-20 06:34:44'),
(37, 14, 'uploads/custom-images/wsus-img-2024-08-20-12-44-20-9881.webp', '2024-08-20 06:44:20', '2024-08-20 06:44:20'),
(38, 14, 'uploads/custom-images/wsus-img-2024-08-20-12-44-20-3803.webp', '2024-08-20 06:44:20', '2024-08-20 06:44:20'),
(39, 14, 'uploads/custom-images/wsus-img-2024-08-20-12-44-20-4712.webp', '2024-08-20 06:44:20', '2024-08-20 06:44:20'),
(40, 15, 'uploads/custom-images/wsus-img-2024-08-21-03-40-54-9240.webp', '2024-08-20 21:40:54', '2024-08-20 21:40:54'),
(41, 15, 'uploads/custom-images/wsus-img-2024-08-21-03-40-54-6146.webp', '2024-08-20 21:40:54', '2024-08-20 21:40:54'),
(42, 15, 'uploads/custom-images/wsus-img-2024-08-21-03-40-54-9623.webp', '2024-08-20 21:40:54', '2024-08-20 21:40:54'),
(43, 16, 'uploads/custom-images/wsus-img-2024-08-21-03-49-05-9121.webp', '2024-08-20 21:49:05', '2024-08-20 21:49:05'),
(44, 16, 'uploads/custom-images/wsus-img-2024-08-21-03-49-05-9288.webp', '2024-08-20 21:49:05', '2024-08-20 21:49:05'),
(45, 16, 'uploads/custom-images/wsus-img-2024-08-21-03-49-05-9618.webp', '2024-08-20 21:49:05', '2024-08-20 21:49:05'),
(46, 17, 'uploads/custom-images/wsus-img-2024-08-21-04-00-26-3013.webp', '2024-08-20 22:00:26', '2024-08-20 22:00:26'),
(47, 17, 'uploads/custom-images/wsus-img-2024-08-21-04-00-26-4674.webp', '2024-08-20 22:00:26', '2024-08-20 22:00:26'),
(48, 17, 'uploads/custom-images/wsus-img-2024-08-21-04-00-26-5410.webp', '2024-08-20 22:00:26', '2024-08-20 22:00:26'),
(49, 18, 'uploads/custom-images/wsus-img-2024-08-21-04-35-58-5329.webp', '2024-08-20 22:35:58', '2024-08-20 22:35:58'),
(50, 18, 'uploads/custom-images/wsus-img-2024-08-21-04-35-58-9317.webp', '2024-08-20 22:35:58', '2024-08-20 22:35:58'),
(51, 18, 'uploads/custom-images/wsus-img-2024-08-21-04-35-58-3220.webp', '2024-08-20 22:35:58', '2024-08-20 22:35:58'),
(52, 19, 'uploads/custom-images/wsus-img-2024-08-21-05-17-50-6648.webp', '2024-08-20 23:17:50', '2024-08-20 23:17:50'),
(53, 19, 'uploads/custom-images/wsus-img-2024-08-21-05-17-50-3921.webp', '2024-08-20 23:17:50', '2024-08-20 23:17:50'),
(54, 19, 'uploads/custom-images/wsus-img-2024-08-21-05-17-50-6347.webp', '2024-08-20 23:17:50', '2024-08-20 23:17:50'),
(57, 20, 'uploads/custom-images/wsus-img-2024-08-21-06-47-33-3489.webp', '2024-08-21 00:47:33', '2024-08-21 00:47:33'),
(58, 20, 'uploads/custom-images/wsus-img-2024-08-21-06-47-33-3919.webp', '2024-08-21 00:47:33', '2024-08-21 00:47:33'),
(59, 20, 'uploads/custom-images/wsus-img-2024-08-21-06-47-33-5154.webp', '2024-08-21 00:47:33', '2024-08-21 00:47:33'),
(68, 27, 'uploads/custom-images/wsus-img-2024-12-23-07-45-06-8885.webp', '2024-12-23 01:45:06', '2024-12-23 01:45:06'),
(69, 27, 'uploads/custom-images/wsus-img-2024-12-23-07-45-06-3154.webp', '2024-12-23 01:45:06', '2024-12-23 01:45:06');

-- --------------------------------------------------------

--
-- Table structure for table `property_nearest_locations`
--

CREATE TABLE `property_nearest_locations` (
  `id` bigint(20) UNSIGNED NOT NULL,
  `property_id` int(11) NOT NULL,
  `nearest_place_id` int(11) NOT NULL,
  `distance` varchar(255) COLLATE utf8mb4_unicode_ci DEFAULT NULL,
  `created_at` timestamp NULL DEFAULT NULL,
  `updated_at` timestamp NULL DEFAULT NULL
) ENGINE=InnoDB DEFAULT CHARSET=utf8mb4 COLLATE=utf8mb4_unicode_ci;

--
-- Dumping data for table `property_nearest_locations`
--

INSERT INTO `property_nearest_locations` (`id`, `property_id`, `nearest_place_id`, `distance`, `created_at`, `updated_at`) VALUES
(1, 1, 1, '10', '2024-08-19 22:12:21', '2024-08-19 22:12:21'),
(2, 1, 2, '15', '2024-08-19 22:12:42', '2024-08-19 22:12:42'),
(3, 2, 3, '10', '2024-08-19 22:23:26', '2024-08-19 22:23:26'),
(4, 2, 5, '5', '2024-08-19 22:23:42', '2024-08-19 22:23:42'),
(5, 14, 9, '33', '2024-08-20 06:45:20', '2024-08-20 06:45:20'),
(6, 14, 4, '66', '2024-08-20 06:45:43', '2024-08-20 06:45:43'),
(7, 14, 10, '1', '2024-08-20 06:46:05', '2024-08-20 06:46:05'),
(8, 15, 4, '2', '2024-08-20 21:42:02', '2024-08-20 21:42:02'),
(9, 15, 1, '1', '2024-08-20 21:42:53', '2024-08-20 21:42:53'),
(10, 16, 6, '66', '2024-08-20 21:51:17', '2024-08-20 21:51:17'),
(11, 16, 3, '1.5', '2024-08-20 21:52:30', '2024-08-20 21:52:30'),
(12, 16, 8, '.5', '2024-08-20 21:53:42', '2024-08-20 21:53:42'),
(13, 18, 8, '6', '2024-08-20 22:36:48', '2024-08-20 22:36:48'),
(14, 18, 9, '4', '2024-08-20 22:37:09', '2024-08-20 22:37:09'),
(15, 19, 9, '.3', '2024-08-20 23:18:47', '2024-08-20 23:18:47'),
(16, 19, 6, '.5', '2024-08-20 23:19:16', '2024-08-20 23:19:16'),
(17, 19, 2, '1', '2024-08-20 23:19:45', '2024-08-20 23:19:45'),
(18, 20, 1, '1', '2024-08-21 00:38:15', '2024-08-21 00:38:15'),
(19, 20, 2, '2', '2024-08-21 00:38:27', '2024-08-21 00:38:27'),
(20, 20, 3, '3', '2024-08-21 00:38:43', '2024-08-21 00:38:43');

-- --------------------------------------------------------

--
-- Table structure for table `property_purposes`
--

CREATE TABLE `property_purposes` (
  `id` bigint(20) UNSIGNED NOT NULL,
  `purpose` varchar(255) COLLATE utf8mb4_unicode_ci DEFAULT NULL,
  `slug` varchar(255) COLLATE utf8mb4_unicode_ci DEFAULT NULL,
  `status` tinyint(1) NOT NULL DEFAULT 1,
  `created_at` timestamp NULL DEFAULT NULL,
  `updated_at` timestamp NULL DEFAULT NULL
) ENGINE=InnoDB DEFAULT CHARSET=utf8mb4 COLLATE=utf8mb4_unicode_ci;

--
-- Dumping data for table `property_purposes`
--

INSERT INTO `property_purposes` (`id`, `purpose`, `slug`, `status`, `created_at`, `updated_at`) VALUES
(1, 'For Sale', 'for-sale', 1, '2024-08-19 05:54:42', '2024-08-19 05:54:42'),
(2, 'For Rent', 'for-rent', 1, '2024-08-19 05:54:42', '2024-08-19 05:54:42');

-- --------------------------------------------------------

--
-- Table structure for table `property_purpose_translations`
--

CREATE TABLE `property_purpose_translations` (
  `id` bigint(20) UNSIGNED NOT NULL,
  `property_purpose_id` int(11) NOT NULL,
  `lang_code` varchar(255) COLLATE utf8mb4_unicode_ci NOT NULL,
  `title` varchar(255) COLLATE utf8mb4_unicode_ci DEFAULT NULL,
  `created_at` timestamp NULL DEFAULT NULL,
  `updated_at` timestamp NULL DEFAULT NULL
) ENGINE=InnoDB DEFAULT CHARSET=utf8mb4 COLLATE=utf8mb4_unicode_ci;

--
-- Dumping data for table `property_purpose_translations`
--

INSERT INTO `property_purpose_translations` (`id`, `property_purpose_id`, `lang_code`, `title`, `created_at`, `updated_at`) VALUES
(1, 1, 'en', 'For Sale', '2024-08-19 05:54:42', '2024-08-19 05:54:42'),
(2, 2, 'en', 'For Rent', '2024-08-19 05:54:42', '2024-08-19 05:54:42'),
(3, 1, 'hi', 'बिक्री के लिए', '2024-08-19 06:01:53', '2024-08-19 21:53:05'),
(4, 2, 'hi', 'किराए के लिए', '2024-08-19 06:01:53', '2024-08-19 21:54:04'),
(5, 1, 'ar', 'للبيع', '2024-08-19 06:02:16', '2024-08-19 21:53:22'),
(6, 2, 'ar', 'للإيجار', '2024-08-19 06:02:16', '2024-08-19 21:54:20');

-- --------------------------------------------------------

--
-- Table structure for table `property_reviews`
--

CREATE TABLE `property_reviews` (
  `id` bigint(20) UNSIGNED NOT NULL,
  `user_id` int(11) NOT NULL,
  `property_id` int(11) NOT NULL,
  `comment` text COLLATE utf8mb4_unicode_ci DEFAULT NULL,
  `service_rating` double DEFAULT NULL,
  `location_rating` double DEFAULT NULL,
  `money_rating` double DEFAULT NULL,
  `clean_rating` double DEFAULT NULL,
  `avarage_rating` double DEFAULT NULL,
  `status` tinyint(1) NOT NULL DEFAULT 0,
  `created_at` timestamp NULL DEFAULT NULL,
  `updated_at` timestamp NULL DEFAULT NULL
) ENGINE=InnoDB DEFAULT CHARSET=utf8mb4 COLLATE=utf8mb4_unicode_ci;

--
-- Dumping data for table `property_reviews`
--

INSERT INTO `property_reviews` (`id`, `user_id`, `property_id`, `comment`, `service_rating`, `location_rating`, `money_rating`, `clean_rating`, `avarage_rating`, `status`, `created_at`, `updated_at`) VALUES
(1, 2, 14, 'Lorem ipsum dolor sit amet, qui assum oblique praesent te. Quo ei erant essent scaevola, est ut clita dolorem, ei est mazim fuisset scribentur', 5, 5, 4, 4, 4.5, 1, '2024-08-20 22:41:06', '2024-08-20 22:43:07'),
(2, 2, 16, 'Lorem ipsum dolor sit amet, an labores explicari qui, eu nostrum copiosae argumentum has. Latine propriae quo no, unum ridens expetenda id sit, at usu eius eligendi singulis.', 5, 5, 5, 5, 5, 1, '2024-08-20 22:41:45', '2024-08-20 22:43:04'),
(3, 2, 4, 'Lorem ipsum dolor sit amet, qui assum oblique praesent te. Quo ei erant essent scaevola, est ut clita dolorem, ei est mazim fuisset scribentur', 4, 5, 4, 5, 4.5, 1, '2024-08-20 22:42:34', '2024-08-20 22:45:12'),
(4, 3, 14, 'Lorem ipsum dolor sit amet, qui assum oblique praesent te. Quo ei erant essent scaevola, est ut clita dolorem, ei est mazim fuisset scribentur', 5, 4, 4, 4, 4.25, 1, '2024-08-20 22:59:17', '2024-08-20 23:04:40'),
(5, 3, 15, 'Lorem ipsum dolor sit amet, qui assum oblique praesent te. Quo ei erant essent scaevola, est ut clita dolorem, ei est mazim fuisset scribentur', 5, 5, 4, 4, 4.5, 1, '2024-08-20 23:00:04', '2024-08-20 23:04:42'),
(6, 3, 16, 'Lorem ipsum dolor sit amet, an labores explicari qui, eu nostrum copiosae argumentum has. Latine propriae quo no, unum ridens expetenda id sit, at usu eius eligendi singulis.', 1, 1, 2, 3, 1.75, 1, '2024-08-20 23:01:23', '2024-08-20 23:04:45'),
(7, 3, 4, 'Lorem ipsum dolor sit amet, qui assum oblique praesent te. Quo ei erant essent scaevola, est ut clita dolorem, ei est mazim fuisset scribentur', 2, 3, 2, 3, 2.5, 1, '2024-08-20 23:02:25', '2024-08-20 23:04:50'),
(8, 3, 2, 'Lorem ipsum dolor sit amet, an labores explicari qui, eu nostrum copiosae argumentum has. Latine propriae quo no, unum ridens expetenda id sit, at usu eius eligendi singulis.', 4, 5, 4, 5, 4.5, 1, '2024-08-20 23:03:43', '2024-08-20 23:04:55'),
(9, 1, 2, 'Lorem ipsum dolor sit amet, qui assum oblique praesent te. Quo ei erant essent scaevola, est ut clita dolorem, ei est mazim fuisset scribentur', 3, 3, 3, 3, 3, 1, '2024-08-21 04:26:41', '2024-08-28 03:41:15'),
(10, 1, 4, 'Lorem ipsum dolor sit amet, qui assum oblique praesent te. Quo ei erant essent scaevola, est ut clita dolorem, ei est mazim fuisset scribentur', 5, 5, 5, 5, 5, 1, '2024-08-21 04:27:34', '2024-09-03 04:51:22');

-- --------------------------------------------------------

--
-- Table structure for table `property_translations`
--

CREATE TABLE `property_translations` (
  `id` bigint(20) UNSIGNED NOT NULL,
  `property_id` int(11) NOT NULL,
  `lang_code` varchar(255) COLLATE utf8mb4_unicode_ci NOT NULL,
  `title` text COLLATE utf8mb4_unicode_ci DEFAULT NULL,
  `address` text COLLATE utf8mb4_unicode_ci DEFAULT NULL,
  `description` longtext COLLATE utf8mb4_unicode_ci DEFAULT NULL,
  `created_at` timestamp NULL DEFAULT NULL,
  `updated_at` timestamp NULL DEFAULT NULL
) ENGINE=InnoDB DEFAULT CHARSET=utf8mb4 COLLATE=utf8mb4_unicode_ci;

--
-- Dumping data for table `property_translations`
--

INSERT INTO `property_translations` (`id`, `property_id`, `lang_code`, `title`, `address`, `description`, `created_at`, `updated_at`) VALUES
(1, 1, 'en', 'Library Road-6854', 'Long Beach , Tallahassee', '<p>Introducing Library Road-6854, a remarkable property now available for sale. This home offers an ideal blend of comfort, style, and convenience, making it the perfect choice for buyers seeking both peaceful surroundings and easy access to all the necessities of modern living. Located in a desirable area, this property provides a rare opportunity to own a home in a highly sought-after neighborhood.</p>\r\n<p>The interior of Library Road-6854 features spacious, open-concept living areas that are both inviting and functional. Natural light pours through large windows, highlighting the home&rsquo;s beautiful finishes and creating a warm, welcoming atmosphere throughout. Whether you&rsquo;re relaxing with family or entertaining friends, this home offers the perfect setting for all occasions.</p>\r\n<p>Each bedroom is designed with comfort in mind, offering generous space and plenty of storage. The bathrooms are thoughtfully designed with modern fixtures and a sleek aesthetic, ensuring both style and convenience. The kitchen is a standout feature, with ample counter space, high-end appliances, and plenty of room for meal preparation.</p>\r\n<p>Outside, the property offers a charming and well-maintained yard, perfect for outdoor activities or simply enjoying a quiet moment in nature. With its prime location, Library Road-6854 is close to local schools, parks, shopping centers, and transportation options, offering the best of both convenience and tranquility.</p>\r\n<p>Don&rsquo;t miss your chance to own Library Road-6854. This home is a perfect fit for anyone seeking a spacious, well-designed property in a desirable area. Schedule a visit today and discover the possibilities this property holds.</p>', '2024-08-19 22:01:44', '2024-12-28 22:48:46'),
(2, 1, 'hi', 'लाइब्रेरी रोड-6854', 'लंबे समुद्र तट', '<p>पेश है लाइब्रेरी रोड-6854, एक उल्लेखनीय संपत्ति जो अब बिक्री के लिए उपलब्ध है। यह घर आराम, शैली और सुविधा का एक आदर्श मिश्रण प्रदान करता है, जो इसे शांतिपूर्ण वातावरण और आधुनिक जीवन की सभी आवश्यकताओं तक आसान पहुंच चाहने वाले खरीदारों के लिए सही विकल्प बनाता है। एक वांछनीय क्षेत्र में स्थित, यह संपत्ति अत्यधिक मांग वाले पड़ोस में घर खरीदने का एक दुर्लभ अवसर प्रदान करती है।</p>\r\n<p>लाइब्रेरी रोड-6854 के इंटीरियर में विशाल, खुली अवधारणा वाले रहने वाले क्षेत्र हैं जो आकर्षक और कार्यात्मक दोनों हैं। बड़ी खिड़कियों से प्राकृतिक रोशनी आती है, जो घर की खूबसूरत सजावट को उजागर करती है और पूरे घर में एक गर्मजोशी भरा, स्वागत योग्य माहौल बनाती है। चाहे आप परिवार के साथ आराम कर रहे हों या दोस्तों का मनोरंजन कर रहे हों, यह घर सभी अवसरों के लिए एकदम सही सेटिंग प्रदान करता है।</p>\r\n<p>प्रत्येक शयनकक्ष को आराम को ध्यान में रखते हुए डिज़ाइन किया गया है, जो प्रचुर स्थान और भरपूर भंडारण प्रदान करता है। बाथरूम को आधुनिक फिक्स्चर और आकर्षक सौंदर्य के साथ सोच-समझकर डिजाइन किया गया है, जो शैली और सुविधा दोनों सुनिश्चित करता है। रसोईघर एक असाधारण सुविधा है, जिसमें पर्याप्त काउंटर स्पेस, उच्च-स्तरीय उपकरण और भोजन तैयार करने के लिए पर्याप्त जगह है।</p>\r\n<p>बाहर, संपत्ति एक आकर्षक और सुव्यवस्थित यार्ड प्रदान करती है, जो बाहरी गतिविधियों के लिए या प्रकृति में एक शांत क्षण का आनंद लेने के लिए बिल्कुल उपयुक्त है। अपने प्रमुख स्थान के साथ, लाइब्रेरी रोड-6854 स्थानीय स्कूलों, पार्कों, शॉपिंग सेंटरों और परिवहन विकल्पों के करीब है, जो सर्वोत्तम सुविधा और शांति दोनों प्रदान करता है।</p>\r\n<p>लाइब्रेरी रोड-6854 का मालिक बनने का मौका न चूकें। यह घर किसी वांछनीय क्षेत्र में विशाल, अच्छी तरह से डिज़ाइन की गई संपत्ति चाहने वाले किसी भी व्यक्ति के लिए बिल्कुल उपयुक्त है। आज ही यात्रा का कार्यक्रम बनाएं और इस संपत्ति में मौजूद संभावनाओं का पता लगाएं।</p>', '2024-08-19 22:01:44', '2024-12-28 22:50:09'),
(3, 1, 'ar', 'طريق المكتبة-6854', 'لونج بيتش', '<p>نقدم لك طريق المكتبة 6854، وهو عقار رائع متاح الآن للبيع. يوفر هذا المنزل مزيجًا مثاليًا من الراحة والأناقة والملاءمة، مما يجعله الخيار الأمثل للمشترين الذين يبحثون عن محيط هادئ وسهولة الوصول إلى جميع ضروريات الحياة العصرية. يقع هذا العقار في منطقة مرغوبة، ويوفر فرصة نادرة لامتلاك منزل في حي مرغوب فيه للغاية.</p>\r\n<p>يتميز التصميم الداخلي لـ Library Road-6854 بمناطق معيشة واسعة ومفتوحة تتميز بالترحاب والعملية في نفس الوقت. يتدفق الضوء الطبيعي من خلال النوافذ الكبيرة، مما يسلط الضوء على التشطيبات الجميلة للمنزل ويخلق جوًا دافئًا وترحيبيًا في جميع الأنحاء. سواء كنت تسترخي مع العائلة أو تستمتع بالأصدقاء، فإن هذا المنزل يوفر المكان المثالي لجميع المناسبات.</p>\r\n<p>تم تصميم كل غرفة نوم مع وضع الراحة في الاعتبار، وتوفر مساحة واسعة ومساحة تخزين كبيرة. تم تصميم الحمامات بعناية مع تجهيزات حديثة وشكل جمالي أنيق، مما يضمن الأناقة والراحة. يعد المطبخ ميزة بارزة، حيث يحتوي على مساحة واسعة للطاولة وأجهزة متطورة ومساحة كبيرة لإعداد الوجبات.</p>\r\n<p>في الخارج، يوفر مكان الإقامة ساحة ساحرة تتم صيانتها جيدًا، مثالية للأنشطة الخارجية أو مجرد الاستمتاع بلحظة هادئة في الطبيعة. بفضل موقعه المتميز، يقع Library Road-6854 بالقرب من المدارس المحلية والمتنزهات ومراكز التسوق وخيارات النقل، مما يوفر أفضل ما في الراحة والهدوء.</p>\r\n<p>لا تفوت فرصتك بإمتلاك طريق المكتبة -6854. يعد هذا المنزل مناسبًا تمامًا لأي شخص يبحث عن عقار واسع ومصمم جيدًا في منطقة مرغوبة. حدد موعدًا للزيارة اليوم واكتشف الإمكانيات التي يحملها هذا العقار.</p>', '2024-08-19 22:01:44', '2024-12-28 22:50:15'),
(4, 2, 'en', '2811 Battery Place Northwest', 'Melbourne', '<p>Welcome to 2811 Battery Place Northwest, a stunning property offering a perfect blend of elegance, comfort, and modern living. Situated in a desirable neighborhood, this home provides a unique opportunity to own a property in one of the area&rsquo;s most sought-after locations. With its timeless appeal and spacious layout, it&rsquo;s the ideal place to create lasting memories.</p>\r\n<p>The interior of the home is thoughtfully designed, featuring open-concept living spaces that seamlessly connect the living, dining, and kitchen areas. Large windows flood the rooms with natural light, highlighting the beautifully crafted finishes and modern touches throughout. This home is perfect for both intimate family gatherings and larger entertaining events.</p>\r\n<p>Each of the bedrooms is generously sized, offering comfort and privacy. The master suite is a true retreat, featuring a spacious layout and an en-suite bathroom with luxurious finishes. The home&rsquo;s bathrooms are equally impressive, showcasing high-end fixtures and a contemporary design.</p>\r\n<p>Outside, the property offers a private and well-maintained yard, ideal for outdoor activities or relaxing in the fresh air. The home&rsquo;s location in 2811 Battery Place Northwest places you within reach of local amenities, schools, parks, and major transportation routes, offering the convenience of city living with the tranquility of a peaceful neighborhood.</p>\r\n<p>Don&rsquo;t miss the opportunity to make 2811 Battery Place Northwest your new home. With its prime location, exceptional design, and unbeatable potential, this property is a must-see. Schedule a visit today and explore everything this beautiful home has to offer.</p>', '2024-08-19 22:19:06', '2024-12-28 22:45:16'),
(5, 2, 'hi', '2811 बैटरी प्लेस उत्तर पश्चिम', 'मेलबोर्न', '<p>2811 बैटरी प्लेस नॉर्थवेस्ट में आपका स्वागत है, यह एक शानदार संपत्ति है जो सुंदरता, आराम और आधुनिक जीवन का एक आदर्श मिश्रण पेश करती है। एक वांछनीय पड़ोस में स्थित, यह घर क्षेत्र के सबसे अधिक मांग वाले स्थानों में से एक में संपत्ति का मालिक होने का एक अनूठा अवसर प्रदान करता है। अपनी शाश्वत अपील और विशाल लेआउट के साथ, यह स्थायी यादें बनाने के लिए आदर्श स्थान है।</p>\r\n<p>घर का इंटीरियर सोच-समझकर डिज़ाइन किया गया है, जिसमें खुली अवधारणा वाले रहने की जगहें हैं जो रहने, भोजन और रसोई क्षेत्रों को सहजता से जोड़ती हैं। बड़ी खिड़कियाँ कमरों को प्राकृतिक रोशनी से भर देती हैं, जो खूबसूरती से तैयार की गई फिनिश और आधुनिक स्पर्श को उजागर करती हैं। यह घर अंतरंग पारिवारिक समारोहों और बड़े मनोरंजक कार्यक्रमों दोनों के लिए बिल्कुल उपयुक्त है।</p>\r\n<p>प्रत्येक शयनकक्ष बड़े आकार का है, जो आराम और गोपनीयता प्रदान करता है। मास्टर सुइट एक सच्चा रिट्रीट है, जिसमें एक विशाल लेआउट और शानदार फिनिश वाला एक संलग्न बाथरूम है। घर के बाथरूम भी उतने ही प्रभावशाली हैं, जो उच्च-स्तरीय फिक्स्चर और समकालीन डिजाइन का प्रदर्शन करते हैं।</p>\r\n<p>बाहर, संपत्ति एक निजी और अच्छी तरह से बनाए रखा यार्ड प्रदान करती है, जो बाहरी गतिविधियों या ताजी हवा में आराम करने के लिए आदर्श है। 2811 बैटरी प्लेस नॉर्थवेस्ट में घर का स्थान आपको स्थानीय सुविधाओं, स्कूलों, पार्कों और प्रमुख परिवहन मार्गों की पहुंच में रखता है, जो शांतिपूर्ण पड़ोस की शांति के साथ शहर में रहने की सुविधा प्रदान करता है।</p>\r\n<p>2811 बैटरी प्लेस नॉर्थवेस्ट को अपना नया घर बनाने का अवसर न चूकें। अपने प्रमुख स्थान, असाधारण डिज़ाइन और अद्वितीय क्षमता के साथ, यह संपत्ति अवश्य देखी जानी चाहिए। आज ही एक यात्रा का कार्यक्रम बनाएं और इस खूबसूरत घर की हर चीज़ का पता लगाएं।</p>', '2024-08-19 22:19:06', '2024-12-28 22:46:31'),
(6, 2, 'ar', '2811 مكان البطارية شمال غرب', 'ملبورن', '<p>مرحبًا بك في 2811 Battery Place Northwest، وهو فندق مذهل يوفر مزيجًا مثاليًا من الأناقة والراحة والحياة العصرية. يقع هذا المنزل في حي مرغوب فيه، ويوفر فرصة فريدة لامتلاك عقار في أحد أكثر المواقع المرغوبة في المنطقة. وبفضل جاذبيته الخالدة وتصميمه الواسع، فهو المكان المثالي لخلق ذكريات تدوم طويلاً.</p>\r\n<p>تم تصميم الجزء الداخلي للمنزل بعناية، ويضم مساحات معيشة ذات مخطط مفتوح تربط بين مناطق المعيشة وتناول الطعام والمطبخ بسلاسة. تغمر النوافذ الكبيرة الغرف بالضوء الطبيعي، مما يسلط الضوء على التشطيبات الجميلة واللمسات الحديثة في جميع الأنحاء. يعد هذا المنزل مثاليًا للتجمعات العائلية الحميمة والمناسبات الترفيهية الكبيرة.</p>\r\n<p>كل غرفة من غرف النوم كبيرة الحجم وتوفر الراحة والخصوصية. يعد الجناح الرئيسي ملاذًا حقيقيًا، ويتميز بتصميم واسع وحمام داخلي بتشطيبات فاخرة. تتميز حمامات المنزل بأنها مثيرة للإعجاب بنفس القدر، حيث تعرض تجهيزات راقية وتصميمًا معاصرًا.</p>\r\n<p>يوفر مكان الإقامة في الخارج ساحة خاصة تتم صيانتها جيدًا، وهي مثالية لممارسة الأنشطة الخارجية أو الاسترخاء في الهواء الطلق. موقع المنزل في 2811 Battery Place Northwest يجعلك على مقربة من المرافق المحلية والمدارس والمتنزهات وطرق النقل الرئيسية، مما يوفر راحة العيش في المدينة مع هدوء الحي الهادئ.</p>\r\n<p>لا تفوت فرصة جعل 2811 Battery Place Northwest منزلك الجديد. بفضل موقعه المتميز وتصميمه الاستثنائي وإمكاناته التي لا تقبل المنافسة، يعد هذا العقار أمرًا لا بد منه. حدد موعدًا للزيارة اليوم واستكشف كل ما يقدمه هذا المنزل الجميل.</p>', '2024-08-19 22:19:06', '2024-12-28 22:46:25'),
(7, 3, 'en', 'Saybrook Point Resort', 'Agoura Hills', '<p>Experience unparalleled waterfront living at Saybrook Point Resort and Marina, now available for rent. This luxurious property offers the perfect blend of relaxation and adventure, with stunning views and exceptional amenities that make it a one-of-a-kind retreat. Whether you&rsquo;re seeking a serene getaway or a vibrant, active lifestyle, this location has something for everyone.</p>\r\n<p>Enjoy spacious, beautifully designed accommodations with all the comforts of home. The interior features modern finishes, spacious living areas, and large windows that capture breathtaking views of the marina and surrounding landscapes. Whether you\'re lounging indoors or entertaining guests, the layout of this property offers both style and functionality.</p>\r\n<p>Take full advantage of the marina&rsquo;s offerings, with easy access to boating, water sports, and beautiful coastal walks. The resort provides top-tier amenities, including a full-service spa, gourmet dining, and various recreational facilities, ensuring every moment spent here is memorable.</p>\r\n<p>Located in a prime area, Saybrook Point Resort and Marina offers the perfect balance of relaxation and excitement. Enjoy the tranquility of waterfront living, while being close to charming shops, local attractions, and fine dining. This is an ideal location for those who appreciate the finer things in life while staying connected to all that the surrounding area has to offer.</p>\r\n<p>Don&rsquo;t miss the opportunity to rent a property at this prestigious address. Schedule a tour today and experience the luxurious lifestyle of Saybrook Point Resort and Marina, where every day feels like a vacation.</p>', '2024-08-19 22:28:22', '2025-01-02 04:36:37'),
(8, 3, 'hi', 'सेब्रुक पॉइंट रिज़ॉर्ट और मरीना', 'अगौरा हिल्स', '<p>सेब्रुक पॉइंट रिज़ॉर्ट और मरीना में समुद्र के किनारे अद्वितीय जीवन का अनुभव लें, जो अब किराए पर उपलब्ध है। यह शानदार संपत्ति आश्चर्यजनक दृश्यों और असाधारण सुविधाओं के साथ विश्राम और रोमांच का सही मिश्रण प्रदान करती है जो इसे एक अद्वितीय विश्राम स्थल बनाती है। चाहे आप एक शांत छुट्टी या जीवंत, सक्रिय जीवनशैली की तलाश में हों, इस स्थान पर हर किसी के लिए कुछ न कुछ है।</p>\r\n<p>घर की सभी सुख-सुविधाओं के साथ विशाल, खूबसूरती से डिज़ाइन किए गए आवास का आनंद लें। इंटीरियर में आधुनिक फिनिश, विशाल रहने वाले क्षेत्र और बड़ी खिड़कियां हैं जो मरीना और आसपास के परिदृश्य के लुभावने दृश्य पेश करती हैं। चाहे आप घर के अंदर आराम कर रहे हों या मेहमानों का मनोरंजन कर रहे हों, इस संपत्ति का लेआउट शैली और कार्यक्षमता दोनों प्रदान करता है।</p>\r\n<p>नौकायन, पानी के खेल और सुंदर तटीय सैर तक आसान पहुंच के साथ, मरीना की पेशकश का पूरा लाभ उठाएं। रिज़ॉर्ट शीर्ष स्तरीय सुविधाएं प्रदान करता है, जिसमें एक पूर्ण-सेवा स्पा, स्वादिष्ट भोजन और विभिन्न मनोरंजक सुविधाएं शामिल हैं, जो यह सुनिश्चित करती हैं कि यहां बिताया गया हर पल यादगार हो।</p>\r\n<p>एक प्रमुख क्षेत्र में स्थित, सेब्रुक पॉइंट रिज़ॉर्ट और मरीना विश्राम और उत्साह का सही संतुलन प्रदान करता है। आकर्षक दुकानों, स्थानीय आकर्षणों और बढ़िया भोजन के करीब रहते हुए, समुद्र तट पर शांति का आनंद लें। यह उन लोगों के लिए एक आदर्श स्थान है जो जीवन में बेहतर चीजों की सराहना करते हैं और आसपास के क्षेत्र से जुड़े रहते हैं।</p>\r\n<p>इस प्रतिष्ठित पते पर संपत्ति किराए पर लेने का अवसर न चूकें। आज ही एक दौरे का कार्यक्रम बनाएं और सेब्रुक पॉइंट रिज़ॉर्ट और मरीना की शानदार जीवनशैली का अनुभव करें, जहां हर दिन एक छुट्टी जैसा लगता है।</p>', '2024-08-19 22:28:22', '2024-12-28 22:42:40'),
(9, 3, 'ar', 'منتجع ومارينا سايبروك بوينت', 'أجورا هيلز', '<p>استمتع بتجربة حياة لا مثيل لها على الواجهة البحرية في منتجع ومارينا سايبروك بوينت، المتاح الآن للإيجار. يوفر هذا الفندق الفاخر مزيجًا مثاليًا من الاسترخاء والمغامرة، مع إطلالات خلابة ووسائل راحة استثنائية تجعل منه ملاذًا فريدًا من نوعه. سواء كنت تبحث عن ملاذ هادئ أو أسلوب حياة مفعم بالحيوية والنشاط، فإن هذا الموقع يضم ما يناسب الجميع.</p>\r\n<p>استمتع بأماكن إقامة فسيحة ومصممة بشكل جميل مع جميع وسائل الراحة المنزلية. يتميز التصميم الداخلي بتشطيبات حديثة ومناطق معيشة واسعة ونوافذ كبيرة توفر إطلالات خلابة على المرسى والمناظر الطبيعية المحيطة. سواء كنت تسترخي في الداخل أو تستقبل الضيوف، فإن تصميم هذا العقار يوفر كلاً من الأسلوب والأداء.</p>\r\n<p>استفد بشكل كامل من عروض المارينا، مع سهولة الوصول إلى ركوب القوارب والرياضات المائية والمشي الساحلي الجميل. يوفر المنتجع وسائل راحة من الدرجة الأولى، بما في ذلك منتجع صحي متكامل الخدمات ومطاعم راقية ومرافق ترفيهية متنوعة، مما يضمن أن كل لحظة تقضيها هنا لا تُنسى.</p>\r\n<p>يقع منتجع Saybrook Point Resort and Marina في منطقة رئيسية، ويوفر التوازن المثالي بين الاسترخاء والإثارة. استمتع بالهدوء الذي تعيشه على الواجهة البحرية، بينما تكون قريبًا من المحلات التجارية الساحرة ومناطق الجذب المحلية والمطاعم الفاخرة. يعد هذا موقعًا مثاليًا لأولئك الذين يقدرون أفضل الأشياء في الحياة مع البقاء على اتصال بكل ما تقدمه المنطقة المحيطة.</p>\r\n<p>لا تفوت فرصة استئجار عقار في هذا العنوان المرموق. حدد موعدًا لجولة اليوم واستمتع بتجربة نمط الحياة الفاخر في منتجع ومارينا سايبروك بوينت، حيث يبدو كل يوم وكأنه عطلة.</p>', '2024-08-19 22:28:22', '2024-12-28 22:42:43'),
(10, 4, 'en', '3015 Grand Avenue, CocoWalk', 'Newport', '<p>Welcome to 3015 Grand Avenue, CocoWalk, a beautifully appointed property now available for rent. Located in the vibrant and sought-after CocoWalk area, this home offers the perfect combination of style, convenience, and urban living, making it an ideal choice for those looking to live in the heart of the action.</p>\r\n<p>The spacious interior is designed with an open-concept layout, allowing for seamless flow between the living, dining, and kitchen areas. With modern finishes and contemporary touches, this home offers both comfort and sophistication, making it a perfect space for entertaining or relaxing after a busy day.</p>\r\n<p>Each bedroom provides ample space and privacy, offering a tranquil retreat from the bustling city. The bathrooms are designed with sleek, modern fixtures, providing a spa-like experience in the comfort of your own home. The well-appointed kitchen features high-end appliances and plenty of counter space, perfect for preparing meals or hosting guests.</p>\r\n<p>The location of 3015 Grand Avenue, CocoWalk provides easy access to a variety of restaurants, shops, entertainment options, and outdoor spaces. With public transport just a stone&rsquo;s throw away, everything you need is within reach, making this property an exceptional place to call home.</p>\r\n<p>Don&rsquo;t miss the opportunity to rent this stunning property. 3015 Grand Avenue, CocoWalk offers modern living in one of the most desirable locations. Schedule a tour today to see what this beautiful space has to offer!</p>', '2024-08-19 22:35:57', '2024-12-28 22:38:27'),
(11, 4, 'hi', '3015 ग्रैंड एवेन्यू, कोकोवॉक', 'न्यूपोर्ट', '<p>3015 ग्रांड एवेन्यू, कोकोवॉक में आपका स्वागत है, एक सुंदर रूप से सुसज्जित संपत्ति जो अब किराए पर उपलब्ध है। जीवंत और मांग वाले कोकोवॉक क्षेत्र में स्थित, यह घर शैली, सुविधा और शहरी जीवन का सही संयोजन प्रदान करता है, जो इसे उन लोगों के लिए एक आदर्श विकल्प बनाता है जो गतिविधि के केंद्र में रहना चाहते हैं।</p>\r\n<p>विशाल इंटीरियर को एक ओपन-कॉन्सेप्ट लेआउट के साथ डिज़ाइन किया गया है, जो रहने, खाने और रसोई क्षेत्रों के बीच निर्बाध प्रवाह की अनुमति देता है। आधुनिक फिनिश और समकालीन स्पर्श के साथ, यह घर आराम और परिष्कार दोनों प्रदान करता है, जिससे यह व्यस्त दिन के बाद मनोरंजन या आराम करने के लिए एक आदर्श स्थान बन जाता है।</p>\r\n<p>प्रत्येक शयनकक्ष पर्याप्त स्थान और गोपनीयता प्रदान करता है, जो हलचल भरे शहर से एक शांत विश्राम प्रदान करता है। बाथरूम को आकर्षक, आधुनिक फिक्स्चर के साथ डिज़ाइन किया गया है, जो आपके घर के आराम में स्पा जैसा अनुभव प्रदान करता है। अच्छी तरह से सुसज्जित रसोईघर में उच्च-स्तरीय उपकरण और बहुत सारे काउंटर स्थान हैं, जो भोजन तैयार करने या मेहमानों की मेजबानी के लिए बिल्कुल उपयुक्त हैं।</p>\r\n<p>3015 ग्रैंड एवेन्यू, कोकोवॉक का स्थान विभिन्न प्रकार के रेस्तरां, दुकानों, मनोरंजन विकल्पों और बाहरी स्थानों तक आसान पहुंच प्रदान करता है। सार्वजनिक परिवहन से बस कुछ ही दूरी पर, आपकी ज़रूरत की हर चीज़ पहुंच के भीतर है, जिससे यह संपत्ति घर कहने के लिए एक असाधारण जगह बन गई है।</p>\r\n<p>इस शानदार संपत्ति को किराए पर लेने का अवसर न चूकें। 3015 ग्रैंड एवेन्यू, कोकोवॉक सबसे वांछनीय स्थानों में से एक में आधुनिक जीवन प्रदान करता है। यह खूबसूरत जगह क्या पेश करती है यह देखने के लिए आज ही एक दौरे का कार्यक्रम बनाएं!</p>', '2024-08-19 22:35:57', '2024-12-28 22:39:45'),
(12, 4, 'ar', '3015 جراند أفينيو، كوكو ووك', 'نيوبورت', '<p>مرحبًا بكم في 3015 Grand Avenue، CocoWalk، وهو عقار مجهز بشكل جميل ومتوفر الآن للإيجار. يقع هذا المنزل في منطقة CocoWalk النابضة بالحياة والمرغوبة، ويوفر مزيجًا مثاليًا من الأناقة والراحة والحياة الحضرية، مما يجعله خيارًا مثاليًا لأولئك الذين يتطلعون إلى العيش في قلب الحدث.</p>\r\n<p>تم تصميم المساحة الداخلية الفسيحة بتصميم مفتوح، مما يسمح بالتدفق السلس بين مناطق المعيشة وتناول الطعام والمطبخ. مع التشطيبات الحديثة واللمسات المعاصرة، يوفر هذا المنزل الراحة والرقي، مما يجعله مساحة مثالية للترفيه أو الاسترخاء بعد يوم حافل.</p>\r\n<p>توفر كل غرفة نوم مساحة واسعة وخصوصية، مما يوفر ملاذًا هادئًا بعيدًا عن صخب المدينة. تم تصميم الحمامات بتركيبات أنيقة وحديثة، مما يوفر تجربة تشبه المنتجع الصحي في راحة منزلك. يتميز المطبخ المجهز جيدًا بأجهزة عالية الجودة ومساحة كبيرة للطاولة، مما يجعله مثاليًا لإعداد وجبات الطعام أو استضافة الضيوف.</p>\r\n<p>يوفر موقع 3015 Grand Avenue, CocoWalk سهولة الوصول إلى مجموعة متنوعة من المطاعم والمحلات التجارية وخيارات الترفيه والمساحات الخارجية. مع وجود وسائل النقل العام على بعد مرمى حجر، كل ما تحتاجه في متناول اليد، مما يجعل هذا العقار مكانًا استثنائيًا لتعتبره موطنًا لك.</p>\r\n<p>لا تفوت فرصة استئجار هذا العقار المذهل. 3015 Grand Avenue, CocoWalk يوفر حياة عصرية في أحد أكثر المواقع المرغوبة. حدد موعدًا لجولة اليوم لترى ما تقدمه هذه المساحة الجميلة!</p>', '2024-08-19 22:35:57', '2024-12-28 22:39:51'),
(13, 5, 'en', '1745 T Street Southeast', '20 Brown Hills West Stephaniaton', '<p>Discover the charm and potential of 1745 T Street Southeast, a property that offers a perfect blend of comfort and convenience. Located in a desirable neighborhood, this home presents a fantastic opportunity for those seeking a well-situated property with ample space and great potential.</p>\r\n<p>The home features spacious living areas with an inviting layout, making it ideal for both everyday living and entertaining. Natural light pours in through large windows, illuminating the home&rsquo;s thoughtfully designed spaces. Whether you\'re looking to renovate or enjoy as is, this property offers endless possibilities to create the perfect living space.</p>\r\n<p>The well-sized bedrooms provide comfort and privacy, while the bathrooms offer functional design with room for personal touches. The kitchen is a highlight, offering plenty of space for meal preparation and entertaining. With some upgrades, this space could be transformed into your dream kitchen.</p>\r\n<p>Outside, the property offers a generous yard with room for outdoor activities, gardening, or relaxation. The central location of 1745 T Street Southeast means you\'re just minutes away from schools, parks, shopping centers, and public transport, ensuring ultimate convenience and easy access to everything you need.</p>\r\n<p>Don&rsquo;t miss out on the opportunity to own this gem. 1745 T Street Southeast is a property brimming with potential in a thriving, well-connected area. Schedule a visit today to see firsthand what this property can offer.</p>', '2024-08-19 22:41:44', '2024-12-28 22:35:10'),
(14, 5, 'hi', '1745 टी स्ट्रीट दक्षिणपूर्व', '20 ब्राउन हिल्स वेस्ट स्टेफ़नियाटन', '<p>1745 टी स्ट्रीट साउथईस्ट के आकर्षण और क्षमता की खोज करें, एक ऐसी संपत्ति जो आराम और सुविधा का एक आदर्श मिश्रण प्रदान करती है। एक वांछनीय पड़ोस में स्थित, यह घर उन लोगों के लिए एक शानदार अवसर प्रस्तुत करता है जो पर्याप्त जगह और महान संभावनाओं के साथ एक अच्छी स्थिति वाली संपत्ति की तलाश में हैं।</p>\r\n<p>घर में आकर्षक लेआउट के साथ विशाल बैठक क्षेत्र हैं, जो इसे रोजमर्रा की जिंदगी और मनोरंजन दोनों के लिए आदर्श बनाता है। बड़ी खिड़कियों से प्राकृतिक रोशनी आती है, जो घर के सोच-समझकर डिजाइन किए गए स्थानों को रोशन करती है। चाहे आप नवीनीकरण करना चाह रहे हों या वैसे ही आनंद लेना चाह रहे हों, यह संपत्ति आदर्श रहने की जगह बनाने के लिए अनंत संभावनाएं प्रदान करती है।</p>\r\n<p>अच्छे आकार के शयनकक्ष आराम और गोपनीयता प्रदान करते हैं, जबकि बाथरूम व्यक्तिगत स्पर्श के लिए कमरे के साथ कार्यात्मक डिजाइन प्रदान करते हैं। रसोई एक मुख्य आकर्षण है, जो भोजन की तैयारी और मनोरंजन के लिए भरपूर जगह प्रदान करती है। कुछ अपग्रेड के साथ, यह जगह आपके सपनों की रसोई में तब्दील हो सकती है।</p>\r\n<p>बाहर, संपत्ति बाहरी गतिविधियों, बागवानी या विश्राम के लिए कमरे के साथ एक उदार यार्ड प्रदान करती है। 1745 टी स्ट्रीट साउथईस्ट के केंद्रीय स्थान का मतलब है कि आप स्कूलों, पार्कों, शॉपिंग सेंटरों और सार्वजनिक परिवहन से कुछ ही मिनटों की दूरी पर हैं, जिससे आपकी ज़रूरत की हर चीज़ तक परम सुविधा और आसान पहुँच सुनिश्चित होती है।</p>\r\n<p>इस रत्न को पाने का अवसर न चूकें। 1745 टी स्ट्रीट साउथईस्ट एक संपन्न, अच्छी तरह से जुड़े हुए क्षेत्र में संभावनाओं से भरपूर संपत्ति है। यह संपत्ति क्या पेशकश कर सकती है, यह देखने के लिए आज ही यात्रा का कार्यक्रम बनाएं।</p>', '2024-08-19 22:41:44', '2024-12-28 22:36:17'),
(15, 5, 'ar', '1745 شارع تي جنوب شرق', '20 براون هيلز غرب ستيفانياتون', '<p>اكتشف سحر وإمكانات 1745 T Street Southeast، وهو مكان إقامة يوفر مزيجًا مثاليًا من الراحة والملاءمة. يقع هذا المنزل في حي مرغوب فيه، ويقدم فرصة رائعة لأولئك الذين يبحثون عن عقار بموقع جيد بمساحة واسعة وإمكانات كبيرة.</p>\r\n<p>يحتوي المنزل على مناطق معيشة واسعة ذات تصميم جذاب، مما يجعله مثاليًا للحياة اليومية والترفيه. يتدفق الضوء الطبيعي من خلال النوافذ الكبيرة، مما يضيء مساحات المنزل المصممة بعناية. سواء كنت تتطلع إلى التجديد أو الاستمتاع كما هو، فإن هذا العقار يوفر إمكانيات لا حصر لها لإنشاء مساحة معيشة مثالية.</p>\r\n<p>توفر غرف النوم ذات الحجم الجيد الراحة والخصوصية، بينما توفر الحمامات تصميمًا عمليًا مع مساحة لللمسات الشخصية. يعد المطبخ أحد المعالم المميزة حيث يوفر مساحة كبيرة لإعداد الوجبات والترفيه. ومع بعض التحسينات، يمكن تحويل هذه المساحة إلى مطبخ أحلامك.</p>\r\n<p>في الخارج، يوفر مكان الإقامة ساحة فسيحة مع مساحة للأنشطة الخارجية أو البستنة أو الاسترخاء. الموقع المركزي لـ 1745 T Street Southeast يعني أنك على بعد دقائق فقط من المدارس والمتنزهات ومراكز التسوق ووسائل النقل العام، مما يضمن الراحة القصوى وسهولة الوصول إلى كل ما تحتاجه.</p>\r\n<p>لا تفوت فرصة امتلاك هذه الجوهرة. 1745 T Street Southeast هو عقار مليء بالإمكانيات في منطقة مزدهرة ومتصلة جيدًا. حدد موعدًا للزيارة اليوم لترى بشكل مباشر ما يمكن أن تقدمه هذه المنشأة.</p>', '2024-08-19 22:41:44', '2024-12-28 22:36:29'),
(16, 6, 'en', '8502 Madrone Avenue', 'Manchester', '<p>Welcome to 8502 Madrone Avenue, a stunning property available for rent that combines comfort, style, and convenience. Located in a sought-after neighborhood, this residence offers a perfect blend of modern living and relaxed suburban charm, making it an ideal home for those looking for both peace and accessibility.</p>\r\n<p>The home features spacious, open-concept living areas designed with an emphasis on natural light and air flow. A welcoming living room, elegant dining area, and a gourmet kitchen with modern appliances provide the perfect space for family living and entertaining guests. The stylish finishes and thoughtful design ensure both functionality and aesthetics in every corner.</p>\r\n<p>Each of the well-appointed bedrooms provides ample space and comfort, making it the perfect retreat after a long day. The bathrooms are designed with luxury in mind, featuring high-end fixtures and modern touches that enhance the home&rsquo;s overall appeal.</p>\r\n<p>Outside, the property is surrounded by lush landscaping, offering a peaceful and private backyard space ideal for relaxing, dining, or entertaining. The prime location of 8502 Madrone Avenue also means you\'re just moments away from local shops, schools, parks, and major transportation routes, making daily life convenient and stress-free.</p>\r\n<p>Don&rsquo;t miss the opportunity to make 8502 Madrone Avenue your next home. This rental offers both a tranquil environment and easy access to all the amenities you need. Schedule a tour today and experience the charm and comfort of this exceptional property.</p>', '2024-08-19 22:49:40', '2024-12-28 22:30:43'),
(17, 6, 'hi', '8502 मैड्रोन एवेन्यू', 'मैनचेस्टर', '<p>8502 मैड्रोन एवेन्यू में आपका स्वागत है, यह किराए के लिए उपलब्ध एक शानदार संपत्ति है जो आराम, शैली और सुविधा का संयोजन है। एक लोकप्रिय पड़ोस में स्थित, यह निवास आधुनिक जीवन और आरामदायक उपनगरीय आकर्षण का एक आदर्श मिश्रण प्रदान करता है, जो इसे शांति और पहुंच दोनों की तलाश करने वालों के लिए एक आदर्श घर बनाता है।</p>\r\n<p>घर में प्राकृतिक प्रकाश और वायु प्रवाह पर जोर देने के साथ डिजाइन किए गए विशाल, खुली अवधारणा वाले रहने वाले क्षेत्र हैं। एक स्वागत योग्य बैठक कक्ष, सुंदर भोजन क्षेत्र और आधुनिक उपकरणों के साथ एक स्वादिष्ट रसोईघर परिवार के रहने और मेहमानों के मनोरंजन के लिए आदर्श स्थान प्रदान करता है। स्टाइलिश फ़िनिश और विचारशील डिज़ाइन हर कोने में कार्यक्षमता और सौंदर्यशास्त्र दोनों सुनिश्चित करते हैं।</p>\r\n<p>अच्छी तरह से सुसज्जित प्रत्येक शयनकक्ष पर्याप्त स्थान और आराम प्रदान करता है, जो इसे लंबे दिन के बाद एक आदर्श विश्राम स्थल बनाता है। बाथरूम को विलासिता को ध्यान में रखकर डिज़ाइन किया गया है, जिसमें उच्च-स्तरीय फिक्स्चर और आधुनिक स्पर्श शामिल हैं जो घर की समग्र अपील को बढ़ाते हैं।</p>\r\n<p>बाहर, संपत्ति हरे-भरे भूदृश्य से घिरी हुई है, जो आराम, भोजन या मनोरंजन के लिए आदर्श शांतिपूर्ण और निजी पिछवाड़े की जगह प्रदान करती है। 8502 मैड्रोन एवेन्यू के प्रमुख स्थान का मतलब यह भी है कि आप स्थानीय दुकानों, स्कूलों, पार्कों और प्रमुख परिवहन मार्गों से कुछ ही क्षण दूर हैं, जिससे दैनिक जीवन सुविधाजनक और तनाव मुक्त हो जाता है।</p>\r\n<p>8502 मैड्रोन एवेन्यू को अपना अगला घर बनाने का अवसर न चूकें। यह किराया शांत वातावरण और आपकी ज़रूरत की सभी सुविधाओं तक आसान पहुँच प्रदान करता है। आज ही एक दौरे का कार्यक्रम बनाएं और इस असाधारण संपत्ति के आकर्षण और आराम का अनुभव करें।</p>', '2024-08-19 22:49:40', '2024-12-28 22:31:33'),
(18, 6, 'ar', '8502 شارع مادرون', 'مانشستر', '<p>مرحبًا بكم في 8502 Madrone Avenue، وهو عقار مذهل متاح للإيجار يجمع بين الراحة والأناقة والملاءمة. يقع هذا السكن في حي مرغوب فيه، ويوفر مزيجًا مثاليًا من الحياة العصرية وسحر الضواحي المريح، مما يجعله منزلًا مثاليًا لأولئك الذين يبحثون عن الهدوء وسهولة الوصول.</p>\r\n<p>يتميز المنزل بمناطق معيشة واسعة ومفتوحة مصممة مع التركيز على الضوء الطبيعي وتدفق الهواء. توفر غرفة المعيشة الترحيبية ومنطقة تناول الطعام الأنيقة ومطبخ الذواقة مع الأجهزة الحديثة مساحة مثالية للمعيشة العائلية وترفيه الضيوف. تضمن التشطيبات الأنيقة والتصميم المدروس توفير الأداء الوظيفي والجمال في كل زاوية.</p>\r\n<p>توفر كل غرفة من غرف النوم المجهزة تجهيزًا جيدًا مساحة واسعة وراحة، مما يجعلها الملاذ المثالي بعد يوم طويل. تم تصميم الحمامات مع أخذ الفخامة في الاعتبار، وتتميز بتركيبات راقية ولمسات عصرية تعزز المظهر العام للمنزل.</p>\r\n<p>في الخارج، تحيط بمكان الإقامة مناظر طبيعية مورقة، مما يوفر مساحة فناء خلفي هادئة وخاصة مثالية للاسترخاء أو تناول الطعام أو الترفيه. الموقع المتميز لـ 8502 Madrone Avenue يعني أيضًا أنك على بعد لحظات فقط من المتاجر المحلية والمدارس والمتنزهات وطرق النقل الرئيسية، مما يجعل الحياة اليومية مريحة وخالية من التوتر.</p>\r\n<p>لا تفوت فرصة جعل 8502 Madrone Avenue منزلك التالي. يوفر هذا الإيجار بيئة هادئة وسهولة الوصول إلى جميع وسائل الراحة التي تحتاجها. حدد موعدًا لجولة اليوم واختبر سحر وراحة هذا العقار الاستثنائي.</p>', '2024-08-19 22:49:40', '2024-12-28 22:31:26'),
(19, 7, 'en', '1508 Massachusetts Avenue Southeast', '95 South Park Avenue, New York, USA', '<p>Discover the exceptional potential of 1508 Massachusetts Avenue Southeast, a property that combines a prime location with endless possibilities. Situated in a vibrant and well-connected neighborhood, this property offers easy access to local amenities, schools, parks, and public transportation, making it ideal for a variety of lifestyles.</p>\r\n<p>Whether you\'re looking to build your dream home or seeking an investment opportunity, this property stands out with its unique character and potential for customization. Its strategic location ensures long-term value, while the surrounding community boasts a friendly atmosphere and a balance of urban conveniences and natural beauty.</p>\r\n<p>The property&rsquo;s Southeast location places it within proximity to bustling commercial hubs, dining options, and recreational spaces. With everything you need just minutes away, it offers a seamless blend of comfort and accessibility for residents or future tenants alike.</p>\r\n<p>Don&rsquo;t miss the opportunity to make 1508 Massachusetts Avenue Southeast your own. Whether as a place to call home or as a smart investment, this property is a rare find in a highly desirable area.</p>', '2024-08-19 22:54:45', '2024-12-28 21:51:22'),
(20, 7, 'hi', '1508 मैसाचुसेट्स एवेन्यू दक्षिणपूर्व', '95 साउथ पार्क एवेन्यू, न्यूयॉर्क, यूएसए', '<p>1508 मैसाचुसेट्स एवेन्यू साउथईस्ट की असाधारण क्षमता की खोज करें, एक ऐसी संपत्ति जो अनंत संभावनाओं के साथ एक प्रमुख स्थान को जोड़ती है। एक जीवंत और अच्छी तरह से जुड़े पड़ोस में स्थित, यह संपत्ति स्थानीय सुविधाओं, स्कूलों, पार्कों और सार्वजनिक परिवहन तक आसान पहुंच प्रदान करती है, जो इसे विभिन्न प्रकार की जीवन शैली के लिए आदर्श बनाती है।</p>\r\n<p>चाहे आप अपने सपनों का घर बनाना चाह रहे हों या निवेश का अवसर तलाश रहे हों, यह संपत्ति अपने अद्वितीय चरित्र और अनुकूलन की क्षमता के साथ सामने आती है। इसका रणनीतिक स्थान दीर्घकालिक मूल्य सुनिश्चित करता है, जबकि आसपास का समुदाय एक मैत्रीपूर्ण माहौल और शहरी सुविधाओं और प्राकृतिक सुंदरता के संतुलन का दावा करता है।</p>\r\n<p>संपत्ति का दक्षिणपूर्व स्थान इसे हलचल भरे वाणिज्यिक केंद्रों, भोजन विकल्पों और मनोरंजक स्थानों के करीब रखता है। आपकी ज़रूरत की हर चीज़ कुछ ही मिनटों की दूरी पर होने के कारण, यह निवासियों या भविष्य के किरायेदारों के लिए आराम और पहुंच का एक सहज मिश्रण प्रदान करता है।</p>\r\n<p>1508 मैसाचुसेट्स एवेन्यू साउथईस्ट को अपना बनाने का अवसर न चूकें। चाहे घर कहने की जगह के रूप में हो या स्मार्ट निवेश के रूप में, यह संपत्ति अत्यधिक वांछनीय क्षेत्र में एक दुर्लभ खोज है।</p>', '2024-08-19 22:54:45', '2024-12-28 21:53:45'),
(21, 7, 'ar', '1508 شارع ماساتشوستس جنوب شرق', '95 ساوث بارك أفينيو، نيويورك، الولايات المتحدة الأمريكية', '<p>اكتشف الإمكانات الاستثنائية 1508&nbsp; شارع ماساتشوستس جنوب شرق وهي ملكية تجمع بين الموقع المتميز والإمكانيات التي لا نهاية لها. يقع هذا العقار في حي نابض بالحياة ومتصل بشكل جيد، ويوفر سهولة الوصول إلى المرافق المحلية والمدارس والمتنزهات ووسائل النقل العام، مما يجعله مثاليًا لمجموعة متنوعة من أنماط الحياة.</p>\r\n<p>سواء كنت تتطلع إلى بناء منزل أحلامك أو تبحث عن فرصة استثمارية، فإن هذا العقار يتميز بطابعه الفريد وإمكاناته للتخصيص. ويضمن موقعها الاستراتيجي قيمة طويلة المدى، في حين يتميز المجتمع المحيط بأجواء ودية وتوازن بين وسائل الراحة الحضرية والجمال الطبيعي.</p>\r\n<p>موقع العقار في الجنوب الشرقي يجعله على مقربة من المراكز التجارية المزدحمة وخيارات تناول الطعام والمساحات الترفيهية. مع وجود كل ما تحتاجه على بعد دقائق فقط، فإنه يوفر مزيجًا سلسًا من الراحة وسهولة الوصول للمقيمين أو المستأجرين المستقبليين على حدٍ سواء.</p>\r\n<p>لا تفوت الفرصة لجعل 1508 شارع ماساتشوستس جنوب شرق ملكًا لك. سواء أكان هذا العقار مكانًا للعيش فيه أو كاستثمار ذكي، فهو اكتشاف نادر في منطقة مرغوبة للغاية.</p>', '2024-08-19 22:54:45', '2024-12-28 21:58:14'),
(22, 8, 'en', '3d Rendering Luxury Modern Design', 'Newcastle', '<p>Experience the pinnacle of luxury living with this stunning property featuring a modern design brought to life through exquisite 3D rendering. Available for rent, this residence offers a perfect blend of sophistication, comfort, and state-of-the-art design elements, making it a standout choice for discerning renters.</p>\r\n<p>The interior showcases sleek lines, open-concept spaces, and high-end finishes that epitomize contemporary elegance. From the spacious living areas to the gourmet kitchen with premium appliances and custom cabinetry, every detail has been thoughtfully designed for both style and functionality.</p>\r\n<p>Large floor-to-ceiling windows flood the space with natural light, highlighting the carefully curated materials and finishes. The bathrooms offer a spa-like retreat, complete with luxurious fixtures, ambient lighting, and a clean, modern aesthetic. The bedrooms are equally impressive, offering comfort and privacy in a setting that reflects pure sophistication.</p>\r\n<p>Outside, the property continues to impress with meticulously landscaped surroundings and outdoor spaces perfect for relaxation or entertaining. Whether you\'re enjoying a quiet evening or hosting a gathering, the seamless integration of indoor and outdoor living enhances the overall experience.</p>\r\n<p>This luxury rental is not just a place to live&mdash;it&rsquo;s a lifestyle. With its cutting-edge design and premium amenities, it&rsquo;s ideal for those who value modern living at its finest. Don&rsquo;t miss the chance to rent this extraordinary property. Schedule a tour today to see its 3D-rendered beauty in person!</p>', '2024-08-19 23:01:32', '2024-12-28 22:26:34'),
(23, 8, 'hi', '3डी रेंडरिंग लक्ज़री मॉडर्न डिज़ाइन', 'न्यूकासल', '<p>उत्कृष्ट 3डी रेंडरिंग के माध्यम से जीवंत आधुनिक डिजाइन वाली इस आश्चर्यजनक संपत्ति के साथ विलासितापूर्ण जीवन के शिखर का अनुभव करें। किराए पर उपलब्ध, यह निवास परिष्कार, आराम और अत्याधुनिक डिजाइन तत्वों का एक आदर्श मिश्रण प्रदान करता है, जो इसे समझदार किरायेदारों के लिए एक उत्कृष्ट विकल्प बनाता है।</p>\r\n<p>इंटीरियर में चिकनी रेखाएं, ओपन-कॉन्सेप्ट स्पेस और हाई-एंड फिनिश दिखाई देती है जो समकालीन सुंदरता का प्रतीक है। विशाल रहने वाले क्षेत्रों से लेकर प्रीमियम उपकरणों और कस्टम कैबिनेटरी के साथ स्वादिष्ट रसोई तक, हर विवरण को शैली और कार्यक्षमता दोनों के लिए सोच-समझकर डिजाइन किया गया है।</p>\r\n<p>फर्श से छत तक बड़ी खिड़कियां अंतरिक्ष को प्राकृतिक रोशनी से भर देती हैं, जो सावधानीपूर्वक तैयार की गई सामग्री और फिनिश को उजागर करती हैं। बाथरूम एक स्पा जैसा रिट्रीट प्रदान करते हैं, जो शानदार फिक्स्चर, परिवेश प्रकाश व्यवस्था और स्वच्छ, आधुनिक सौंदर्य से परिपूर्ण है। शयनकक्ष भी समान रूप से प्रभावशाली हैं, जो ऐसी सेटिंग में आराम और गोपनीयता प्रदान करते हैं जो शुद्ध परिष्कार को दर्शाता है।</p>\r\n<p>बाहर, संपत्ति सावधानीपूर्वक भूदृश्य वाले परिवेश और विश्राम या मनोरंजन के लिए उपयुक्त बाहरी स्थानों से प्रभावित करती रहती है। चाहे आप एक शांत शाम का आनंद ले रहे हों या किसी सभा की मेजबानी कर रहे हों, इनडोर और आउटडोर जीवन का सहज एकीकरण समग्र अनुभव को बढ़ाता है।</p>\r\n<p>यह लक्जरी किराये सिर्फ रहने की जगह नहीं है - यह एक जीवन शैली है। अपने अत्याधुनिक डिज़ाइन और प्रीमियम सुविधाओं के साथ, यह उन लोगों के लिए आदर्श है जो आधुनिक जीवन को सर्वोत्तम रूप से महत्व देते हैं। इस असाधारण संपत्ति को किराए पर लेने का मौका न चूकें। इसकी 3डी-रेंडर सुंदरता को व्यक्तिगत रूप से देखने के लिए आज ही एक दौरे का कार्यक्रम बनाएं!</p>', '2024-08-19 23:01:32', '2024-12-28 22:27:38'),
(24, 8, 'ar', 'تقديم 3D التصميم الحديث الفاخر', 'نيوكاسل', '<p>اختبر قمة المعيشة الفاخرة مع هذا العقار المذهل الذي يتميز بتصميم عصري تم إحياءه من خلال عرض ثلاثي الأبعاد رائع. يوفر هذا السكن المتاح للإيجار مزيجًا مثاليًا من الرقي والراحة وعناصر التصميم الحديثة، مما يجعله خيارًا متميزًا للمستأجرين المميزين.</p>\r\n<p>يعرض التصميم الداخلي خطوطًا أنيقة ومساحات مفتوحة وتشطيبات راقية تجسد الأناقة المعاصرة. بدءًا من مناطق المعيشة الفسيحة ووصولاً إلى مطبخ الذواقة المزود بأجهزة متميزة وخزائن مخصصة، تم تصميم كل التفاصيل بعناية لتناسب الأسلوب والعملية.</p>\r\n<p>تغمر النوافذ الكبيرة الممتدة من الأرض حتى السقف المساحة بالضوء الطبيعي، مما يسلط الضوء على المواد والتشطيبات المنسقة بعناية. توفر الحمامات ملاذًا يشبه المنتجع الصحي، مع تجهيزات فاخرة وإضاءة محيطة وجمالية حديثة ونظيفة. غرف النوم مثيرة للإعجاب بنفس القدر، وتوفر الراحة والخصوصية في بيئة تعكس الرقي الخالص.</p>\r\n<p>في الخارج، يستمر مكان الإقامة في إثارة الإعجاب بالمناظر الطبيعية المحيطة به والمساحات الخارجية المثالية للاسترخاء أو الترفيه. سواء كنت تستمتع بأمسية هادئة أو تستضيف اجتماعًا، فإن التكامل السلس بين الحياة الداخلية والخارجية يعزز التجربة الشاملة.</p>\r\n<p>هذا الإيجار الفاخر ليس مجرد مكان للعيش فيه، بل هو أسلوب حياة. بفضل تصميمه المتطور ووسائل الراحة المتميزة، فهو مثالي لأولئك الذين يقدرون الحياة العصرية في أفضل حالاتها. لا تفوت فرصة استئجار هذا العقار الاستثنائي. حدد موعدًا لجولة اليوم لترى جمالها ثلاثي الأبعاد شخصيًا!</p>', '2024-08-19 23:01:32', '2024-12-28 22:27:48'),
(25, 9, 'en', 'Trendy House Interior', 'Newport', '<p>Step into modern elegance with this trendy home featuring a stunning interior design, now available for sale. Every detail of this property has been thoughtfully curated to offer style, comfort, and functionality, creating a space that&rsquo;s both sophisticated and inviting.</p>\r\n<p>The interior boasts a seamless blend of contemporary finishes and timeless accents. From sleek flooring to statement lighting fixtures, every room exudes a chic aesthetic. Open-concept living spaces flow effortlessly, perfect for entertaining or simply enjoying the comfort of a well-designed home.</p>\r\n<p>The kitchen is a chef&rsquo;s dream, featuring high-end appliances, custom cabinetry, and trendy design elements such as a spacious island and chic backsplash. The bathrooms are equally impressive, with spa-like features, modern fixtures, and clean lines that enhance the sense of luxury.</p>\r\n<p>Every corner of this house is designed to reflect modern trends while offering practical living solutions. From cozy yet stylish bedrooms to versatile spaces for work or leisure, this home is a perfect blend of form and function. Natural light pours through large windows, highlighting the interior&rsquo;s impeccable details.</p>\r\n<p>Make this trendy house your new home. With its exceptional design and unmatched attention to detail, this property is a rare find for those who value style and comfort. Schedule your viewing today and experience the charm of this modern masterpiece for yourself.</p>', '2024-08-19 23:07:58', '2024-12-28 22:24:06'),
(26, 9, 'hi', 'ट्रेंडी हाउस इंटीरियर', 'न्यूपोर्ट', '<p>आश्चर्यजनक इंटीरियर डिजाइन वाले इस ट्रेंडी घर के साथ आधुनिक सुंदरता की ओर कदम बढ़ाएं, जो अब बिक्री के लिए उपलब्ध है। इस संपत्ति के प्रत्येक विवरण को शैली, आराम और कार्यक्षमता प्रदान करने के लिए सोच-समझकर तैयार किया गया है, जिससे एक ऐसा स्थान तैयार किया गया है जो परिष्कृत और आकर्षक दोनों है।</p>\r\n<p>इंटीरियर में समकालीन फिनिश और कालातीत लहजे का एक सहज मिश्रण है। चिकने फर्श से लेकर स्टेटमेंट लाइटिंग फिक्स्चर तक, हर कमरा एक आकर्षक सौंदर्य का अनुभव कराता है। खुली अवधारणा वाले रहने के स्थान सहजता से प्रवाहित होते हैं, जो मनोरंजन के लिए या एक अच्छी तरह से डिज़ाइन किए गए घर के आराम का आनंद लेने के लिए बिल्कुल उपयुक्त हैं।</p>\r\n<p>रसोई एक शेफ का सपना है, जिसमें उच्च-स्तरीय उपकरण, कस्टम कैबिनेटरी और एक विशाल द्वीप और ठाठ बैकस्प्लैश जैसे ट्रेंडी डिज़ाइन तत्व शामिल हैं। बाथरूम भी उतने ही प्रभावशाली हैं, जिनमें स्पा जैसी विशेषताएं, आधुनिक फिक्स्चर और साफ लाइनें हैं जो विलासिता की भावना को बढ़ाती हैं।</p>\r\n<p>इस घर के हर कोने को व्यावहारिक जीवन समाधान प्रदान करते हुए आधुनिक रुझानों को प्रतिबिंबित करने के लिए डिज़ाइन किया गया है। आरामदायक लेकिन स्टाइलिश शयनकक्षों से लेकर काम या अवकाश के लिए बहुमुखी स्थानों तक, यह घर रूप और कार्य का एक आदर्श मिश्रण है। बड़ी खिड़कियों से प्राकृतिक रोशनी आती है, जो इंटीरियर के त्रुटिहीन विवरणों को उजागर करती है।</p>\r\n<p>इस ट्रेंडी घर को अपना नया घर बनाएं। अपने असाधारण डिज़ाइन और बारीकियों पर बेजोड़ ध्यान के साथ, यह संपत्ति उन लोगों के लिए एक दुर्लभ खोज है जो स्टाइल और आराम को महत्व देते हैं। आज ही अपने देखने का समय निर्धारित करें और इस आधुनिक उत्कृष्ट कृति के आकर्षण का अनुभव स्वयं करें।</p>', '2024-08-19 23:07:58', '2024-12-28 22:23:38'),
(27, 9, 'ar', 'تصميم المنزل العصري', 'نيوبورت', '<p>ادخل إلى الأناقة العصرية مع هذا المنزل العصري الذي يتميز بتصميم داخلي مذهل، وهو متاح الآن للبيع. تم تصميم كل تفاصيل هذا العقار بعناية لتوفير الأسلوب والراحة والأداء الوظيفي، مما يخلق مساحة متطورة وجذابة في نفس الوقت.</p>\r\n<p>يتميز التصميم الداخلي بمزيج سلس من التشطيبات المعاصرة واللمسات الخالدة. من الأرضيات الأنيقة إلى تركيبات الإضاءة الرائعة، تنضح كل غرفة بجمال أنيق. تتدفق مساحات المعيشة ذات التصميم المفتوح بسهولة، مما يجعلها مثالية للترفيه أو الاستمتاع ببساطة بالراحة التي يوفرها المنزل المصمم جيدًا.</p>\r\n<p>المطبخ هو حلم الطهاة، فهو يتميز بأجهزة متطورة وخزائن مخصصة وعناصر تصميم عصرية مثل الجزيرة الفسيحة والبلاش باكسبلاش الأنيق. الحمامات مثيرة للإعجاب أيضًا، حيث تحتوي على ميزات تشبه المنتجعات الصحية وتركيبات حديثة وخطوط نظيفة تعزز الشعور بالفخامة.</p>\r\n<p>تم تصميم كل ركن من أركان هذا المنزل ليعكس الاتجاهات الحديثة مع تقديم حلول عملية للمعيشة. من غرف النوم المريحة والأنيقة إلى المساحات متعددة الاستخدامات للعمل أو الترفيه، يعد هذا المنزل مزيجًا مثاليًا من الشكل والوظيفة. يتدفق الضوء الطبيعي من خلال النوافذ الكبيرة، مما يسلط الضوء على تفاصيل التصميم الداخلي التي لا تشوبها شائبة.</p>\r\n<p>اجعل هذا المنزل العصري منزلك الجديد. بفضل تصميمها الاستثنائي والاهتمام الذي لا مثيل له بالتفاصيل، تعد هذه المنشأة اكتشافًا نادرًا لأولئك الذين يقدرون الأسلوب والراحة. حدد موعدًا لمشاهدتك اليوم واستمتع بتجربة سحر هذه التحفة الفنية الحديثة بنفسك.</p>', '2024-08-19 23:07:58', '2024-12-28 22:23:35'),
(28, 10, 'en', 'Leisure Beautiful Health Garden Landscape', 'Newport', '<p>Embrace tranquility and wellness with a property that features a stunning health garden landscape, now available for rent. Designed to inspire relaxation and promote well-being, this outdoor oasis combines natural beauty with thoughtful design, making it the perfect retreat for your mind and body.</p>\r\n<p>The garden is meticulously maintained, with lush greenery, vibrant flowers, and peaceful pathways that create a serene and inviting atmosphere. Whether you&rsquo;re looking to meditate, exercise, or simply unwind with a book, this space offers endless opportunities to reconnect with nature.</p>\r\n<p>This health-focused garden is more than just a beautiful feature&mdash;it&rsquo;s a place to rejuvenate and recharge. Its layout is ideal for yoga sessions, quiet morning walks, or hosting small gatherings in a picturesque setting. The harmonious blend of aesthetics and functionality enhances your lifestyle and promotes a sense of balance.</p>\r\n<p>Located in a desirable area, this property combines the beauty of the garden with easy access to nearby amenities, ensuring convenience without compromising on serenity. The thoughtful landscaping and attention to detail make this rental a standout choice for those seeking a peaceful escape.</p>\r\n<p>Don&rsquo;t miss the chance to rent a property that brings leisure, beauty, and health into your daily life. Schedule a visit today and discover the charm of this exquisite garden landscape&mdash;your perfect sanctuary awaits.</p>', '2024-08-19 23:14:30', '2024-12-28 22:55:49'),
(29, 10, 'hi', 'अवकाश सुंदर स्वास्थ्य उद्यान परिदृश्य', 'न्यूपोर्ट', '<p>एक आश्चर्यजनक स्वास्थ्य उद्यान परिदृश्य वाली संपत्ति के साथ शांति और कल्याण का आनंद लें, जो अब किराए पर उपलब्ध है। विश्राम को प्रेरित करने और कल्याण को बढ़ावा देने के लिए डिज़ाइन किया गया, यह बाहरी नखलिस्तान प्राकृतिक सुंदरता को विचारशील डिजाइन के साथ जोड़ता है, जो इसे आपके दिमाग और शरीर के लिए एकदम सही जगह बनाता है।</p>\r\n<p>बगीचे का रखरखाव सावधानीपूर्वक किया गया है, जिसमें हरी-भरी हरियाली, जीवंत फूल और शांतिपूर्ण रास्ते हैं जो एक शांत और आकर्षक वातावरण बनाते हैं। चाहे आप ध्यान करना चाहते हों, व्यायाम करना चाहते हों, या बस एक किताब के साथ आराम करना चाहते हों, यह स्थान प्रकृति के साथ फिर से जुड़ने के अनंत अवसर प्रदान करता है।</p>\r\n<p>यह स्वास्थ्य-केंद्रित उद्यान सिर्फ एक खूबसूरत विशेषता से कहीं अधिक है - यह कायाकल्प और रिचार्ज करने का स्थान है। इसका लेआउट योग सत्र, शांत सुबह की सैर, या सुरम्य सेटिंग में छोटी सभाओं की मेजबानी के लिए आदर्श है। सौंदर्यशास्त्र और कार्यक्षमता का सामंजस्यपूर्ण मिश्रण आपकी जीवनशैली को बढ़ाता है और संतुलन की भावना को बढ़ावा देता है।</p>\r\n<p>एक वांछनीय क्षेत्र में स्थित, यह संपत्ति बगीचे की सुंदरता को आस-पास की सुविधाओं तक आसान पहुंच के साथ जोड़ती है, जो शांति से समझौता किए बिना सुविधा सुनिश्चित करती है। विचारशील भूदृश्य और विस्तार पर ध्यान इस किराये को शांतिपूर्ण पलायन चाहने वालों के लिए एक उत्कृष्ट विकल्प बनाता है।</p>\r\n<p>ऐसी संपत्ति किराए पर लेने का मौका न चूकें जो आपके दैनिक जीवन में अवकाश, सुंदरता और स्वास्थ्य लाती है। आज ही एक यात्रा का कार्यक्रम बनाएं और इस उत्कृष्ट उद्यान परिदृश्य के आकर्षण की खोज करें - आपका आदर्श अभयारण्य आपका इंतजार कर रहा है।</p>', '2024-08-19 23:14:30', '2024-12-28 22:19:48'),
(30, 10, 'ar', 'وقت الفراغ حديقة صحية جميلة المناظر الطبيعية', 'نيوبورت', '<p>استمتع بالهدوء والعافية مع عقار يتميز بمناظر طبيعية خلابة لحديقة صحية، وهو متاح الآن للإيجار. تم تصميم هذه الواحة الخارجية لإلهام الاسترخاء وتعزيز الرفاهية، وتجمع بين الجمال الطبيعي والتصميم المدروس، مما يجعلها الملاذ المثالي لعقلك وجسمك.</p>\r\n<p>تم الحفاظ على الحديقة بدقة، مع المساحات الخضراء المورقة والزهور النابضة بالحياة والممرات الهادئة التي تخلق جوًا هادئًا وجذابًا. سواء كنت تتطلع إلى التأمل، أو ممارسة الرياضة، أو مجرد الاسترخاء مع كتاب، فإن هذه المساحة توفر فرصًا لا حصر لها لإعادة الاتصال بالطبيعة.</p>\r\n<p>تعد هذه الحديقة التي تركز على الصحة أكثر من مجرد ميزة جميلة - إنها مكان لتجديد النشاط وإعادة الشحن. يعد تصميمه مثاليًا لجلسات اليوغا أو المشي الهادئ في الصباح أو استضافة التجمعات الصغيرة في أجواء خلابة. المزيج المتناغم بين الجماليات والوظائف يعزز نمط حياتك ويعزز الشعور بالتوازن.</p>\r\n<p>يقع هذا العقار في منطقة مرغوبة، ويجمع بين جمال الحديقة وسهولة الوصول إلى وسائل الراحة القريبة، مما يضمن الراحة دون المساس بالصفاء. إن المناظر الطبيعية المدروسة والاهتمام بالتفاصيل تجعل من هذا الإيجار خيارًا متميزًا لأولئك الذين يبحثون عن ملاذ هادئ.</p>\r\n<p>لا تفوت فرصة استئجار عقار يجلب الترفيه والجمال والصحة إلى حياتك اليومية. حدد موعدًا للزيارة اليوم واكتشف سحر هذه الحديقة الرائعة - ملاذك المثالي في انتظارك.</p>', '2024-08-19 23:14:30', '2024-12-28 22:55:59'),
(31, 11, 'en', 'Outdoor Swimming Pool', 'Outdoor Swimming Pool', '<p>Step into your personal paradise with a property that features a stunning outdoor swimming pool. Designed for relaxation, recreation, and entertainment, this exceptional amenity adds a touch of luxury to your everyday life. Whether you&rsquo;re hosting poolside parties or enjoying a quiet afternoon swim, this outdoor oasis offers endless possibilities.</p>\r\n<p>The pool area is beautifully landscaped, creating a serene environment surrounded by natural beauty. With ample space for lounging, sunbathing, and dining, it&rsquo;s the perfect setting for summer gatherings or peaceful retreats. Imagine sipping your favorite drink by the water as the sun sets, turning every day into a getaway.</p>\r\n<p>An outdoor swimming pool is more than just a feature&mdash;it&rsquo;s a lifestyle upgrade. Stay active with refreshing swims, cool off on hot days, or simply unwind in a space that brings the outdoors to life. This amenity also adds significant value to the property, making it as practical as it is luxurious.</p>\r\n<p>The pool is complemented by the property&rsquo;s other features, which blend seamlessly to provide comfort and elegance. From spacious living areas to scenic surroundings, this home is designed to enhance your quality of life.</p>\r\n<p>Discover the joys of owning a property with an outdoor swimming pool. Whether for fun, fitness, or relaxation, this unique feature transforms your home into a destination. Don&rsquo;t miss the chance to make this dream a reality&mdash;schedule a visit today!</p>', '2024-08-19 23:19:58', '2024-12-28 22:13:31');
INSERT INTO `property_translations` (`id`, `property_id`, `lang_code`, `title`, `address`, `description`, `created_at`, `updated_at`) VALUES
(32, 11, 'hi', 'आउटडोर स्विमिंग पूल', 'आउटडोर स्विमिंग पूल', '<p>एक ऐसी संपत्ति के साथ अपने व्यक्तिगत स्वर्ग में कदम रखें जिसमें एक शानदार आउटडोर स्विमिंग पूल है। विश्राम, मनोरंजन और मनोरंजन के लिए डिज़ाइन की गई यह असाधारण सुविधा आपके रोजमर्रा के जीवन में विलासिता का स्पर्श जोड़ती है। चाहे आप पूल किनारे पार्टियों की मेजबानी कर रहे हों या दोपहर की शांत तैराकी का आनंद ले रहे हों, यह आउटडोर नखलिस्तान अनंत संभावनाएं प्रदान करता है।</p>\r\n<p>पूल क्षेत्र को खूबसूरती से सजाया गया है, जो प्राकृतिक सुंदरता से घिरा एक शांत वातावरण बनाता है। आराम करने, धूप सेंकने और भोजन करने के लिए पर्याप्त जगह के साथ, यह ग्रीष्मकालीन समारोहों या शांतिपूर्ण विश्राम के लिए एकदम सही जगह है। कल्पना करें कि सूरज ढलते ही आप पानी के पास अपना पसंदीदा पेय पी रहे हैं, जिससे हर दिन एक छुट्टी में बदल जाता है।</p>\r\n<p>आउटडोर स्विमिंग पूल महज़ एक सुविधा से कहीं ज़्यादा है&mdash;यह एक जीवनशैली का उन्नयन है। ताज़गी भरी तैराकी के साथ सक्रिय रहें, गर्म दिनों में ठंडक महसूस करें, या बस ऐसे स्थान पर आराम करें जो बाहरी वातावरण को जीवंत बनाता हो। यह सुविधा संपत्ति में महत्वपूर्ण मूल्य भी जोड़ती है, जिससे यह शानदार होने के साथ-साथ व्यावहारिक भी हो जाती है।</p>\r\n<p>पूल संपत्ति की अन्य विशेषताओं से पूरित है, जो आराम और सुंदरता प्रदान करने के लिए सहजता से मिश्रित होते हैं। विशाल रहने वाले क्षेत्रों से लेकर सुंदर परिवेश तक, यह घर आपके जीवन की गुणवत्ता को बढ़ाने के लिए डिज़ाइन किया गया है।</p>\r\n<p>आउटडोर स्विमिंग पूल के साथ एक संपत्ति के मालिक होने की खुशी का पता लगाएं। चाहे मौज-मस्ती, फिटनेस या विश्राम के लिए हो, यह अनूठी सुविधा आपके घर को एक गंतव्य में बदल देती है। इस सपने को साकार करने का मौका न चूकें&mdash;आज ही यात्रा का कार्यक्रम बनाएं!</p>', '2024-08-19 23:19:58', '2024-12-28 22:14:56'),
(33, 11, 'ar', 'حمام سباحة خارجي', 'حمام سباحة خارجي', '<p>ادخل إلى جنتك الشخصية من خلال عقار يضم مسبحًا خارجيًا مذهلاً. تم تصميم هذه الميزة الاستثنائية للاسترخاء والاستجمام والترفيه، وتضيف لمسة من الفخامة إلى حياتك اليومية. سواء كنت تستضيف حفلات بجوار حمام السباحة أو تستمتع بالسباحة الهادئة بعد الظهر، توفر هذه الواحة الخارجية إمكانيات لا حصر لها.</p>\r\n<p>تتمتع منطقة حمام السباحة بمناظر طبيعية جميلة، مما يخلق بيئة هادئة محاطة بالجمال الطبيعي. مع مساحة واسعة للاسترخاء والحمامات الشمسية وتناول الطعام، فهو المكان المثالي للتجمعات الصيفية أو الخلوات الهادئة. تخيل أنك تحتسي مشروبك المفضل بجانب الماء مع غروب الشمس، لتتحول كل يوم إلى ملاذ.</p>\r\n<p>يعد حمام السباحة الخارجي أكثر من مجرد ميزة - إنه ترقية لأسلوب الحياة. حافظ على نشاطك مع السباحة المنعشة، أو استرخِ في الأيام الحارة، أو استرخِ ببساطة في مساحة تبعث الحياة في الهواء الطلق. تضيف هذه الميزة أيضًا قيمة كبيرة إلى العقار، مما يجعله عمليًا بقدر ما هو فاخر.</p>\r\n<p>يكتمل حمام السباحة بميزات العقار الأخرى، والتي تمتزج بسلاسة لتوفير الراحة والأناقة. من مناطق المعيشة الفسيحة إلى المناطق المحيطة ذات المناظر الخلابة، تم تصميم هذا المنزل لتحسين نوعية حياتك.</p>\r\n<p>اكتشف متعة امتلاك عقار به حمام سباحة خارجي. سواء للمتعة أو اللياقة البدنية أو الاسترخاء، فإن هذه الميزة الفريدة تحول منزلك إلى وجهة. لا تفوت فرصة تحويل هذا الحلم إلى حقيقة، حدد موعدًا للزيارة اليوم!</p>', '2024-08-19 23:19:58', '2024-12-28 22:15:02'),
(34, 12, 'en', 'Indoor Swimming Pool', 'Lynwood', '<p>Experience luxury and relaxation like never before with a property that boasts its very own indoor swimming pool. Perfect for year-round enjoyment, this feature transforms your home into a private oasis, offering unmatched convenience and exclusivity. Whether for exercise, leisure, or entertaining guests, the indoor pool elevates your lifestyle to new heights.</p>\r\n<p>The pool area is thoughtfully designed to create a serene and inviting atmosphere, with ample natural light, modern finishes, and a comfortable climate-controlled environment. It&rsquo;s an ideal space to unwind after a long day or host unforgettable gatherings with friends and family.</p>\r\n<p>An indoor pool offers more than just recreation&mdash;it&rsquo;s a statement of luxury and an investment in health and wellness. Swim laps to stay fit, enjoy a refreshing dip whenever you please, or simply relax poolside in a space that&rsquo;s all your own, no matter the season or weather.</p>\r\n<p>Beyond the pool, the property itself offers stunning features and a location that complements this one-of-a-kind amenity. Whether you&rsquo;re entertaining or seeking solitude, this home delivers on every level, making it a true retreat.</p>\r\n<p>Make your dream of owning a home with an indoor swimming pool a reality. This property offers not just a place to live but a lifestyle to cherish. Schedule your visit today and see how this exceptional feature sets the home apart from the rest.</p>', '2024-08-19 23:27:12', '2024-12-28 22:10:48'),
(35, 12, 'hi', 'घर के अंदर बना तरणताल', 'लिनवुड', '<p>ऐसी संपत्ति के साथ विलासिता और विश्राम का अनुभव करें जो पहले कभी नहीं हुआ, जिसमें अपना इनडोर स्विमिंग पूल भी है। साल भर आनंद के लिए बिल्कुल उपयुक्त, यह सुविधा आपके घर को एक निजी नखलिस्तान में बदल देती है, जो बेजोड़ सुविधा और विशिष्टता प्रदान करती है। चाहे व्यायाम के लिए हो, आराम के लिए हो या मेहमानों के मनोरंजन के लिए, इनडोर पूल आपकी जीवनशैली को नई ऊंचाइयों तक ले जाता है।</p>\r\n<p>पूल क्षेत्र को पर्याप्त प्राकृतिक रोशनी, आधुनिक फिनिश और आरामदायक जलवायु-नियंत्रित वातावरण के साथ एक शांत और आकर्षक माहौल बनाने के लिए सोच-समझकर डिजाइन किया गया है। लंबे दिन के बाद आराम करने या दोस्तों और परिवार के साथ अविस्मरणीय समारोहों की मेजबानी करने के लिए यह एक आदर्श स्थान है।</p>\r\n<p>एक इनडोर पूल सिर्फ मनोरंजन से कहीं अधिक प्रदान करता है - यह विलासिता का एक बयान है और स्वास्थ्य और कल्याण में एक निवेश है। फिट रहने के लिए तैराकी करें, जब भी आप चाहें, ताज़गी भरी डुबकी का आनंद लें, या किसी ऐसी जगह पर पूल के किनारे आराम करें जो आपकी अपनी हो, चाहे मौसम या मौसम कोई भी हो।</p>\r\n<p>पूल से परे, संपत्ति स्वयं आश्चर्यजनक सुविधाएं और एक स्थान प्रदान करती है जो इस अनूठी सुविधा का पूरक है। चाहे आप मनोरंजन कर रहे हों या एकांत की तलाश कर रहे हों, यह घर हर स्तर पर मदद करता है, जिससे यह एक सच्चा विश्राम बन जाता है।</p>\r\n<p>इनडोर स्विमिंग पूल के साथ घर खरीदने के अपने सपने को साकार करें। यह संपत्ति न केवल रहने के लिए जगह बल्कि संजोने लायक जीवनशैली भी प्रदान करती है। आज ही अपनी यात्रा का कार्यक्रम निर्धारित करें और देखें कि यह असाधारण विशेषता घर को बाकियों से कैसे अलग करती है।</p>', '2024-08-19 23:27:12', '2024-12-28 22:11:57'),
(36, 12, 'ar', 'حمام سباحة داخلي', 'لينوود', '<p>اختبر الرفاهية والاسترخاء كما لم يحدث من قبل مع مكان الإقامة الذي يضم مسبحًا داخليًا خاصًا به. تعتبر هذه الميزة مثالية للاستمتاع على مدار العام، حيث تحول منزلك إلى واحة خاصة توفر راحة وحصرية لا مثيل لها. سواء كنت تمارس التمارين الرياضية أو الترفيه أو ترفيه الضيوف، فإن حمام السباحة الداخلي يرتقي بنمط حياتك إلى آفاق جديدة.</p>\r\n<p>تم تصميم منطقة حمام السباحة بعناية لخلق جو هادئ وجذاب، مع وفرة من الضوء الطبيعي، والتشطيبات الحديثة، وبيئة مريحة يمكن التحكم في مناخها. إنها مساحة مثالية للاسترخاء بعد يوم طويل أو استضافة تجمعات لا تُنسى مع الأصدقاء والعائلة.</p>\r\n<p>يوفر حمام السباحة الداخلي أكثر من مجرد استجمام - إنه تعبير عن الفخامة والاستثمار في الصحة والعافية. استمتع بالسباحة للحفاظ على لياقتك البدنية، أو استمتع بالسباحة المنعشة وقتما تشاء، أو ببساطة استرخ بجانب حمام السباحة في مساحة خاصة بك، بغض النظر عن الموسم أو الطقس.</p>\r\n<p>يوفر مكان الإقامة نفسه، خلف حمام السباحة، ميزات مذهلة وموقعًا يكمل هذه الراحة الفريدة من نوعها. سواء كنت ترغب في الترفيه أو تبحث عن العزلة، فإن هذا المنزل يقدم خدماته على جميع المستويات، مما يجعله ملاذًا حقيقيًا.</p>\r\n<p>اجعل حلمك بامتلاك منزل به حمام سباحة داخلي حقيقة. لا يوفر هذا العقار مكانًا للعيش فيه فحسب، بل يوفر أيضًا أسلوب حياة يعتز به. حدد موعدًا لزيارتك اليوم وشاهد كيف تميز هذه الميزة الاستثنائية المنزل عن باقي المنازل.</p>', '2024-08-19 23:27:12', '2024-12-28 22:11:54'),
(37, 13, 'en', 'Ozalj apartment', 'Zeleni put 21', '<p>Discover the charm and comfort of this spacious Ozalj Apartment, now available for rent. Located in a peaceful and picturesque area, this apartment offers a perfect blend of modern living and serene surroundings. Whether you&rsquo;re looking for a long-term residence or a cozy getaway, this apartment provides an ideal space to call home.</p>\r\n<p>The interior features an open-plan design with ample natural light streaming through large windows, creating a bright and welcoming atmosphere. The living and dining areas are designed for relaxation and socializing, with stylish finishes and functional spaces that cater to everyday living. The kitchen is equipped with modern appliances and plenty of counter space, perfect for preparing meals or enjoying a coffee in the morning.</p>\r\n<p>Each of the bedrooms offers a comfortable retreat, with generous space and built-in storage. The bathroom is designed with convenience in mind, featuring modern fixtures and a sleek aesthetic. Whether you&rsquo;re enjoying some quiet time indoors or hosting friends, this apartment offers the flexibility and comfort you need.</p>\r\n<p>The Ozalj Apartment is located close to local amenities, including shops, restaurants, parks, and public transport options, making it a convenient choice for those who appreciate both tranquility and accessibility.</p>\r\n<p>Don&rsquo;t miss the opportunity to rent this delightful apartment in Ozalj. Schedule a viewing today and see for yourself why this could be the perfect place to call home.</p>', '2024-08-20 06:33:50', '2024-12-28 23:20:44'),
(38, 13, 'hi', 'ओज़लज अपार्टमेंट', 'हरी सड़क 21', '<p>Discover the charm and comfort of this spacious Ozalj Apartment, now available for rent. Located in a peaceful and picturesque area, this apartment offers a perfect blend of modern living and serene surroundings. Whether you&rsquo;re looking for a long-term residence or a cozy getaway, this apartment provides an ideal space to call home.</p>\r\n<p>The interior features an open-plan design with ample natural light streaming through large windows, creating a bright and welcoming atmosphere. The living and dining areas are designed for relaxation and socializing, with stylish finishes and functional spaces that cater to everyday living. The kitchen is equipped with modern appliances and plenty of counter space, perfect for preparing meals or enjoying a coffee in the morning.</p>\r\n<p>Each of the bedrooms offers a comfortable retreat, with generous space and built-in storage. The bathroom is designed with convenience in mind, featuring modern fixtures and a sleek aesthetic. Whether you&rsquo;re enjoying some quiet time indoors or hosting friends, this apartment offers the flexibility and comfort you need.</p>\r\n<p>The Ozalj Apartment is located close to local amenities, including shops, restaurants, parks, and public transport options, making it a convenient choice for those who appreciate both tranquility and accessibility.</p>\r\n<p>Don&rsquo;t miss the opportunity to rent this delightful apartment in Ozalj. Schedule a viewing today and see for yourself why this could be the perfect place to call home.</p>', '2024-08-20 06:33:50', '2024-12-28 23:21:17'),
(39, 13, 'ar', 'شقة أوزالج', 'الطريق الاخضر 21', '<p>Discover the charm and comfort of this spacious Ozalj Apartment, now available for rent. Located in a peaceful and picturesque area, this apartment offers a perfect blend of modern living and serene surroundings. Whether you&rsquo;re looking for a long-term residence or a cozy getaway, this apartment provides an ideal space to call home.</p>\r\n<p>The interior features an open-plan design with ample natural light streaming through large windows, creating a bright and welcoming atmosphere. The living and dining areas are designed for relaxation and socializing, with stylish finishes and functional spaces that cater to everyday living. The kitchen is equipped with modern appliances and plenty of counter space, perfect for preparing meals or enjoying a coffee in the morning.</p>\r\n<p>Each of the bedrooms offers a comfortable retreat, with generous space and built-in storage. The bathroom is designed with convenience in mind, featuring modern fixtures and a sleek aesthetic. Whether you&rsquo;re enjoying some quiet time indoors or hosting friends, this apartment offers the flexibility and comfort you need.</p>\r\n<p>The Ozalj Apartment is located close to local amenities, including shops, restaurants, parks, and public transport options, making it a convenient choice for those who appreciate both tranquility and accessibility.</p>\r\n<p>Don&rsquo;t miss the opportunity to rent this delightful apartment in Ozalj. Schedule a viewing today and see for yourself why this could be the perfect place to call home.</p>', '2024-08-20 06:33:50', '2024-12-28 23:21:24'),
(40, 14, 'en', 'Black glass house', 'Vatikanska 11', '<p>Step into the future of luxury living with this stunning Black Glass House, now available for rent. This modern architectural masterpiece features sleek black glass facades that create a striking and sophisticated exterior, blending seamlessly with the surrounding landscape. Designed with both aesthetics and functionality in mind, this home offers a unique living experience like no other.</p>\r\n<p>The interior of the Black Glass House is as breathtaking as its exterior, with open-concept spaces that are flooded with natural light through expansive floor-to-ceiling windows. The contemporary design highlights clean lines, high-end finishes, and minimalist elegance, creating an environment that&rsquo;s both comfortable and inspiring. The spacious living areas are perfect for both entertaining and relaxing, with an effortless flow that connects the living, dining, and kitchen spaces.</p>\r\n<p>The gourmet kitchen is equipped with state-of-the-art appliances, sleek cabinetry, and an expansive island, making it ideal for cooking, dining, and socializing. Each of the bedrooms offers privacy, tranquility, and modern design, with large windows providing spectacular views of the surrounding scenery. The bathrooms are designed to impress, featuring luxurious fixtures, minimalistic design, and a spa-like atmosphere.</p>\r\n<p>Outside, the property is just as impressive, with meticulously designed outdoor spaces that complement the home&rsquo;s sleek aesthetic. Whether you&rsquo;re enjoying a quiet moment on the terrace or hosting a gathering in the spacious backyard, the outdoor area is an extension of the home&rsquo;s modern and luxurious feel.</p>\r\n<p>The Black Glass House offers an exceptional lifestyle in a cutting-edge, one-of-a-kind property. Don&rsquo;t miss your chance to rent this architectural gem. Schedule a tour today to experience this stunning home for yourself!</p>', '2024-08-20 06:43:17', '2024-12-28 23:17:43'),
(41, 14, 'hi', 'काले शीशे का घर', 'वेटिकन 11', '<p>इस शानदार ब्लैक ग्लास हाउस के साथ विलासितापूर्ण जीवन के भविष्य में कदम रखें, जो अब किराए पर उपलब्ध है। इस आधुनिक वास्तुशिल्प उत्कृष्ट कृति में चिकने काले कांच के अग्रभाग हैं जो एक आकर्षक और परिष्कृत बाहरी भाग बनाते हैं, जो आसपास के परिदृश्य के साथ सहजता से मिश्रित होता है। सौंदर्यशास्त्र और कार्यक्षमता दोनों को ध्यान में रखकर डिज़ाइन किया गया यह घर अद्वितीय जीवन अनुभव प्रदान करता है, जैसा कोई और नहीं।</p>\r\n<p>ब्लैक ग्लास हाउस का इंटीरियर इसके बाहरी हिस्से की तरह ही लुभावनी है, इसमें खुले-अवधारणा वाले स्थान हैं जो विशाल फर्श से छत तक की खिड़कियों के माध्यम से प्राकृतिक प्रकाश से भरे हुए हैं। समसामयिक डिज़ाइन साफ ​​रेखाओं, उच्च-स्तरीय फ़िनिश और न्यूनतम लालित्य को उजागर करता है, जिससे एक ऐसा वातावरण तैयार होता है जो आरामदायक और प्रेरणादायक दोनों है। विशाल रहने वाले क्षेत्र मनोरंजन और आराम दोनों के लिए बिल्कुल उपयुक्त हैं, एक सहज प्रवाह के साथ जो रहने, खाने और रसोई के स्थानों को जोड़ता है।</p>\r\n<p>स्वादिष्ट रसोईघर अत्याधुनिक उपकरणों, आकर्षक कैबिनेटरी और एक विशाल द्वीप से सुसज्जित है, जो इसे खाना पकाने, भोजन और सामाजिककरण के लिए आदर्श बनाता है। प्रत्येक शयनकक्ष गोपनीयता, शांति और आधुनिक डिजाइन प्रदान करता है, जिसमें बड़ी खिड़कियां आसपास के दृश्यों का शानदार दृश्य प्रदान करती हैं। बाथरूम को शानदार फिक्स्चर, न्यूनतर डिज़ाइन और स्पा जैसा माहौल देकर प्रभावित करने के लिए डिज़ाइन किया गया है।</p>\r\n<p>बाहर, संपत्ति उतनी ही प्रभावशाली है, जिसमें सावधानीपूर्वक डिजाइन किए गए बाहरी स्थान हैं जो घर के आकर्षक सौंदर्य को पूरक करते हैं। चाहे आप छत पर एक शांत क्षण का आनंद ले रहे हों या विशाल पिछवाड़े में एक सभा की मेजबानी कर रहे हों, बाहरी क्षेत्र घर के आधुनिक और शानदार अनुभव का विस्तार है।</p>\r\n<p>ब्लैक ग्लास हाउस एक अत्याधुनिक, अनूठी संपत्ति में एक असाधारण जीवन शैली प्रदान करता है। इस वास्तुशिल्प रत्न को किराए पर लेने का मौका न चूकें। अपने लिए इस शानदार घर का अनुभव लेने के लिए आज ही एक दौरे का कार्यक्रम बनाएं!</p>', '2024-08-20 06:43:17', '2024-12-28 23:18:57'),
(42, 14, 'ar', 'بيت زجاجي أسود', 'الفاتيكان 11', '<p>ادخل إلى مستقبل المعيشة الفاخرة مع هذا البيت الزجاجي الأسود المذهل، المتاح الآن للإيجار. تتميز هذه التحفة المعمارية الحديثة بواجهات زجاجية سوداء أنيقة تخلق مظهرًا خارجيًا مذهلاً ومتطورًا، تمتزج بسلاسة مع المناظر الطبيعية المحيطة. تم تصميم هذا المنزل مع وضع الجماليات والعملية في الاعتبار، وهو يوفر تجربة معيشية فريدة لا مثيل لها.</p>\r\n<p>إن التصميم الداخلي لـ Black Glass House يخطف الأنفاس مثل مظهره الخارجي، مع مساحات مفتوحة يغمرها الضوء الطبيعي من خلال النوافذ الواسعة الممتدة من الأرض حتى السقف. يسلط التصميم المعاصر الضوء على الخطوط النظيفة والتشطيبات الراقية والأناقة البسيطة، مما يخلق بيئة مريحة وملهمة. تعتبر مناطق المعيشة الفسيحة مثالية للترفيه والاسترخاء، مع تدفق سهل يربط بين مساحات المعيشة وتناول الطعام والمطبخ.</p>\r\n<p>تم تجهيز مطبخ الذواقة بأحدث الأجهزة والخزائن الأنيقة وجزيرة واسعة، مما يجعله مثاليًا للطهي وتناول الطعام والتواصل الاجتماعي. توفر كل غرفة من غرف النوم الخصوصية والهدوء والتصميم الحديث، مع نوافذ كبيرة توفر إطلالات خلابة على المناظر الطبيعية المحيطة. تم تصميم الحمامات بشكل مثير للإعجاب، وتتميز بتجهيزات فاخرة وتصميم بسيط وأجواء تشبه المنتجع الصحي.</p>\r\n<p>في الخارج، يبدو العقار مثيرًا للإعجاب تمامًا، مع مساحات خارجية مصممة بدقة تكمل جمالية المنزل الأنيقة. سواء كنت تستمتع بلحظة هادئة على الشرفة أو تستضيف تجمعًا في الفناء الخلفي الفسيح، فإن المنطقة الخارجية هي امتداد للطابع العصري والفاخر للمنزل.</p>\r\n<p>يوفر Black Glass House أسلوب حياة استثنائيًا في عقار متطور فريد من نوعه. لا تفوت فرصتك لاستئجار هذه الجوهرة المعمارية. حدد موعدًا لجولة اليوم لتجربة هذا المنزل المذهل بنفسك!</p>', '2024-08-20 06:43:17', '2024-12-28 23:18:51'),
(43, 15, 'en', 'Luxury Family Home', 'Luxury Family Home', '<p>Welcome to this Luxury Family Home, a stunning property now available for sale. Perfectly designed for both comfort and elegance, this home offers spacious living areas, exceptional craftsmanship, and high-end finishes throughout. Located in a prestigious neighborhood, this residence provides the ideal setting for families seeking a luxurious and peaceful living environment.</p>\r\n<p>The expansive interior is designed with family living in mind, featuring an open-concept layout that seamlessly blends the living, dining, and kitchen spaces. Large windows flood the home with natural light, highlighting the exquisite details, from custom cabinetry to elegant flooring and modern fixtures. The kitchen is a chef&rsquo;s dream, with top-of-the-line appliances, ample counter space, and a large island perfect for meal prep and family gatherings.</p>\r\n<p>Each of the generously sized bedrooms offers ample storage, privacy, and comfort, with the master suite being a true retreat, complete with a walk-in closet and a luxurious en-suite bathroom. The bathrooms throughout the home are designed with high-end materials, featuring sleek fixtures and stylish finishes that add to the home&rsquo;s overall sophistication.</p>\r\n<p>Outside, the property boasts beautifully landscaped gardens and a private backyard, ideal for outdoor activities, relaxation, or entertaining guests. Whether you&rsquo;re enjoying a peaceful afternoon or hosting a gathering, the outdoor space enhances the living experience, providing the perfect backdrop for making memories with loved ones.</p>\r\n<p>Don&rsquo;t miss the chance to own this Luxury Family Home, where comfort, elegance, and functionality come together to create a perfect place for your family to call home. Schedule a tour today and discover all that this incredible property has to offer.</p>', '2024-08-20 21:39:21', '2024-12-28 23:14:38'),
(44, 15, 'hi', 'लक्जरी पारिवारिक घर', 'लक्जरी पारिवारिक घर', '<p>इस लक्जरी फैमिली होम में आपका स्वागत है, एक शानदार संपत्ति अब बिक्री के लिए उपलब्ध है। आराम और सुंदरता दोनों के लिए पूरी तरह से डिज़ाइन किया गया, यह घर विशाल रहने वाले क्षेत्र, असाधारण शिल्प कौशल और उच्च-स्तरीय फिनिश प्रदान करता है। एक प्रतिष्ठित पड़ोस में स्थित, यह निवास एक शानदार और शांतिपूर्ण वातावरण चाहने वाले परिवारों के लिए आदर्श स्थान प्रदान करता है।</p>\r\n<p>विस्तृत इंटीरियर को परिवार के रहने को ध्यान में रखते हुए डिज़ाइन किया गया है, जिसमें एक ओपन-कॉन्सेप्ट लेआउट है जो रहने, खाने और रसोई के स्थानों को सहजता से मिश्रित करता है। बड़ी खिड़कियाँ घर को प्राकृतिक रोशनी से भर देती हैं, जो कस्टम कैबिनेटरी से लेकर सुरुचिपूर्ण फर्श और आधुनिक फिक्स्चर तक, उत्कृष्ट विवरणों को उजागर करती हैं। रसोई एक शेफ का सपना है, जिसमें शीर्ष स्तर के उपकरण, पर्याप्त काउंटर स्थान और भोजन की तैयारी और पारिवारिक समारोहों के लिए एक बड़ा द्वीप है।</p>\r\n<p>प्रत्येक बड़े आकार का शयनकक्ष पर्याप्त भंडारण, गोपनीयता और आराम प्रदान करता है, मास्टर सुइट एक वास्तविक विश्राम स्थल है, जिसमें एक वॉक-इन कोठरी और एक शानदार संलग्न बाथरूम है। पूरे घर में बाथरूम उच्च-स्तरीय सामग्रियों से डिज़ाइन किए गए हैं, जिनमें आकर्षक फिक्स्चर और स्टाइलिश फ़िनिश हैं जो घर के समग्र परिष्कार को जोड़ते हैं।</p>\r\n<p>बाहर, संपत्ति में सुंदर परिदृश्य वाले बगीचे और एक निजी पिछवाड़ा है, जो बाहरी गतिविधियों, विश्राम या मेहमानों के मनोरंजन के लिए आदर्श है। चाहे आप एक शांतिपूर्ण दोपहर का आनंद ले रहे हों या किसी सभा की मेजबानी कर रहे हों, बाहरी स्थान रहने के अनुभव को बढ़ाता है, प्रियजनों के साथ यादें बनाने के लिए एकदम सही पृष्ठभूमि प्रदान करता है।</p>\r\n<p>इस लक्जरी फैमिली होम का मालिक बनने का मौका न चूकें, जहां आराम, सुंदरता और कार्यक्षमता एक साथ मिलकर आपके परिवार के लिए घर बुलाने के लिए एक आदर्श जगह बनाती है। आज ही एक दौरे का कार्यक्रम तय करें और इस अविश्वसनीय संपत्ति में मौजूद सभी चीज़ों की खोज करें।</p>', '2024-08-20 21:39:21', '2024-12-28 23:15:46'),
(45, 15, 'ar', 'منزل عائلي فاخر', 'منزل عائلي فاخر', '<p>مرحبًا بكم في هذا المنزل العائلي الفاخر، وهو عقار مذهل متاح الآن للبيع. تم تصميم هذا المنزل بشكل مثالي لتوفير الراحة والأناقة، ويوفر مناطق معيشة واسعة وحرفية استثنائية وتشطيبات راقية في جميع الأنحاء. يقع هذا السكن في حي مرموق، ويوفر المكان المثالي للعائلات التي تبحث عن بيئة معيشية فاخرة وهادئة.</p>\r\n<p>تم تصميم التصميم الداخلي الفسيح مع وضع المعيشة العائلية في الاعتبار، ويتميز بتصميم مفتوح يمزج بسلاسة بين مساحات المعيشة وتناول الطعام والمطبخ. تغمر النوافذ الكبيرة المنزل بالضوء الطبيعي، وتسلط الضوء على التفاصيل الرائعة، بدءًا من الخزائن المخصصة وحتى الأرضيات الأنيقة والتجهيزات الحديثة. المطبخ هو حلم الشيف، فهو مزود بأحدث الأجهزة ومساحة واسعة للطاولة وجزيرة كبيرة مثالية لإعداد الوجبات والتجمعات العائلية.</p>\r\n<p>توفر كل غرفة من غرف النوم ذات الحجم الكبير مساحة تخزينية واسعة وخصوصية وراحة، مع كون الجناح الرئيسي ملاذًا حقيقيًا، مكتملًا بخزانة ملابس كبيرة وحمام داخلي فاخر. تم تصميم الحمامات في جميع أنحاء المنزل بمواد عالية الجودة، وتتميز بتركيبات أنيقة وتشطيبات أنيقة تضيف إلى الرقي العام للمنزل.</p>\r\n<p>يتميز مكان الإقامة في الخارج بحدائق ذات مناظر طبيعية جميلة وفناء خلفي خاص، مما يجعله مثاليًا للأنشطة الخارجية أو الاسترخاء أو الترفيه عن الضيوف. سواء كنت تستمتع بفترة ما بعد الظهيرة الهادئة أو تستضيف اجتماعًا، فإن المساحة الخارجية تعزز تجربة المعيشة، وتوفر الخلفية المثالية لتكوين ذكريات مع أحبائك.</p>\r\n<p>لا تفوت فرصة امتلاك هذا المنزل العائلي الفاخر، حيث تجتمع الراحة والأناقة والوظيفة معًا لإنشاء مكان مثالي لعائلتك للاتصال بالمنزل. حدد موعدًا لجولة اليوم واكتشف كل ما تقدمه هذه المنشأة الرائعة.</p>', '2024-08-20 21:39:21', '2024-12-28 23:15:52'),
(46, 16, 'en', 'Retro House', 'khansama', '<p>Step back in time and experience the unique charm of this Retro House, now available for sale. This one-of-a-kind property offers a perfect blend of nostalgic design and modern potential, allowing you to embrace vintage style while adding your personal touch. Situated in a vibrant neighborhood, this home offers an exciting opportunity for those who appreciate mid-century aesthetics and character-filled spaces.</p>\r\n<p>The Retro House features iconic architectural elements, from bold color schemes to classic lines and vintage finishes that transport you to a different era. The spacious living areas are filled with natural light, showcasing original details like retro flooring, unique light fixtures, and statement walls that provide a sense of warmth and personality.</p>\r\n<p>The kitchen is a nostalgic dream, complete with retro appliances, classic cabinetry, and a layout that offers endless possibilities for renovation or preservation. The bedrooms are generously sized, offering cozy retreats with plenty of character, while the bathrooms feature timeless tilework and classic fixtures that highlight the home&rsquo;s retro appeal.</p>\r\n<p>Outside, the property offers ample space for relaxation or gardening, with a backyard that&rsquo;s perfect for creating your own vintage-inspired outdoor oasis. The Retro House is conveniently located near local shops, parks, and transportation, offering both a sense of seclusion and easy access to city amenities.</p>\r\n<p>Don&rsquo;t miss out on the opportunity to own this retro gem. Whether you&rsquo;re a design enthusiast or looking for a project to restore to its former glory, this property offers the perfect canvas to bring your vision to life. Schedule a viewing today and discover all the unique charm and potential this Retro House has to offer.</p>', '2024-08-20 21:46:43', '2024-12-28 23:11:34'),
(47, 16, 'hi', 'रेट्रो हाउस', 'कैंसर', '<p>समय में पीछे जाएं और इस रेट्रो हाउस के अनूठे आकर्षण का अनुभव करें, जो अब बिक्री के लिए उपलब्ध है। यह अपनी तरह की अनूठी संपत्ति है जो पुराने ज़माने के डिज़ाइन और आधुनिक क्षमता का एक आदर्श मिश्रण प्रदान करती है, जो आपको अपना व्यक्तिगत स्पर्श जोड़ते हुए पुरानी शैली को अपनाने की अनुमति देती है। एक जीवंत पड़ोस में स्थित, यह घर उन लोगों के लिए एक रोमांचक अवसर प्रदान करता है जो मध्य-शताब्दी के सौंदर्यशास्त्र और चरित्र-भरे स्थानों की सराहना करते हैं।</p>\r\n<p>रेट्रो हाउस में प्रतिष्ठित वास्तुशिल्प तत्व हैं, बोल्ड रंग योजनाओं से लेकर क्लासिक लाइनें और पुरानी फिनिश तक जो आपको एक अलग युग में ले जाती हैं। विशाल रहने वाले क्षेत्र प्राकृतिक रोशनी से भरे हुए हैं, जो रेट्रो फर्श, अद्वितीय प्रकाश जुड़नार और स्टेटमेंट दीवारों जैसे मूल विवरण प्रदर्शित करते हैं जो गर्मी और व्यक्तित्व की भावना प्रदान करते हैं।</p>\r\n<p>रसोई एक पुराना सपना है, जो रेट्रो उपकरणों, क्लासिक कैबिनेटरी और एक ऐसे लेआउट से परिपूर्ण है जो नवीकरण या संरक्षण के लिए अनंत संभावनाएं प्रदान करता है। शयनकक्ष बड़े आकार के हैं, जो भरपूर विशेषताओं के साथ आरामदायक विश्राम प्रदान करते हैं, जबकि बाथरूम में कालातीत टाइलवर्क और क्लासिक फिक्स्चर हैं जो घर की रेट्रो अपील को उजागर करते हैं।</p>\r\n<p>बाहर, संपत्ति विश्राम या बागवानी के लिए पर्याप्त जगह प्रदान करती है, एक पिछवाड़े के साथ जो आपके खुद के विंटेज-प्रेरित आउटडोर ओएसिस बनाने के लिए बिल्कुल उपयुक्त है। रेट्रो हाउस सुविधाजनक रूप से स्थानीय दुकानों, पार्कों और परिवहन के पास स्थित है, जो एकांत की भावना और शहर की सुविधाओं तक आसान पहुंच प्रदान करता है।</p>\r\n<p>इस रेट्रो रत्न को खरीदने का अवसर न चूकें। चाहे आप डिज़ाइन के प्रति उत्साही हों या इसके पूर्व गौरव को बहाल करने के लिए किसी परियोजना की तलाश कर रहे हों, यह संपत्ति आपके दृष्टिकोण को जीवन में लाने के लिए एकदम सही कैनवास प्रदान करती है। आज ही देखने का कार्यक्रम बनाएं और इस रेट्रो हाउस के सभी अनूठे आकर्षण और संभावनाओं की खोज करें।</p>', '2024-08-20 21:46:43', '2024-12-28 23:13:30'),
(48, 16, 'ar', 'البيت الرجعية', 'سرطان', '<p>عد بالزمن إلى الوراء واستمتع بتجربة السحر الفريد لهذا المنزل القديم، المتوفر الآن للبيع. توفر هذه المنشأة الفريدة من نوعها مزيجًا مثاليًا من التصميم الذي يبعث على الحنين والإمكانات الحديثة، مما يسمح لك باحتضان الطراز العتيق مع إضافة لمستك الشخصية. يقع هذا المنزل في حي نابض بالحياة، ويوفر فرصة مثيرة لأولئك الذين يقدرون جماليات منتصف القرن والمساحات المليئة بالشخصيات.</p>\r\n<p>يتميز The Retro House بعناصر معمارية مميزة، بدءًا من أنظمة الألوان الجريئة وحتى الخطوط الكلاسيكية والتشطيبات العتيقة التي تنقلك إلى عصر مختلف. تمتلئ مناطق المعيشة الفسيحة بالضوء الطبيعي، وتعرض التفاصيل الأصلية مثل الأرضيات القديمة وتركيبات الإضاءة الفريدة والجدران الأنيقة التي توفر إحساسًا بالدفء والشخصية.</p>\r\n<p>المطبخ هو حلم الحنين، مكتمل بالأجهزة القديمة والخزائن الكلاسيكية والتصميم الذي يوفر إمكانيات لا حصر لها للتجديد أو الحفاظ. غرف النوم كبيرة الحجم، وتوفر ملاذًا مريحًا مع الكثير من السمات، بينما تتميز الحمامات بأعمال البلاط الخالدة والتركيبات الكلاسيكية التي تسلط الضوء على جاذبية المنزل القديمة.</p>\r\n<p>في الخارج، يوفر مكان الإقامة مساحة واسعة للاسترخاء أو البستنة، مع فناء خلفي مثالي لإنشاء واحتك الخارجية المستوحاة من الطراز القديم. يقع فندق Retro House بالقرب من المتاجر المحلية والمتنزهات ووسائل النقل، مما يوفر إحساسًا بالعزلة وسهولة الوصول إلى وسائل الراحة في المدينة.</p>\r\n<p>لا تفوت فرصة امتلاك هذه الجوهرة القديمة. سواء كنت من عشاق التصميم أو تبحث عن مشروع لاستعادة مجده السابق، فإن هذا العقار يوفر اللوحة المثالية لإضفاء الحيوية على رؤيتك. حدد موعدًا للمشاهدة اليوم واكتشف كل السحر والإمكانات الفريدة التي يوفرها هذا البيت القديم.</p>', '2024-08-20 21:46:43', '2024-12-28 23:13:24'),
(49, 17, 'en', 'Gorgeous Villa Bay View', 'London, England', '<p>Introducing the Gorgeous Villa Bay View, a spectacular property now available for sale. This stunning villa offers an unparalleled combination of luxury, comfort, and breathtaking panoramic views of the bay. Perfectly located in a prime waterfront location, this home is a true retreat that promises a lifestyle of serenity and sophistication.</p>\r\n<p>The villa&rsquo;s spacious, open-concept design allows natural light to flood the interiors, creating a bright and airy atmosphere. Featuring high-end finishes, expansive living areas, and elegant details throughout, this property offers the perfect space for both relaxing and entertaining. The large windows frame incredible views of the bay, bringing the beauty of the outdoors inside.</p>\r\n<p>Each of the well-appointed bedrooms provides a private sanctuary, offering stunning views, ample space, and luxurious comfort. The bathrooms are designed with spa-like features, combining modern fixtures with elegant touches for an indulgent experience. The gourmet kitchen boasts top-of-the-line appliances, ample counter space, and sleek cabinetry, making it a dream for both culinary enthusiasts and casual chefs alike.</p>\r\n<p>Outside, the villa offers a generous terrace and lush landscaped gardens that complement the stunning bay views. Whether you&rsquo;re enjoying a peaceful morning coffee or hosting guests in the evening, the outdoor space provides the ideal setting for relaxation and entertainment.</p>\r\n<p>The Gorgeous Villa Bay View offers the ultimate in luxury living with the beauty of nature at your doorstep. Don&rsquo;t miss the opportunity to own this extraordinary property. Schedule a viewing today and experience firsthand the charm and elegance that this villa has to offer.</p>', '2024-08-20 21:58:06', '2024-12-28 23:07:47'),
(50, 17, 'hi', 'भव्य विला खाड़ी दृश्य', 'लंदन, इंग्लैंड', '<p>पेश है गॉर्जियस विला बे व्यू, एक शानदार संपत्ति जो अब बिक्री के लिए उपलब्ध है। यह आश्चर्यजनक विला विलासिता, आराम और खाड़ी के लुभावने मनोरम दृश्यों का एक अद्वितीय संयोजन प्रदान करता है। एक प्रमुख तटवर्ती स्थान पर स्थित, यह घर एक सच्चा विश्राम स्थल है जो शांति और परिष्कार की जीवन शैली का वादा करता है।</p>\r\n<p>विला का विशाल, खुली अवधारणा वाला डिज़ाइन प्राकृतिक रोशनी को अंदरूनी हिस्सों में भरने की अनुमति देता है, जिससे एक उज्ज्वल और हवादार वातावरण बनता है। हाई-एंड फ़िनिश, विस्तृत रहने वाले क्षेत्र और संपूर्ण सुरुचिपूर्ण विवरण के साथ, यह संपत्ति आराम और मनोरंजन दोनों के लिए एकदम सही जगह प्रदान करती है। बड़ी खिड़कियां खाड़ी के अविश्वसनीय दृश्य पेश करती हैं, जो बाहर की सुंदरता को अंदर लाती हैं।</p>\r\n<p>प्रत्येक सुसज्जित शयनकक्ष एक निजी अभयारण्य प्रदान करता है, जो आश्चर्यजनक दृश्य, पर्याप्त स्थान और शानदार आराम प्रदान करता है। बाथरूम को स्पा जैसी सुविधाओं के साथ डिज़ाइन किया गया है, जिसमें एक शानदार अनुभव के लिए आधुनिक फिक्स्चर के साथ सुरुचिपूर्ण स्पर्श का संयोजन किया गया है। लज़ीज़ रसोई में शीर्ष श्रेणी के उपकरण, पर्याप्त काउंटर स्पेस और आकर्षक कैबिनेटरी है, जो इसे पाक प्रेमियों और कैज़ुअल शेफ दोनों के लिए एक सपना बनाती है।</p>\r\n<p>विला के बाहर एक विशाल छत और हरे-भरे भू-भाग वाले बगीचे हैं जो आश्चर्यजनक खाड़ी के दृश्यों का पूरक हैं। चाहे आप शांतिपूर्ण सुबह की कॉफी का आनंद ले रहे हों या शाम को मेहमानों की मेजबानी कर रहे हों, बाहरी स्थान विश्राम और मनोरंजन के लिए आदर्श स्थान प्रदान करता है।</p>\r\n<p>द गॉर्जियस विला बे व्यू आपके दरवाजे पर प्रकृति की सुंदरता के साथ परम विलासितापूर्ण जीवन प्रदान करता है। इस असाधारण संपत्ति का मालिक बनने का अवसर न चूकें। आज ही देखने का कार्यक्रम बनाएं और इस विला के आकर्षण और भव्यता का प्रत्यक्ष अनुभव करें।</p>', '2024-08-20 21:58:06', '2024-12-28 23:09:07'),
(51, 17, 'ar', 'فيلا رائعة مطلة على الخليج', 'لندن، إنجلترا', '<p>نقدم لك فيلا رائعة مطلة على الخليج، وهي ملكية مذهلة متاحة الآن للبيع. توفر هذه الفيلا المذهلة مزيجًا لا مثيل له من الفخامة والراحة والإطلالات البانورامية الخلابة على الخليج. يقع هذا المنزل في موقع مثالي على الواجهة البحرية، ويُعد ملاذًا حقيقيًا يعدك بأسلوب حياة يتصف بالهدوء والرقي.</p>\r\n<p>يسمح تصميم الفيلا الفسيح والمفتوح للضوء الطبيعي بغمر المساحات الداخلية، مما يخلق جوًا مشرقًا ومتجدد الهواء. تتميز هذه المنشأة بتشطيبات راقية ومناطق معيشة واسعة وتفاصيل أنيقة في جميع الأنحاء، وتوفر مساحة مثالية للاسترخاء والترفيه. توفر النوافذ الكبيرة إطلالات رائعة على الخليج، مما يضفي جمالًا على الهواء الطلق في الداخل.</p>\r\n<p>توفر كل غرفة من غرف النوم المجهزة تجهيزًا جيدًا ملاذًا خاصًا، وتوفر إطلالات خلابة ومساحة واسعة ووسائل راحة فاخرة. تم تصميم الحمامات بميزات تشبه المنتجع الصحي، وتجمع بين التركيبات الحديثة واللمسات الأنيقة لتجربة ممتعة. يتميز مطبخ الذواقة بأحدث الأجهزة، ومساحة واسعة للطاولة، وخزائن أنيقة، مما يجعله حلمًا لكل من عشاق الطهي والطهاة العاديين على حدٍ سواء.</p>\r\n<p>في الخارج، توفر الفيلا تراسًا فسيحًا وحدائق مورقة ذات مناظر طبيعية تكمل إطلالات الخليج المذهلة. سواء كنت تستمتع بقهوة الصباح الهادئة أو تستضيف ضيوفًا في المساء، فإن المساحة الخارجية توفر المكان المثالي للاسترخاء والترفيه.</p>\r\n<p>توفر الفيلا الرائعة المطلة على الخليج أقصى درجات المعيشة الفاخرة مع جمال الطبيعة على عتبة داركم. لا تفوت فرصة امتلاك هذا العقار الاستثنائي. حدد موعدًا للمشاهدة اليوم واستمتع بتجربة السحر والأناقة التي توفرها هذه الفيلا.</p>', '2024-08-20 21:58:07', '2024-12-28 23:09:04'),
(52, 18, 'en', 'Stay Greenwich Village', 'Washington, Indiana', '<p>Presenting Stay Greenwich Village, a rare opportunity to own a property in one of New York City&rsquo;s most iconic neighborhoods. Located in the heart of Greenwich Village, this residence offers the perfect blend of historic charm and modern amenities, making it an ideal investment or personal retreat in one of the city\'s most desirable areas.</p>\r\n<p>The property features spacious, open-concept living areas designed to maximize natural light and create an inviting atmosphere. The interiors showcase elegant finishes, high ceilings, and expansive windows, creating a sophisticated yet comfortable living environment. Whether you\'re hosting guests or enjoying a quiet evening, the layout offers versatility for every occasion.</p>\r\n<p>Each of the bedrooms provides ample space and comfort, with large closets and an abundance of natural light. The bathrooms are designed with luxury in mind, offering high-end fixtures, sleek finishes, and a modern aesthetic. The kitchen is equipped with top-of-the-line appliances, perfect for preparing meals or entertaining in style.</p>\r\n<p>Greenwich Village is known for its vibrant arts scene, charming tree-lined streets, and a wide range of dining and cultural experiences. Living in this neighborhood means you&rsquo;re just steps away from iconic cafes, boutique shops, galleries, and more. With its prime location, Stay Greenwich Village offers both convenience and a lively, enriching atmosphere.</p>\r\n<p>Don&rsquo;t miss the chance to own a property in such a prestigious area. Stay Greenwich Village offers a unique opportunity for those looking to experience the best of New York City. Schedule a viewing today and discover all the potential this exceptional property has to offer.</p>', '2024-08-20 22:35:06', '2024-12-28 23:04:44'),
(53, 18, 'hi', 'ग्रीनविच विलेज रहो', 'वाशिंगटन, इंडियाना', '<p>पेश है स्टे ग्रीनविच विलेज, न्यूयॉर्क शहर के सबसे प्रतिष्ठित इलाकों में से एक में संपत्ति खरीदने का एक दुर्लभ अवसर। ग्रीनविच विलेज के केंद्र में स्थित, यह निवास ऐतिहासिक आकर्षण और आधुनिक सुविधाओं का सही मिश्रण प्रदान करता है, जो इसे शहर के सबसे वांछनीय क्षेत्रों में से एक में एक आदर्श निवेश या व्यक्तिगत विश्राम स्थल बनाता है।</p>\r\n<p>संपत्ति में प्राकृतिक रोशनी को अधिकतम करने और एक आकर्षक माहौल बनाने के लिए डिज़ाइन किए गए विशाल, खुली अवधारणा वाले रहने वाले क्षेत्र हैं। अंदरूनी हिस्से में खूबसूरत फिनिश, ऊंची छतें और विशाल खिड़कियां हैं, जो एक परिष्कृत लेकिन आरामदायक रहने का माहौल बनाती हैं। चाहे आप मेहमानों की मेजबानी कर रहे हों या एक शांत शाम का आनंद ले रहे हों, लेआउट हर अवसर के लिए बहुमुखी प्रतिभा प्रदान करता है।</p>\r\n<p>प्रत्येक शयनकक्ष बड़ी कोठरियों और भरपूर प्राकृतिक रोशनी के साथ पर्याप्त जगह और आराम प्रदान करता है। बाथरूम को विलासिता को ध्यान में रखकर डिज़ाइन किया गया है, जो उच्च-स्तरीय फिक्स्चर, चिकनी फिनिश और आधुनिक सौंदर्य प्रदान करता है। रसोईघर शीर्ष श्रेणी के उपकरणों से सुसज्जित है, जो भोजन तैयार करने या शैली में मनोरंजन के लिए बिल्कुल उपयुक्त है।</p>\r\n<p>ग्रीनविच विलेज अपने जीवंत कला परिदृश्य, आकर्षक वृक्ष-रेखा वाली सड़कों और भोजन और सांस्कृतिक अनुभवों की एक विस्तृत श्रृंखला के लिए जाना जाता है। इस पड़ोस में रहने का मतलब है कि आप प्रतिष्ठित कैफे, बुटीक दुकानें, गैलरी और बहुत कुछ से बस कुछ ही कदम दूर हैं। अपने प्रमुख स्थान के साथ, स्टे ग्रीनविच विलेज सुविधा और जीवंत, समृद्ध वातावरण दोनों प्रदान करता है।</p>\r\n<p>ऐसे प्रतिष्ठित क्षेत्र में संपत्ति खरीदने का मौका न चूकें। स्टे ग्रीनविच विलेज उन लोगों के लिए एक अनूठा अवसर प्रदान करता है जो न्यूयॉर्क शहर का सर्वोत्तम अनुभव लेना चाहते हैं। आज ही देखने का कार्यक्रम बनाएं और इस असाधारण संपत्ति की सभी संभावनाओं का पता लगाएं।</p>', '2024-08-20 22:35:06', '2024-12-28 23:05:52'),
(54, 18, 'ar', 'البقاء في قرية غرينتش', 'واشنطن، إنديانا', '<p>نقدم لك Stay Greenwich Village، وهي فرصة نادرة لامتلاك عقار في أحد أكثر الأحياء شهرة في مدينة نيويورك. يقع هذا السكن في قلب Greenwich Village، ويوفر مزيجًا مثاليًا من السحر التاريخي ووسائل الراحة الحديثة، مما يجعله استثمارًا مثاليًا أو ملاذًا شخصيًا في واحدة من أكثر المناطق المرغوبة في المدينة.</p>\r\n<p>يتميز مكان الإقامة بمناطق معيشة واسعة ومفتوحة مصممة لتحقيق أقصى قدر من الضوء الطبيعي وخلق جو جذاب. تتميز التصميمات الداخلية بتشطيبات أنيقة وأسقف عالية ونوافذ واسعة، مما يخلق بيئة معيشية متطورة ومريحة. سواء كنت تستضيف ضيوفًا أو تستمتع بأمسية هادئة، فإن التصميم يوفر تنوعًا في كل مناسبة.</p>\r\n<p>توفر كل غرفة من غرف النوم مساحة واسعة وراحة، مع خزائن كبيرة ووفرة من الضوء الطبيعي. تم تصميم الحمامات مع أخذ الفخامة في الاعتبار، حيث توفر تجهيزات راقية وتشطيبات أنيقة وجمالية عصرية. تم تجهيز المطبخ بأحدث الأجهزة، وهو مثالي لإعداد وجبات الطعام أو الترفيه بأسلوب أنيق.</p>\r\n<p>تشتهر قرية غرينتش بمشهدها الفني النابض بالحياة وشوارعها الساحرة التي تصطف على جانبيها الأشجار ومجموعة واسعة من تجارب تناول الطعام والتجارب الثقافية. إن العيش في هذا الحي يعني أنك على بعد خطوات فقط من المقاهي الشهيرة ومحلات البوتيك والمعارض والمزيد. بفضل موقعه المتميز، يوفر Stay Greenwich Village الراحة والأجواء المفعمة بالحيوية والإثراء.</p>\r\n<p>لا تفوت فرصة امتلاك عقار في هذه المنطقة المرموقة. يوفر Stay Greenwich Village فرصة فريدة لأولئك الذين يتطلعون إلى تجربة أفضل ما في مدينة نيويورك. حدد موعدًا للمشاهدة اليوم واكتشف كل الإمكانات التي توفرها هذه الخاصية الاستثنائية.</p>', '2024-08-20 22:35:06', '2024-12-28 23:05:49'),
(55, 19, 'en', 'Luxury Gymnasium  Club', 'San Diego', '<p>Presenting an exceptional opportunity to own a Luxury Gymnasium Club that combines high-end fitness facilities with an exclusive atmosphere. This premium property is designed for those who value fitness, luxury, and quality service. Located in a sought-after area, the gym offers a prime opportunity for buyers looking to invest in a flourishing health and wellness business.</p>\r\n<p>The gym features state-of-the-art equipment, expansive workout areas, and cutting-edge amenities that cater to a wide range of fitness needs. From cardio and strength training to group fitness classes and personal training spaces, this luxury club offers everything required for a top-tier fitness experience. The sleek and modern design of the gym creates a welcoming environment that promotes both wellness and relaxation.</p>\r\n<p>In addition to its impressive fitness facilities, the property also includes spa services, a relaxation lounge, and private wellness suites&mdash;ideal for post-workout recovery. The interior design reflects sophistication and comfort, ensuring that members enjoy their experience every time they visit.</p>\r\n<p>With a reputation for excellence and a loyal membership base, this Luxury Gymnasium Club offers an established business opportunity in a growing industry. The prime location ensures consistent foot traffic and access to a clientele that values both fitness and luxury.</p>\r\n<p>Don&rsquo;t miss your chance to own this incredible property. Whether you\'re looking to expand your existing portfolio or enter the fitness market, this Luxury Gymnasium Club offers everything you need for success. Schedule a viewing today to explore this unique opportunity in the health and wellness sector.</p>', '2024-08-20 23:16:23', '2024-12-28 23:01:34'),
(56, 19, 'hi', 'लक्जरी जिम्नेजियम क्लब', 'सैन डिएगो', '<p>एक लक्ज़री जिम्नेजियम क्लब का मालिक बनने का एक असाधारण अवसर प्रस्तुत करना जो एक विशिष्ट वातावरण के साथ उच्च-स्तरीय फिटनेस सुविधाओं को जोड़ता है। यह प्रीमियम संपत्ति उन लोगों के लिए डिज़ाइन की गई है जो फिटनेस, विलासिता और गुणवत्तापूर्ण सेवा को महत्व देते हैं। एक लोकप्रिय क्षेत्र में स्थित, जिम उन खरीदारों के लिए एक प्रमुख अवसर प्रदान करता है जो एक समृद्ध स्वास्थ्य और कल्याण व्यवसाय में निवेश करना चाहते हैं।</p>\r\n<p>जिम में अत्याधुनिक उपकरण, विस्तृत कसरत क्षेत्र और अत्याधुनिक सुविधाएं हैं जो फिटनेस आवश्यकताओं की एक विस्तृत श्रृंखला को पूरा करती हैं। कार्डियो और शक्ति प्रशिक्षण से लेकर समूह फिटनेस कक्षाओं और व्यक्तिगत प्रशिक्षण स्थानों तक, यह लक्जरी क्लब शीर्ष स्तरीय फिटनेस अनुभव के लिए आवश्यक सभी चीजें प्रदान करता है। जिम का चिकना और आधुनिक डिज़ाइन एक स्वागत योग्य वातावरण बनाता है जो कल्याण और विश्राम दोनों को बढ़ावा देता है।</p>\r\n<p>इसकी प्रभावशाली फिटनेस सुविधाओं के अलावा, संपत्ति में स्पा सेवाएं, एक विश्राम लाउंज और निजी वेलनेस सुइट्स भी शामिल हैं - जो कसरत के बाद की रिकवरी के लिए आदर्श हैं। आंतरिक डिज़ाइन परिष्कार और आराम को दर्शाता है, यह सुनिश्चित करता है कि सदस्य जब भी जाएँ तो अपने अनुभव का आनंद लें।</p>\r\n<p>उत्कृष्टता की प्रतिष्ठा और एक वफादार सदस्यता आधार के साथ, यह लक्ज़री जिमनैजियम क्लब बढ़ते उद्योग में एक स्थापित व्यावसायिक अवसर प्रदान करता है। प्रमुख स्थान निरंतर पैदल यातायात और ऐसे ग्राहकों तक पहुंच सुनिश्चित करता है जो फिटनेस और विलासिता दोनों को महत्व देते हैं।</p>\r\n<p>इस अविश्वसनीय संपत्ति का मालिक बनने का मौका न चूकें। चाहे आप अपने मौजूदा पोर्टफोलियो का विस्तार करना चाह रहे हों या फिटनेस बाजार में प्रवेश करना चाह रहे हों, यह लक्ज़री जिमनैजियम क्लब आपको सफलता के लिए आवश्यक सभी चीजें प्रदान करता है। स्वास्थ्य और कल्याण क्षेत्र में इस अनूठे अवसर का पता लगाने के लिए आज ही देखने का कार्यक्रम बनाएं।</p>', '2024-08-20 23:16:23', '2024-12-28 23:02:26'),
(57, 19, 'ar', 'نادي رياضي فاخر', 'سان دييغو', '<p>تقديم فرصة استثنائية لامتلاك نادي رياضي فاخر يجمع بين مرافق اللياقة البدنية الراقية والأجواء الحصرية. تم تصميم هذا العقار المتميز لأولئك الذين يقدرون اللياقة البدنية والرفاهية والخدمة عالية الجودة. تقع صالة الألعاب الرياضية في منطقة مرغوبة، وتوفر فرصة رئيسية للمشترين الذين يتطلعون إلى الاستثمار في أعمال مزدهرة في مجال الصحة والعافية.</p>\r\n<p>تتميز صالة الألعاب الرياضية بأحدث المعدات ومناطق التمارين الواسعة ووسائل الراحة المتطورة التي تلبي مجموعة واسعة من احتياجات اللياقة البدنية. بدءًا من تدريبات القلب والقوة وحتى فصول اللياقة البدنية الجماعية ومساحات التدريب الشخصية، يقدم هذا النادي الفاخر كل ما هو مطلوب للحصول على تجربة لياقة بدنية من أعلى المستويات. يخلق التصميم الأنيق والحديث للصالة الرياضية بيئة ترحيبية تعزز الصحة والاسترخاء.</p>\r\n<p>بالإضافة إلى مرافق اللياقة البدنية الرائعة، يشتمل الفندق أيضًا على خدمات سبا وصالة للاسترخاء وأجنحة صحية خاصة - مثالية للتعافي بعد التمرين. ويعكس التصميم الداخلي الرقي والراحة، مما يضمن استمتاع الأعضاء بتجربتهم في كل مرة يقومون فيها بالزيارة.</p>\r\n<p>يتمتع نادي الصالة الرياضية الفاخر بسمعة طيبة وقاعدة عضوية مخلصة، ويوفر فرصة عمل راسخة في صناعة متنامية. يضمن الموقع المتميز حركة مرور ثابتة وإمكانية الوصول إلى العملاء الذين يقدرون اللياقة البدنية والرفاهية.</p>\r\n<p>لا تفوت فرصتك لامتلاك هذا العقار المذهل. سواء كنت تتطلع إلى توسيع محفظتك الحالية أو الدخول إلى سوق اللياقة البدنية، فإن نادي الصالة الرياضية الفاخر هذا يقدم كل ما تحتاجه لتحقيق النجاح. حدد موعدًا للمشاهدة اليوم لاستكشاف هذه الفرصة الفريدة في قطاع الصحة والعافية.</p>', '2024-08-20 23:16:23', '2024-12-28 23:02:23'),
(58, 20, 'en', '2812 Battery Place N.W.', 'Melbourne', '<p>Discover the charm and potential of 2812 Battery Place N.W., a property that offers a rare blend of prime location and versatility. Situated in a highly desirable neighborhood, this property provides a peaceful retreat while keeping you close to all the conveniences of urban living. Whether you\'re looking for a personal residence or a savvy investment, this location is hard to beat.</p>\r\n<p>Surrounded by lush greenery and quiet streets, the property enjoys a serene atmosphere that&rsquo;s perfect for families, professionals, or anyone seeking a tranquil setting. Top-rated schools, parks, and a variety of local amenities are just minutes away, offering both convenience and an excellent quality of life.</p>\r\n<p>This property presents an exceptional opportunity to create your ideal space. Whether you envision a modern renovation, a traditional home, or an investment project, 2812 Battery Place N.W. offers the flexibility to bring your vision to life. Its layout and potential make it a standout choice for buyers with a keen eye for opportunity.</p>\r\n<p>The Northwest location is renowned for its vibrant yet relaxed community feel. With easy access to recreational spots, cultural attractions, and essential services, the neighborhood strikes a perfect balance between bustling city life and quiet suburban charm. Its strategic positioning also ensures enduring value for future owners.</p>\r\n<p>Don&rsquo;t miss the chance to own a property in such a sought-after area. Schedule a visit to 2812 Battery Place N.W. today and explore the endless possibilities this property holds. Whether as a dream home or a strategic investment, this is an opportunity you won&rsquo;t want to pass up.</p>', '2024-08-21 00:36:42', '2024-12-28 22:07:43'),
(59, 20, 'hi', '2812 बैटरी प्लेस एन.डब्ल्यू.', 'मेलबोर्न', '<p>2812 बैटरी प्लेस एन.डब्ल्यू. के आकर्षण और क्षमता की खोज करें, एक ऐसी संपत्ति जो प्रमुख स्थान और बहुमुखी प्रतिभा का एक दुर्लभ मिश्रण प्रदान करती है। अत्यधिक वांछनीय पड़ोस में स्थित, यह संपत्ति आपको शहरी जीवन की सभी सुविधाओं के करीब रखते हुए एक शांतिपूर्ण विश्राम प्रदान करती है। चाहे आप निजी आवास की तलाश में हों या समझदार निवेश की, इस स्थान को हराना कठिन है।</p>\r\n<p>हरी-भरी हरियाली और शांत सड़कों से घिरी इस संपत्ति में एक शांत वातावरण है जो परिवारों, पेशेवरों या शांत वातावरण चाहने वाले किसी भी व्यक्ति के लिए बिल्कुल उपयुक्त है। शीर्ष-रेटेड स्कूल, पार्क और विभिन्न प्रकार की स्थानीय सुविधाएं कुछ ही मिनटों की दूरी पर हैं, जो सुविधा और जीवन की उत्कृष्ट गुणवत्ता दोनों प्रदान करती हैं।</p>\r\n<p>यह संपत्ति आपके लिए आदर्श स्थान बनाने का एक असाधारण अवसर प्रस्तुत करती है। चाहे आप एक आधुनिक नवीकरण, एक पारंपरिक घर, या एक निवेश परियोजना की कल्पना करें, 2812 बैटरी प्लेस एन.डब्ल्यू. आपके दृष्टिकोण को जीवन में लाने के लिए लचीलापन प्रदान करता है। इसका लेआउट और क्षमता इसे अवसर पर गहरी नजर रखने वाले खरीदारों के लिए एक उत्कृष्ट विकल्प बनाती है।</p>\r\n<p>उत्तर पश्चिमी स्थान अपने जीवंत लेकिन आरामदायक सामुदायिक अनुभव के लिए प्रसिद्ध है। मनोरंजक स्थलों, सांस्कृतिक आकर्षणों और आवश्यक सेवाओं तक आसान पहुँच के साथ, पड़ोस हलचल भरे शहरी जीवन और शांत उपनगरीय आकर्षण के बीच एक आदर्श संतुलन बनाता है। इसकी रणनीतिक स्थिति भविष्य के मालिकों के लिए स्थायी मूल्य भी सुनिश्चित करती है।</p>\r\n<p>ऐसे लोकप्रिय क्षेत्र में संपत्ति खरीदने का मौका न चूकें। 2812 बैटरी प्लेस एन.डब्लू. की यात्रा का कार्यक्रम निर्धारित करें। आज ही देखें और इस संपत्ति में मौजूद अनंत संभावनाओं का पता लगाएं। चाहे सपनों का घर हो या रणनीतिक निवेश, यह एक ऐसा अवसर है जिसे आप छोड़ना नहीं चाहेंगे।</p>', '2024-08-21 00:36:42', '2024-12-28 22:09:21'),
(60, 20, 'ar', '2812 مكان البطارية شمال غرب', 'ملبورن', '<p>اكتشف سحر وإمكانات 2812 Battery Place N.W.، وهي ملكية توفر مزيجًا نادرًا من الموقع المتميز والتنوع. يقع هذا العقار في حي مرغوب فيه للغاية، ويوفر ملاذًا هادئًا مع إبقائك على مقربة من جميع وسائل الراحة للحياة الحضرية. سواء كنت تبحث عن مسكن شخصي أو استثمار ذكي، فمن الصعب التغلب على هذا الموقع.</p>\r\n<p>يتمتع مكان الإقامة المحاط بالمساحات الخضراء والشوارع الهادئة بأجواء هادئة مثالية للعائلات والمهنيين أو أي شخص يبحث عن مكان هادئ. تقع المدارس والمتنزهات عالية التصنيف ومجموعة متنوعة من المرافق المحلية على بعد دقائق فقط، مما يوفر الراحة ونوعية حياة ممتازة.</p>\r\n<p>يقدم هذا العقار فرصة استثنائية لإنشاء مساحتك المثالية. سواء كنت تتصور تجديدًا حديثًا، أو منزلًا تقليديًا، أو مشروعًا استثماريًا، فإن 2812 Battery Place N.W. يوفر المرونة اللازمة لتحقيق رؤيتك في الحياة. إن تصميمه وإمكاناته يجعله خيارًا متميزًا للمشترين الذين يتطلعون بشدة إلى الفرص.</p>\r\n<p>يشتهر الموقع الشمالي الغربي بمجتمعه النابض بالحياة والمريح. مع سهولة الوصول إلى الأماكن الترفيهية والمعالم الثقافية والخدمات الأساسية، يحقق الحي توازنًا مثاليًا بين حياة المدينة الصاخبة وسحر الضواحي الهادئ. ويضمن موقعها الاستراتيجي أيضًا قيمة دائمة للمالكين المستقبليين.</p>\r\n<p>لا تفوت فرصة امتلاك عقار في هذه المنطقة المرغوبة. حدد موعدًا لزيارة 2812 Battery Place N.W. اليوم واستكشف الإمكانيات التي لا نهاية لها التي يحملها هذا العقار. سواء كنت تمثل منزل أحلامك أو استثمارًا استراتيجيًا، فهذه فرصة لن ترغب في تفويتها.</p>', '2024-08-21 00:36:42', '2024-12-28 22:09:30');
INSERT INTO `property_translations` (`id`, `property_id`, `lang_code`, `title`, `address`, `description`, `created_at`, `updated_at`) VALUES
(82, 27, 'en', '2813 Battery Place U.S.', '2812 Battery Place N.W.', '<p>Welcome to 2813 Battery Place, a property that combines location, potential, and charm. Nestled in a highly desirable area, this property offers a unique opportunity for buyers seeking a home or investment with lasting value. Its prime location ensures easy access to essential amenities while maintaining a sense of privacy and tranquility.</p>\r\n<p>This property is surrounded by a vibrant community, offering a blend of urban convenience and suburban peace. Nearby, you&rsquo;ll find top-rated schools, scenic parks, and a variety of shopping and dining options. The area is well-connected, making daily commutes or weekend getaways convenient and stress-free.</p>\r\n<p>2813 Battery Place is more than just a location&mdash;it&rsquo;s a canvas for your vision. Whether you&rsquo;re looking to build your dream home, renovate, or develop an income-generating investment, this property provides the flexibility to meet your needs. Its size and layout offer countless possibilities for customization.</p>\r\n<p>The neighborhood is known for its welcoming atmosphere and thriving community spirit. Families, professionals, and investors alike will appreciate the balance of natural beauty and urban accessibility. Plus, the property&rsquo;s proximity to key landmarks and recreational spaces adds to its appeal.</p>\r\n<p>Don&rsquo;t miss the opportunity to make 2813 Battery Place yours. This is your chance to own a property in one of the most sought-after locations, offering unmatched potential and a bright future. Schedule a visit today to explore everything this remarkable property has to offer.</p>', '2024-09-04 04:08:02', '2024-12-28 22:03:45'),
(83, 27, 'hi', '2813 बैटरी प्लेस यू.एस.', '2812 बैटरी प्लेस एन.डब्ल्यू.', '<p>2813 बैटरी प्लेस में आपका स्वागत है, एक संपत्ति जो स्थान, क्षमता और आकर्षण को जोड़ती है। अत्यधिक वांछनीय क्षेत्र में स्थित, यह संपत्ति स्थायी मूल्य के साथ घर या निवेश चाहने वाले खरीदारों के लिए एक अनूठा अवसर प्रदान करती है। इसका प्रमुख स्थान गोपनीयता और शांति की भावना बनाए रखते हुए आवश्यक सुविधाओं तक आसान पहुंच सुनिश्चित करता है।</p>\r\n<p>यह संपत्ति एक जीवंत समुदाय से घिरी हुई है, जो शहरी सुविधा और उपनगरीय शांति का मिश्रण पेश करती है। आस-पास, आपको शीर्ष-रेटेड स्कूल, सुंदर पार्क और विभिन्न प्रकार की खरीदारी और भोजन विकल्प मिलेंगे। यह क्षेत्र अच्छी तरह से जुड़ा हुआ है, जो दैनिक आवागमन या सप्ताहांत की छुट्टियों को सुविधाजनक और तनाव मुक्त बनाता है।</p>\r\n<p>2813 बैटरी प्लेस सिर्फ एक स्थान से कहीं अधिक है&mdash;यह आपके दृष्टिकोण के लिए एक कैनवास है। चाहे आप अपने सपनों का घर बनाना चाहते हों, नवीनीकरण करना चाहते हों, या आय-सृजन करने वाला निवेश विकसित करना चाहते हों, यह संपत्ति आपकी ज़रूरतों को पूरा करने के लिए लचीलापन प्रदान करती है। इसका आकार और लेआउट अनुकूलन के लिए अनगिनत संभावनाएं प्रदान करता है।</p>\r\n<p>पड़ोस अपने स्वागत योग्य माहौल और संपन्न सामुदायिक भावना के लिए जाना जाता है। परिवार, पेशेवर और निवेशक समान रूप से प्राकृतिक सुंदरता और शहरी पहुंच के संतुलन की सराहना करेंगे। साथ ही, प्रमुख स्थलों और मनोरंजक स्थानों से संपत्ति की निकटता इसकी अपील को बढ़ाती है।</p>\r\n<p>2813 बैटरी प्लेस को अपना बनाने का अवसर न चूकें। यह आपके लिए सबसे अधिक मांग वाले स्थानों में से एक में संपत्ति का मालिक बनने का मौका है, जो बेजोड़ क्षमता और उज्ज्वल भविष्य प्रदान करता है। इस उल्लेखनीय संपत्ति की हर चीज़ का पता लगाने के लिए आज ही एक यात्रा का कार्यक्रम बनाएं।</p>', '2024-09-04 04:08:02', '2024-12-28 22:05:06'),
(84, 27, 'ar', '2813 مكان البطارية الولايات المتحدة', '2812 مكان البطارية شمال غرب', '<p>مرحبًا بكم في 2813 Battery Place، العقار الذي يجمع بين الموقع والإمكانات والسحر. يقع هذا العقار في منطقة مرغوبة للغاية، ويوفر فرصة فريدة للمشترين الباحثين عن منزل أو استثمار ذي قيمة دائمة. يضمن موقعه المتميز سهولة الوصول إلى المرافق الأساسية مع الحفاظ على الشعور بالخصوصية والهدوء.</p>\r\n<p>يحيط بهذا العقار مجتمع نابض بالحياة، ويوفر مزيجًا من الراحة الحضرية وسلام الضواحي. ستجد في مكان قريب مدارس عالية التصنيف وحدائق ذات مناظر خلابة ومجموعة متنوعة من خيارات التسوق وتناول الطعام. المنطقة متصلة جيدًا، مما يجعل التنقلات اليومية أو عطلات نهاية الأسبوع مريحة وخالية من التوتر.</p>\r\n<p>يعد 2813 Battery Place أكثر من مجرد موقع - إنه لوحة قماشية لرؤيتك. سواء كنت تتطلع إلى بناء منزل أحلامك، أو تجديده، أو تطوير استثمار مدر للدخل، فإن هذا العقار يوفر المرونة اللازمة لتلبية احتياجاتك. يوفر حجمه وتصميمه إمكانيات لا حصر لها للتخصيص.</p>\r\n<p>يشتهر الحي بأجوائه الترحيبية وروح المجتمع المزدهرة. ستقدر العائلات والمهنيون والمستثمرون على حد سواء التوازن بين الجمال الطبيعي وسهولة الوصول إلى المناطق الحضرية. بالإضافة إلى ذلك، فإن قرب مكان الإقامة من المعالم الرئيسية والمساحات الترفيهية يزيد من جاذبيته.</p>\r\n<p>لا تفوت الفرصة لجعل 2813 Battery Place ملكًا لك. هذه هي فرصتك لامتلاك عقار في أحد أكثر المواقع المرغوبة، والذي يوفر إمكانات لا مثيل لها ومستقبلًا مشرقًا. حدد موعدًا للزيارة اليوم لاستكشاف كل ما تقدمه هذه المنشأة الرائعة.</p>', '2024-09-04 04:08:02', '2024-12-28 22:05:27');

-- --------------------------------------------------------

--
-- Table structure for table `property_types`
--

CREATE TABLE `property_types` (
  `id` bigint(20) UNSIGNED NOT NULL,
  `slug` varchar(255) COLLATE utf8mb4_unicode_ci DEFAULT NULL,
  `image` varchar(255) COLLATE utf8mb4_unicode_ci DEFAULT NULL,
  `show_home1` tinyint(1) NOT NULL DEFAULT 0,
  `show_home2` tinyint(1) NOT NULL DEFAULT 0,
  `status` tinyint(1) NOT NULL DEFAULT 1,
  `created_at` timestamp NULL DEFAULT NULL,
  `updated_at` timestamp NULL DEFAULT NULL
) ENGINE=InnoDB DEFAULT CHARSET=utf8mb4 COLLATE=utf8mb4_unicode_ci;

--
-- Dumping data for table `property_types`
--

INSERT INTO `property_types` (`id`, `slug`, `image`, `show_home1`, `show_home2`, `status`, `created_at`, `updated_at`) VALUES
(1, 'land-acquisition', 'uploads/custom-images/wsus-img-2024-08-19-12-16-13-7487.webp', 1, 0, 1, '2024-08-19 06:16:13', '2024-12-05 00:15:08'),
(2, 'the-land', 'uploads/custom-images/wsus-img-2024-08-19-12-17-48-9213.webp', 1, 0, 1, '2024-08-19 06:17:48', '2024-12-05 00:15:06'),
(3, 'historic-properties', 'uploads/custom-images/wsus-img-2024-08-19-12-19-40-8448.webp', 1, 0, 0, '2024-08-19 06:19:40', '2024-12-05 00:08:57'),
(4, 'ecofriendly', 'uploads/custom-images/wsus-img-2024-08-19-12-21-02-5884.webp', 1, 0, 0, '2024-08-19 06:21:02', '2024-12-05 00:09:00'),
(5, 'luxury-estate', 'uploads/custom-images/wsus-img-2024-08-19-12-23-47-8520.webp', 1, 0, 1, '2024-08-19 06:23:47', '2024-12-05 00:14:49'),
(6, 'new-construction', 'uploads/custom-images/wsus-img-2024-08-19-12-25-13-4950.webp', 1, 0, 1, '2024-08-19 06:25:13', '2024-12-05 00:14:51'),
(7, 'vacation-resort', 'uploads/custom-images/wsus-img-2024-08-19-12-26-28-9011.webp', 1, 0, 1, '2024-08-19 06:26:28', '2024-12-05 00:14:54'),
(8, 'commercial', 'uploads/custom-images/wsus-img-2024-08-19-12-28-25-6047.webp', 1, 0, 1, '2024-08-19 06:28:25', '2024-12-05 00:14:31'),
(9, 'residential', 'uploads/custom-images/wsus-img-2024-08-19-12-28-57-1831.webp', 1, 0, 1, '2024-08-19 06:28:57', '2024-12-05 00:14:33'),
(10, 'house-and-garden', 'uploads/custom-images/wsus-img-2024-08-19-12-29-24-2782.webp', 0, 1, 1, '2024-08-19 06:29:24', '2024-12-05 00:14:25'),
(11, 'hotel-and-resort', 'uploads/custom-images/wsus-img-2024-08-20-03-22-06-9054.webp', 0, 1, 1, '2024-08-19 21:22:06', '2024-12-05 00:14:21'),
(12, 'business', 'uploads/custom-images/wsus-img-2024-08-20-03-22-40-7200.webp', 0, 1, 1, '2024-08-19 21:22:40', '2024-12-05 00:14:17'),
(13, 'restaurant', 'uploads/custom-images/wsus-img-2024-08-20-03-23-09-9189.webp', 0, 1, 1, '2024-08-19 21:23:09', '2024-12-05 00:14:13'),
(14, 'fitness-club', 'uploads/custom-images/wsus-img-2024-08-20-03-23-47-8611.webp', 0, 1, 1, '2024-08-19 21:23:47', '2024-12-05 00:13:52'),
(15, 'event-and-club', 'uploads/custom-images/wsus-img-2024-08-20-03-24-16-3597.webp', 0, 1, 1, '2024-08-19 21:24:16', '2024-12-05 00:13:33'),
(16, 'education', 'uploads/custom-images/wsus-img-2024-08-20-03-24-55-1728.webp', 0, 1, 1, '2024-08-19 21:24:55', '2024-12-05 00:13:04'),
(17, 'housing', 'uploads/custom-images/wsus-img-2024-08-20-03-25-24-6154.webp', 0, 1, 1, '2024-08-19 21:25:24', '2024-12-05 00:12:07');

-- --------------------------------------------------------

--
-- Table structure for table `property_type_translations`
--

CREATE TABLE `property_type_translations` (
  `id` bigint(20) UNSIGNED NOT NULL,
  `property_type_id` int(11) NOT NULL,
  `lang_code` varchar(255) COLLATE utf8mb4_unicode_ci NOT NULL,
  `title` varchar(255) COLLATE utf8mb4_unicode_ci DEFAULT NULL,
  `created_at` timestamp NULL DEFAULT NULL,
  `updated_at` timestamp NULL DEFAULT NULL
) ENGINE=InnoDB DEFAULT CHARSET=utf8mb4 COLLATE=utf8mb4_unicode_ci;

--
-- Dumping data for table `property_type_translations`
--

INSERT INTO `property_type_translations` (`id`, `property_type_id`, `lang_code`, `title`, `created_at`, `updated_at`) VALUES
(1, 1, 'en', 'Land Acquisition', '2024-08-19 06:16:13', '2024-08-19 06:16:13'),
(2, 1, 'hi', 'भूमि अधिग्रहण', '2024-08-19 06:16:13', '2024-08-19 06:16:47'),
(3, 1, 'ar', 'حيازة الأراضي', '2024-08-19 06:16:13', '2024-08-19 06:17:08'),
(4, 2, 'en', 'The Land', '2024-08-19 06:17:48', '2024-08-19 06:17:48'),
(5, 2, 'hi', 'भूमि', '2024-08-19 06:17:48', '2024-08-19 06:18:13'),
(6, 2, 'ar', 'الأرض', '2024-08-19 06:17:48', '2024-08-19 06:18:37'),
(7, 3, 'en', 'Historic Properties', '2024-08-19 06:19:40', '2024-08-19 06:19:40'),
(8, 3, 'hi', 'ऐतिहासिक गुण', '2024-08-19 06:19:40', '2024-08-19 06:20:03'),
(9, 3, 'ar', 'خصائص تاريخية', '2024-08-19 06:19:40', '2024-08-19 06:20:24'),
(10, 4, 'en', 'Eco-Friendly', '2024-08-19 06:21:02', '2024-08-19 06:21:02'),
(11, 4, 'hi', 'पर्यावरण-हितैषी', '2024-08-19 06:21:02', '2024-08-19 06:21:28'),
(12, 4, 'ar', 'صديقة للبيئة', '2024-08-19 06:21:02', '2024-08-19 06:21:43'),
(13, 5, 'en', 'Luxury Estate', '2024-08-19 06:23:47', '2024-08-19 06:23:47'),
(14, 5, 'hi', 'विलासिता संपदा', '2024-08-19 06:23:47', '2024-08-19 06:24:21'),
(15, 5, 'ar', 'Luxury Estate', '2024-08-19 06:23:47', '2024-08-19 06:23:47'),
(16, 6, 'en', 'New Construction', '2024-08-19 06:25:13', '2024-08-19 06:25:13'),
(17, 6, 'hi', 'नया निर्माण', '2024-08-19 06:25:13', '2024-08-19 06:25:34'),
(18, 6, 'ar', 'البناء الجديد', '2024-08-19 06:25:13', '2024-08-19 06:25:54'),
(19, 7, 'en', 'Vacation And Resort', '2024-08-19 06:26:28', '2024-08-21 05:30:40'),
(20, 7, 'hi', 'अवकाश एवं रिज़ॉर्ट', '2024-08-19 06:26:28', '2024-08-19 06:26:56'),
(21, 7, 'ar', 'اجازة ومنتجع', '2024-08-19 06:26:28', '2024-08-19 06:27:15'),
(22, 8, 'en', 'Commercial', '2024-08-19 06:28:25', '2024-08-19 06:28:25'),
(23, 8, 'hi', 'व्यावसायिक', '2024-08-19 06:28:25', '2024-08-19 06:29:41'),
(24, 8, 'ar', 'تجاري', '2024-08-19 06:28:25', '2024-08-19 06:30:19'),
(25, 9, 'en', 'Residential', '2024-08-19 06:28:57', '2024-08-19 06:28:57'),
(26, 9, 'hi', 'आवासीय', '2024-08-19 06:28:57', '2024-08-19 06:30:21'),
(27, 9, 'ar', 'سكني', '2024-08-19 06:28:57', '2024-08-19 06:31:05'),
(28, 10, 'en', 'House and Garden', '2024-08-19 06:29:24', '2024-08-19 06:29:24'),
(29, 10, 'hi', 'घर और बगीचा', '2024-08-19 06:29:24', '2024-08-19 06:30:24'),
(30, 10, 'ar', 'المنزل والحديقة', '2024-08-19 06:29:24', '2024-08-19 06:31:08'),
(31, 11, 'en', 'Hotel And Resort', '2024-08-19 21:22:06', '2024-08-19 21:22:06'),
(32, 11, 'hi', 'होटल और रिज़ॉर्ट', '2024-08-19 21:22:06', '2024-08-19 21:26:09'),
(33, 11, 'ar', 'فندق ومنتجع', '2024-08-19 21:22:06', '2024-08-19 21:28:41'),
(34, 12, 'en', 'Business', '2024-08-19 21:22:40', '2024-08-19 21:22:40'),
(35, 12, 'hi', 'व्यापार', '2024-08-19 21:22:40', '2024-08-19 21:26:42'),
(36, 12, 'ar', 'عمل', '2024-08-19 21:22:40', '2024-08-19 21:28:44'),
(37, 13, 'en', 'Restaurant', '2024-08-19 21:23:09', '2024-08-19 21:23:09'),
(38, 13, 'hi', 'रेस्टोरेंट', '2024-08-19 21:23:09', '2024-08-19 21:26:45'),
(39, 13, 'ar', 'مطعم', '2024-08-19 21:23:09', '2024-08-19 21:28:50'),
(40, 14, 'en', 'Fitness Club', '2024-08-19 21:23:47', '2024-08-19 21:23:47'),
(41, 14, 'hi', 'फिटनेस क्लब', '2024-08-19 21:23:47', '2024-08-19 21:26:48'),
(42, 14, 'ar', 'نادي اللياقة البدنية', '2024-08-19 21:23:47', '2024-08-19 21:28:53'),
(43, 15, 'en', 'Event and Club', '2024-08-19 21:24:16', '2024-08-19 21:24:16'),
(44, 15, 'hi', 'इवेंट और क्लब', '2024-08-19 21:24:16', '2024-08-19 21:26:51'),
(45, 15, 'ar', 'الحدث والنادي', '2024-08-19 21:24:16', '2024-08-19 21:28:58'),
(46, 16, 'en', 'Education', '2024-08-19 21:24:55', '2024-08-19 21:24:55'),
(47, 16, 'hi', 'शिक्षा', '2024-08-19 21:24:55', '2024-08-19 21:26:53'),
(48, 16, 'ar', 'تعليم', '2024-08-19 21:24:56', '2024-08-19 21:29:01'),
(49, 17, 'en', 'Housing', '2024-08-19 21:25:24', '2024-12-04 23:50:11'),
(50, 17, 'hi', 'आवास', '2024-08-19 21:25:24', '2024-08-19 21:26:59'),
(51, 17, 'ar', 'السكن', '2024-08-19 21:25:24', '2024-08-19 21:29:03');

-- --------------------------------------------------------

--
-- Table structure for table `roles`
--

CREATE TABLE `roles` (
  `id` bigint(20) UNSIGNED NOT NULL,
  `name` varchar(255) COLLATE utf8mb4_unicode_ci NOT NULL,
  `guard_name` varchar(255) COLLATE utf8mb4_unicode_ci NOT NULL,
  `created_at` timestamp NULL DEFAULT NULL,
  `updated_at` timestamp NULL DEFAULT NULL
) ENGINE=InnoDB DEFAULT CHARSET=utf8mb4 COLLATE=utf8mb4_unicode_ci;

--
-- Dumping data for table `roles`
--

INSERT INTO `roles` (`id`, `name`, `guard_name`, `created_at`, `updated_at`) VALUES
(1, 'Super Admin', 'admin', '2024-08-19 05:54:31', '2024-08-19 05:54:31'),
(2, 'admin', 'admin', '2024-12-08 02:20:51', '2024-12-08 02:28:51');

-- --------------------------------------------------------

--
-- Table structure for table `role_has_permissions`
--

CREATE TABLE `role_has_permissions` (
  `permission_id` bigint(20) UNSIGNED NOT NULL,
  `role_id` bigint(20) UNSIGNED NOT NULL
) ENGINE=InnoDB DEFAULT CHARSET=utf8mb4 COLLATE=utf8mb4_unicode_ci;

--
-- Dumping data for table `role_has_permissions`
--

INSERT INTO `role_has_permissions` (`permission_id`, `role_id`) VALUES
(1, 1),
(1, 2),
(2, 1),
(2, 2),
(3, 1),
(3, 2),
(4, 1),
(4, 2),
(6, 1),
(6, 2),
(7, 1),
(7, 2),
(8, 1),
(8, 2),
(9, 1),
(9, 2),
(10, 1),
(10, 2),
(11, 1),
(11, 2),
(12, 1),
(12, 2),
(13, 1),
(13, 2),
(14, 1),
(14, 2),
(15, 1),
(15, 2),
(16, 1),
(16, 2),
(17, 1),
(17, 2),
(18, 1),
(18, 2),
(19, 1),
(19, 2),
(20, 1),
(20, 2),
(21, 1),
(21, 2),
(22, 1),
(22, 2),
(23, 1),
(23, 2),
(24, 1),
(24, 2),
(25, 1),
(25, 2),
(26, 1),
(26, 2),
(27, 1),
(27, 2),
(28, 1),
(28, 2),
(29, 1),
(29, 2),
(30, 1),
(30, 2),
(31, 1),
(31, 2),
(32, 1),
(32, 2),
(33, 1),
(33, 2),
(34, 1),
(34, 2),
(35, 1),
(35, 2),
(36, 1),
(36, 2),
(37, 1),
(37, 2),
(38, 1),
(38, 2),
(39, 1),
(39, 2),
(40, 1),
(40, 2),
(41, 1),
(41, 2),
(42, 1),
(42, 2),
(43, 1),
(43, 2),
(44, 1),
(44, 2),
(45, 1),
(45, 2),
(46, 1),
(46, 2),
(47, 1),
(47, 2),
(48, 1),
(48, 2),
(49, 1),
(49, 2),
(52, 1),
(52, 2),
(53, 1),
(53, 2),
(54, 1),
(54, 2),
(55, 1),
(55, 2),
(56, 1),
(56, 2),
(57, 1),
(57, 2),
(58, 1),
(58, 2),
(59, 1),
(59, 2),
(60, 1),
(60, 2),
(61, 1),
(61, 2),
(62, 1),
(62, 2),
(63, 1),
(63, 2),
(64, 1),
(64, 2),
(65, 1),
(65, 2),
(66, 1),
(66, 2),
(67, 1),
(67, 2),
(68, 1),
(68, 2),
(69, 1),
(69, 2),
(70, 1),
(70, 2),
(71, 1),
(71, 2),
(72, 1),
(72, 2),
(75, 1),
(75, 2),
(76, 1),
(76, 2),
(77, 1),
(77, 2),
(78, 1),
(78, 2),
(79, 1),
(79, 2),
(80, 1),
(80, 2),
(81, 1),
(81, 2),
(82, 1),
(82, 2),
(83, 1),
(83, 2),
(84, 1),
(84, 2),
(85, 1),
(85, 2),
(86, 1),
(86, 2),
(87, 1),
(87, 2),
(88, 1),
(88, 2),
(89, 1),
(89, 2),
(90, 1),
(90, 2),
(91, 1),
(91, 2),
(92, 1),
(92, 2),
(93, 1),
(93, 2),
(94, 1),
(94, 2),
(95, 1),
(95, 2),
(96, 1),
(96, 2),
(97, 1),
(97, 2),
(98, 1),
(98, 2),
(99, 1),
(99, 2),
(100, 1),
(100, 2),
(101, 1),
(101, 2),
(102, 1),
(102, 2),
(103, 1),
(103, 2),
(104, 1),
(104, 2),
(105, 1),
(105, 2),
(106, 1),
(106, 2),
(107, 1),
(107, 2),
(108, 1),
(108, 2),
(109, 1),
(109, 2),
(110, 1),
(110, 2),
(111, 1),
(111, 2),
(112, 1),
(112, 2),
(113, 1),
(113, 2),
(114, 1),
(114, 2),
(115, 1),
(115, 2),
(116, 1),
(116, 2),
(117, 1),
(117, 2),
(118, 1),
(118, 2),
(119, 1),
(119, 2),
(120, 1),
(120, 2),
(121, 1),
(121, 2),
(122, 1),
(122, 2),
(123, 1),
(123, 2),
(124, 1),
(124, 2),
(125, 1),
(125, 2),
(126, 1),
(126, 2),
(127, 1),
(127, 2),
(128, 1),
(128, 2),
(129, 1),
(129, 2),
(130, 1),
(130, 2),
(131, 1),
(131, 2),
(132, 1),
(132, 2),
(133, 1),
(133, 2),
(134, 1),
(134, 2),
(135, 1),
(135, 2),
(136, 1),
(136, 2),
(137, 1),
(137, 2),
(138, 1),
(138, 2),
(139, 1),
(139, 2),
(140, 1),
(140, 2),
(141, 1),
(141, 2),
(142, 1),
(142, 2),
(143, 1),
(143, 2),
(144, 1),
(144, 2),
(145, 1),
(145, 2),
(146, 1),
(146, 2),
(147, 1),
(147, 2),
(148, 1),
(148, 2),
(149, 1),
(149, 2),
(150, 1),
(150, 2),
(151, 1),
(151, 2),
(152, 1),
(152, 2),
(153, 1),
(153, 2),
(154, 1),
(154, 2),
(155, 1),
(155, 2),
(156, 1),
(156, 2),
(157, 1),
(157, 2),
(166, 1),
(166, 2),
(167, 1),
(167, 2),
(168, 1),
(168, 2),
(169, 1),
(169, 2),
(170, 1),
(170, 2),
(171, 1),
(171, 2),
(172, 1),
(172, 2),
(173, 1),
(173, 2),
(174, 1),
(174, 2),
(175, 1),
(175, 2),
(176, 1),
(176, 2),
(177, 1),
(177, 2),
(178, 1),
(178, 2),
(188, 1),
(188, 2),
(189, 1),
(189, 2),
(190, 1),
(190, 2),
(191, 1),
(191, 2),
(192, 1),
(192, 2),
(193, 1),
(193, 2),
(194, 1),
(194, 2),
(195, 1),
(195, 2),
(196, 1),
(196, 2),
(197, 1),
(197, 2),
(198, 1),
(198, 2),
(199, 1),
(199, 2),
(200, 1),
(200, 2),
(201, 1),
(201, 2),
(202, 1),
(202, 2),
(203, 1),
(203, 2),
(204, 1),
(204, 2),
(205, 1),
(205, 2),
(206, 1),
(206, 2),
(207, 1),
(207, 2),
(208, 1),
(208, 2),
(209, 1),
(209, 2),
(210, 1),
(210, 2),
(211, 1),
(211, 2),
(212, 1),
(212, 2),
(213, 1),
(213, 2),
(214, 1),
(214, 2),
(215, 1),
(215, 2),
(216, 1),
(216, 2),
(217, 1),
(217, 2),
(218, 1),
(218, 2),
(219, 1),
(219, 2),
(220, 1),
(220, 2),
(221, 1),
(221, 2);

-- --------------------------------------------------------

--
-- Table structure for table `section_controls`
--

CREATE TABLE `section_controls` (
  `id` bigint(20) UNSIGNED NOT NULL,
  `page_name` varchar(255) COLLATE utf8mb4_unicode_ci DEFAULT NULL,
  `section_name` varchar(255) COLLATE utf8mb4_unicode_ci DEFAULT NULL,
  `title` varchar(255) COLLATE utf8mb4_unicode_ci DEFAULT NULL,
  `status` tinyint(1) NOT NULL DEFAULT 1,
  `qty` int(11) NOT NULL DEFAULT 0,
  `created_at` timestamp NULL DEFAULT NULL,
  `updated_at` timestamp NULL DEFAULT NULL
) ENGINE=InnoDB DEFAULT CHARSET=utf8mb4 COLLATE=utf8mb4_unicode_ci;

--
-- Dumping data for table `section_controls`
--

INSERT INTO `section_controls` (`id`, `page_name`, `section_name`, `title`, `status`, `qty`, `created_at`, `updated_at`) VALUES
(1, 'Home One', 'slider', 'Slider', 1, 0, '2024-08-19 05:54:42', '2024-12-05 02:25:38'),
(4, 'Home One', 'about_us', 'About Us', 1, 0, '2024-08-19 05:54:42', '2024-09-01 22:31:15'),
(5, 'Home One', 'urgent_property', 'Urgent Property', 1, 9, '2024-08-19 05:54:42', '2024-09-01 22:30:35'),
(11, 'Home One', 'top_property', 'Top Properties', 1, 6, '2024-08-19 05:54:43', '2024-09-01 22:31:15'),
(13, 'Home One', 'featured_property', 'Featured Properties', 1, 9, '2024-08-19 05:54:43', '2024-09-01 22:31:56'),
(14, 'Home One', 'agent', 'Agent', 1, 4, '2024-08-19 05:54:43', '2024-09-01 22:32:30'),
(15, 'Home One', 'service', 'Service', 1, 4, '2024-08-19 05:54:43', '2024-09-01 22:32:54'),
(16, 'Home One', 'blog', 'Blog', 1, 3, '2024-08-19 05:54:43', '2024-09-01 22:33:29'),
(17, 'Home One', 'testimonial', 'Testimonials', 1, 6, '2024-08-19 05:54:43', '2024-09-01 22:34:03'),
(18, 'Home One', 'our_team', 'Our Team', 1, 4, '2024-08-19 05:54:43', '2024-09-01 22:18:59');

-- --------------------------------------------------------

--
-- Table structure for table `seo_settings`
--

CREATE TABLE `seo_settings` (
  `id` bigint(20) UNSIGNED NOT NULL,
  `page_name` varchar(255) COLLATE utf8mb4_unicode_ci NOT NULL,
  `seo_title` text COLLATE utf8mb4_unicode_ci NOT NULL,
  `seo_description` text COLLATE utf8mb4_unicode_ci NOT NULL,
  `created_at` timestamp NULL DEFAULT NULL,
  `updated_at` timestamp NULL DEFAULT NULL
) ENGINE=InnoDB DEFAULT CHARSET=utf8mb4 COLLATE=utf8mb4_unicode_ci;

--
-- Dumping data for table `seo_settings`
--

INSERT INTO `seo_settings` (`id`, `page_name`, `seo_title`, `seo_description`, `created_at`, `updated_at`) VALUES
(1, 'Home Page', 'Home || TopLand', 'Home || TopLand', '2024-08-19 05:54:31', '2024-08-19 05:54:31'),
(2, 'About Page', 'About || TopLand', 'About || TopLand', '2024-08-19 05:54:31', '2024-08-19 05:54:31'),
(3, 'Property Page', 'All Properties || TopLand', 'All Properties || TopLand', '2024-08-19 05:54:31', '2024-08-19 05:54:31'),
(4, 'Pricing Plan', 'Pricing Plan || TopLand', 'Pricing Plan || TopLand', '2024-08-19 05:54:31', '2024-08-19 05:54:31'),
(5, 'Agent Page', 'Agent Page || TopLand', 'Agent Page || TopLand', '2024-08-19 05:54:31', '2024-08-19 05:54:31'),
(6, 'Blog Page', 'Blog Page || TopLand', 'Blog Page || TopLand', '2024-08-19 05:54:31', '2024-08-19 05:54:31'),
(7, 'Contact us', 'Contact us || TopLand', 'Contact us || TopLand', '2024-08-19 05:54:31', '2024-08-19 05:54:31'),
(8, 'FAQ Page', 'FAQ Page || TopLand', 'FAQ Page || TopLand', '2024-08-19 05:54:31', '2024-08-19 05:54:31'),
(9, 'Career Page', 'Career Page || TopLand', 'Career Page || TopLand', '2024-09-01 05:46:46', '2024-09-01 05:46:46');

-- --------------------------------------------------------

--
-- Table structure for table `services`
--

CREATE TABLE `services` (
  `id` bigint(20) UNSIGNED NOT NULL,
  `icon` varchar(255) COLLATE utf8mb4_unicode_ci NOT NULL,
  `status` tinyint(1) NOT NULL DEFAULT 1,
  `created_at` timestamp NULL DEFAULT NULL,
  `updated_at` timestamp NULL DEFAULT NULL
) ENGINE=InnoDB DEFAULT CHARSET=utf8mb4 COLLATE=utf8mb4_unicode_ci;

--
-- Dumping data for table `services`
--

INSERT INTO `services` (`id`, `icon`, `status`, `created_at`, `updated_at`) VALUES
(1, 'fas fa-chevron-circle-left', 1, '2024-08-20 04:01:44', '2024-12-22 05:31:17'),
(2, 'fas fa-align-center', 1, '2024-08-20 04:02:37', '2024-12-22 05:31:20'),
(3, 'fab fa-cc-amazon-pay', 1, '2024-08-20 04:03:28', '2024-12-22 05:31:22'),
(4, 'fas fa-check-circle', 1, '2024-08-20 04:04:06', '2024-12-22 05:31:25');

-- --------------------------------------------------------

--
-- Table structure for table `service_translations`
--

CREATE TABLE `service_translations` (
  `id` bigint(20) UNSIGNED NOT NULL,
  `service_id` int(11) NOT NULL,
  `lang_code` varchar(255) COLLATE utf8mb4_unicode_ci NOT NULL,
  `title` varchar(255) COLLATE utf8mb4_unicode_ci DEFAULT NULL,
  `description` text COLLATE utf8mb4_unicode_ci DEFAULT NULL,
  `created_at` timestamp NULL DEFAULT NULL,
  `updated_at` timestamp NULL DEFAULT NULL
) ENGINE=InnoDB DEFAULT CHARSET=utf8mb4 COLLATE=utf8mb4_unicode_ci;

--
-- Dumping data for table `service_translations`
--

INSERT INTO `service_translations` (`id`, `service_id`, `lang_code`, `title`, `description`, `created_at`, `updated_at`) VALUES
(1, 1, 'en', 'Return Policy', 'Simple and transparent return policy for a smooth client experience.', '2024-08-20 04:01:44', '2024-12-28 23:52:58'),
(2, 1, 'hi', 'वापसी नीति', 'सहज ग्राहक अनुभव के लिए सरल और पारदर्शी रिटर्न नीति।', '2024-08-20 04:01:44', '2024-12-29 00:06:08'),
(3, 1, 'ar', 'أدوات مثالية', 'سياسة إرجاع بسيطة وشفافة لتجربة عميل سلسة وآمنة ومريحة.', '2024-08-20 04:01:44', '2024-12-29 00:12:39'),
(4, 2, 'en', 'Search in Click', 'Efficient and quick search to find the best products and services.', '2024-08-20 04:02:37', '2024-12-28 23:57:01'),
(5, 2, 'hi', 'क्लिक में खोजें', 'सर्वोत्तम उत्पादों और सेवाओं को खोजने के लिए कुशल और त्वरित खोज।', '2024-08-20 04:02:37', '2024-12-28 23:58:13'),
(6, 2, 'ar', 'البحث في انقر', 'بحث فعال وسريع للعثور على أفضل المنتجات والخدمات.', '2024-08-20 04:02:37', '2024-12-29 00:10:39'),
(7, 3, 'en', 'Secured Payment', 'Safe and reliable payment methods for a worry-free transaction experience.', '2024-08-20 04:03:29', '2024-12-28 23:59:56'),
(8, 3, 'hi', 'सुरक्षित भुगतान', 'चिंता मुक्त लेनदेन अनुभव के लिए सुरक्षित और विश्वसनीय भुगतान विधियाँ।', '2024-08-20 04:03:29', '2024-12-29 00:00:48'),
(9, 3, 'ar', 'الدفع المضمون', 'طرق دفع آمنة وموثوقة لتجربة معاملات خالية من القلق.', '2024-08-20 04:03:29', '2024-12-29 00:00:46'),
(10, 4, 'en', 'Best Quality', 'Delivering exceptional quality for complete customer satisfaction.', '2024-08-20 04:04:06', '2024-12-29 00:03:31'),
(11, 4, 'hi', 'अच्छी गुणवत्ता', 'संपूर्ण ग्राहक संतुष्टि के लिए असाधारण गुणवत्ता प्रदान करना।', '2024-08-20 04:04:06', '2024-12-29 00:04:23'),
(12, 4, 'ar', 'نوعية جيدة', 'تقديم جودة استثنائية لتحقيق الرضا الكامل للعملاء.', '2024-08-20 04:04:06', '2024-12-29 00:04:21');

-- --------------------------------------------------------

--
-- Table structure for table `sliders`
--

CREATE TABLE `sliders` (
  `id` bigint(20) UNSIGNED NOT NULL,
  `image` varchar(255) COLLATE utf8mb4_unicode_ci DEFAULT NULL,
  `status` tinyint(1) NOT NULL DEFAULT 1,
  `serial` int(11) DEFAULT NULL,
  `created_at` timestamp NULL DEFAULT NULL,
  `updated_at` timestamp NULL DEFAULT NULL
) ENGINE=InnoDB DEFAULT CHARSET=utf8mb4 COLLATE=utf8mb4_unicode_ci;

--
-- Dumping data for table `sliders`
--

INSERT INTO `sliders` (`id`, `image`, `status`, `serial`, `created_at`, `updated_at`) VALUES
(1, 'uploads/custom-images/wsus-img-2024-12-31-07-52-50-9649.webp', 1, 1, '2024-08-25 22:37:11', '2024-12-31 01:52:50'),
(2, 'uploads/custom-images/wsus-img-2024-12-31-07-52-19-7571.webp', 1, 2, '2024-08-25 22:37:17', '2024-12-31 01:52:19');

-- --------------------------------------------------------

--
-- Table structure for table `slider_translations`
--

CREATE TABLE `slider_translations` (
  `id` bigint(20) UNSIGNED NOT NULL,
  `slider_id` int(11) NOT NULL,
  `lang_code` varchar(255) COLLATE utf8mb4_unicode_ci NOT NULL,
  `title` varchar(255) COLLATE utf8mb4_unicode_ci DEFAULT NULL,
  `created_at` timestamp NULL DEFAULT NULL,
  `updated_at` timestamp NULL DEFAULT NULL
) ENGINE=InnoDB DEFAULT CHARSET=utf8mb4 COLLATE=utf8mb4_unicode_ci;

--
-- Dumping data for table `slider_translations`
--

INSERT INTO `slider_translations` (`id`, `slider_id`, `lang_code`, `title`, `created_at`, `updated_at`) VALUES
(1, 1, 'en', 'Trendy House Interior', '2024-08-25 22:37:16', '2024-08-25 22:37:16'),
(2, 1, 'hi', 'ट्रेंडी हाउस इंटीरियर', '2024-08-25 22:37:16', '2024-08-25 22:37:16'),
(3, 1, 'ar', 'تصميم المنزل العصري', '2024-08-25 22:37:17', '2024-08-25 22:37:17'),
(4, 2, 'en', 'Luxury Gymnasium Club', '2024-08-25 22:37:17', '2024-08-25 22:37:17'),
(5, 2, 'hi', 'लक्जरी जिम्नेजियम क्लब', '2024-08-25 22:37:19', '2024-08-25 22:37:19'),
(6, 2, 'ar', 'نادي رياضي فاخر', '2024-08-25 22:37:20', '2024-08-25 22:37:20');

-- --------------------------------------------------------

--
-- Table structure for table `social_links`
--

CREATE TABLE `social_links` (
  `id` bigint(20) UNSIGNED NOT NULL,
  `link` varchar(255) COLLATE utf8mb4_unicode_ci DEFAULT NULL,
  `icon` varchar(255) COLLATE utf8mb4_unicode_ci DEFAULT NULL,
  `status` tinyint(1) NOT NULL DEFAULT 1,
  `created_at` timestamp NULL DEFAULT NULL,
  `updated_at` timestamp NULL DEFAULT NULL
) ENGINE=InnoDB DEFAULT CHARSET=utf8mb4 COLLATE=utf8mb4_unicode_ci;

--
-- Dumping data for table `social_links`
--

INSERT INTO `social_links` (`id`, `link`, `icon`, `status`, `created_at`, `updated_at`) VALUES
(1, 'https://www.facebook.com/', 'fab fa-facebook-f', 1, '2024-08-20 05:27:43', '2024-08-20 05:27:43'),
(2, 'https://twitter.com/', 'fab fa-twitter', 1, '2024-08-20 05:28:37', '2024-08-20 05:30:52'),
(3, 'https://www.linkedin.com/feed/', 'fab fa-linkedin-in', 1, '2024-08-20 05:29:38', '2024-08-20 05:29:38'),
(4, 'https://www.instagram.com/', 'fab fa-instagram', 1, '2024-08-20 05:30:09', '2024-08-20 05:30:09'),
(5, 'https://youtube.com/', 'fab fa-youtube', 1, '2024-08-20 05:30:32', '2024-08-20 05:30:32');

-- --------------------------------------------------------

--
-- Table structure for table `subscription_histories`
--

CREATE TABLE `subscription_histories` (
  `id` bigint(20) UNSIGNED NOT NULL,
  `uuid` char(36) COLLATE utf8mb4_unicode_ci NOT NULL,
  `order_id` int(11) DEFAULT NULL,
  `user_id` int(11) NOT NULL,
  `subscription_plan_id` int(11) NOT NULL,
  `plan_name` varchar(255) COLLATE utf8mb4_unicode_ci NOT NULL,
  `plan_price` double(8,2) NOT NULL,
  `expiration_date` varchar(255) COLLATE utf8mb4_unicode_ci NOT NULL,
  `expiration` varchar(255) COLLATE utf8mb4_unicode_ci NOT NULL,
  `status` varchar(255) COLLATE utf8mb4_unicode_ci NOT NULL DEFAULT 'expired',
  `payment_method` varchar(255) COLLATE utf8mb4_unicode_ci NOT NULL,
  `payment_details` text COLLATE utf8mb4_unicode_ci DEFAULT NULL,
  `payable_amount` varchar(255) COLLATE utf8mb4_unicode_ci NOT NULL DEFAULT '0',
  `gateway_charge` varchar(255) COLLATE utf8mb4_unicode_ci NOT NULL DEFAULT '0',
  `payable_with_charge` varchar(255) COLLATE utf8mb4_unicode_ci NOT NULL DEFAULT '0',
  `paid_amount` varchar(255) COLLATE utf8mb4_unicode_ci NOT NULL DEFAULT '0',
  `payable_currency` varchar(255) COLLATE utf8mb4_unicode_ci DEFAULT NULL,
  `payment_status` varchar(255) COLLATE utf8mb4_unicode_ci NOT NULL DEFAULT 'inactive',
  `transaction` varchar(255) COLLATE utf8mb4_unicode_ci NOT NULL,
  `number_of_aminities` int(11) DEFAULT NULL,
  `number_of_nearest_place` int(11) DEFAULT NULL,
  `number_of_photo` int(11) DEFAULT NULL,
  `number_of_property` int(11) DEFAULT NULL,
  `number_of_feature_property` int(11) DEFAULT NULL,
  `number_of_top_property` int(11) DEFAULT NULL,
  `number_of_urgent_property` int(11) DEFAULT NULL,
  `is_featured` tinyint(1) NOT NULL DEFAULT 0,
  `is_top` tinyint(1) NOT NULL DEFAULT 0,
  `is_urgent` tinyint(1) NOT NULL DEFAULT 0,
  `created_at` timestamp NULL DEFAULT NULL,
  `updated_at` timestamp NULL DEFAULT NULL
) ENGINE=InnoDB DEFAULT CHARSET=utf8mb4 COLLATE=utf8mb4_unicode_ci;

--
-- Dumping data for table `subscription_histories`
--

INSERT INTO `subscription_histories` (`id`, `uuid`, `order_id`, `user_id`, `subscription_plan_id`, `plan_name`, `plan_price`, `expiration_date`, `expiration`, `status`, `payment_method`, `payment_details`, `payable_amount`, `gateway_charge`, `payable_with_charge`, `paid_amount`, `payable_currency`, `payment_status`, `transaction`, `number_of_aminities`, `number_of_nearest_place`, `number_of_photo`, `number_of_property`, `number_of_feature_property`, `number_of_top_property`, `number_of_urgent_property`, `is_featured`, `is_top`, `is_urgent`, `created_at`, `updated_at`) VALUES
(1, 'ed43b3af-c749-4c95-9f16-bb2e02019824', 2147483647, 1, 2, 'Basic', 10.00, '2025-12-29', 'yearly', 'active', 'stripe', '{\"transaction_id\":\"pi_3QbLZSLdrMGLvvfW3LJBsRiA\",\"amount\":1000,\"currency\":\"usd\",\"payment_status\":\"paid\",\"created\":1735475146}', '10.00', '0', '10', '10', 'USD', 'success', 'pi_3QbLZSLdrMGLvvfW3LJBsRiA', NULL, NULL, NULL, 10, 10, 10, 10, 1, 1, 1, '2024-12-29 06:24:28', '2024-12-29 06:25:13'),
(2, '94c1ffb4-dc21-46aa-9455-d785775e3586', 2147483647, 2, 1, 'Free', 0.00, '2025-01-28', 'monthly', 'active', 'free', NULL, '0', '0', '0', '0', NULL, 'success', 'free', NULL, NULL, NULL, 5, 5, 5, 5, 0, 0, 0, '2024-12-29 06:26:56', '2024-12-29 06:26:56'),
(3, 'b88fad62-9621-41fd-a7ee-6e15d76b0d7b', 2147483647, 3, 1, 'Free', 0.00, '2025-01-28', 'monthly', 'active', 'free', NULL, '0', '0', '0', '0', NULL, 'success', 'free', NULL, NULL, NULL, 5, 5, 5, 5, 0, 0, 0, '2024-12-29 06:28:04', '2024-12-29 06:28:04'),
(4, 'ab43519e-f985-4699-9947-2982e2eb47e2', 2147483647, 4, 1, 'Free', 0.00, '2025-01-28', 'monthly', 'active', 'free', NULL, '0', '0', '0', '0', NULL, 'success', 'free', NULL, NULL, NULL, 5, 5, 5, 5, 0, 0, 0, '2024-12-29 06:29:01', '2024-12-29 06:29:01'),
(5, '987ec0a7-10bf-4e25-ab80-f719ba5dfee5', 2147483647, 6, 1, 'Free', 0.00, '2025-01-28', 'monthly', 'active', 'free', NULL, '0', '0', '0', '0', NULL, 'success', 'free', NULL, NULL, NULL, 5, 5, 5, 5, 0, 0, 0, '2024-12-29 06:31:12', '2024-12-29 06:31:12'),
(6, '348b8a70-4ba2-41bf-93c1-729e0c1f45d9', 2147483647, 7, 1, 'Free', 0.00, '2025-01-28', 'monthly', 'active', 'free', NULL, '0', '0', '0', '0', NULL, 'success', 'free', NULL, NULL, NULL, 5, 5, 5, 5, 0, 0, 0, '2024-12-29 06:32:17', '2024-12-29 06:32:17'),
(7, '52197626-26d3-4ba0-a70a-c47d21c91df5', 2147483647, 8, 1, 'Free', 0.00, '2025-01-28', 'monthly', 'active', 'free', NULL, '0', '0', '0', '0', NULL, 'success', 'free', NULL, NULL, NULL, 5, 5, 5, 5, 0, 0, 0, '2024-12-29 06:33:27', '2024-12-29 06:33:27'),
(8, '90d7c56e-1df2-4ef6-9b91-29feddab45be', 2147483647, 9, 1, 'Free', 0.00, '2025-01-28', 'monthly', 'active', 'free', NULL, '0', '0', '0', '0', NULL, 'success', 'free', NULL, NULL, NULL, 5, 5, 5, 5, 0, 0, 0, '2024-12-29 06:35:00', '2024-12-29 06:35:00');

-- --------------------------------------------------------

--
-- Table structure for table `subscription_plans`
--

CREATE TABLE `subscription_plans` (
  `id` bigint(20) UNSIGNED NOT NULL,
  `plan_name` varchar(255) COLLATE utf8mb4_unicode_ci NOT NULL,
  `plan_price` decimal(8,2) NOT NULL,
  `expiration_date` varchar(255) COLLATE utf8mb4_unicode_ci NOT NULL,
  `courses_limit` int(11) DEFAULT 0 COMMENT 'null = unlimited',
  `course_max_price` int(11) DEFAULT 0 COMMENT '0 = unlimited',
  `course_notification` tinyint(1) NOT NULL DEFAULT 0,
  `email_support` tinyint(1) NOT NULL DEFAULT 0,
  `phone_support` tinyint(1) NOT NULL DEFAULT 0,
  `forum_support` tinyint(1) NOT NULL DEFAULT 0,
  `status` varchar(255) COLLATE utf8mb4_unicode_ci NOT NULL,
  `serial` varchar(255) COLLATE utf8mb4_unicode_ci NOT NULL,
  `number_of_aminities` int(11) DEFAULT NULL,
  `number_of_nearest_place` int(11) DEFAULT NULL,
  `number_of_photo` int(11) DEFAULT NULL,
  `number_of_property` int(11) DEFAULT NULL,
  `number_of_feature_property` int(11) DEFAULT NULL,
  `number_of_top_property` int(11) DEFAULT NULL,
  `number_of_urgent_property` int(11) DEFAULT NULL,
  `is_featured` tinyint(1) NOT NULL DEFAULT 0,
  `is_top` tinyint(1) NOT NULL DEFAULT 0,
  `is_urgent` tinyint(1) NOT NULL DEFAULT 0,
  `is_popular` tinyint(1) NOT NULL DEFAULT 0,
  `created_at` timestamp NULL DEFAULT NULL,
  `updated_at` timestamp NULL DEFAULT NULL
) ENGINE=InnoDB DEFAULT CHARSET=utf8mb4 COLLATE=utf8mb4_unicode_ci;

--
-- Dumping data for table `subscription_plans`
--

INSERT INTO `subscription_plans` (`id`, `plan_name`, `plan_price`, `expiration_date`, `courses_limit`, `course_max_price`, `course_notification`, `email_support`, `phone_support`, `forum_support`, `status`, `serial`, `number_of_aminities`, `number_of_nearest_place`, `number_of_photo`, `number_of_property`, `number_of_feature_property`, `number_of_top_property`, `number_of_urgent_property`, `is_featured`, `is_top`, `is_urgent`, `is_popular`, `created_at`, `updated_at`) VALUES
(1, 'Free', '0.00', 'monthly', 0, 0, 0, 0, 0, 0, 'active', '1', NULL, NULL, NULL, 5, 5, 5, 5, 0, 0, 0, 0, '2024-08-20 05:23:08', '2024-08-20 05:23:08'),
(2, 'Basic', '10.00', 'yearly', 0, 0, 0, 0, 0, 0, 'active', '2', NULL, NULL, NULL, 10, 10, 10, 10, 1, 1, 1, 0, '2024-08-20 05:24:52', '2024-08-20 05:24:52'),
(3, 'Pro', '20.00', 'lifetime', 0, 0, 0, 0, 0, 0, 'active', '3', NULL, NULL, NULL, 30, -1, -1, -1, 1, 1, 1, 0, '2024-08-20 05:26:19', '2024-08-20 05:26:19');

-- --------------------------------------------------------

--
-- Table structure for table `terms_and_conditions`
--

CREATE TABLE `terms_and_conditions` (
  `id` bigint(20) UNSIGNED NOT NULL,
  `created_at` timestamp NULL DEFAULT NULL,
  `updated_at` timestamp NULL DEFAULT NULL
) ENGINE=InnoDB DEFAULT CHARSET=utf8mb4 COLLATE=utf8mb4_unicode_ci;

--
-- Dumping data for table `terms_and_conditions`
--

INSERT INTO `terms_and_conditions` (`id`, `created_at`, `updated_at`) VALUES
(1, '2024-08-19 05:54:39', '2024-08-19 05:54:39');

-- --------------------------------------------------------

--
-- Table structure for table `terms_and_condition_translations`
--

CREATE TABLE `terms_and_condition_translations` (
  `id` bigint(20) UNSIGNED NOT NULL,
  `terms_and_condition_id` int(11) NOT NULL,
  `lang_code` varchar(255) COLLATE utf8mb4_unicode_ci NOT NULL,
  `terms_and_condition` longtext COLLATE utf8mb4_unicode_ci NOT NULL,
  `created_at` timestamp NULL DEFAULT NULL,
  `updated_at` timestamp NULL DEFAULT NULL
) ENGINE=InnoDB DEFAULT CHARSET=utf8mb4 COLLATE=utf8mb4_unicode_ci;

--
-- Dumping data for table `terms_and_condition_translations`
--

INSERT INTO `terms_and_condition_translations` (`id`, `terms_and_condition_id`, `lang_code`, `terms_and_condition`, `created_at`, `updated_at`) VALUES
(1, 1, 'en', '<h4>01. Terms and Conditions Examples</h4>\r\n<p>Terms and conditions outline the rules users must follow when accessing a product, service, or website. They typically cover user responsibilities, payment terms, intellectual property rights, limitation of liability, and termination clauses. These guidelines ensure clear expectations, protect both the business and users, and promote fair use of services.</p>\r\n<h4>02. What Are Privacy Policy?</h4>\r\n<p>A privacy policy is a statement that outlines how a company collects, uses, stores, and protects user data. It informs users about their rights and how their personal information, such as names, email addresses, or browsing activities, is handled. Privacy policies ensure transparency and compliance with legal requirements, building trust between businesses and their customers.</p>\r\n<h4>03. Protect Your Property</h4>\r\n<p>Protecting your property involves taking steps to secure both physical and legal ownership. This can include installing security systems, maintaining insurance coverage, and safeguarding against fraud or theft. Additionally, it\'s important to regularly update legal documents, such as deeds and contracts, to ensure your rights are clearly defined and protected. Regular maintenance and proper documentation help reduce risks and preserve your property&rsquo;s value.</p>\r\n<h4>04. What to Include in Terms and Conditions for Online Stores</h4>\r\n<p>Terms and conditions for online stores are essential for setting clear expectations and protecting both the business and the customers. They should begin with a section on user responsibilities, outlining the correct use of the website, account creation, and restrictions on unlawful activities. It is crucial to specify payment terms, including accepted methods, pricing structures, applicable taxes, and any related billing information.</p>\r\n<p>A detailed shipping and delivery policy should cover shipping methods, estimated delivery times, costs, and procedures for tracking orders. Return and refund policies are vital to address how customers can return products, request refunds, or exchange items, including timeframes and conditions for eligibility. Including a comprehensive privacy policy ensures customers understand how their personal data is collected, stored, and used. Intellectual property clauses should clarify ownership of all website content, product images, and materials. Additionally, a limitation of liability statement is necessary to limit the store&rsquo;s responsibility in case of errors, product issues, or damages. Finally, terms should cover the governing law, specifying the jurisdiction under which any disputes will be resolved, and outlining the dispute resolution process, ensuring legal compliance and protecting the business&rsquo;s interests.</p>\r\n<h4>05.Pricing and Payment Terms</h4>\r\n<p>Pricing and payment terms are essential for establishing clear expectations between a business and its customers. These terms should clearly outline the cost of products or services, including any taxes, shipping, handling, or additional fees that may apply. Transparency is key, so all potential charges should be disclosed upfront to avoid any surprises at checkout. Additionally, it&rsquo;s important to specify whether pricing is one-time or recurring, especially if the business offers subscriptions, memberships, or ongoing services.</p>\r\n<p>Payment methods should also be clearly outlined in the terms. Businesses should state which payment options are accepted, such as credit cards, PayPal, or other online payment systems. Furthermore, businesses should specify how payments will be processed, including any security measures in place to protect customer information. Providing multiple payment options can make it easier for customers to complete their transactions, enhancing convenience and trust.</p>\r\n<p>In addition to payment methods, the terms should include details about payment deadlines, billing cycles, and late fees if applicable. Businesses should outline when payments are due and what happens if a payment is not made on time. Refund and return policies should also be incorporated, explaining how customers can request refunds, the conditions under which they are granted, and any time limitations or requirements for returning products. Clear pricing and payment terms help prevent disputes and ensure a smooth transaction process for both parties.</p>', '2024-08-19 05:54:39', '2024-12-30 02:19:55'),
(2, 1, 'hi', '<h4>01. नियम और शर्तें उदाहरण</h4>\r\n<p>नियम और शर्तें उन नियमों को रेखांकित करती हैं जिनका उपयोगकर्ताओं को किसी उत्पाद, सेवा या वेबसाइट तक पहुंचने के दौरान पालन करना चाहिए। वे आम तौर पर उपयोगकर्ता जिम्मेदारियों, भुगतान शर्तों, बौद्धिक संपदा अधिकार, दायित्व की सीमा और समाप्ति खंड को कवर करते हैं। ये दिशानिर्देश स्पष्ट अपेक्षाएं सुनिश्चित करते हैं, व्यवसाय और उपयोगकर्ताओं दोनों की सुरक्षा करते हैं और सेवाओं के उचित उपयोग को बढ़ावा देते हैं।</p>\r\n<h4>02. गोपनीयता नीति क्या हैं?</h4>\r\n<p>गोपनीयता नीति एक बयान है जो बताता है कि कोई कंपनी उपयोगकर्ता डेटा को कैसे एकत्र, उपयोग, भंडारण और सुरक्षा करती है। यह उपयोगकर्ताओं को उनके अधिकारों के बारे में सूचित करता है और उनकी व्यक्तिगत जानकारी, जैसे नाम, ईमेल पते या ब्राउज़िंग गतिविधियों को कैसे प्रबंधित किया जाता है। गोपनीयता नीतियां कानूनी आवश्यकताओं के साथ पारदर्शिता और अनुपालन सुनिश्चित करती हैं, व्यवसायों और उनके ग्राहकों के बीच विश्वास का निर्माण करती हैं।</p>\r\n<h4>03. अपनी संपत्ति की रक्षा करें</h4>\r\n<p>आपकी संपत्ति की सुरक्षा में भौतिक और कानूनी स्वामित्व दोनों को सुरक्षित करने के लिए कदम उठाना शामिल है। इसमें सुरक्षा प्रणालियाँ स्थापित करना, बीमा कवरेज बनाए रखना और धोखाधड़ी या चोरी से सुरक्षा शामिल हो सकती है। इसके अतिरिक्त, यह सुनिश्चित करने के लिए कि आपके अधिकार स्पष्ट रूप से परिभाषित और संरक्षित हैं, कानूनी दस्तावेजों, जैसे कार्यों और अनुबंधों को नियमित रूप से अद्यतन करना महत्वपूर्ण है। नियमित रखरखाव और उचित दस्तावेज़ीकरण जोखिमों को कम करने और आपकी संपत्ति के मूल्य को संरक्षित करने में मदद करता है।</p>\r\n<h4>04. ऑनलाइन स्टोर के लिए नियम और शर्तों में क्या शामिल करें</h4>\r\n<p>ऑनलाइन स्टोर के लिए नियम और शर्तें स्पष्ट अपेक्षाएं स्थापित करने और व्यवसाय और ग्राहकों दोनों की सुरक्षा के लिए आवश्यक हैं। उन्हें उपयोगकर्ता की जिम्मेदारियों पर एक अनुभाग से शुरुआत करनी चाहिए, जिसमें वेबसाइट के सही उपयोग, खाता निर्माण और गैरकानूनी गतिविधियों पर प्रतिबंध की रूपरेखा दी गई हो। स्वीकृत तरीकों, मूल्य निर्धारण संरचनाओं, लागू करों और किसी भी संबंधित बिलिंग जानकारी सहित भुगतान शर्तों को निर्दिष्ट करना महत्वपूर्ण है।</p>\r\n<p>एक विस्तृत शिपिंग और डिलीवरी नीति में शिपिंग के तरीकों, अनुमानित डिलीवरी समय, लागत और ऑर्डर को ट्रैक करने की प्रक्रियाओं को शामिल किया जाना चाहिए। वापसी और धनवापसी नीतियां यह पता लगाने के लिए महत्वपूर्ण हैं कि ग्राहक उत्पादों को कैसे वापस कर सकते हैं, धनवापसी का अनुरोध कर सकते हैं, या पात्रता के लिए समय-सीमा और शर्तों सहित वस्तुओं का आदान-प्रदान कर सकते हैं। एक व्यापक गोपनीयता नीति शामिल करने से यह सुनिश्चित होता है कि ग्राहक यह समझें कि उनका व्यक्तिगत डेटा कैसे एकत्र, संग्रहीत और उपयोग किया जाता है। बौद्धिक संपदा खंड को सभी वेबसाइट सामग्री, उत्पाद छवियों और सामग्रियों के स्वामित्व को स्पष्ट करना चाहिए। इसके अतिरिक्त, त्रुटियों, उत्पाद संबंधी समस्याओं या क्षति के मामले में स्टोर की जिम्मेदारी को सीमित करने के लिए दायित्व विवरण की एक सीमा आवश्यक है। अंत में, शर्तों में शासी कानून को शामिल किया जाना चाहिए, उस क्षेत्राधिकार को निर्दिष्ट करना जिसके तहत किसी भी विवाद का समाधान किया जाएगा, और विवाद समाधान प्रक्रिया की रूपरेखा, कानूनी अनुपालन सुनिश्चित करना और व्यवसाय के हितों की रक्षा करना।</p>\r\n<h4>05.मूल्य निर्धारण और भुगतान शर्तें</h4>\r\n<p>किसी व्यवसाय और उसके ग्राहकों के बीच स्पष्ट अपेक्षाएं स्थापित करने के लिए मूल्य निर्धारण और भुगतान शर्तें आवश्यक हैं। इन शर्तों में उत्पादों या सेवाओं की लागत को स्पष्ट रूप से रेखांकित किया जाना चाहिए, जिसमें लागू होने वाले किसी भी कर, शिपिंग, हैंडलिंग या अतिरिक्त शुल्क शामिल हैं। पारदर्शिता महत्वपूर्ण है, इसलिए चेकआउट पर किसी भी आश्चर्य से बचने के लिए सभी संभावित शुल्कों का खुलासा पहले ही किया जाना चाहिए। इसके अतिरिक्त, यह निर्दिष्ट करना महत्वपूर्ण है कि क्या मूल्य निर्धारण एक बार या आवर्ती है, खासकर यदि व्यवसाय सदस्यता, सदस्यता या चालू सेवाएं प्रदान करता है।</p>\r\n<p>शर्तों में भुगतान के तरीकों को भी स्पष्ट रूप से रेखांकित किया जाना चाहिए। व्यवसायों को यह बताना चाहिए कि कौन से भुगतान विकल्प स्वीकार किए जाते हैं, जैसे क्रेडिट कार्ड, पेपाल, या अन्य ऑनलाइन भुगतान प्रणालियाँ। इसके अलावा, व्यवसायों को यह निर्दिष्ट करना चाहिए कि भुगतान कैसे संसाधित किया जाएगा, जिसमें ग्राहक जानकारी की सुरक्षा के लिए कोई भी सुरक्षा उपाय शामिल होंगे। कई भुगतान विकल्प प्रदान करने से ग्राहकों के लिए अपने लेनदेन को पूरा करना आसान हो सकता है, सुविधा और विश्वास बढ़ सकता है।</p>\r\n<p>भुगतान विधियों के अलावा, शर्तों में भुगतान की समय सीमा, बिलिंग चक्र और यदि लागू हो तो विलंब शुल्क के बारे में विवरण शामिल होना चाहिए। व्यवसायों को यह रेखांकित करना चाहिए कि भुगतान कब देय है और यदि भुगतान समय पर नहीं किया गया तो क्या होगा। रिफंड और रिटर्न नीतियों को भी शामिल किया जाना चाहिए, जिसमें बताया जाए कि ग्राहक रिफंड का अनुरोध कैसे कर सकते हैं, किन शर्तों के तहत उन्हें रिफंड दिया जाता है, और उत्पादों को वापस करने के लिए कोई समय सीमा या आवश्यकताएं। स्पष्ट मूल्य निर्धारण और भुगतान शर्तें विवादों को रोकने और दोनों पक्षों के लिए एक सुचारू लेनदेन प्रक्रिया सुनिश्चित करने में मदद करती हैं।</p>', '2024-08-19 06:01:52', '2024-12-30 02:20:15'),
(3, 1, 'ar', '<h4>01. أمثلة على الشروط والأحكام</h4>\r\n<p>توضح الشروط والأحكام القواعد التي يجب على المستخدمين اتباعها عند الوصول إلى منتج أو خدمة أو موقع ويب. وهي تغطي عادةً مسؤوليات المستخدم، وشروط الدفع، وحقوق الملكية الفكرية، وحدود المسؤولية، وشروط الإنهاء. تضمن هذه الإرشادات توقعات واضحة، وحماية كل من الشركات والمستخدمين، وتعزيز الاستخدام العادل للخدمات.</p>\r\n<h4>02. ما هي سياسة الخصوصية؟</h4>\r\n<p>سياسة الخصوصية عبارة عن بيان يوضح كيفية قيام الشركة بجمع بيانات المستخدم واستخدامها وتخزينها وحمايتها. فهو يُعلم المستخدمين بحقوقهم وكيفية التعامل مع معلوماتهم الشخصية، مثل الأسماء أو عناوين البريد الإلكتروني أو أنشطة التصفح. وتضمن سياسات الخصوصية الشفافية والامتثال للمتطلبات القانونية، وبناء الثقة بين الشركات وعملائها.</p>\r\n<h4>03. حماية الممتلكات الخاصة بك</h4>\r\n<p>تتضمن حماية الممتلكات الخاصة بك اتخاذ خطوات لتأمين الملكية المادية والقانونية. يمكن أن يشمل ذلك تركيب أنظمة الأمان والحفاظ على التغطية التأمينية والحماية ضد الاحتيال أو السرقة. بالإضافة إلى ذلك، من المهم تحديث المستندات القانونية بانتظام، مثل الأفعال والعقود، لضمان تحديد حقوقك وحمايتها بوضوح. تساعد الصيانة الدورية والتوثيق المناسب في تقليل المخاطر والحفاظ على قيمة الممتلكات الخاصة بك.</p>\r\n<h4>04. ما يجب تضمينه في الشروط والأحكام الخاصة بالمتاجر عبر الإنترنت</h4>\r\n<p>تعد الشروط والأحكام الخاصة بالمتاجر عبر الإنترنت ضرورية لتحديد توقعات واضحة وحماية كل من الشركة والعملاء. يجب أن تبدأ بقسم خاص بمسؤوليات المستخدم، يوضح الاستخدام الصحيح للموقع، وإنشاء الحساب، والقيود المفروضة على الأنشطة غير القانونية. من الضروري تحديد شروط الدفع، بما في ذلك الطرق المقبولة وهياكل التسعير والضرائب المطبقة وأي معلومات فوترة ذات صلة.</p>\r\n<p>يجب أن تغطي سياسة الشحن والتسليم التفصيلية طرق الشحن وأوقات التسليم المقدرة والتكاليف وإجراءات تتبع الطلبات. تعد سياسات الإرجاع واسترداد الأموال أمرًا حيويًا لمعالجة كيفية إرجاع العملاء للمنتجات أو طلب استرداد الأموال أو استبدال العناصر، بما في ذلك الأطر الزمنية وشروط الأهلية. يضمن تضمين سياسة خصوصية شاملة أن يفهم العملاء كيفية جمع بياناتهم الشخصية وتخزينها واستخدامها. يجب أن توضح بنود الملكية الفكرية ملكية جميع محتويات موقع الويب وصور المنتجات والمواد. بالإضافة إلى ذلك، يعد بيان حدود المسؤولية ضروريًا للحد من مسؤولية المتجر في حالة حدوث أخطاء أو مشكلات في المنتج أو أضرار. أخيرًا، يجب أن تغطي المصطلحات القانون الحاكم، مع تحديد الولاية القضائية التي سيتم بموجبها حل أي نزاعات، وتحديد عملية حل النزاع، وضمان الامتثال القانوني وحماية مصالح الشركة.</p>\r\n<h4>05.شروط التسعير والدفع</h4>\r\n<p>تعد شروط التسعير والدفع ضرورية لتحديد توقعات واضحة بين الشركة وعملائها. يجب أن تحدد هذه الشروط بوضوح تكلفة المنتجات أو الخدمات، بما في ذلك أي ضرائب أو شحن أو مناولة أو رسوم إضافية قد يتم تطبيقها. تعد الشفافية أمرًا أساسيًا، لذا يجب الكشف عن جميع الرسوم المحتملة مقدمًا لتجنب أي مفاجآت عند الدفع. بالإضافة إلى ذلك، من المهم تحديد ما إذا كان التسعير يتم لمرة واحدة أو متكررًا، خاصة إذا كان النشاط التجاري يقدم اشتراكات أو عضويات أو خدمات مستمرة.</p>\r\n<p>يجب أيضًا توضيح طرق الدفع بوضوح في الشروط. يجب على الشركات تحديد خيارات الدفع المقبولة، مثل بطاقات الائتمان أو PayPal أو أنظمة الدفع الأخرى عبر الإنترنت. علاوة على ذلك، يجب على الشركات تحديد كيفية معالجة المدفوعات، بما في ذلك أي إجراءات أمنية مطبقة لحماية معلومات العملاء. إن توفير خيارات دفع متعددة يمكن أن يسهل على العملاء إتمام معاملاتهم، مما يعزز الراحة والثقة.</p>\r\n<p>بالإضافة إلى طرق الدفع، يجب أن تتضمن الشروط تفاصيل حول المواعيد النهائية للدفع ودورات الفوترة والرسوم المتأخرة إن وجدت. يجب على الشركات تحديد موعد استحقاق الدفعات وماذا يحدث إذا لم يتم الدفع في الوقت المحدد. وينبغي أيضًا دمج سياسات الاسترداد والإرجاع، مع توضيح كيف يمكن للعملاء طلب استرداد الأموال، والشروط التي يتم بموجبها منحها، وأي قيود زمنية أو متطلبات لإرجاع المنتجات. تساعد الأسعار وشروط الدفع الواضحة على منع النزاعات وضمان عملية معاملة سلسة لكلا الطرفين.</p>', '2024-08-19 06:02:16', '2024-12-30 02:20:32');

-- --------------------------------------------------------

--
-- Table structure for table `testimonials`
--

CREATE TABLE `testimonials` (
  `id` bigint(20) UNSIGNED NOT NULL,
  `image` varchar(255) COLLATE utf8mb4_unicode_ci DEFAULT NULL,
  `status` tinyint(1) NOT NULL DEFAULT 1,
  `created_at` timestamp NULL DEFAULT NULL,
  `updated_at` timestamp NULL DEFAULT NULL
) ENGINE=InnoDB DEFAULT CHARSET=utf8mb4 COLLATE=utf8mb4_unicode_ci;

--
-- Dumping data for table `testimonials`
--

INSERT INTO `testimonials` (`id`, `image`, `status`, `created_at`, `updated_at`) VALUES
(1, 'uploads/custom-images/wsus-img-2024-08-20-08-36-38-7459.webp', 1, '2024-08-20 02:36:38', '2024-08-20 02:36:38'),
(2, 'uploads/custom-images/wsus-img-2024-08-20-08-41-43-8377.webp', 1, '2024-08-20 02:41:43', '2024-08-20 02:41:43'),
(3, 'uploads/custom-images/wsus-img-2024-08-20-08-44-57-4266.webp', 1, '2024-08-20 02:44:57', '2024-08-20 02:44:57'),
(4, 'uploads/custom-images/wsus-img-2024-08-20-08-46-55-9586.webp', 1, '2024-08-20 02:46:55', '2024-08-20 02:46:55');

-- --------------------------------------------------------

--
-- Table structure for table `testimonial_translations`
--

CREATE TABLE `testimonial_translations` (
  `id` bigint(20) UNSIGNED NOT NULL,
  `testimonial_id` bigint(20) UNSIGNED NOT NULL,
  `lang_code` varchar(255) COLLATE utf8mb4_unicode_ci NOT NULL,
  `name` varchar(255) COLLATE utf8mb4_unicode_ci NOT NULL,
  `designation` varchar(255) COLLATE utf8mb4_unicode_ci NOT NULL,
  `comment` text COLLATE utf8mb4_unicode_ci NOT NULL,
  `created_at` timestamp NULL DEFAULT NULL,
  `updated_at` timestamp NULL DEFAULT NULL
) ENGINE=InnoDB DEFAULT CHARSET=utf8mb4 COLLATE=utf8mb4_unicode_ci;

--
-- Dumping data for table `testimonial_translations`
--

INSERT INTO `testimonial_translations` (`id`, `testimonial_id`, `lang_code`, `name`, `designation`, `comment`, `created_at`, `updated_at`) VALUES
(1, 1, 'en', 'James Robert', 'James Robert', 'Working with this real estate company was a fantastic experience. Their team made the entire process of buying my home seamless from finding the perfect property to closing the deal.', '2024-08-20 02:36:38', '2024-12-29 00:42:56'),
(2, 1, 'hi', 'जेम्स रॉबर्ट', 'जेम्स रॉबर्ट', 'इस रियल एस्टेट कंपनी के साथ काम करना एक शानदार अनुभव था। उनकी टीम ने मेरे घर को खरीदने से लेकर सही संपत्ति ढूंढने से लेकर सौदा पूरा करने तक की पूरी प्रक्रिया को सहज बना दिया।', '2024-08-20 02:36:38', '2024-12-29 00:44:10'),
(3, 1, 'ar', 'جيمس روبرت', 'جيمس روبرت', 'كان العمل مع هذه الشركة العقارية تجربة رائعة. لقد جعل فريقهم عملية شراء منزلي برمتها سلسة بدءًا من العثور على العقار المثالي وحتى إغلاق الصفقة.', '2024-08-20 02:36:38', '2024-12-29 00:44:07'),
(4, 2, 'en', 'James Robert', 'CEO', 'I have used their services multiple times, and each experience was excellent. Professional, knowledgeable, and always available to help. They truly care about their clients.', '2024-08-20 02:41:43', '2024-12-29 00:39:00'),
(5, 2, 'hi', 'जेम्स रॉबर्ट', 'सीईओ', 'मैंने कई बार उनकी सेवाओं का उपयोग किया है, और प्रत्येक अनुभव उत्कृष्ट था। पेशेवर, जानकार और मदद के लिए हमेशा उपलब्ध। वे वास्तव में अपने ग्राहकों की परवाह करते हैं।', '2024-08-20 02:41:43', '2024-12-29 00:39:15'),
(6, 2, 'ar', 'جيمس روبرت', 'المدير التنفيذي', 'لقد استخدمت خدماتهم عدة مرات، وكانت كل تجربة ممتازة. محترف وواسع المعرفة ومتاح دائمًا للمساعدة. إنهم يهتمون حقًا بعملائهم ويقدمون خدمة لا مثيل له.', '2024-08-20 02:41:43', '2024-12-29 00:52:18'),
(7, 3, 'en', 'John Doe', 'Employee', 'As a first time homebuyer I was nervous about the process. But with their guidance everything went smoothly. They walked me through every step and helped me find the ideal home within my budget.', '2024-08-20 02:44:57', '2024-12-29 00:41:00'),
(8, 3, 'hi', 'जॉन डो', 'कर्मचारी', 'पहली बार घर खरीदने के रूप में मैं इस प्रक्रिया को लेकर घबराया हुआ था। लेकिन उनके मार्गदर्शन से सब कुछ ठीक हो गया. उन्होंने हर कदम पर मेरा साथ दिया और आदर्श घर ढूंढने में मदद की। धन्यवाद!', '2024-08-20 02:44:57', '2024-12-29 00:49:37'),
(9, 3, 'ar', 'الثاني من يونيو', 'ملزم', 'باعتباري مشتري منزل لأول مرة، كنت متوترًا بشأن هذه العملية. ولكن مع توجيهاتهم سارت الأمور بسلاسة. لقد أرشدوني في كل خطوة وساعدوني في العثور على المنزل المثالي في حدود ميزانيتي. شكرًا لك!', '2024-08-20 02:44:57', '2024-12-29 00:28:06'),
(10, 4, 'en', 'Sazal Ahmed', 'Designer', 'Excellent service from start to finish. The team was always professional, responsive, and attentive to my needs. They made the entire process of buying and selling stress-free and successful.', '2024-08-20 02:46:55', '2024-12-29 00:42:02'),
(11, 4, 'hi', 'सजल अहमद', 'डिजाइनर', 'प्रारंभ से अंत तक उत्कृष्ट सेवा. टीम हमेशा पेशेवर, उत्तरदायी और मेरी आवश्यकताओं के प्रति चौकस थी। उन्होंने खरीदने और बेचने की पूरी प्रक्रिया को तनाव मुक्त और सफल बनाया।', '2024-08-20 02:46:55', '2024-12-29 00:47:52'),
(12, 4, 'ar', 'زال أحمد', 'مصمم', 'خدمة ممتازة من البداية إلى النهاية. كان الفريق دائمًا محترفًا وسريع الاستجابة ومهتمًا باحتياجاتي. لقد جعلوا عملية البيع والشراء بأكملها خالية من التوتر وناجحة. أنا أوصي بهم بشدة!', '2024-08-20 02:46:55', '2024-12-29 00:30:19');

-- --------------------------------------------------------

--
-- Table structure for table `wish_lists`
--

CREATE TABLE `wish_lists` (
  `id` bigint(20) UNSIGNED NOT NULL,
  `user_id` int(11) NOT NULL,
  `property_id` int(11) NOT NULL,
  `created_at` timestamp NULL DEFAULT NULL,
  `updated_at` timestamp NULL DEFAULT NULL
) ENGINE=InnoDB DEFAULT CHARSET=utf8mb4 COLLATE=utf8mb4_unicode_ci;

--
-- Dumping data for table `wish_lists`
--

INSERT INTO `wish_lists` (`id`, `user_id`, `property_id`, `created_at`, `updated_at`) VALUES
(2, 1, 2, '2024-08-20 22:12:40', '2024-08-20 22:12:40'),
(18, 1, 3, '2024-12-30 00:44:17', '2024-12-30 00:44:17'),
(19, 1, 6, '2024-12-30 00:47:25', '2024-12-30 00:47:25');

--
-- Indexes for dumped tables
--

--
-- Indexes for table `about_us`
--
ALTER TABLE `about_us`
  ADD PRIMARY KEY (`id`);

--
-- Indexes for table `about_us_translations`
--
ALTER TABLE `about_us_translations`
  ADD PRIMARY KEY (`id`);

--
-- Indexes for table `aminities`
--
ALTER TABLE `aminities`
  ADD PRIMARY KEY (`id`);

--
-- Indexes for table `aminity_translations`
--
ALTER TABLE `aminity_translations`
  ADD PRIMARY KEY (`id`);

--
-- Indexes for table `background_images`
--
ALTER TABLE `background_images`
  ADD PRIMARY KEY (`id`);

--
-- Indexes for table `banned_histories`
--
ALTER TABLE `banned_histories`
  ADD PRIMARY KEY (`id`);

--
-- Indexes for table `blogs`
--
ALTER TABLE `blogs`
  ADD PRIMARY KEY (`id`);

--
-- Indexes for table `blog_categories`
--
ALTER TABLE `blog_categories`
  ADD PRIMARY KEY (`id`);

--
-- Indexes for table `blog_category_translations`
--
ALTER TABLE `blog_category_translations`
  ADD PRIMARY KEY (`id`),
  ADD KEY `blog_category_translations_blog_category_id_foreign` (`blog_category_id`);

--
-- Indexes for table `blog_comments`
--
ALTER TABLE `blog_comments`
  ADD PRIMARY KEY (`id`);

--
-- Indexes for table `blog_translations`
--
ALTER TABLE `blog_translations`
  ADD PRIMARY KEY (`id`);

--
-- Indexes for table `careers`
--
ALTER TABLE `careers`
  ADD PRIMARY KEY (`id`);

--
-- Indexes for table `career_requests`
--
ALTER TABLE `career_requests`
  ADD PRIMARY KEY (`id`);

--
-- Indexes for table `career_translations`
--
ALTER TABLE `career_translations`
  ADD PRIMARY KEY (`id`);

--
-- Indexes for table `cities`
--
ALTER TABLE `cities`
  ADD PRIMARY KEY (`id`);

--
-- Indexes for table `configurations`
--
ALTER TABLE `configurations`
  ADD PRIMARY KEY (`id`);

--
-- Indexes for table `contact_information`
--
ALTER TABLE `contact_information`
  ADD PRIMARY KEY (`id`);

--
-- Indexes for table `contact_information_translations`
--
ALTER TABLE `contact_information_translations`
  ADD PRIMARY KEY (`id`);

--
-- Indexes for table `contact_messages`
--
ALTER TABLE `contact_messages`
  ADD PRIMARY KEY (`id`);

--
-- Indexes for table `contact_us_pages`
--
ALTER TABLE `contact_us_pages`
  ADD PRIMARY KEY (`id`);

--
-- Indexes for table `contact_us_page_translations`
--
ALTER TABLE `contact_us_page_translations`
  ADD PRIMARY KEY (`id`);

--
-- Indexes for table `counters`
--
ALTER TABLE `counters`
  ADD PRIMARY KEY (`id`);

--
-- Indexes for table `counter_translations`
--
ALTER TABLE `counter_translations`
  ADD PRIMARY KEY (`id`);

--
-- Indexes for table `countries`
--
ALTER TABLE `countries`
  ADD PRIMARY KEY (`id`);

--
-- Indexes for table `country_states`
--
ALTER TABLE `country_states`
  ADD PRIMARY KEY (`id`);

--
-- Indexes for table `customizeable_pages`
--
ALTER TABLE `customizeable_pages`
  ADD PRIMARY KEY (`id`),
  ADD UNIQUE KEY `customizeable_pages_slug_unique` (`slug`);

--
-- Indexes for table `customizeable_page_items`
--
ALTER TABLE `customizeable_page_items`
  ADD PRIMARY KEY (`id`);

--
-- Indexes for table `custom_addons`
--
ALTER TABLE `custom_addons`
  ADD PRIMARY KEY (`id`),
  ADD KEY `custom_addons_name_index` (`name`),
  ADD KEY `idx_custom_addons_status` (`status`);

--
-- Indexes for table `custom_codes`
--
ALTER TABLE `custom_codes`
  ADD PRIMARY KEY (`id`);

--
-- Indexes for table `custom_pages`
--
ALTER TABLE `custom_pages`
  ADD PRIMARY KEY (`id`);

--
-- Indexes for table `custom_page_translations`
--
ALTER TABLE `custom_page_translations`
  ADD PRIMARY KEY (`id`);

--
-- Indexes for table `custom_paginations`
--
ALTER TABLE `custom_paginations`
  ADD PRIMARY KEY (`id`);

--
-- Indexes for table `email_templates`
--
ALTER TABLE `email_templates`
  ADD PRIMARY KEY (`id`);

--
-- Indexes for table `failed_jobs`
--
ALTER TABLE `failed_jobs`
  ADD PRIMARY KEY (`id`),
  ADD UNIQUE KEY `failed_jobs_uuid_unique` (`uuid`);

--
-- Indexes for table `faqs`
--
ALTER TABLE `faqs`
  ADD PRIMARY KEY (`id`);

--
-- Indexes for table `faq_translations`
--
ALTER TABLE `faq_translations`
  ADD PRIMARY KEY (`id`);

--
-- Indexes for table `jobs`
--
ALTER TABLE `jobs`
  ADD PRIMARY KEY (`id`),
  ADD KEY `jobs_queue_index` (`queue`);

--
-- Indexes for table `languages`
--
ALTER TABLE `languages`
  ADD PRIMARY KEY (`id`),
  ADD UNIQUE KEY `languages_name_unique` (`name`),
  ADD UNIQUE KEY `languages_code_unique` (`code`);

--
-- Indexes for table `menus`
--
ALTER TABLE `menus`
  ADD PRIMARY KEY (`id`);

--
-- Indexes for table `menu_items`
--
ALTER TABLE `menu_items`
  ADD PRIMARY KEY (`id`),
  ADD KEY `menu_items_menu_id_foreign` (`menu_id`);

--
-- Indexes for table `menu_item_translations`
--
ALTER TABLE `menu_item_translations`
  ADD PRIMARY KEY (`id`),
  ADD KEY `menu_item_translations_menu_item_id_foreign` (`menu_item_id`);

--
-- Indexes for table `menu_translations`
--
ALTER TABLE `menu_translations`
  ADD PRIMARY KEY (`id`),
  ADD KEY `menu_translations_menu_id_foreign` (`menu_id`);

--
-- Indexes for table `messages`
--
ALTER TABLE `messages`
  ADD PRIMARY KEY (`id`);

--
-- Indexes for table `migrations`
--
ALTER TABLE `migrations`
  ADD PRIMARY KEY (`id`);

--
-- Indexes for table `model_has_permissions`
--
ALTER TABLE `model_has_permissions`
  ADD PRIMARY KEY (`permission_id`,`model_id`,`model_type`),
  ADD KEY `model_has_permissions_model_id_model_type_index` (`model_id`,`model_type`);

--
-- Indexes for table `model_has_roles`
--
ALTER TABLE `model_has_roles`
  ADD PRIMARY KEY (`role_id`,`model_id`,`model_type`),
  ADD KEY `model_has_roles_model_id_model_type_index` (`model_id`,`model_type`);

--
-- Indexes for table `multi_currencies`
--
ALTER TABLE `multi_currencies`
  ADD PRIMARY KEY (`id`);

--
-- Indexes for table `nearest_locations`
--
ALTER TABLE `nearest_locations`
  ADD PRIMARY KEY (`id`);

--
-- Indexes for table `nearest_location_translations`
--
ALTER TABLE `nearest_location_translations`
  ADD PRIMARY KEY (`id`);

--
-- Indexes for table `our_teams`
--
ALTER TABLE `our_teams`
  ADD PRIMARY KEY (`id`);

--
-- Indexes for table `page_item_components`
--
ALTER TABLE `page_item_components`
  ADD PRIMARY KEY (`id`);

--
-- Indexes for table `permissions`
--
ALTER TABLE `permissions`
  ADD PRIMARY KEY (`id`),
  ADD UNIQUE KEY `permissions_name_guard_name_unique` (`name`,`guard_name`);

--
-- Indexes for table `privacy_policies`
--
ALTER TABLE `privacy_policies`
  ADD PRIMARY KEY (`id`);

--
-- Indexes for table `privacy_policy_translations`
--
ALTER TABLE `privacy_policy_translations`
  ADD PRIMARY KEY (`id`);

--
-- Indexes for table `properties`
--
ALTER TABLE `properties`
  ADD PRIMARY KEY (`id`);

--
-- Indexes for table `property_aminities`
--
ALTER TABLE `property_aminities`
  ADD PRIMARY KEY (`id`);

--
-- Indexes for table `property_images`
--
ALTER TABLE `property_images`
  ADD PRIMARY KEY (`id`);

--
-- Indexes for table `property_nearest_locations`
--
ALTER TABLE `property_nearest_locations`
  ADD PRIMARY KEY (`id`);

--
-- Indexes for table `property_purposes`
--
ALTER TABLE `property_purposes`
  ADD PRIMARY KEY (`id`);

--
-- Indexes for table `property_purpose_translations`
--
ALTER TABLE `property_purpose_translations`
  ADD PRIMARY KEY (`id`);

--
-- Indexes for table `property_reviews`
--
ALTER TABLE `property_reviews`
  ADD PRIMARY KEY (`id`);

--
-- Indexes for table `property_translations`
--
ALTER TABLE `property_translations`
  ADD PRIMARY KEY (`id`);

--
-- Indexes for table `property_types`
--
ALTER TABLE `property_types`
  ADD PRIMARY KEY (`id`);

--
-- Indexes for table `property_type_translations`
--
ALTER TABLE `property_type_translations`
  ADD PRIMARY KEY (`id`);

--
-- Indexes for table `roles`
--
ALTER TABLE `roles`
  ADD PRIMARY KEY (`id`),
  ADD UNIQUE KEY `roles_name_guard_name_unique` (`name`,`guard_name`);

--
-- Indexes for table `role_has_permissions`
--
ALTER TABLE `role_has_permissions`
  ADD PRIMARY KEY (`permission_id`,`role_id`),
  ADD KEY `role_has_permissions_role_id_foreign` (`role_id`);

--
-- Indexes for table `section_controls`
--
ALTER TABLE `section_controls`
  ADD PRIMARY KEY (`id`);

--
-- Indexes for table `seo_settings`
--
ALTER TABLE `seo_settings`
  ADD PRIMARY KEY (`id`);

--
-- Indexes for table `services`
--
ALTER TABLE `services`
  ADD PRIMARY KEY (`id`);

--
-- Indexes for table `service_translations`
--
ALTER TABLE `service_translations`
  ADD PRIMARY KEY (`id`);

--
-- Indexes for table `sliders`
--
ALTER TABLE `sliders`
  ADD PRIMARY KEY (`id`);

--
-- Indexes for table `slider_translations`
--
ALTER TABLE `slider_translations`
  ADD PRIMARY KEY (`id`);

--
-- Indexes for table `social_links`
--
ALTER TABLE `social_links`
  ADD PRIMARY KEY (`id`);

--
-- Indexes for table `subscription_histories`
--
ALTER TABLE `subscription_histories`
  ADD PRIMARY KEY (`id`),
  ADD UNIQUE KEY `subscription_histories_uuid_unique` (`uuid`);

--
-- Indexes for table `subscription_plans`
--
ALTER TABLE `subscription_plans`
  ADD PRIMARY KEY (`id`);

--
-- Indexes for table `terms_and_conditions`
--
ALTER TABLE `terms_and_conditions`
  ADD PRIMARY KEY (`id`);

--
-- Indexes for table `terms_and_condition_translations`
--
ALTER TABLE `terms_and_condition_translations`
  ADD PRIMARY KEY (`id`);

--
-- Indexes for table `testimonials`
--
ALTER TABLE `testimonials`
  ADD PRIMARY KEY (`id`);

--
-- Indexes for table `testimonial_translations`
--
ALTER TABLE `testimonial_translations`
  ADD PRIMARY KEY (`id`),
  ADD KEY `testimonial_translations_lang_code_index` (`lang_code`);

--
-- Indexes for table `wish_lists`
--
ALTER TABLE `wish_lists`
  ADD PRIMARY KEY (`id`);

--
-- AUTO_INCREMENT for dumped tables
--

--
-- AUTO_INCREMENT for table `about_us`
--
ALTER TABLE `about_us`
  MODIFY `id` bigint(20) UNSIGNED NOT NULL AUTO_INCREMENT, AUTO_INCREMENT=2;

--
-- AUTO_INCREMENT for table `about_us_translations`
--
ALTER TABLE `about_us_translations`
  MODIFY `id` bigint(20) UNSIGNED NOT NULL AUTO_INCREMENT, AUTO_INCREMENT=4;

--
-- AUTO_INCREMENT for table `aminities`
--
ALTER TABLE `aminities`
  MODIFY `id` bigint(20) UNSIGNED NOT NULL AUTO_INCREMENT, AUTO_INCREMENT=15;

--
-- AUTO_INCREMENT for table `aminity_translations`
--
ALTER TABLE `aminity_translations`
  MODIFY `id` bigint(20) UNSIGNED NOT NULL AUTO_INCREMENT, AUTO_INCREMENT=43;

--
-- AUTO_INCREMENT for table `background_images`
--
ALTER TABLE `background_images`
  MODIFY `id` bigint(20) UNSIGNED NOT NULL AUTO_INCREMENT, AUTO_INCREMENT=2;

--
-- AUTO_INCREMENT for table `banned_histories`
--
ALTER TABLE `banned_histories`
  MODIFY `id` bigint(20) UNSIGNED NOT NULL AUTO_INCREMENT;

--
-- AUTO_INCREMENT for table `blogs`
--
ALTER TABLE `blogs`
  MODIFY `id` bigint(20) UNSIGNED NOT NULL AUTO_INCREMENT, AUTO_INCREMENT=13;

--
-- AUTO_INCREMENT for table `blog_categories`
--
ALTER TABLE `blog_categories`
  MODIFY `id` bigint(20) UNSIGNED NOT NULL AUTO_INCREMENT, AUTO_INCREMENT=7;

--
-- AUTO_INCREMENT for table `blog_category_translations`
--
ALTER TABLE `blog_category_translations`
  MODIFY `id` bigint(20) UNSIGNED NOT NULL AUTO_INCREMENT, AUTO_INCREMENT=19;

--
-- AUTO_INCREMENT for table `blog_comments`
--
ALTER TABLE `blog_comments`
  MODIFY `id` bigint(20) UNSIGNED NOT NULL AUTO_INCREMENT, AUTO_INCREMENT=8;

--
-- AUTO_INCREMENT for table `blog_translations`
--
ALTER TABLE `blog_translations`
  MODIFY `id` bigint(20) UNSIGNED NOT NULL AUTO_INCREMENT, AUTO_INCREMENT=37;

--
-- AUTO_INCREMENT for table `careers`
--
ALTER TABLE `careers`
  MODIFY `id` bigint(20) UNSIGNED NOT NULL AUTO_INCREMENT, AUTO_INCREMENT=10;

--
-- AUTO_INCREMENT for table `career_requests`
--
ALTER TABLE `career_requests`
  MODIFY `id` bigint(20) UNSIGNED NOT NULL AUTO_INCREMENT;

--
-- AUTO_INCREMENT for table `career_translations`
--
ALTER TABLE `career_translations`
  MODIFY `id` bigint(20) UNSIGNED NOT NULL AUTO_INCREMENT, AUTO_INCREMENT=28;

--
-- AUTO_INCREMENT for table `cities`
--
ALTER TABLE `cities`
  MODIFY `id` bigint(20) UNSIGNED NOT NULL AUTO_INCREMENT, AUTO_INCREMENT=9;

--
-- AUTO_INCREMENT for table `configurations`
--
ALTER TABLE `configurations`
  MODIFY `id` bigint(20) UNSIGNED NOT NULL AUTO_INCREMENT, AUTO_INCREMENT=3;

--
-- AUTO_INCREMENT for table `contact_information`
--
ALTER TABLE `contact_information`
  MODIFY `id` bigint(20) UNSIGNED NOT NULL AUTO_INCREMENT, AUTO_INCREMENT=2;

--
-- AUTO_INCREMENT for table `contact_information_translations`
--
ALTER TABLE `contact_information_translations`
  MODIFY `id` bigint(20) UNSIGNED NOT NULL AUTO_INCREMENT, AUTO_INCREMENT=4;

--
-- AUTO_INCREMENT for table `contact_messages`
--
ALTER TABLE `contact_messages`
  MODIFY `id` bigint(20) UNSIGNED NOT NULL AUTO_INCREMENT, AUTO_INCREMENT=7;

--
-- AUTO_INCREMENT for table `contact_us_pages`
--
ALTER TABLE `contact_us_pages`
  MODIFY `id` bigint(20) UNSIGNED NOT NULL AUTO_INCREMENT, AUTO_INCREMENT=2;

--
-- AUTO_INCREMENT for table `contact_us_page_translations`
--
ALTER TABLE `contact_us_page_translations`
  MODIFY `id` bigint(20) UNSIGNED NOT NULL AUTO_INCREMENT, AUTO_INCREMENT=4;

--
-- AUTO_INCREMENT for table `counters`
--
ALTER TABLE `counters`
  MODIFY `id` bigint(20) UNSIGNED NOT NULL AUTO_INCREMENT, AUTO_INCREMENT=5;

--
-- AUTO_INCREMENT for table `counter_translations`
--
ALTER TABLE `counter_translations`
  MODIFY `id` bigint(20) UNSIGNED NOT NULL AUTO_INCREMENT, AUTO_INCREMENT=13;

--
-- AUTO_INCREMENT for table `countries`
--
ALTER TABLE `countries`
  MODIFY `id` bigint(20) UNSIGNED NOT NULL AUTO_INCREMENT, AUTO_INCREMENT=6;

--
-- AUTO_INCREMENT for table `country_states`
--
ALTER TABLE `country_states`
  MODIFY `id` bigint(20) UNSIGNED NOT NULL AUTO_INCREMENT, AUTO_INCREMENT=10;

--
-- AUTO_INCREMENT for table `customizeable_pages`
--
ALTER TABLE `customizeable_pages`
  MODIFY `id` bigint(20) UNSIGNED NOT NULL AUTO_INCREMENT, AUTO_INCREMENT=2;

--
-- AUTO_INCREMENT for table `customizeable_page_items`
--
ALTER TABLE `customizeable_page_items`
  MODIFY `id` bigint(20) UNSIGNED NOT NULL AUTO_INCREMENT, AUTO_INCREMENT=3;

--
-- AUTO_INCREMENT for table `custom_addons`
--
ALTER TABLE `custom_addons`
  MODIFY `id` bigint(20) UNSIGNED NOT NULL AUTO_INCREMENT, AUTO_INCREMENT=25;

--
-- AUTO_INCREMENT for table `custom_codes`
--
ALTER TABLE `custom_codes`
  MODIFY `id` bigint(20) UNSIGNED NOT NULL AUTO_INCREMENT;

--
-- AUTO_INCREMENT for table `custom_pages`
--
ALTER TABLE `custom_pages`
  MODIFY `id` bigint(20) UNSIGNED NOT NULL AUTO_INCREMENT, AUTO_INCREMENT=4;

--
-- AUTO_INCREMENT for table `custom_page_translations`
--
ALTER TABLE `custom_page_translations`
  MODIFY `id` bigint(20) UNSIGNED NOT NULL AUTO_INCREMENT, AUTO_INCREMENT=10;

--
-- AUTO_INCREMENT for table `custom_paginations`
--
ALTER TABLE `custom_paginations`
  MODIFY `id` bigint(20) UNSIGNED NOT NULL AUTO_INCREMENT, AUTO_INCREMENT=7;

--
-- AUTO_INCREMENT for table `email_templates`
--
ALTER TABLE `email_templates`
  MODIFY `id` bigint(20) UNSIGNED NOT NULL AUTO_INCREMENT, AUTO_INCREMENT=11;

--
-- AUTO_INCREMENT for table `failed_jobs`
--
ALTER TABLE `failed_jobs`
  MODIFY `id` bigint(20) UNSIGNED NOT NULL AUTO_INCREMENT;

--
-- AUTO_INCREMENT for table `faqs`
--
ALTER TABLE `faqs`
  MODIFY `id` bigint(20) UNSIGNED NOT NULL AUTO_INCREMENT, AUTO_INCREMENT=10;

--
-- AUTO_INCREMENT for table `faq_translations`
--
ALTER TABLE `faq_translations`
  MODIFY `id` bigint(20) UNSIGNED NOT NULL AUTO_INCREMENT, AUTO_INCREMENT=28;

--
-- AUTO_INCREMENT for table `jobs`
--
ALTER TABLE `jobs`
  MODIFY `id` bigint(20) UNSIGNED NOT NULL AUTO_INCREMENT, AUTO_INCREMENT=2;

--
-- AUTO_INCREMENT for table `languages`
--
ALTER TABLE `languages`
  MODIFY `id` bigint(20) UNSIGNED NOT NULL AUTO_INCREMENT, AUTO_INCREMENT=4;

--
-- AUTO_INCREMENT for table `menus`
--
ALTER TABLE `menus`
  MODIFY `id` bigint(20) UNSIGNED NOT NULL AUTO_INCREMENT, AUTO_INCREMENT=4;

--
-- AUTO_INCREMENT for table `menu_items`
--
ALTER TABLE `menu_items`
  MODIFY `id` bigint(20) UNSIGNED NOT NULL AUTO_INCREMENT, AUTO_INCREMENT=36;

--
-- AUTO_INCREMENT for table `menu_item_translations`
--
ALTER TABLE `menu_item_translations`
  MODIFY `id` bigint(20) UNSIGNED NOT NULL AUTO_INCREMENT, AUTO_INCREMENT=106;

--
-- AUTO_INCREMENT for table `menu_translations`
--
ALTER TABLE `menu_translations`
  MODIFY `id` bigint(20) UNSIGNED NOT NULL AUTO_INCREMENT, AUTO_INCREMENT=10;

--
-- AUTO_INCREMENT for table `messages`
--
ALTER TABLE `messages`
  MODIFY `id` bigint(20) UNSIGNED NOT NULL AUTO_INCREMENT;

--
-- AUTO_INCREMENT for table `migrations`
--
ALTER TABLE `migrations`
  MODIFY `id` int(10) UNSIGNED NOT NULL AUTO_INCREMENT, AUTO_INCREMENT=102;

--
-- AUTO_INCREMENT for table `multi_currencies`
--
ALTER TABLE `multi_currencies`
  MODIFY `id` bigint(20) UNSIGNED NOT NULL AUTO_INCREMENT, AUTO_INCREMENT=7;

--
-- AUTO_INCREMENT for table `nearest_locations`
--
ALTER TABLE `nearest_locations`
  MODIFY `id` bigint(20) UNSIGNED NOT NULL AUTO_INCREMENT, AUTO_INCREMENT=12;

--
-- AUTO_INCREMENT for table `nearest_location_translations`
--
ALTER TABLE `nearest_location_translations`
  MODIFY `id` bigint(20) UNSIGNED NOT NULL AUTO_INCREMENT, AUTO_INCREMENT=34;

--
-- AUTO_INCREMENT for table `our_teams`
--
ALTER TABLE `our_teams`
  MODIFY `id` bigint(20) UNSIGNED NOT NULL AUTO_INCREMENT, AUTO_INCREMENT=9;

--
-- AUTO_INCREMENT for table `page_item_components`
--
ALTER TABLE `page_item_components`
  MODIFY `id` bigint(20) UNSIGNED NOT NULL AUTO_INCREMENT, AUTO_INCREMENT=4;

--
-- AUTO_INCREMENT for table `permissions`
--
ALTER TABLE `permissions`
  MODIFY `id` bigint(20) UNSIGNED NOT NULL AUTO_INCREMENT, AUTO_INCREMENT=222;

--
-- AUTO_INCREMENT for table `privacy_policies`
--
ALTER TABLE `privacy_policies`
  MODIFY `id` bigint(20) UNSIGNED NOT NULL AUTO_INCREMENT, AUTO_INCREMENT=2;

--
-- AUTO_INCREMENT for table `privacy_policy_translations`
--
ALTER TABLE `privacy_policy_translations`
  MODIFY `id` bigint(20) UNSIGNED NOT NULL AUTO_INCREMENT, AUTO_INCREMENT=4;

--
-- AUTO_INCREMENT for table `properties`
--
ALTER TABLE `properties`
  MODIFY `id` bigint(20) UNSIGNED NOT NULL AUTO_INCREMENT, AUTO_INCREMENT=30;

--
-- AUTO_INCREMENT for table `property_aminities`
--
ALTER TABLE `property_aminities`
  MODIFY `id` bigint(20) UNSIGNED NOT NULL AUTO_INCREMENT, AUTO_INCREMENT=839;

--
-- AUTO_INCREMENT for table `property_images`
--
ALTER TABLE `property_images`
  MODIFY `id` bigint(20) UNSIGNED NOT NULL AUTO_INCREMENT, AUTO_INCREMENT=70;

--
-- AUTO_INCREMENT for table `property_nearest_locations`
--
ALTER TABLE `property_nearest_locations`
  MODIFY `id` bigint(20) UNSIGNED NOT NULL AUTO_INCREMENT, AUTO_INCREMENT=26;

--
-- AUTO_INCREMENT for table `property_purposes`
--
ALTER TABLE `property_purposes`
  MODIFY `id` bigint(20) UNSIGNED NOT NULL AUTO_INCREMENT, AUTO_INCREMENT=3;

--
-- AUTO_INCREMENT for table `property_purpose_translations`
--
ALTER TABLE `property_purpose_translations`
  MODIFY `id` bigint(20) UNSIGNED NOT NULL AUTO_INCREMENT, AUTO_INCREMENT=7;

--
-- AUTO_INCREMENT for table `property_reviews`
--
ALTER TABLE `property_reviews`
  MODIFY `id` bigint(20) UNSIGNED NOT NULL AUTO_INCREMENT, AUTO_INCREMENT=13;

--
-- AUTO_INCREMENT for table `property_translations`
--
ALTER TABLE `property_translations`
  MODIFY `id` bigint(20) UNSIGNED NOT NULL AUTO_INCREMENT, AUTO_INCREMENT=91;

--
-- AUTO_INCREMENT for table `property_types`
--
ALTER TABLE `property_types`
  MODIFY `id` bigint(20) UNSIGNED NOT NULL AUTO_INCREMENT, AUTO_INCREMENT=21;

--
-- AUTO_INCREMENT for table `property_type_translations`
--
ALTER TABLE `property_type_translations`
  MODIFY `id` bigint(20) UNSIGNED NOT NULL AUTO_INCREMENT, AUTO_INCREMENT=61;

--
-- AUTO_INCREMENT for table `roles`
--
ALTER TABLE `roles`
  MODIFY `id` bigint(20) UNSIGNED NOT NULL AUTO_INCREMENT, AUTO_INCREMENT=3;

--
-- AUTO_INCREMENT for table `section_controls`
--
ALTER TABLE `section_controls`
  MODIFY `id` bigint(20) UNSIGNED NOT NULL AUTO_INCREMENT, AUTO_INCREMENT=20;

--
-- AUTO_INCREMENT for table `seo_settings`
--
ALTER TABLE `seo_settings`
  MODIFY `id` bigint(20) UNSIGNED NOT NULL AUTO_INCREMENT, AUTO_INCREMENT=10;

--
-- AUTO_INCREMENT for table `services`
--
ALTER TABLE `services`
  MODIFY `id` bigint(20) UNSIGNED NOT NULL AUTO_INCREMENT, AUTO_INCREMENT=5;

--
-- AUTO_INCREMENT for table `service_translations`
--
ALTER TABLE `service_translations`
  MODIFY `id` bigint(20) UNSIGNED NOT NULL AUTO_INCREMENT, AUTO_INCREMENT=13;

--
-- AUTO_INCREMENT for table `sliders`
--
ALTER TABLE `sliders`
  MODIFY `id` bigint(20) UNSIGNED NOT NULL AUTO_INCREMENT, AUTO_INCREMENT=5;

--
-- AUTO_INCREMENT for table `slider_translations`
--
ALTER TABLE `slider_translations`
  MODIFY `id` bigint(20) UNSIGNED NOT NULL AUTO_INCREMENT, AUTO_INCREMENT=10;

--
-- AUTO_INCREMENT for table `social_links`
--
ALTER TABLE `social_links`
  MODIFY `id` bigint(20) UNSIGNED NOT NULL AUTO_INCREMENT, AUTO_INCREMENT=6;

--
-- AUTO_INCREMENT for table `subscription_histories`
--
ALTER TABLE `subscription_histories`
  MODIFY `id` bigint(20) UNSIGNED NOT NULL AUTO_INCREMENT, AUTO_INCREMENT=9;

--
-- AUTO_INCREMENT for table `subscription_plans`
--
ALTER TABLE `subscription_plans`
  MODIFY `id` bigint(20) UNSIGNED NOT NULL AUTO_INCREMENT, AUTO_INCREMENT=5;

--
-- AUTO_INCREMENT for table `terms_and_conditions`
--
ALTER TABLE `terms_and_conditions`
  MODIFY `id` bigint(20) UNSIGNED NOT NULL AUTO_INCREMENT, AUTO_INCREMENT=2;

--
-- AUTO_INCREMENT for table `terms_and_condition_translations`
--
ALTER TABLE `terms_and_condition_translations`
  MODIFY `id` bigint(20) UNSIGNED NOT NULL AUTO_INCREMENT, AUTO_INCREMENT=4;

--
-- AUTO_INCREMENT for table `testimonials`
--
ALTER TABLE `testimonials`
  MODIFY `id` bigint(20) UNSIGNED NOT NULL AUTO_INCREMENT, AUTO_INCREMENT=6;

--
-- AUTO_INCREMENT for table `testimonial_translations`
--
ALTER TABLE `testimonial_translations`
  MODIFY `id` bigint(20) UNSIGNED NOT NULL AUTO_INCREMENT, AUTO_INCREMENT=16;

--
-- AUTO_INCREMENT for table `wish_lists`
--
ALTER TABLE `wish_lists`
  MODIFY `id` bigint(20) UNSIGNED NOT NULL AUTO_INCREMENT, AUTO_INCREMENT=20;

--
-- Constraints for dumped tables
--

--
-- Constraints for table `blog_category_translations`
--
ALTER TABLE `blog_category_translations`
  ADD CONSTRAINT `blog_category_translations_blog_category_id_foreign` FOREIGN KEY (`blog_category_id`) REFERENCES `blog_categories` (`id`);

--
-- Constraints for table `menu_items`
--
ALTER TABLE `menu_items`
  ADD CONSTRAINT `menu_items_menu_id_foreign` FOREIGN KEY (`menu_id`) REFERENCES `menus` (`id`) ON DELETE CASCADE ON UPDATE CASCADE;

--
-- Constraints for table `menu_item_translations`
--
ALTER TABLE `menu_item_translations`
  ADD CONSTRAINT `menu_item_translations_menu_item_id_foreign` FOREIGN KEY (`menu_item_id`) REFERENCES `menu_items` (`id`) ON DELETE CASCADE;

--
-- Constraints for table `menu_translations`
--
ALTER TABLE `menu_translations`
  ADD CONSTRAINT `menu_translations_menu_id_foreign` FOREIGN KEY (`menu_id`) REFERENCES `menus` (`id`) ON DELETE CASCADE;

--
-- Constraints for table `model_has_permissions`
--
ALTER TABLE `model_has_permissions`
  ADD CONSTRAINT `model_has_permissions_permission_id_foreign` FOREIGN KEY (`permission_id`) REFERENCES `permissions` (`id`) ON DELETE CASCADE;

--
-- Constraints for table `model_has_roles`
--
ALTER TABLE `model_has_roles`
  ADD CONSTRAINT `model_has_roles_role_id_foreign` FOREIGN KEY (`role_id`) REFERENCES `roles` (`id`) ON DELETE CASCADE;

--
-- Constraints for table `role_has_permissions`
--
ALTER TABLE `role_has_permissions`
  ADD CONSTRAINT `role_has_permissions_permission_id_foreign` FOREIGN KEY (`permission_id`) REFERENCES `permissions` (`id`) ON DELETE CASCADE,
  ADD CONSTRAINT `role_has_permissions_role_id_foreign` FOREIGN KEY (`role_id`) REFERENCES `roles` (`id`) ON DELETE CASCADE;
COMMIT;

