212.34.135.52 - - [04/May/2025:13:26:27 -0400] "GET /wp-content/uploads/2023/05/new-light-logo-150x150.jpg HTTP/1.1" 200 5896 "-" "Mozilla/5.0 (Macintosh; Intel Mac OS X 10_15_7) AppleWebKit/537.36 (KHTML, like Gecko) Chrome/133.0.0.0 Safari/537.36"
212.34.135.52 - - [04/May/2025:13:26:28 -0400] "GET /wp-content/uploads/2023/05/new-light-logo-300x300.jpg HTTP/1.1" 200 15753 "-" "Mozilla/5.0 (Macintosh; Intel Mac OS X 10_15_7) AppleWebKit/537.36 (KHTML, like Gecko) Chrome/133.0.0.0 Safari/537.36"
212.34.135.52 - - [04/May/2025:13:26:29 -0400] "GET / HTTP/1.1" 200 13958 "-" "Mozilla/5.0 (Macintosh; Intel Mac OS X 10_15_7) AppleWebKit/537.36 (KHTML, like Gecko) Chrome/133.0.0.0 Safari/537.36"
199.188.205.55 - - [04/May/2025:14:10:38 -0400] "POST /wp-cron.php?doing_wp_cron=1746382238.5297260284423828125000 HTTP/1.1" 403 13 "-" "WordPress/6.8; http://newlighthss.edu.np"
51.222.253.20 - - [04/May/2025:14:10:35 -0400] "GET /index.php?sitemap.xml HTTP/1.1" 301 0 "-" "Mozilla/5.0 (compatible; AhrefsBot/7.0; +http://ahrefs.com/robot/)"
51.222.253.20 - - [04/May/2025:14:10:39 -0400] "GET /?sitemap.xml HTTP/1.1" 200 12163 "-" "Mozilla/5.0 (compatible; AhrefsBot/7.0; +http://ahrefs.com/robot/)"
199.188.205.55 - - [04/May/2025:14:20:43 -0400] "POST /wp-cron.php?doing_wp_cron=1746382843.9301218986511230468750 HTTP/1.1" 403 13 "-" "WordPress/6.8; http://newlighthss.edu.np"
185.157.214.24 - - [04/May/2025:14:20:40 -0400] "GET / HTTP/1.1" 200 13958 "-" "Mozilla/5.0 (Macintosh; Intel Mac OS X 10_15_7) AppleWebKit/537.36 (KHTML, like Gecko) Chrome/133.0.0.0 Safari/537.36"
37.114.33.6 - - [04/May/2025:14:31:44 -0400] "GET /wp-content/uploads/2023/05/338929513_539004275083911_556488214701611710_n-1024x570.jpg HTTP/1.1" 200 119349 "-" "Mozilla/5.0 (Windows NT 10.0; Win64; x64) AppleWebKit/537.36 (KHTML, like Gecko) Chrome/134.0.0.0 Safari/537.36"
199.188.205.55 - - [04/May/2025:14:39:46 -0400] "POST /wp-cron.php?doing_wp_cron=1746383985.9900350570678710937500 HTTP/1.1" 403 13 "-" "WordPress/6.8; http://newlighthss.edu.np"
199.188.205.55 - - [04/May/2025:14:39:43 -0400] "GET / HTTP/1.1" 200 55707 "-" "Mozilla/5.0 (Windows NT 10.0; Win64; x64; rv:122.0) Gecko/20100101 Firefox/122.0"
199.188.205.55 - - [04/May/2025:14:41:43 -0400] "POST /wp-cron.php?doing_wp_cron=1746384103.7247159481048583984375 HTTP/1.1" 403 13 "-" "WordPress/6.8; http://newlighthss.edu.np"
91.84.104.205 - - [04/May/2025:14:41:41 -0400] "GET / HTTP/1.1" 200 13958 "-" "Mozilla/5.0 (Macintosh; Intel Mac OS X 10_15_7) AppleWebKit/537.36 (KHTML, like Gecko) Chrome/133.0.0.0 Safari/537.36"
91.84.104.205 - - [04/May/2025:14:41:50 -0400] "GET /feed/ HTTP/1.1" 404 13 "-" "Mozilla/5.0 (Macintosh; Intel Mac OS X 10_15_7) AppleWebKit/537.36 (KHTML, like Gecko) Chrome/133.0.0.0 Safari/537.36"
91.84.104.205 - - [04/May/2025:14:41:54 -0400] "GET /comments/feed/ HTTP/1.1" 404 13 "-" "Mozilla/5.0 (Macintosh; Intel Mac OS X 10_15_7) AppleWebKit/537.36 (KHTML, like Gecko) Chrome/133.0.0.0 Safari/537.36"
91.84.104.205 - - [04/May/2025:14:41:56 -0400] "GET /wp-json/ HTTP/1.1" 404 13 "-" "Mozilla/5.0 (Macintosh; Intel Mac OS X 10_15_7) AppleWebKit/537.36 (KHTML, like Gecko) Chrome/133.0.0.0 Safari/537.36"
91.84.104.205 - - [04/May/2025:14:42:02 -0400] "GET /wp-content/uploads/2023/05/new-light-logo-150x150.jpg HTTP/1.1" 200 5896 "-" "Mozilla/5.0 (Macintosh; Intel Mac OS X 10_15_7) AppleWebKit/537.36 (KHTML, like Gecko) Chrome/133.0.0.0 Safari/537.36"
91.84.104.205 - - [04/May/2025:14:42:06 -0400] "GET /wp-content/uploads/2023/05/new-light-logo-300x300.jpg HTTP/1.1" 200 15753 "-" "Mozilla/5.0 (Macintosh; Intel Mac OS X 10_15_7) AppleWebKit/537.36 (KHTML, like Gecko) Chrome/133.0.0.0 Safari/537.36"
91.84.104.205 - - [04/May/2025:14:42:19 -0400] "GET / HTTP/1.1" 200 13958 "-" "Mozilla/5.0 (Macintosh; Intel Mac OS X 10_15_7) AppleWebKit/537.36 (KHTML, like Gecko) Chrome/133.0.0.0 Safari/537.36"
199.188.205.55 - - [04/May/2025:15:24:27 -0400] "POST /wp-cron.php?doing_wp_cron=1746386667.2276849746704101562500 HTTP/1.1" 403 13 "-" "WordPress/6.8; http://newlighthss.edu.np"
185.21.13.25 - - [04/May/2025:15:24:25 -0400] "GET / HTTP/1.1" 200 13958 "-" "Mozilla/5.0 (Macintosh; Intel Mac OS X 10_15_7) AppleWebKit/537.36 (KHTML, like Gecko) Chrome/133.0.0.0 Safari/537.36"
185.21.13.25 - - [04/May/2025:15:24:34 -0400] "GET /feed/ HTTP/1.1" 404 13 "-" "Mozilla/5.0 (Macintosh; Intel Mac OS X 10_15_7) AppleWebKit/537.36 (KHTML, like Gecko) Chrome/133.0.0.0 Safari/537.36"
185.21.13.25 - - [04/May/2025:15:24:35 -0400] "GET /comments/feed/ HTTP/1.1" 404 13 "-" "Mozilla/5.0 (Macintosh; Intel Mac OS X 10_15_7) AppleWebKit/537.36 (KHTML, like Gecko) Chrome/133.0.0.0 Safari/537.36"
185.21.13.25 - - [04/May/2025:15:24:36 -0400] "GET /wp-json/ HTTP/1.1" 404 13 "-" "Mozilla/5.0 (Macintosh; Intel Mac OS X 10_15_7) AppleWebKit/537.36 (KHTML, like Gecko) Chrome/133.0.0.0 Safari/537.36"
185.21.13.25 - - [04/May/2025:15:24:38 -0400] "GET /wp-content/uploads/2023/05/new-light-logo-150x150.jpg HTTP/1.1" 200 5896 "-" "Mozilla/5.0 (Macintosh; Intel Mac OS X 10_15_7) AppleWebKit/537.36 (KHTML, like Gecko) Chrome/133.0.0.0 Safari/537.36"
185.21.13.25 - - [04/May/2025:15:24:39 -0400] "GET /wp-content/uploads/2023/05/new-light-logo-300x300.jpg HTTP/1.1" 200 15753 "-" "Mozilla/5.0 (Macintosh; Intel Mac OS X 10_15_7) AppleWebKit/537.36 (KHTML, like Gecko) Chrome/133.0.0.0 Safari/537.36"
185.21.13.25 - - [04/May/2025:15:24:42 -0400] "GET / HTTP/1.1" 200 13958 "-" "Mozilla/5.0 (Macintosh; Intel Mac OS X 10_15_7) AppleWebKit/537.36 (KHTML, like Gecko) Chrome/133.0.0.0 Safari/537.36"
69.171.231.116 - - [04/May/2025:15:36:35 -0400] "GET /robots.txt HTTP/1.1" 206 126 "-" "facebookexternalhit/1.1 (+http://www.facebook.com/externalhit_uatext.php)"
66.249.79.134 - - [04/May/2025:15:51:17 -0400] "GET /scholarship/?73104=smear HTTP/1.1" 404 13 "-" "Mozilla/5.0 (Linux; Android 6.0.1; Nexus 5X Build/MMB29P) AppleWebKit/537.36 (KHTML, like Gecko) Chrome/135.0.7049.95 Mobile Safari/537.36 (compatible; Googlebot/2.1; +http://www.google.com/bot.html)"
13.51.205.147 - - [04/May/2025:16:34:49 -0400] "GET /wp-content/plugins/essential-addons-for-elementor-lite/readme.txt HTTP/1.1" 404 13 "www.google.com" "Mozilla/6.4 (Windows NT 11.1) Gecko/2010102 Firefox/99.0"
199.188.205.55 - - [04/May/2025:16:35:22 -0400] "POST /wp-cron.php?doing_wp_cron=1746390922.3158400058746337890625 HTTP/1.1" 403 13 "-" "WordPress/6.8; http://newlighthss.edu.np"
185.245.104.75 - - [04/May/2025:16:35:20 -0400] "GET / HTTP/1.1" 200 13996 "-" "Mozilla/5.0 (Macintosh; Intel Mac OS X 10_15_7) AppleWebKit/537.36 (KHTML, like Gecko) Chrome/133.0.0.0 Safari/537.36"
185.245.104.75 - - [04/May/2025:16:35:27 -0400] "GET /feed/ HTTP/1.1" 404 13 "-" "Mozilla/5.0 (Macintosh; Intel Mac OS X 10_15_7) AppleWebKit/537.36 (KHTML, like Gecko) Chrome/133.0.0.0 Safari/537.36"
185.245.104.75 - - [04/May/2025:16:35:27 -0400] "GET /comments/feed/ HTTP/1.1" 404 13 "-" "Mozilla/5.0 (Macintosh; Intel Mac OS X 10_15_7) AppleWebKit/537.36 (KHTML, like Gecko) Chrome/133.0.0.0 Safari/537.36"
185.245.104.75 - - [04/May/2025:16:35:28 -0400] "GET /wp-json/ HTTP/1.1" 404 13 "-" "Mozilla/5.0 (Macintosh; Intel Mac OS X 10_15_7) AppleWebKit/537.36 (KHTML, like Gecko) Chrome/133.0.0.0 Safari/537.36"
185.245.104.75 - - [04/May/2025:16:35:30 -0400] "GET /wp-content/uploads/2023/05/new-light-logo-150x150.jpg HTTP/1.1" 200 5896 "-" "Mozilla/5.0 (Macintosh; Intel Mac OS X 10_15_7) AppleWebKit/537.36 (KHTML, like Gecko) Chrome/133.0.0.0 Safari/537.36"
185.245.104.75 - - [04/May/2025:16:35:31 -0400] "GET /wp-content/uploads/2023/05/new-light-logo-300x300.jpg HTTP/1.1" 200 15753 "-" "Mozilla/5.0 (Macintosh; Intel Mac OS X 10_15_7) AppleWebKit/537.36 (KHTML, like Gecko) Chrome/133.0.0.0 Safari/537.36"
185.245.104.75 - - [04/May/2025:16:35:33 -0400] "GET / HTTP/1.1" 200 13958 "-" "Mozilla/5.0 (Macintosh; Intel Mac OS X 10_15_7) AppleWebKit/537.36 (KHTML, like Gecko) Chrome/133.0.0.0 Safari/537.36"
87.250.224.55 - - [04/May/2025:17:01:52 -0400] "GET /robots.txt HTTP/1.1" 200 126 "-" "Mozilla/5.0 (compatible; YandexBot/3.0; +http://yandex.com/bots)"
199.188.205.55 - - [04/May/2025:17:01:55 -0400] "POST /wp-cron.php?doing_wp_cron=1746392515.9400799274444580078125 HTTP/1.1" 403 13 "-" "WordPress/6.8; http://newlighthss.edu.np"
87.250.224.81 - - [04/May/2025:17:01:53 -0400] "GET / HTTP/1.1" 200 13958 "-" "Mozilla/5.0 (compatible; YandexBot/3.0; +http://yandex.com/bots)"
199.188.205.55 - - [04/May/2025:17:08:38 -0400] "POST /wp-cron.php?doing_wp_cron=1746392918.4948608875274658203125 HTTP/1.1" 403 13 "-" "WordPress/6.8; http://newlighthss.edu.np"
80.85.246.71 - - [04/May/2025:17:08:36 -0400] "GET / HTTP/1.1" 200 13958 "-" "Mozilla/5.0 (Macintosh; Intel Mac OS X 10_15_7) AppleWebKit/537.36 (KHTML, like Gecko) Chrome/133.0.0.0 Safari/537.36"
80.85.246.71 - - [04/May/2025:17:08:55 -0400] "GET /feed/ HTTP/1.1" 404 13 "-" "Mozilla/5.0 (Macintosh; Intel Mac OS X 10_15_7) AppleWebKit/537.36 (KHTML, like Gecko) Chrome/133.0.0.0 Safari/537.36"
80.85.246.71 - - [04/May/2025:17:08:59 -0400] "GET /comments/feed/ HTTP/1.1" 404 13 "-" "Mozilla/5.0 (Macintosh; Intel Mac OS X 10_15_7) AppleWebKit/537.36 (KHTML, like Gecko) Chrome/133.0.0.0 Safari/537.36"
80.85.246.71 - - [04/May/2025:17:09:00 -0400] "GET /wp-json/ HTTP/1.1" 404 13 "-" "Mozilla/5.0 (Macintosh; Intel Mac OS X 10_15_7) AppleWebKit/537.36 (KHTML, like Gecko) Chrome/133.0.0.0 Safari/537.36"
80.85.246.71 - - [04/May/2025:17:09:03 -0400] "GET /wp-content/uploads/2023/05/new-light-logo-150x150.jpg HTTP/1.1" 200 5896 "-" "Mozilla/5.0 (Macintosh; Intel Mac OS X 10_15_7) AppleWebKit/537.36 (KHTML, like Gecko) Chrome/133.0.0.0 Safari/537.36"
80.85.246.71 - - [04/May/2025:17:09:04 -0400] "GET /wp-content/uploads/2023/05/new-light-logo-300x300.jpg HTTP/1.1" 200 15753 "-" "Mozilla/5.0 (Macintosh; Intel Mac OS X 10_15_7) AppleWebKit/537.36 (KHTML, like Gecko) Chrome/133.0.0.0 Safari/537.36"
80.85.246.71 - - [04/May/2025:17:09:07 -0400] "GET / HTTP/1.1" 200 13958 "-" "Mozilla/5.0 (Macintosh; Intel Mac OS X 10_15_7) AppleWebKit/537.36 (KHTML, like Gecko) Chrome/133.0.0.0 Safari/537.36"
199.188.205.55 - - [04/May/2025:17:37:16 -0400] "POST /wp-cron.php?doing_wp_cron=1746394636.3215029239654541015625 HTTP/1.1" 403 13 "-" "WordPress/6.8; http://newlighthss.edu.np"
91.201.115.242 - - [04/May/2025:17:37:13 -0400] "GET / HTTP/1.1" 200 13958 "-" "Mozilla/5.0 (Macintosh; Intel Mac OS X 10_15_7) AppleWebKit/537.36 (KHTML, like Gecko) Chrome/133.0.0.0 Safari/537.36"
91.201.115.242 - - [04/May/2025:17:37:19 -0400] "GET /feed/ HTTP/1.1" 404 13 "-" "Mozilla/5.0 (Macintosh; Intel Mac OS X 10_15_7) AppleWebKit/537.36 (KHTML, like Gecko) Chrome/133.0.0.0 Safari/537.36"
91.201.115.242 - - [04/May/2025:17:37:19 -0400] "GET /comments/feed/ HTTP/1.1" 404 13 "-" "Mozilla/5.0 (Macintosh; Intel Mac OS X 10_15_7) AppleWebKit/537.36 (KHTML, like Gecko) Chrome/133.0.0.0 Safari/537.36"
91.201.115.242 - - [04/May/2025:17:37:23 -0400] "GET /wp-json/ HTTP/1.1" 404 13 "-" "Mozilla/5.0 (Macintosh; Intel Mac OS X 10_15_7) AppleWebKit/537.36 (KHTML, like Gecko) Chrome/133.0.0.0 Safari/537.36"
91.201.115.242 - - [04/May/2025:17:37:24 -0400] "GET /wp-content/uploads/2023/05/new-light-logo-150x150.jpg HTTP/1.1" 200 5896 "-" "Mozilla/5.0 (Macintosh; Intel Mac OS X 10_15_7) AppleWebKit/537.36 (KHTML, like Gecko) Chrome/133.0.0.0 Safari/537.36"
91.201.115.242 - - [04/May/2025:17:37:24 -0400] "GET /wp-content/uploads/2023/05/new-light-logo-300x300.jpg HTTP/1.1" 200 15753 "-" "Mozilla/5.0 (Macintosh; Intel Mac OS X 10_15_7) AppleWebKit/537.36 (KHTML, like Gecko) Chrome/133.0.0.0 Safari/537.36"
91.201.115.242 - - [04/May/2025:17:37:25 -0400] "GET / HTTP/1.1" 200 13958 "-" "Mozilla/5.0 (Macintosh; Intel Mac OS X 10_15_7) AppleWebKit/537.36 (KHTML, like Gecko) Chrome/133.0.0.0 Safari/537.36"
199.188.205.55 - - [04/May/2025:17:55:08 -0400] "POST /wp-cron.php?doing_wp_cron=1746395708.9058289527893066406250 HTTP/1.1" 403 13 "-" "WordPress/6.8; http://newlighthss.edu.np"
212.102.37.136 - - [04/May/2025:17:55:04 -0400] "GET / HTTP/1.1" 200 12091 "-" "Mozilla/5.0 (Windows NT 10.0; Win64; x64) AppleWebKit/537.36 (KHTML, like Gecko) Chrome/114.0.0.0 Safari/537.36 Vivaldi/5.3.2679.68"
212.102.37.136 - - [04/May/2025:17:55:11 -0400] "GET /wp-content/uploads/2023/05/338929513_539004275083911_556488214701611710_n-1024x570.jpg HTTP/1.1" 200 119349 "http://newlighthss.edu.np/" "Mozilla/5.0 (Windows NT 10.0; Win64; x64) AppleWebKit/537.36 (KHTML, like Gecko) Chrome/114.0.0.0 Safari/537.36 Vivaldi/5.3.2679.68"
54.172.23.145 - - [04/May/2025:18:12:39 -0400] "GET /wp-content/plugins/litespeed-cache/readme.txt HTTP/1.1" 404 13 "-" "Mozlila/5.0 (Linux; Android 7.0; SM-G892A Bulid/NRD90M; wv) AppleWebKit/537.36 (KHTML, like Gecko) Version/4.0 Chrome/60.0.3112.107 Moblie Safari/537.36"
199.188.205.55 - - [04/May/2025:18:13:25 -0400] "POST /wp-cron.php?doing_wp_cron=1746396805.6852350234985351562500 HTTP/1.1" 403 13 "-" "WordPress/6.8; http://newlighthss.edu.np"
80.85.246.71 - - [04/May/2025:18:13:21 -0400] "GET / HTTP/1.1" 200 13958 "-" "Mozilla/5.0 (Macintosh; Intel Mac OS X 10_15_7) AppleWebKit/537.36 (KHTML, like Gecko) Chrome/133.0.0.0 Safari/537.36"
80.85.246.71 - - [04/May/2025:18:13:47 -0400] "GET /feed/ HTTP/1.1" 404 13 "-" "Mozilla/5.0 (Macintosh; Intel Mac OS X 10_15_7) AppleWebKit/537.36 (KHTML, like Gecko) Chrome/133.0.0.0 Safari/537.36"
80.85.246.71 - - [04/May/2025:18:13:49 -0400] "GET /comments/feed/ HTTP/1.1" 404 13 "-" "Mozilla/5.0 (Macintosh; Intel Mac OS X 10_15_7) AppleWebKit/537.36 (KHTML, like Gecko) Chrome/133.0.0.0 Safari/537.36"
80.85.246.71 - - [04/May/2025:18:13:50 -0400] "GET /wp-json/ HTTP/1.1" 404 13 "-" "Mozilla/5.0 (Macintosh; Intel Mac OS X 10_15_7) AppleWebKit/537.36 (KHTML, like Gecko) Chrome/133.0.0.0 Safari/537.36"
80.85.246.71 - - [04/May/2025:18:13:56 -0400] "GET /wp-content/uploads/2023/05/new-light-logo-150x150.jpg HTTP/1.1" 200 5896 "-" "Mozilla/5.0 (Macintosh; Intel Mac OS X 10_15_7) AppleWebKit/537.36 (KHTML, like Gecko) Chrome/133.0.0.0 Safari/537.36"
80.85.246.71 - - [04/May/2025:18:13:59 -0400] "GET /wp-content/uploads/2023/05/new-light-logo-300x300.jpg HTTP/1.1" 200 15753 "-" "Mozilla/5.0 (Macintosh; Intel Mac OS X 10_15_7) AppleWebKit/537.36 (KHTML, like Gecko) Chrome/133.0.0.0 Safari/537.36"
80.85.246.71 - - [04/May/2025:18:14:01 -0400] "GET / HTTP/1.1" 200 13958 "-" "Mozilla/5.0 (Macintosh; Intel Mac OS X 10_15_7) AppleWebKit/537.36 (KHTML, like Gecko) Chrome/133.0.0.0 Safari/537.36"
199.188.205.55 - - [04/May/2025:18:39:08 -0400] "POST /wp-cron.php?doing_wp_cron=1746398348.3278119564056396484375 HTTP/1.1" 403 13 "-" "WordPress/6.8; http://newlighthss.edu.np"
43.130.3.122 - - [04/May/2025:18:39:06 -0400] "GET / HTTP/1.1" 200 14010 "-" "Mozilla/5.0 (iPhone; CPU iPhone OS 13_2_3 like Mac OS X) AppleWebKit/605.1.15 (KHTML, like Gecko) Version/13.0.3 Mobile/15E148 Safari/604.1"
199.188.205.55 - - [04/May/2025:18:47:40 -0400] "POST /wp-cron.php?doing_wp_cron=1746398860.3090670108795166015625 HTTP/1.1" 403 13 "-" "WordPress/6.8; http://newlighthss.edu.np"
51.222.253.19 - - [04/May/2025:18:47:38 -0400] "GET /index.php?sitemap.xml HTTP/1.1" 301 0 "-" "Mozilla/5.0 (compatible; AhrefsBot/7.0; +http://ahrefs.com/robot/)"
51.222.253.19 - - [04/May/2025:18:47:40 -0400] "GET /?sitemap.xml HTTP/1.1" 200 12091 "-" "Mozilla/5.0 (compatible; AhrefsBot/7.0; +http://ahrefs.com/robot/)"
43.155.129.131 - - [04/May/2025:19:04:20 -0400] "GET /feed/ HTTP/1.1" 404 13 "-" "Mozilla/5.0 (iPhone; CPU iPhone OS 13_2_3 like Mac OS X) AppleWebKit/605.1.15 (KHTML, like Gecko) Version/13.0.3 Mobile/15E148 Safari/604.1"
43.133.187.11 - - [04/May/2025:19:12:29 -0400] "GET /wp-json/ HTTP/1.1" 404 13 "-" "Mozilla/5.0 (iPhone; CPU iPhone OS 13_2_3 like Mac OS X) AppleWebKit/605.1.15 (KHTML, like Gecko) Version/13.0.3 Mobile/15E148 Safari/604.1"
43.135.142.37 - - [04/May/2025:19:22:29 -0400] "GET /wp-content/themes/twentytwentythree/assets/fonts/dm-sans/DMSans-Bold-Italic.woff2 HTTP/1.1" 200 32784 "-" "Mozilla/5.0 (iPhone; CPU iPhone OS 13_2_3 like Mac OS X) AppleWebKit/605.1.15 (KHTML, like Gecko) Version/13.0.3 Mobile/15E148 Safari/604.1"
199.188.205.55 - - [04/May/2025:19:48:59 -0400] "POST /wp-cron.php?doing_wp_cron=1746402539.3343980312347412109375 HTTP/1.1" 403 13 "-" "WordPress/6.8; http://newlighthss.edu.np"
185.21.13.119 - - [04/May/2025:19:48:57 -0400] "GET / HTTP/1.1" 200 13996 "-" "Mozilla/5.0 (Macintosh; Intel Mac OS X 10_15_7) AppleWebKit/537.36 (KHTML, like Gecko) Chrome/133.0.0.0 Safari/537.36"
199.188.205.55 - - [04/May/2025:20:34:37 -0400] "POST /wp-cron.php?doing_wp_cron=1746405277.1755559444427490234375 HTTP/1.1" 403 13 "-" "WordPress/6.8; http://newlighthss.edu.np"
185.21.13.119 - - [04/May/2025:20:34:34 -0400] "GET / HTTP/1.1" 200 13958 "-" "Mozilla/5.0 (Macintosh; Intel Mac OS X 10_15_7) AppleWebKit/537.36 (KHTML, like Gecko) Chrome/133.0.0.0 Safari/537.36"
199.188.205.55 - - [04/May/2025:20:44:13 -0400] "POST /wp-cron.php?doing_wp_cron=1746405852.9689850807189941406250 HTTP/1.1" 403 13 "-" "WordPress/6.8; http://newlighthss.edu.np"
94.103.87.196 - - [04/May/2025:20:44:11 -0400] "GET / HTTP/1.1" 200 13958 "-" "Mozilla/5.0 (Macintosh; Intel Mac OS X 10_15_7) AppleWebKit/537.36 (KHTML, like Gecko) Chrome/133.0.0.0 Safari/537.36"
94.103.87.196 - - [04/May/2025:20:44:15 -0400] "GET /feed/ HTTP/1.1" 404 13 "-" "Mozilla/5.0 (Macintosh; Intel Mac OS X 10_15_7) AppleWebKit/537.36 (KHTML, like Gecko) Chrome/133.0.0.0 Safari/537.36"
94.103.87.196 - - [04/May/2025:20:44:16 -0400] "GET /comments/feed/ HTTP/1.1" 404 13 "-" "Mozilla/5.0 (Macintosh; Intel Mac OS X 10_15_7) AppleWebKit/537.36 (KHTML, like Gecko) Chrome/133.0.0.0 Safari/537.36"
94.103.87.196 - - [04/May/2025:20:44:16 -0400] "GET /wp-json/ HTTP/1.1" 404 13 "-" "Mozilla/5.0 (Macintosh; Intel Mac OS X 10_15_7) AppleWebKit/537.36 (KHTML, like Gecko) Chrome/133.0.0.0 Safari/537.36"
94.103.87.196 - - [04/May/2025:20:44:17 -0400] "GET /wp-content/uploads/2023/05/new-light-logo-150x150.jpg HTTP/1.1" 200 5896 "-" "Mozilla/5.0 (Macintosh; Intel Mac OS X 10_15_7) AppleWebKit/537.36 (KHTML, like Gecko) Chrome/133.0.0.0 Safari/537.36"
94.103.87.196 - - [04/May/2025:20:44:18 -0400] "GET /wp-content/uploads/2023/05/new-light-logo-300x300.jpg HTTP/1.1" 200 15753 "-" "Mozilla/5.0 (Macintosh; Intel Mac OS X 10_15_7) AppleWebKit/537.36 (KHTML, like Gecko) Chrome/133.0.0.0 Safari/537.36"
94.103.87.196 - - [04/May/2025:20:44:19 -0400] "GET / HTTP/1.1" 200 13958 "-" "Mozilla/5.0 (Macintosh; Intel Mac OS X 10_15_7) AppleWebKit/537.36 (KHTML, like Gecko) Chrome/133.0.0.0 Safari/537.36"
66.249.79.135 - - [04/May/2025:20:44:28 -0400] "GET /vintagegame.html HTTP/1.1" 404 13 "-" "Mozilla/5.0 (Linux; Android 6.0.1; Nexus 5X Build/MMB29P) AppleWebKit/537.36 (KHTML, like Gecko) Chrome/135.0.7049.95 Mobile Safari/537.36 (compatible; Googlebot/2.1; +http://www.google.com/bot.html)"
199.188.205.55 - - [04/May/2025:20:45:52 -0400] "POST /wp-cron.php?doing_wp_cron=1746405952.0900878906250000000000 HTTP/1.1" 403 13 "-" "WordPress/6.8; http://newlighthss.edu.np"
185.21.13.119 - - [04/May/2025:20:45:49 -0400] "GET / HTTP/1.1" 200 13958 "-" "Mozilla/5.0 (Macintosh; Intel Mac OS X 10_15_7) AppleWebKit/537.36 (KHTML, like Gecko) Chrome/133.0.0.0 Safari/537.36"
199.188.205.55 - - [04/May/2025:21:14:37 -0400] "POST /wp-cron.php?doing_wp_cron=1746407677.8121280670166015625000 HTTP/1.1" 403 13 "-" "WordPress/6.8; http://newlighthss.edu.np"
91.246.41.166 - - [04/May/2025:21:14:36 -0400] "GET / HTTP/1.1" 200 13958 "-" "Mozilla/5.0 (Macintosh; Intel Mac OS X 10_15_7) AppleWebKit/537.36 (KHTML, like Gecko) Chrome/133.0.0.0 Safari/537.36"
91.246.41.166 - - [04/May/2025:21:14:40 -0400] "GET /feed/ HTTP/1.1" 404 13 "-" "Mozilla/5.0 (Macintosh; Intel Mac OS X 10_15_7) AppleWebKit/537.36 (KHTML, like Gecko) Chrome/133.0.0.0 Safari/537.36"
91.246.41.166 - - [04/May/2025:21:14:40 -0400] "GET /comments/feed/ HTTP/1.1" 404 13 "-" "Mozilla/5.0 (Macintosh; Intel Mac OS X 10_15_7) AppleWebKit/537.36 (KHTML, like Gecko) Chrome/133.0.0.0 Safari/537.36"
91.246.41.166 - - [04/May/2025:21:14:41 -0400] "GET /wp-json/ HTTP/1.1" 404 13 "-" "Mozilla/5.0 (Macintosh; Intel Mac OS X 10_15_7) AppleWebKit/537.36 (KHTML, like Gecko) Chrome/133.0.0.0 Safari/537.36"
91.246.41.166 - - [04/May/2025:21:14:42 -0400] "GET /wp-content/uploads/2023/05/new-light-logo-150x150.jpg HTTP/1.1" 200 5896 "-" "Mozilla/5.0 (Macintosh; Intel Mac OS X 10_15_7) AppleWebKit/537.36 (KHTML, like Gecko) Chrome/133.0.0.0 Safari/537.36"
91.246.41.166 - - [04/May/2025:21:14:43 -0400] "GET /wp-content/uploads/2023/05/new-light-logo-300x300.jpg HTTP/1.1" 200 15753 "-" "Mozilla/5.0 (Macintosh; Intel Mac OS X 10_15_7) AppleWebKit/537.36 (KHTML, like Gecko) Chrome/133.0.0.0 Safari/537.36"
91.246.41.166 - - [04/May/2025:21:14:43 -0400] "GET / HTTP/1.1" 200 14010 "-" "Mozilla/5.0 (Macintosh; Intel Mac OS X 10_15_7) AppleWebKit/537.36 (KHTML, like Gecko) Chrome/133.0.0.0 Safari/537.36"
185.21.14.193 - - [04/May/2025:21:14:56 -0400] "GET / HTTP/1.1" 200 13958 "-" "Mozilla/5.0 (Macintosh; Intel Mac OS X 10_15_7) AppleWebKit/537.36 (KHTML, like Gecko) Chrome/133.0.0.0 Safari/537.36"
199.188.205.55 - - [04/May/2025:21:39:04 -0400] "POST /wp-cron.php?doing_wp_cron=1746409144.8680789470672607421875 HTTP/1.1" 403 13 "-" "WordPress/6.8; http://newlighthss.edu.np"
185.21.13.119 - - [04/May/2025:21:39:00 -0400] "GET / HTTP/1.1" 200 13996 "-" "Mozilla/5.0 (Macintosh; Intel Mac OS X 10_15_7) AppleWebKit/537.36 (KHTML, like Gecko) Chrome/133.0.0.0 Safari/537.36"
185.21.13.119 - - [04/May/2025:21:39:44 -0400] "GET / HTTP/1.1" 200 13958 "-" "Mozilla/5.0 (Macintosh; Intel Mac OS X 10_15_7) AppleWebKit/537.36 (KHTML, like Gecko) Chrome/133.0.0.0 Safari/537.36"
199.188.205.55 - - [04/May/2025:21:58:38 -0400] "POST /wp-cron.php?doing_wp_cron=1746410318.9325931072235107421875 HTTP/1.1" 403 13 "-" "WordPress/6.8; http://newlighthss.edu.np"
91.84.104.205 - - [04/May/2025:21:58:36 -0400] "GET / HTTP/1.1" 200 13958 "-" "Mozilla/5.0 (Macintosh; Intel Mac OS X 10_15_7) AppleWebKit/537.36 (KHTML, like Gecko) Chrome/133.0.0.0 Safari/537.36"
91.84.104.205 - - [04/May/2025:21:58:43 -0400] "GET /feed/ HTTP/1.1" 404 13 "-" "Mozilla/5.0 (Macintosh; Intel Mac OS X 10_15_7) AppleWebKit/537.36 (KHTML, like Gecko) Chrome/133.0.0.0 Safari/537.36"
91.84.104.205 - - [04/May/2025:21:58:45 -0400] "GET /comments/feed/ HTTP/1.1" 404 13 "-" "Mozilla/5.0 (Macintosh; Intel Mac OS X 10_15_7) AppleWebKit/537.36 (KHTML, like Gecko) Chrome/133.0.0.0 Safari/537.36"
91.84.104.205 - - [04/May/2025:21:58:47 -0400] "GET /wp-json/ HTTP/1.1" 404 13 "-" "Mozilla/5.0 (Macintosh; Intel Mac OS X 10_15_7) AppleWebKit/537.36 (KHTML, like Gecko) Chrome/133.0.0.0 Safari/537.36"
91.84.104.205 - - [04/May/2025:21:58:51 -0400] "GET /wp-content/uploads/2023/05/new-light-logo-150x150.jpg HTTP/1.1" 200 5896 "-" "Mozilla/5.0 (Macintosh; Intel Mac OS X 10_15_7) AppleWebKit/537.36 (KHTML, like Gecko) Chrome/133.0.0.0 Safari/537.36"
91.84.104.205 - - [04/May/2025:21:58:53 -0400] "GET /wp-content/uploads/2023/05/new-light-logo-300x300.jpg HTTP/1.1" 200 15753 "-" "Mozilla/5.0 (Macintosh; Intel Mac OS X 10_15_7) AppleWebKit/537.36 (KHTML, like Gecko) Chrome/133.0.0.0 Safari/537.36"
91.84.104.205 - - [04/May/2025:21:58:56 -0400] "GET / HTTP/1.1" 200 13958 "-" "Mozilla/5.0 (Macintosh; Intel Mac OS X 10_15_7) AppleWebKit/537.36 (KHTML, like Gecko) Chrome/133.0.0.0 Safari/537.36"
199.188.205.55 - - [04/May/2025:22:11:27 -0400] "POST /wp-cron.php?doing_wp_cron=1746411087.1008019447326660156250 HTTP/1.1" 403 13 "-" "WordPress/6.8; http://newlighthss.edu.np"
91.84.109.110 - - [04/May/2025:22:11:25 -0400] "GET / HTTP/1.1" 200 13958 "-" "Mozilla/5.0 (Macintosh; Intel Mac OS X 10_15_7) AppleWebKit/537.36 (KHTML, like Gecko) Chrome/133.0.0.0 Safari/537.36"
91.84.109.110 - - [04/May/2025:22:11:29 -0400] "GET /feed/ HTTP/1.1" 404 13 "-" "Mozilla/5.0 (Macintosh; Intel Mac OS X 10_15_7) AppleWebKit/537.36 (KHTML, like Gecko) Chrome/133.0.0.0 Safari/537.36"
91.84.109.110 - - [04/May/2025:22:11:29 -0400] "GET /comments/feed/ HTTP/1.1" 404 13 "-" "Mozilla/5.0 (Macintosh; Intel Mac OS X 10_15_7) AppleWebKit/537.36 (KHTML, like Gecko) Chrome/133.0.0.0 Safari/537.36"
91.84.109.110 - - [04/May/2025:22:11:29 -0400] "GET /wp-json/ HTTP/1.1" 404 13 "-" "Mozilla/5.0 (Macintosh; Intel Mac OS X 10_15_7) AppleWebKit/537.36 (KHTML, like Gecko) Chrome/133.0.0.0 Safari/537.36"
91.84.109.110 - - [04/May/2025:22:11:30 -0400] "GET /wp-content/uploads/2023/05/new-light-logo-150x150.jpg HTTP/1.1" 200 5896 "-" "Mozilla/5.0 (Macintosh; Intel Mac OS X 10_15_7) AppleWebKit/537.36 (KHTML, like Gecko) Chrome/133.0.0.0 Safari/537.36"
91.84.109.110 - - [04/May/2025:22:11:30 -0400] "GET /wp-content/uploads/2023/05/new-light-logo-300x300.jpg HTTP/1.1" 200 15753 "-" "Mozilla/5.0 (Macintosh; Intel Mac OS X 10_15_7) AppleWebKit/537.36 (KHTML, like Gecko) Chrome/133.0.0.0 Safari/537.36"
91.84.109.110 - - [04/May/2025:22:11:31 -0400] "GET / HTTP/1.1" 200 14010 "-" "Mozilla/5.0 (Macintosh; Intel Mac OS X 10_15_7) AppleWebKit/537.36 (KHTML, like Gecko) Chrome/133.0.0.0 Safari/537.36"
212.102.37.136 - - [04/May/2025:22:11:40 -0400] "GET / HTTP/1.1" 200 12163 "-" "Mozilla/5.0 (X11; Linux x86_64) AppleWebKit/537.36 (KHTML, like Gecko) Chrome/114.0.0.0 Safari/537.36 Vivaldi/5.3.2679.68"
212.102.37.136 - - [04/May/2025:22:11:42 -0400] "GET /wp-content/uploads/2023/05/338929513_539004275083911_556488214701611710_n-1024x570.jpg HTTP/1.1" 200 119349 "http://newlighthss.edu.np/" "Mozilla/5.0 (X11; Linux x86_64) AppleWebKit/537.36 (KHTML, like Gecko) Chrome/114.0.0.0 Safari/537.36 Vivaldi/5.3.2679.68"
199.188.205.55 - - [04/May/2025:22:37:32 -0400] "POST /wp-cron.php?doing_wp_cron=1746412652.6121809482574462890625 HTTP/1.1" 403 13 "-" "WordPress/6.8; http://newlighthss.edu.np"
194.135.133.0 - - [04/May/2025:22:37:30 -0400] "GET / HTTP/1.1" 200 13958 "-" "Mozilla/5.0 (Macintosh; Intel Mac OS X 10_15_7) AppleWebKit/537.36 (KHTML, like Gecko) Chrome/104.0.0.0 Safari/537.36"
199.188.205.55 - - [04/May/2025:23:07:32 -0400] "POST /wp-cron.php?doing_wp_cron=1746414451.8882989883422851562500 HTTP/1.1" 403 13 "-" "WordPress/6.8; http://newlighthss.edu.np"
212.34.153.180 - - [04/May/2025:23:07:29 -0400] "GET / HTTP/1.1" 200 14010 "-" "Mozilla/5.0 (Macintosh; Intel Mac OS X 10_15_7) AppleWebKit/537.36 (KHTML, like Gecko) Chrome/133.0.0.0 Safari/537.36"
212.34.153.180 - - [04/May/2025:23:07:34 -0400] "GET /feed/ HTTP/1.1" 404 13 "-" "Mozilla/5.0 (Macintosh; Intel Mac OS X 10_15_7) AppleWebKit/537.36 (KHTML, like Gecko) Chrome/133.0.0.0 Safari/537.36"
212.34.153.180 - - [04/May/2025:23:07:34 -0400] "GET /comments/feed/ HTTP/1.1" 404 13 "-" "Mozilla/5.0 (Macintosh; Intel Mac OS X 10_15_7) AppleWebKit/537.36 (KHTML, like Gecko) Chrome/133.0.0.0 Safari/537.36"
212.34.153.180 - - [04/May/2025:23:07:35 -0400] "GET /wp-json/ HTTP/1.1" 404 13 "-" "Mozilla/5.0 (Macintosh; Intel Mac OS X 10_15_7) AppleWebKit/537.36 (KHTML, like Gecko) Chrome/133.0.0.0 Safari/537.36"
212.34.153.180 - - [04/May/2025:23:07:36 -0400] "GET /wp-content/uploads/2023/05/new-light-logo-150x150.jpg HTTP/1.1" 200 5896 "-" "Mozilla/5.0 (Macintosh; Intel Mac OS X 10_15_7) AppleWebKit/537.36 (KHTML, like Gecko) Chrome/133.0.0.0 Safari/537.36"
212.34.153.180 - - [04/May/2025:23:07:36 -0400] "GET /wp-content/uploads/2023/05/new-light-logo-300x300.jpg HTTP/1.1" 200 15753 "-" "Mozilla/5.0 (Macintosh; Intel Mac OS X 10_15_7) AppleWebKit/537.36 (KHTML, like Gecko) Chrome/133.0.0.0 Safari/537.36"
212.34.153.180 - - [04/May/2025:23:07:37 -0400] "GET / HTTP/1.1" 200 13958 "-" "Mozilla/5.0 (Macintosh; Intel Mac OS X 10_15_7) AppleWebKit/537.36 (KHTML, like Gecko) Chrome/133.0.0.0 Safari/537.36"
199.188.205.55 - - [04/May/2025:23:17:45 -0400] "POST /wp-cron.php?doing_wp_cron=1746415065.1679461002349853515625 HTTP/1.1" 403 13 "-" "WordPress/6.8; http://newlighthss.edu.np"
212.102.37.136 - - [04/May/2025:23:17:40 -0400] "GET / HTTP/1.1" 200 12091 "-" "Mozilla/5.0 (Macintosh; Intel Mac OS X 12_5) AppleWebKit/537.36 (KHTML, like Gecko) Chrome/114.0.0.0 Safari/537.36"
212.102.37.136 - - [04/May/2025:23:17:48 -0400] "GET /wp-content/uploads/2023/05/338929513_539004275083911_556488214701611710_n-1024x570.jpg HTTP/1.1" 200 119349 "http://newlighthss.edu.np/" "Mozilla/5.0 (Macintosh; Intel Mac OS X 12_5) AppleWebKit/537.36 (KHTML, like Gecko) Chrome/114.0.0.0 Safari/537.36"
199.188.205.55 - - [04/May/2025:23:19:23 -0400] "POST /wp-cron.php?doing_wp_cron=1746415163.5587189197540283203125 HTTP/1.1" 403 13 "-" "WordPress/6.8; http://newlighthss.edu.np"
51.222.253.7 - - [04/May/2025:23:19:22 -0400] "GET /index.php?sitemap.xml HTTP/1.1" 301 0 "-" "Mozilla/5.0 (compatible; AhrefsBot/7.0; +http://ahrefs.com/robot/)"
51.222.253.7 - - [04/May/2025:23:19:23 -0400] "GET /?sitemap.xml HTTP/1.1" 200 12163 "-" "Mozilla/5.0 (compatible; AhrefsBot/7.0; +http://ahrefs.com/robot/)"
185.195.232.146 - - [04/May/2025:23:25:09 -0400] "GET /wp-admin/install.php HTTP/1.1" 403 13 "-" "-"
185.195.232.146 - - [04/May/2025:23:25:09 -0400] "GET /wp-admin/install.php?step=1 HTTP/1.1" 403 13 "-" "-"
199.188.205.55 - - [04/May/2025:23:26:40 -0400] "POST /wp-cron.php?doing_wp_cron=1746415599.9405748844146728515625 HTTP/1.1" 403 13 "-" "WordPress/6.8; http://newlighthss.edu.np"
91.84.99.6 - - [04/May/2025:23:26:38 -0400] "GET / HTTP/1.1" 200 13958 "-" "Mozilla/5.0 (Macintosh; Intel Mac OS X 10_15_7) AppleWebKit/537.36 (KHTML, like Gecko) Chrome/133.0.0.0 Safari/537.36"
91.84.99.6 - - [04/May/2025:23:26:41 -0400] "GET /feed/ HTTP/1.1" 404 13 "-" "Mozilla/5.0 (Macintosh; Intel Mac OS X 10_15_7) AppleWebKit/537.36 (KHTML, like Gecko) Chrome/133.0.0.0 Safari/537.36"
91.84.99.6 - - [04/May/2025:23:26:42 -0400] "GET /comments/feed/ HTTP/1.1" 404 13 "-" "Mozilla/5.0 (Macintosh; Intel Mac OS X 10_15_7) AppleWebKit/537.36 (KHTML, like Gecko) Chrome/133.0.0.0 Safari/537.36"
91.84.99.6 - - [04/May/2025:23:26:42 -0400] "GET /wp-json/ HTTP/1.1" 404 13 "-" "Mozilla/5.0 (Macintosh; Intel Mac OS X 10_15_7) AppleWebKit/537.36 (KHTML, like Gecko) Chrome/133.0.0.0 Safari/537.36"
91.84.99.6 - - [04/May/2025:23:26:43 -0400] "GET /wp-content/uploads/2023/05/new-light-logo-150x150.jpg HTTP/1.1" 200 5896 "-" "Mozilla/5.0 (Macintosh; Intel Mac OS X 10_15_7) AppleWebKit/537.36 (KHTML, like Gecko) Chrome/133.0.0.0 Safari/537.36"
91.84.99.6 - - [04/May/2025:23:26:43 -0400] "GET /wp-content/uploads/2023/05/new-light-logo-300x300.jpg HTTP/1.1" 200 15753 "-" "Mozilla/5.0 (Macintosh; Intel Mac OS X 10_15_7) AppleWebKit/537.36 (KHTML, like Gecko) Chrome/133.0.0.0 Safari/537.36"
91.84.99.6 - - [04/May/2025:23:26:44 -0400] "GET / HTTP/1.1" 200 13958 "-" "Mozilla/5.0 (Macintosh; Intel Mac OS X 10_15_7) AppleWebKit/537.36 (KHTML, like Gecko) Chrome/133.0.0.0 Safari/537.36"
212.102.37.136 - - [04/May/2025:23:27:28 -0400] "GET / HTTP/1.1" 200 12163 "-" "Mozilla/5.0 (X11; Ubuntu; Linux i686; rv:114.0) Gecko/20100101 Firefox/114.0"
212.102.37.136 - - [04/May/2025:23:27:30 -0400] "GET /wp-content/uploads/2023/05/338929513_539004275083911_556488214701611710_n-1024x570.jpg HTTP/1.1" 200 119349 "http://newlighthss.edu.np/" "Mozilla/5.0 (X11; Ubuntu; Linux i686; rv:114.0) Gecko/20100101 Firefox/114.0"
51.222.253.8 - - [04/May/2025:23:28:21 -0400] "GET /robots.txt HTTP/1.1" 200 126 "-" "Mozilla/5.0 (compatible; AhrefsBot/7.0; +http://ahrefs.com/robot/)"
199.188.205.55 - - [04/May/2025:23:36:25 -0400] "POST /wp-cron.php?doing_wp_cron=1746416185.4406340122222900390625 HTTP/1.1" 403 13 "-" "WordPress/6.8; http://newlighthss.edu.np"
195.200.26.27 - - [04/May/2025:23:36:23 -0400] "GET / HTTP/1.1" 200 14010 "-" "Mozilla/5.0 (Macintosh; Intel Mac OS X 10_15_7) AppleWebKit/537.36 (KHTML, like Gecko) Chrome/133.0.0.0 Safari/537.36"
195.200.26.27 - - [04/May/2025:23:36:27 -0400] "GET /feed/ HTTP/1.1" 404 13 "-" "Mozilla/5.0 (Macintosh; Intel Mac OS X 10_15_7) AppleWebKit/537.36 (KHTML, like Gecko) Chrome/133.0.0.0 Safari/537.36"
195.200.26.27 - - [04/May/2025:23:36:28 -0400] "GET /comments/feed/ HTTP/1.1" 404 13 "-" "Mozilla/5.0 (Macintosh; Intel Mac OS X 10_15_7) AppleWebKit/537.36 (KHTML, like Gecko) Chrome/133.0.0.0 Safari/537.36"
195.200.26.27 - - [04/May/2025:23:36:28 -0400] "GET /wp-json/ HTTP/1.1" 404 13 "-" "Mozilla/5.0 (Macintosh; Intel Mac OS X 10_15_7) AppleWebKit/537.36 (KHTML, like Gecko) Chrome/133.0.0.0 Safari/537.36"
195.200.26.27 - - [04/May/2025:23:36:29 -0400] "GET /wp-content/uploads/2023/05/new-light-logo-150x150.jpg HTTP/1.1" 200 5896 "-" "Mozilla/5.0 (Macintosh; Intel Mac OS X 10_15_7) AppleWebKit/537.36 (KHTML, like Gecko) Chrome/133.0.0.0 Safari/537.36"
195.200.26.27 - - [04/May/2025:23:36:29 -0400] "GET /wp-content/uploads/2023/05/new-light-logo-300x300.jpg HTTP/1.1" 200 15753 "-" "Mozilla/5.0 (Macintosh; Intel Mac OS X 10_15_7) AppleWebKit/537.36 (KHTML, like Gecko) Chrome/133.0.0.0 Safari/537.36"
195.200.26.27 - - [04/May/2025:23:36:30 -0400] "GET / HTTP/1.1" 200 13996 "-" "Mozilla/5.0 (Macintosh; Intel Mac OS X 10_15_7) AppleWebKit/537.36 (KHTML, like Gecko) Chrome/133.0.0.0 Safari/537.36"
199.188.205.55 - - [04/May/2025:23:46:03 -0400] "POST /wp-cron.php?doing_wp_cron=1746416763.4339010715484619140625 HTTP/1.1" 403 13 "-" "WordPress/6.8; http://newlighthss.edu.np"
212.102.37.136 - - [04/May/2025:23:46:01 -0400] "GET / HTTP/1.1" 200 12091 "-" "Mozilla/5.0 (Macintosh; Intel Mac OS X 12_5) AppleWebKit/537.36 (KHTML, like Gecko) Chrome/114.0.0.0 Safari/537.36 Edg/114.0.1264.71"
212.102.37.136 - - [04/May/2025:23:46:05 -0400] "GET /wp-content/uploads/2023/05/338929513_539004275083911_556488214701611710_n-1024x570.jpg HTTP/1.1" 200 119349 "http://newlighthss.edu.np/" "Mozilla/5.0 (Macintosh; Intel Mac OS X 12_5) AppleWebKit/537.36 (KHTML, like Gecko) Chrome/114.0.0.0 Safari/537.36 Edg/114.0.1264.71"
199.188.205.55 - - [04/May/2025:23:48:12 -0400] "POST /wp-cron.php?doing_wp_cron=1746416892.6999039649963378906250 HTTP/1.1" 403 13 "-" "WordPress/6.8; http://newlighthss.edu.np"
212.34.154.131 - - [04/May/2025:23:48:11 -0400] "GET / HTTP/1.1" 200 13958 "-" "Mozilla/5.0 (Macintosh; Intel Mac OS X 10_15_7) AppleWebKit/537.36 (KHTML, like Gecko) Chrome/133.0.0.0 Safari/537.36"
212.34.154.131 - - [04/May/2025:23:48:14 -0400] "GET /feed/ HTTP/1.1" 404 13 "-" "Mozilla/5.0 (Macintosh; Intel Mac OS X 10_15_7) AppleWebKit/537.36 (KHTML, like Gecko) Chrome/133.0.0.0 Safari/537.36"
212.34.154.131 - - [04/May/2025:23:48:14 -0400] "GET /comments/feed/ HTTP/1.1" 404 13 "-" "Mozilla/5.0 (Macintosh; Intel Mac OS X 10_15_7) AppleWebKit/537.36 (KHTML, like Gecko) Chrome/133.0.0.0 Safari/537.36"
212.34.154.131 - - [04/May/2025:23:48:15 -0400] "GET /wp-json/ HTTP/1.1" 404 13 "-" "Mozilla/5.0 (Macintosh; Intel Mac OS X 10_15_7) AppleWebKit/537.36 (KHTML, like Gecko) Chrome/133.0.0.0 Safari/537.36"
212.34.154.131 - - [04/May/2025:23:48:16 -0400] "GET /wp-content/uploads/2023/05/new-light-logo-150x150.jpg HTTP/1.1" 200 5896 "-" "Mozilla/5.0 (Macintosh; Intel Mac OS X 10_15_7) AppleWebKit/537.36 (KHTML, like Gecko) Chrome/133.0.0.0 Safari/537.36"
212.34.154.131 - - [04/May/2025:23:48:16 -0400] "GET /wp-content/uploads/2023/05/new-light-logo-300x300.jpg HTTP/1.1" 200 15753 "-" "Mozilla/5.0 (Macintosh; Intel Mac OS X 10_15_7) AppleWebKit/537.36 (KHTML, like Gecko) Chrome/133.0.0.0 Safari/537.36"
212.34.154.131 - - [04/May/2025:23:48:17 -0400] "GET / HTTP/1.1" 200 13958 "-" "Mozilla/5.0 (Macintosh; Intel Mac OS X 10_15_7) AppleWebKit/537.36 (KHTML, like Gecko) Chrome/133.0.0.0 Safari/537.36"
152.53.249.211 - - [05/May/2025:00:49:24 -0400] "GET /wp-includes/js/jquery/jquery-migrate.min.js?ver=3.4.1 HTTP/1.1" 200 13577 "-" "Mozilla/5.0 (Windows NT 10.0; Win64; x64) AppleWebKit/537.36 (KHTML, like Gecko) Chrome/134.0.0.0 Safari/537.36 OPR/118.0.0.0"
199.188.205.55 - - [05/May/2025:01:16:00 -0400] "POST /wp-cron.php?doing_wp_cron=1746422160.2828021049499511718750 HTTP/1.1" 403 13 "-" "WordPress/6.8; http://newlighthss.edu.np"
51.222.253.2 - - [05/May/2025:01:15:58 -0400] "GET /index.php?sitemap.xml HTTP/1.1" 301 0 "-" "Mozilla/5.0 (compatible; AhrefsBot/7.0; +http://ahrefs.com/robot/)"
51.222.253.2 - - [05/May/2025:01:16:00 -0400] "GET /?sitemap.xml HTTP/1.1" 200 12163 "-" "Mozilla/5.0 (compatible; AhrefsBot/7.0; +http://ahrefs.com/robot/)"
147.182.201.1 - - [05/May/2025:01:20:51 -0400] "GET /wp-aa.php HTTP/1.1" 404 13 "-" "Mozilla/5.0 (Macintosh; Intel Mac OS X 10.15; rv:77.0) Gecko/20100101 Firefox/77.0"
147.182.201.1 - - [05/May/2025:01:20:51 -0400] "GET /wp-content/plugins/wp-automatic/inc/csv.php HTTP/1.1" 404 13 "-" "Mozilla/5.0 (Macintosh; Intel Mac OS X 10.15; rv:77.0) Gecko/20100101 Firefox/77.0"
147.182.201.1 - - [05/May/2025:01:20:51 -0400] "GET /wp-aa.php HTTP/1.1" 404 13 "-" "Mozilla/5.0 (Macintosh; Intel Mac OS X 10_15_5) AppleWebKit/605.1.15 (KHTML, like Gecko) Version/13.1.1 Safari/605.1.15"
147.182.201.1 - - [05/May/2025:01:20:51 -0400] "GET /wp-content/plugins/wp-automatic/inc/csv.php HTTP/1.1" 404 13 "-" "Mozilla/5.0 (Macintosh; Intel Mac OS X 10_15_5) AppleWebKit/605.1.15 (KHTML, like Gecko) Version/13.1.1 Safari/605.1.15"
199.188.205.55 - - [05/May/2025:01:24:05 -0400] "POST /wp-cron.php?doing_wp_cron=1746422645.5748620033264160156250 HTTP/1.1" 403 13 "-" "WordPress/6.8; http://newlighthss.edu.np"
212.102.37.136 - - [05/May/2025:01:24:03 -0400] "GET / HTTP/1.1" 200 12121 "-" "Mozilla/5.0 (Windows NT 10.0; Win64; x64) AppleWebKit/537.36 (KHTML, like Gecko) Chrome/114.0.0.0 Safari/537.36 Vivaldi/5.3.2679.68"
212.102.37.136 - - [05/May/2025:01:24:07 -0400] "GET /wp-content/uploads/2023/05/338929513_539004275083911_556488214701611710_n-1024x570.jpg HTTP/1.1" 200 119349 "http://newlighthss.edu.np/" "Mozilla/5.0 (Windows NT 10.0; Win64; x64) AppleWebKit/537.36 (KHTML, like Gecko) Chrome/114.0.0.0 Safari/537.36 Vivaldi/5.3.2679.68"
199.188.205.55 - - [05/May/2025:01:28:47 -0400] "POST /wp-cron.php?doing_wp_cron=1746422927.7380809783935546875000 HTTP/1.1" 403 13 "-" "WordPress/6.8; http://newlighthss.edu.np"
77.238.225.146 - - [05/May/2025:01:28:45 -0400] "GET / HTTP/1.1" 200 13958 "-" "Mozilla/5.0 (Macintosh; Intel Mac OS X 10_15_7) AppleWebKit/537.36 (KHTML, like Gecko) Chrome/133.0.0.0 Safari/537.36"
77.238.225.146 - - [05/May/2025:01:28:49 -0400] "GET /feed/ HTTP/1.1" 404 13 "-" "Mozilla/5.0 (Macintosh; Intel Mac OS X 10_15_7) AppleWebKit/537.36 (KHTML, like Gecko) Chrome/133.0.0.0 Safari/537.36"
77.238.225.146 - - [05/May/2025:01:28:50 -0400] "GET /comments/feed/ HTTP/1.1" 404 13 "-" "Mozilla/5.0 (Macintosh; Intel Mac OS X 10_15_7) AppleWebKit/537.36 (KHTML, like Gecko) Chrome/133.0.0.0 Safari/537.36"
77.238.225.146 - - [05/May/2025:01:28:50 -0400] "GET /wp-json/ HTTP/1.1" 404 13 "-" "Mozilla/5.0 (Macintosh; Intel Mac OS X 10_15_7) AppleWebKit/537.36 (KHTML, like Gecko) Chrome/133.0.0.0 Safari/537.36"
77.238.225.146 - - [05/May/2025:01:28:51 -0400] "GET /wp-content/uploads/2023/05/new-light-logo-150x150.jpg HTTP/1.1" 200 5896 "-" "Mozilla/5.0 (Macintosh; Intel Mac OS X 10_15_7) AppleWebKit/537.36 (KHTML, like Gecko) Chrome/133.0.0.0 Safari/537.36"
77.238.225.146 - - [05/May/2025:01:28:52 -0400] "GET /wp-content/uploads/2023/05/new-light-logo-300x300.jpg HTTP/1.1" 200 15753 "-" "Mozilla/5.0 (Macintosh; Intel Mac OS X 10_15_7) AppleWebKit/537.36 (KHTML, like Gecko) Chrome/133.0.0.0 Safari/537.36"
77.238.225.146 - - [05/May/2025:01:28:52 -0400] "GET / HTTP/1.1" 200 13996 "-" "Mozilla/5.0 (Macintosh; Intel Mac OS X 10_15_7) AppleWebKit/537.36 (KHTML, like Gecko) Chrome/133.0.0.0 Safari/537.36"
66.249.79.136 - - [05/May/2025:01:32:29 -0400] "GET /shopdetail/22650331 HTTP/1.1" 404 13 "-" "Mozilla/5.0 (compatible; Googlebot/2.1; +http://www.google.com/bot.html)"
199.188.205.55 - - [05/May/2025:01:38:28 -0400] "POST /wp-cron.php?doing_wp_cron=1746423508.3337030410766601562500 HTTP/1.1" 403 13 "-" "WordPress/6.8; http://newlighthss.edu.np"
212.102.37.136 - - [05/May/2025:01:38:26 -0400] "GET / HTTP/1.1" 200 12121 "-" "Mozilla/5.0 (Windows NT 10.0; Win64; x64) AppleWebKit/537.36 (KHTML, like Gecko) Chrome/114.0.0.0 YaBrowser/22.7.0 Yowser/2.5 Safari/537.36"
212.102.37.136 - - [05/May/2025:01:38:30 -0400] "GET /wp-content/uploads/2023/05/338929513_539004275083911_556488214701611710_n-1024x570.jpg HTTP/1.1" 200 119349 "http://newlighthss.edu.np/" "Mozilla/5.0 (Windows NT 10.0; Win64; x64) AppleWebKit/537.36 (KHTML, like Gecko) Chrome/114.0.0.0 YaBrowser/22.7.0 Yowser/2.5 Safari/537.36"
199.188.205.55 - - [05/May/2025:01:42:31 -0400] "POST /wp-cron.php?doing_wp_cron=1746423751.9664781093597412109375 HTTP/1.1" 403 13 "-" "WordPress/6.8; http://newlighthss.edu.np"
43.166.253.94 - - [05/May/2025:01:42:30 -0400] "GET / HTTP/1.1" 200 13996 "-" "Mozilla/5.0 (iPhone; CPU iPhone OS 13_2_3 like Mac OS X) AppleWebKit/605.1.15 (KHTML, like Gecko) Version/13.0.3 Mobile/15E148 Safari/604.1"
2.56.98.116 - - [05/May/2025:02:01:23 -0400] "GET /wp-content/uploads/2023/05/new-light-logo-768x768.jpg HTTP/1.1" 200 57255 "-" "Mozilla/5.0 (Windows NT 10.0; Win64; x64; rv:136.0) Gecko/20100101 Firefox/136.0"
13.217.101.110 - - [05/May/2025:02:10:12 -0400] "GET /wp-content/uploads/2023/05/new-light-logo.jpg HTTP/1.1" 200 55868 "-" "Mozilla/5.0 (X11; Linux x86_64) AppleWebKit/537.36 (KHTML, like Gecko) Chrome/58.0.3029.110 Safari/537.36"
212.102.37.136 - - [05/May/2025:02:16:27 -0400] "GET / HTTP/1.1" 200 12126 "-" "Mozilla/5.0 (Windows NT 10.0; Win64; x64; rv:114.0) Gecko/20100101 Firefox/114.0"
212.102.37.136 - - [05/May/2025:02:16:30 -0400] "GET /wp-content/uploads/2023/05/338929513_539004275083911_556488214701611710_n-1024x570.jpg HTTP/1.1" 200 119349 "http://newlighthss.edu.np/" "Mozilla/5.0 (Windows NT 10.0; Win64; x64; rv:114.0) Gecko/20100101 Firefox/114.0"
212.102.37.136 - - [05/May/2025:02:36:31 -0400] "GET / HTTP/1.1" 200 12126 "-" "Mozilla/5.0 (Windows NT 10.0; Win64; x64; Xbox; Xbox One) AppleWebKit/537.36 (KHTML, like Gecko) Chrome/114.0.0.0 Safari/537.36 Edge/44.18363.8131"
212.102.37.136 - - [05/May/2025:02:36:34 -0400] "GET /wp-content/uploads/2023/05/338929513_539004275083911_556488214701611710_n-1024x570.jpg HTTP/1.1" 200 119349 "http://newlighthss.edu.np/" "Mozilla/5.0 (Windows NT 10.0; Win64; x64; Xbox; Xbox One) AppleWebKit/537.36 (KHTML, like Gecko) Chrome/114.0.0.0 Safari/537.36 Edge/44.18363.8131"
212.118.43.65 - - [05/May/2025:03:04:04 -0400] "GET / HTTP/1.1" 200 13962 "-" "Mozilla/5.0 (Macintosh; Intel Mac OS X 10_15_7) AppleWebKit/537.36 (KHTML, like Gecko) Chrome/133.0.0.0 Safari/537.36"
212.118.43.65 - - [05/May/2025:03:04:08 -0400] "GET /feed/ HTTP/1.1" 200 3248 "-" "Mozilla/5.0 (Macintosh; Intel Mac OS X 10_15_7) AppleWebKit/537.36 (KHTML, like Gecko) Chrome/133.0.0.0 Safari/537.36"
212.118.43.65 - - [05/May/2025:03:04:09 -0400] "GET /comments/feed/ HTTP/1.1" 200 787 "-" "Mozilla/5.0 (Macintosh; Intel Mac OS X 10_15_7) AppleWebKit/537.36 (KHTML, like Gecko) Chrome/133.0.0.0 Safari/537.36"
212.118.43.65 - - [05/May/2025:03:04:11 -0400] "GET /wp-json/ HTTP/1.1" 200 193963 "-" "Mozilla/5.0 (Macintosh; Intel Mac OS X 10_15_7) AppleWebKit/537.36 (KHTML, like Gecko) Chrome/133.0.0.0 Safari/537.36"
212.118.43.65 - - [05/May/2025:03:04:13 -0400] "GET /xmlrpc.php?rsd HTTP/1.1" 200 309 "-" "Mozilla/5.0 (Macintosh; Intel Mac OS X 10_15_7) AppleWebKit/537.36 (KHTML, like Gecko) Chrome/133.0.0.0 Safari/537.36"
212.118.43.65 - - [05/May/2025:03:04:14 -0400] "GET /wp-content/uploads/2023/05/new-light-logo-150x150.jpg HTTP/1.1" 200 5896 "-" "Mozilla/5.0 (Macintosh; Intel Mac OS X 10_15_7) AppleWebKit/537.36 (KHTML, like Gecko) Chrome/133.0.0.0 Safari/537.36"
212.118.43.65 - - [05/May/2025:03:04:14 -0400] "GET /wp-content/uploads/2023/05/new-light-logo-300x300.jpg HTTP/1.1" 200 15753 "-" "Mozilla/5.0 (Macintosh; Intel Mac OS X 10_15_7) AppleWebKit/537.36 (KHTML, like Gecko) Chrome/133.0.0.0 Safari/537.36"
212.118.43.65 - - [05/May/2025:03:04:15 -0400] "GET / HTTP/1.1" 200 13962 "-" "Mozilla/5.0 (Macintosh; Intel Mac OS X 10_15_7) AppleWebKit/537.36 (KHTML, like Gecko) Chrome/133.0.0.0 Safari/537.36"
80.85.246.144 - - [05/May/2025:03:19:59 -0400] "GET / HTTP/1.1" 200 13962 "-" "Mozilla/5.0 (Macintosh; Intel Mac OS X 10_15_7) AppleWebKit/537.36 (KHTML, like Gecko) Chrome/133.0.0.0 Safari/537.36"
80.85.246.144 - - [05/May/2025:03:20:02 -0400] "GET /feed/ HTTP/1.1" 200 3248 "-" "Mozilla/5.0 (Macintosh; Intel Mac OS X 10_15_7) AppleWebKit/537.36 (KHTML, like Gecko) Chrome/133.0.0.0 Safari/537.36"
80.85.246.144 - - [05/May/2025:03:20:03 -0400] "GET /comments/feed/ HTTP/1.1" 200 787 "-" "Mozilla/5.0 (Macintosh; Intel Mac OS X 10_15_7) AppleWebKit/537.36 (KHTML, like Gecko) Chrome/133.0.0.0 Safari/537.36"
80.85.246.144 - - [05/May/2025:03:20:05 -0400] "GET /wp-json/ HTTP/1.1" 200 193963 "-" "Mozilla/5.0 (Macintosh; Intel Mac OS X 10_15_7) AppleWebKit/537.36 (KHTML, like Gecko) Chrome/133.0.0.0 Safari/537.36"
80.85.246.144 - - [05/May/2025:03:20:07 -0400] "GET /xmlrpc.php?rsd HTTP/1.1" 200 309 "-" "Mozilla/5.0 (Macintosh; Intel Mac OS X 10_15_7) AppleWebKit/537.36 (KHTML, like Gecko) Chrome/133.0.0.0 Safari/537.36"
80.85.246.144 - - [05/May/2025:03:20:08 -0400] "GET /wp-content/uploads/2023/05/new-light-logo-150x150.jpg HTTP/1.1" 200 5896 "-" "Mozilla/5.0 (Macintosh; Intel Mac OS X 10_15_7) AppleWebKit/537.36 (KHTML, like Gecko) Chrome/133.0.0.0 Safari/537.36"
80.85.246.144 - - [05/May/2025:03:20:08 -0400] "GET /wp-content/uploads/2023/05/new-light-logo-300x300.jpg HTTP/1.1" 200 15753 "-" "Mozilla/5.0 (Macintosh; Intel Mac OS X 10_15_7) AppleWebKit/537.36 (KHTML, like Gecko) Chrome/133.0.0.0 Safari/537.36"
80.85.246.144 - - [05/May/2025:03:20:09 -0400] "GET / HTTP/1.1" 200 13962 "-" "Mozilla/5.0 (Macintosh; Intel Mac OS X 10_15_7) AppleWebKit/537.36 (KHTML, like Gecko) Chrome/133.0.0.0 Safari/537.36"
212.34.153.180 - - [05/May/2025:03:21:30 -0400] "GET / HTTP/1.1" 200 13962 "-" "Mozilla/5.0 (Macintosh; Intel Mac OS X 10_15_7) AppleWebKit/537.36 (KHTML, like Gecko) Chrome/133.0.0.0 Safari/537.36"
212.34.153.180 - - [05/May/2025:03:21:32 -0400] "GET /feed/ HTTP/1.1" 200 3248 "-" "Mozilla/5.0 (Macintosh; Intel Mac OS X 10_15_7) AppleWebKit/537.36 (KHTML, like Gecko) Chrome/133.0.0.0 Safari/537.36"
212.34.153.180 - - [05/May/2025:03:21:34 -0400] "GET /comments/feed/ HTTP/1.1" 200 787 "-" "Mozilla/5.0 (Macintosh; Intel Mac OS X 10_15_7) AppleWebKit/537.36 (KHTML, like Gecko) Chrome/133.0.0.0 Safari/537.36"
212.34.153.180 - - [05/May/2025:03:21:35 -0400] "GET /wp-json/ HTTP/1.1" 200 193963 "-" "Mozilla/5.0 (Macintosh; Intel Mac OS X 10_15_7) AppleWebKit/537.36 (KHTML, like Gecko) Chrome/133.0.0.0 Safari/537.36"
212.34.153.180 - - [05/May/2025:03:21:37 -0400] "GET /xmlrpc.php?rsd HTTP/1.1" 200 309 "-" "Mozilla/5.0 (Macintosh; Intel Mac OS X 10_15_7) AppleWebKit/537.36 (KHTML, like Gecko) Chrome/133.0.0.0 Safari/537.36"
212.34.153.180 - - [05/May/2025:03:21:37 -0400] "GET /wp-content/uploads/2023/05/new-light-logo-150x150.jpg HTTP/1.1" 200 5896 "-" "Mozilla/5.0 (Macintosh; Intel Mac OS X 10_15_7) AppleWebKit/537.36 (KHTML, like Gecko) Chrome/133.0.0.0 Safari/537.36"
212.34.153.180 - - [05/May/2025:03:21:38 -0400] "GET /wp-content/uploads/2023/05/new-light-logo-300x300.jpg HTTP/1.1" 200 15753 "-" "Mozilla/5.0 (Macintosh; Intel Mac OS X 10_15_7) AppleWebKit/537.36 (KHTML, like Gecko) Chrome/133.0.0.0 Safari/537.36"
212.34.153.180 - - [05/May/2025:03:21:38 -0400] "GET / HTTP/1.1" 200 13962 "-" "Mozilla/5.0 (Macintosh; Intel Mac OS X 10_15_7) AppleWebKit/537.36 (KHTML, like Gecko) Chrome/133.0.0.0 Safari/537.36"
51.222.253.10 - - [05/May/2025:03:31:20 -0400] "GET /index.php?sitemap.xml HTTP/1.1" 301 0 "-" "Mozilla/5.0 (compatible; AhrefsBot/7.0; +http://ahrefs.com/robot/)"
51.222.253.10 - - [05/May/2025:03:31:20 -0400] "GET /?sitemap.xml HTTP/1.1" 200 12126 "-" "Mozilla/5.0 (compatible; AhrefsBot/7.0; +http://ahrefs.com/robot/)"
212.34.154.131 - - [05/May/2025:03:35:16 -0400] "GET / HTTP/1.1" 200 13978 "-" "Mozilla/5.0 (Macintosh; Intel Mac OS X 10_15_7) AppleWebKit/537.36 (KHTML, like Gecko) Chrome/133.0.0.0 Safari/537.36"
212.34.154.131 - - [05/May/2025:03:35:19 -0400] "GET /feed/ HTTP/1.1" 200 3248 "-" "Mozilla/5.0 (Macintosh; Intel Mac OS X 10_15_7) AppleWebKit/537.36 (KHTML, like Gecko) Chrome/133.0.0.0 Safari/537.36"
212.34.154.131 - - [05/May/2025:03:35:21 -0400] "GET /comments/feed/ HTTP/1.1" 200 787 "-" "Mozilla/5.0 (Macintosh; Intel Mac OS X 10_15_7) AppleWebKit/537.36 (KHTML, like Gecko) Chrome/133.0.0.0 Safari/537.36"
212.34.154.131 - - [05/May/2025:03:35:22 -0400] "GET /wp-json/ HTTP/1.1" 200 193963 "-" "Mozilla/5.0 (Macintosh; Intel Mac OS X 10_15_7) AppleWebKit/537.36 (KHTML, like Gecko) Chrome/133.0.0.0 Safari/537.36"
212.34.154.131 - - [05/May/2025:03:35:27 -0400] "GET /xmlrpc.php?rsd HTTP/1.1" 200 309 "-" "Mozilla/5.0 (Macintosh; Intel Mac OS X 10_15_7) AppleWebKit/537.36 (KHTML, like Gecko) Chrome/133.0.0.0 Safari/537.36"
212.34.154.131 - - [05/May/2025:03:35:28 -0400] "GET /wp-content/uploads/2023/05/new-light-logo-150x150.jpg HTTP/1.1" 200 5896 "-" "Mozilla/5.0 (Macintosh; Intel Mac OS X 10_15_7) AppleWebKit/537.36 (KHTML, like Gecko) Chrome/133.0.0.0 Safari/537.36"
212.34.154.131 - - [05/May/2025:03:35:29 -0400] "GET /wp-content/uploads/2023/05/new-light-logo-300x300.jpg HTTP/1.1" 200 15753 "-" "Mozilla/5.0 (Macintosh; Intel Mac OS X 10_15_7) AppleWebKit/537.36 (KHTML, like Gecko) Chrome/133.0.0.0 Safari/537.36"
212.34.154.131 - - [05/May/2025:03:35:30 -0400] "GET / HTTP/1.1" 200 13962 "-" "Mozilla/5.0 (Macintosh; Intel Mac OS X 10_15_7) AppleWebKit/537.36 (KHTML, like Gecko) Chrome/133.0.0.0 Safari/537.36"
195.26.225.209 - - [05/May/2025:04:18:00 -0400] "GET / HTTP/1.1" 200 14011 "-" "Mozilla/5.0 (Macintosh; Intel Mac OS X 10_15_7) AppleWebKit/537.36 (KHTML, like Gecko) Chrome/133.0.0.0 Safari/537.36"
195.26.225.209 - - [05/May/2025:04:18:07 -0400] "GET /feed/ HTTP/1.1" 200 3248 "-" "Mozilla/5.0 (Macintosh; Intel Mac OS X 10_15_7) AppleWebKit/537.36 (KHTML, like Gecko) Chrome/133.0.0.0 Safari/537.36"
195.26.225.209 - - [05/May/2025:04:18:11 -0400] "GET /comments/feed/ HTTP/1.1" 200 787 "-" "Mozilla/5.0 (Macintosh; Intel Mac OS X 10_15_7) AppleWebKit/537.36 (KHTML, like Gecko) Chrome/133.0.0.0 Safari/537.36"
