217.154.82.33 - - [03/May/2025:06:57:43 -0400] "GET /wp-content/themes/soccer-theme/include/lang_upload.php HTTP/1.1" 404 13 "-" "Mozilla/5.0 (iPhone; CPU iPhone OS 17_2 like Mac OS X) AppleWebKit/605.1.15 (KHTML, like Gecko) Version/17.2 Mobile/15E148 Safari/604.1"
217.154.82.33 - - [03/May/2025:06:57:45 -0400] "GET /wp-content/themes/churchlife/include/lang_upload.php HTTP/1.1" 404 13 "-" "Mozilla/5.0 (iPhone; CPU iPhone OS 17_2 like Mac OS X) AppleWebKit/605.1.15 (KHTML, like Gecko) Version/17.2 Mobile/15E148 Safari/604.1"
217.154.82.33 - - [03/May/2025:06:57:47 -0400] "GET /wp-content/themes/onelife/include/lang_upload.php HTTP/1.1" 404 13 "-" "Mozilla/5.0 (iPhone; CPU iPhone OS 17_2 like Mac OS X) AppleWebKit/605.1.15 (KHTML, like Gecko) Version/17.2 Mobile/15E148 Safari/604.1"
217.154.82.33 - - [03/May/2025:06:57:49 -0400] "GET /wp-content/themes/snapture/include/lang_upload.php HTTP/1.1" 404 13 "-" "Mozilla/5.0 (iPhone; CPU iPhone OS 17_2 like Mac OS X) AppleWebKit/605.1.15 (KHTML, like Gecko) Version/17.2 Mobile/15E148 Safari/604.1"
217.154.82.33 - - [03/May/2025:06:57:52 -0400] "GET /wp-content/themes/theme-deejay/include/lang_upload.php HTTP/1.1" 404 13 "-" "Mozilla/5.0 (iPhone; CPU iPhone OS 17_2 like Mac OS X) AppleWebKit/605.1.15 (KHTML, like Gecko) Version/17.2 Mobile/15E148 Safari/604.1"
217.154.82.33 - - [03/May/2025:06:57:52 -0400] "GET /wp-content/themes/bolster-theme/include/lang_upload.php HTTP/1.1" 404 13 "-" "Mozilla/5.0 (iPhone; CPU iPhone OS 17_2 like Mac OS X) AppleWebKit/605.1.15 (KHTML, like Gecko) Version/17.2 Mobile/15E148 Safari/604.1"
217.154.82.33 - - [03/May/2025:06:57:53 -0400] "GET /wp-content/themes/rocky-theme/include/lang_upload.php HTTP/1.1" 404 13 "-" "Mozilla/5.0 (iPhone; CPU iPhone OS 17_2 like Mac OS X) AppleWebKit/605.1.15 (KHTML, like Gecko) Version/17.2 Mobile/15E148 Safari/604.1"
217.154.82.33 - - [03/May/2025:06:57:54 -0400] "GET /wp-content/themes/bolster/include/lang_upload.php HTTP/1.1" 404 13 "-" "Mozilla/5.0 (iPhone; CPU iPhone OS 17_2 like Mac OS X) AppleWebKit/605.1.15 (KHTML, like Gecko) Version/17.2 Mobile/15E148 Safari/604.1"
217.154.82.33 - - [03/May/2025:06:57:59 -0400] "GET /wp-content/themes/soundblast/include/lang_upload.php HTTP/1.1" 404 13 "-" "Mozilla/5.0 (iPhone; CPU iPhone OS 17_2 like Mac OS X) AppleWebKit/605.1.15 (KHTML, like Gecko) Version/17.2 Mobile/15E148 Safari/604.1"
217.154.82.33 - - [03/May/2025:06:58:03 -0400] "GET /wp-content/themes/spikes-black/include/lang_upload.php HTTP/1.1" 404 13 "-" "Mozilla/5.0 (iPhone; CPU iPhone OS 17_2 like Mac OS X) AppleWebKit/605.1.15 (KHTML, like Gecko) Version/17.2 Mobile/15E148 Safari/604.1"
217.154.82.33 - - [03/May/2025:06:58:07 -0400] "GET /wp-content/themes/spikes/include/lang_upload.php HTTP/1.1" 404 13 "-" "Mozilla/5.0 (iPhone; CPU iPhone OS 17_2 like Mac OS X) AppleWebKit/605.1.15 (KHTML, like Gecko) Version/17.2 Mobile/15E148 Safari/604.1"
217.154.82.33 - - [03/May/2025:06:58:12 -0400] "GET /wp-content/themes/kingclub-theme/include/lang_upload.php HTTP/1.1" 404 13 "-" "Mozilla/5.0 (iPhone; CPU iPhone OS 17_2 like Mac OS X) AppleWebKit/605.1.15 (KHTML, like Gecko) Version/17.2 Mobile/15E148 Safari/604.1"
217.154.82.33 - - [03/May/2025:06:58:17 -0400] "GET /wp-content/themes/club-theme/include/lang_upload.php HTTP/1.1" 404 13 "-" "Mozilla/5.0 (iPhone; CPU iPhone OS 17_2 like Mac OS X) AppleWebKit/605.1.15 (KHTML, like Gecko) Version/17.2 Mobile/15E148 Safari/604.1"
217.154.82.33 - - [03/May/2025:06:58:21 -0400] "GET /wp-content/themes/statfort/include/lang_upload.php HTTP/1.1" 404 13 "-" "Mozilla/5.0 (iPhone; CPU iPhone OS 17_2 like Mac OS X) AppleWebKit/605.1.15 (KHTML, like Gecko) Version/17.2 Mobile/15E148 Safari/604.1"
217.154.82.33 - - [03/May/2025:06:58:24 -0400] "GET /wp-content/themes/aidreform/include/lang_upload.php HTTP/1.1" 404 13 "-" "Mozilla/5.0 (iPhone; CPU iPhone OS 17_2 like Mac OS X) AppleWebKit/605.1.15 (KHTML, like Gecko) Version/17.2 Mobile/15E148 Safari/604.1"
217.154.82.33 - - [03/May/2025:06:58:30 -0400] "GET /wp-content/themes/footysquare/include/lang_upload.php HTTP/1.1" 404 13 "-" "Mozilla/5.0 (iPhone; CPU iPhone OS 17_2 like Mac OS X) AppleWebKit/605.1.15 (KHTML, like Gecko) Version/17.2 Mobile/15E148 Safari/604.1"
217.154.82.33 - - [03/May/2025:06:58:32 -0400] "GET /wp-content/themes/westand/include/lang_upload.php HTTP/1.1" 404 13 "-" "Mozilla/5.0 (iPhone; CPU iPhone OS 17_2 like Mac OS X) AppleWebKit/605.1.15 (KHTML, like Gecko) Version/17.2 Mobile/15E148 Safari/604.1"
217.154.82.33 - - [03/May/2025:06:58:35 -0400] "GET /wp-content/plugins/dsp_dating/wpdating-gallery/lib/server/php/index.php HTTP/1.1" 404 13 "-" "Mozilla/5.0 (iPhone; CPU iPhone OS 17_2 like Mac OS X) AppleWebKit/605.1.15 (KHTML, like Gecko) Version/17.2 Mobile/15E148 Safari/604.1"
217.154.82.33 - - [03/May/2025:06:58:38 -0400] "GET /wp-content/plugins/yith-woocommerce-gift-cards-premium/readme.txt HTTP/1.1" 404 13 "-" "Mozilla/5.0 (iPhone; CPU iPhone OS 17_2 like Mac OS X) AppleWebKit/605.1.15 (KHTML, like Gecko) Version/17.2 Mobile/15E148 Safari/604.1"
217.154.82.33 - - [03/May/2025:06:58:39 -0400] "GET /wp-content/plugins/membership-for-woocommerce/readme.txt HTTP/1.1" 404 13 "-" "Mozilla/5.0 (iPhone; CPU iPhone OS 17_2 like Mac OS X) AppleWebKit/605.1.15 (KHTML, like Gecko) Version/17.2 Mobile/15E148 Safari/604.1"
217.154.82.33 - - [03/May/2025:06:58:39 -0400] "GET /wp-content/plugins/wp-upg/readme.txt HTTP/1.1" 404 13 "-" "Mozilla/5.0 (iPhone; CPU iPhone OS 17_2 like Mac OS X) AppleWebKit/605.1.15 (KHTML, like Gecko) Version/17.2 Mobile/15E148 Safari/604.1"
217.154.82.33 - - [03/May/2025:06:58:40 -0400] "GET /wp-content/plugins/booking-calendar/readme.txt HTTP/1.1" 404 13 "-" "Mozilla/5.0 (iPhone; CPU iPhone OS 17_2 like Mac OS X) AppleWebKit/605.1.15 (KHTML, like Gecko) Version/17.2 Mobile/15E148 Safari/604.1"
217.154.82.33 - - [03/May/2025:06:58:42 -0400] "GET /wp-content/plugins/woo-refund-and-exchange-lite/readme.txt HTTP/1.1" 404 13 "-" "Mozilla/5.0 (iPhone; CPU iPhone OS 17_2 like Mac OS X) AppleWebKit/605.1.15 (KHTML, like Gecko) Version/17.2 Mobile/15E148 Safari/604.1"
217.154.82.33 - - [03/May/2025:06:58:46 -0400] "GET /wp-content/plugins/armember/js/arm_widgets_js.js HTTP/1.1" 404 13 "-" "Mozilla/5.0 (iPhone; CPU iPhone OS 17_2 like Mac OS X) AppleWebKit/605.1.15 (KHTML, like Gecko) Version/17.2 Mobile/15E148 Safari/604.1"
217.154.82.33 - - [03/May/2025:06:58:49 -0400] "GET /wp-content/plugins/armember/documentation/index.html HTTP/1.1" 404 13 "-" "Mozilla/5.0 (iPhone; CPU iPhone OS 17_2 like Mac OS X) AppleWebKit/605.1.15 (KHTML, like Gecko) Version/17.2 Mobile/15E148 Safari/604.1"
217.154.82.33 - - [03/May/2025:06:58:50 -0400] "GET /wp-content/plugins/jobboardwp/readme.txt HTTP/1.1" 404 13 "-" "Mozilla/5.0 (iPhone; CPU iPhone OS 17_2 like Mac OS X) AppleWebKit/605.1.15 (KHTML, like Gecko) Version/17.2 Mobile/15E148 Safari/604.1"
217.154.82.33 - - [03/May/2025:06:58:52 -0400] "GET /wp-content/themes/listingo/readme.txt HTTP/1.1" 404 13 "-" "Mozilla/5.0 (iPhone; CPU iPhone OS 17_2 like Mac OS X) AppleWebKit/605.1.15 (KHTML, like Gecko) Version/17.2 Mobile/15E148 Safari/604.1"
217.154.82.33 - - [03/May/2025:06:58:53 -0400] "GET /wp-content/themes/listingo/js/listingo_callbacks.js HTTP/1.1" 404 13 "-" "Mozilla/5.0 (iPhone; CPU iPhone OS 17_2 like Mac OS X) AppleWebKit/605.1.15 (KHTML, like Gecko) Version/17.2 Mobile/15E148 Safari/604.1"
217.154.82.33 - - [03/May/2025:06:58:54 -0400] "GET /wp-content/themes/greyd_suite/style.css HTTP/1.1" 404 13 "-" "Mozilla/5.0 (iPhone; CPU iPhone OS 17_2 like Mac OS X) AppleWebKit/605.1.15 (KHTML, like Gecko) Version/17.2 Mobile/15E148 Safari/604.1"
217.154.82.33 - - [03/May/2025:06:58:55 -0400] "GET /wp-content/plugins/alphabetic-pagination/readme.txt HTTP/1.1" 404 13 "-" "Mozilla/5.0 (iPhone; CPU iPhone OS 17_2 like Mac OS X) AppleWebKit/605.1.15 (KHTML, like Gecko) Version/17.2 Mobile/15E148 Safari/604.1"
217.154.82.33 - - [03/May/2025:06:58:56 -0400] "GET /wp-content/plugins/scripts-organizer/plugins/meta-box/readme.txt HTTP/1.1" 404 13 "-" "Mozilla/5.0 (iPhone; CPU iPhone OS 17_2 like Mac OS X) AppleWebKit/605.1.15 (KHTML, like Gecko) Version/17.2 Mobile/15E148 Safari/604.1"
217.154.82.33 - - [03/May/2025:06:58:58 -0400] "GET /wp-content/themes/workreap/style.css HTTP/1.1" 404 13 "-" "Mozilla/5.0 (iPhone; CPU iPhone OS 17_2 like Mac OS X) AppleWebKit/605.1.15 (KHTML, like Gecko) Version/17.2 Mobile/15E148 Safari/604.1"
217.154.82.33 - - [03/May/2025:06:58:59 -0400] "GET /wp-content/plugins/wpgateway/css/style.css HTTP/1.1" 404 13 "-" "Mozilla/5.0 (iPhone; CPU iPhone OS 17_2 like Mac OS X) AppleWebKit/605.1.15 (KHTML, like Gecko) Version/17.2 Mobile/15E148 Safari/604.1"
217.154.82.33 - - [03/May/2025:06:59:01 -0400] "GET /wp-content/plugins/ultimate-member/readme.txt HTTP/1.1" 404 13 "-" "Mozilla/5.0 (iPhone; CPU iPhone OS 17_2 like Mac OS X) AppleWebKit/605.1.15 (KHTML, like Gecko) Version/17.2 Mobile/15E148 Safari/604.1"
217.154.82.33 - - [03/May/2025:06:59:03 -0400] "GET /wp-content/plugins/ninja-forms/readme.txt HTTP/1.1" 404 13 "-" "Mozilla/5.0 (iPhone; CPU iPhone OS 17_2 like Mac OS X) AppleWebKit/605.1.15 (KHTML, like Gecko) Version/17.2 Mobile/15E148 Safari/604.1"
217.154.82.33 - - [03/May/2025:06:59:07 -0400] "GET /wp-content/plugins/armember-membership/readme.txt HTTP/1.1" 404 13 "-" "Mozilla/5.0 (iPhone; CPU iPhone OS 17_2 like Mac OS X) AppleWebKit/605.1.15 (KHTML, like Gecko) Version/17.2 Mobile/15E148 Safari/604.1"
217.154.82.33 - - [03/May/2025:06:59:10 -0400] "GET /wp-content/plugins/wp-live-chat-support-pro/css/wplc_styles_pro.css HTTP/1.1" 404 13 "-" "Mozilla/5.0 (iPhone; CPU iPhone OS 17_2 like Mac OS X) AppleWebKit/605.1.15 (KHTML, like Gecko) Version/17.2 Mobile/15E148 Safari/604.1"
217.154.82.33 - - [03/May/2025:06:59:14 -0400] "GET /wp-content/plugins/wp-user-avatar/changelog.txt HTTP/1.1" 404 13 "-" "Mozilla/5.0 (iPhone; CPU iPhone OS 17_2 like Mac OS X) AppleWebKit/605.1.15 (KHTML, like Gecko) Version/17.2 Mobile/15E148 Safari/604.1"
217.154.82.33 - - [03/May/2025:06:59:16 -0400] "GET /wp-content/plugins/sitemap-by-click5/readme.txt HTTP/1.1" 404 13 "-" "Mozilla/5.0 (iPhone; CPU iPhone OS 17_2 like Mac OS X) AppleWebKit/605.1.15 (KHTML, like Gecko) Version/17.2 Mobile/15E148 Safari/604.1"
217.154.82.33 - - [03/May/2025:06:59:18 -0400] "GET /wp-content/plugins/nd-restaurant-reservations/readme.txt HTTP/1.1" 404 13 "-" "Mozilla/5.0 (iPhone; CPU iPhone OS 17_2 like Mac OS X) AppleWebKit/605.1.15 (KHTML, like Gecko) Version/17.2 Mobile/15E148 Safari/604.1"
217.154.82.33 - - [03/May/2025:06:59:19 -0400] "GET /wp-content/plugins/nd-donations/readme.txt HTTP/1.1" 404 13 "-" "Mozilla/5.0 (iPhone; CPU iPhone OS 17_2 like Mac OS X) AppleWebKit/605.1.15 (KHTML, like Gecko) Version/17.2 Mobile/15E148 Safari/604.1"
217.154.82.33 - - [03/May/2025:06:59:20 -0400] "GET /wp-content/plugins/nd-booking/readme.txt HTTP/1.1" 404 13 "-" "Mozilla/5.0 (iPhone; CPU iPhone OS 17_2 like Mac OS X) AppleWebKit/605.1.15 (KHTML, like Gecko) Version/17.2 Mobile/15E148 Safari/604.1"
217.154.82.33 - - [03/May/2025:06:59:20 -0400] "GET /wp-content/plugins/nd-shortcodes/readme.txt HTTP/1.1" 404 13 "-" "Mozilla/5.0 (iPhone; CPU iPhone OS 17_2 like Mac OS X) AppleWebKit/605.1.15 (KHTML, like Gecko) Version/17.2 Mobile/15E148 Safari/604.1"
217.154.82.33 - - [03/May/2025:06:59:21 -0400] "GET /wp-content/plugins/nd-learning/readme.txt HTTP/1.1" 404 13 "-" "Mozilla/5.0 (iPhone; CPU iPhone OS 17_2 like Mac OS X) AppleWebKit/605.1.15 (KHTML, like Gecko) Version/17.2 Mobile/15E148 Safari/604.1"
217.154.82.33 - - [03/May/2025:06:59:23 -0400] "GET /wp-content/plugins/wpcargo/readme.txt HTTP/1.1" 404 13 "-" "Mozilla/5.0 (iPhone; CPU iPhone OS 17_2 like Mac OS X) AppleWebKit/605.1.15 (KHTML, like Gecko) Version/17.2 Mobile/15E148 Safari/604.1"
217.154.82.33 - - [03/May/2025:06:59:24 -0400] "GET /wp-content/plugins/woo-product-table/readme.txt HTTP/1.1" 404 13 "-" "Mozilla/5.0 (iPhone; CPU iPhone OS 17_2 like Mac OS X) AppleWebKit/605.1.15 (KHTML, like Gecko) Version/17.2 Mobile/15E148 Safari/604.1"
217.154.82.33 - - [03/May/2025:06:59:28 -0400] "GET /wp-content/plugins/tatsu/changelog.md HTTP/1.1" 404 13 "-" "Mozilla/5.0 (iPhone; CPU iPhone OS 17_2 like Mac OS X) AppleWebKit/605.1.15 (KHTML, like Gecko) Version/17.2 Mobile/15E148 Safari/604.1"
217.154.82.33 - - [03/May/2025:06:59:29 -0400] "GET /wp-content/plugins/masterstudy-lms-learning-management-system/readme.txt HTTP/1.1" 404 13 "-" "Mozilla/5.0 (iPhone; CPU iPhone OS 17_2 like Mac OS X) AppleWebKit/605.1.15 (KHTML, like Gecko) Version/17.2 Mobile/15E148 Safari/604.1"
217.154.82.33 - - [03/May/2025:06:59:31 -0400] "GET /wp-content/plugins/wp-file-manager/readme.txt HTTP/1.1" 404 13 "-" "Mozilla/5.0 (iPhone; CPU iPhone OS 17_2 like Mac OS X) AppleWebKit/605.1.15 (KHTML, like Gecko) Version/17.2 Mobile/15E148 Safari/604.1"
217.154.82.33 - - [03/May/2025:06:59:33 -0400] "GET /wp-content/plugins/vc-tabs/readme.txt HTTP/1.1" 404 13 "-" "Mozilla/5.0 (iPhone; CPU iPhone OS 17_2 like Mac OS X) AppleWebKit/605.1.15 (KHTML, like Gecko) Version/17.2 Mobile/15E148 Safari/604.1"
217.154.82.33 - - [03/May/2025:06:59:33 -0400] "GET /wp-content/plugins/shortcode-addons/readme.txt HTTP/1.1" 404 13 "-" "Mozilla/5.0 (iPhone; CPU iPhone OS 17_2 like Mac OS X) AppleWebKit/605.1.15 (KHTML, like Gecko) Version/17.2 Mobile/15E148 Safari/604.1"
217.154.82.33 - - [03/May/2025:06:59:35 -0400] "GET /wp-content/plugins/dzs-zoomsounds/admin/admin.css HTTP/1.1" 404 13 "-" "Mozilla/5.0 (iPhone; CPU iPhone OS 17_2 like Mac OS X) AppleWebKit/605.1.15 (KHTML, like Gecko) Version/17.2 Mobile/15E148 Safari/604.1"
217.154.82.33 - - [03/May/2025:06:59:36 -0400] "GET /wp-content/plugins/mstore-api/readme.txt HTTP/1.1" 404 13 "-" "Mozilla/5.0 (iPhone; CPU iPhone OS 17_2 like Mac OS X) AppleWebKit/605.1.15 (KHTML, like Gecko) Version/17.2 Mobile/15E148 Safari/604.1"
217.154.82.33 - - [03/May/2025:06:59:39 -0400] "GET /wp-content/plugins/superlogoshowcase-wp/css/sls-wp-admin.css HTTP/1.1" 404 13 "-" "Mozilla/5.0 (iPhone; CPU iPhone OS 17_2 like Mac OS X) AppleWebKit/605.1.15 (KHTML, like Gecko) Version/17.2 Mobile/15E148 Safari/604.1"
217.154.82.33 - - [03/May/2025:06:59:40 -0400] "GET /wp-content/plugins/super-interactive-maps/css/sim-wp-admin.css HTTP/1.1" 404 13 "-" "Mozilla/5.0 (iPhone; CPU iPhone OS 17_2 like Mac OS X) AppleWebKit/605.1.15 (KHTML, like Gecko) Version/17.2 Mobile/15E148 Safari/604.1"
217.154.82.33 - - [03/May/2025:06:59:41 -0400] "GET /wp-content/plugins/superstorefinder-wp/css/ssf-wp-admin.css HTTP/1.1" 404 13 "-" "Mozilla/5.0 (iPhone; CPU iPhone OS 17_2 like Mac OS X) AppleWebKit/605.1.15 (KHTML, like Gecko) Version/17.2 Mobile/15E148 Safari/604.1"
217.154.82.33 - - [03/May/2025:06:59:43 -0400] "GET /wp-content/plugins/e-signature/page-template/default/style.css HTTP/1.1" 404 13 "-" "Mozilla/5.0 (iPhone; CPU iPhone OS 17_2 like Mac OS X) AppleWebKit/605.1.15 (KHTML, like Gecko) Version/17.2 Mobile/15E148 Safari/604.1"
217.154.82.33 - - [03/May/2025:06:59:44 -0400] "GET /wp-content/plugins/angwp/__%20UPDATES.txt HTTP/1.1" 404 13 "-" "Mozilla/5.0 (iPhone; CPU iPhone OS 17_2 like Mac OS X) AppleWebKit/605.1.15 (KHTML, like Gecko) Version/17.2 Mobile/15E148 Safari/604.1"
217.154.82.33 - - [03/May/2025:06:59:46 -0400] "GET /wp-content/plugins/ait-csv-import-export/changelog.txt HTTP/1.1" 404 13 "-" "Mozilla/5.0 (iPhone; CPU iPhone OS 17_2 like Mac OS X) AppleWebKit/605.1.15 (KHTML, like Gecko) Version/17.2 Mobile/15E148 Safari/604.1"
217.154.82.33 - - [03/May/2025:06:59:51 -0400] "GET /wp-content/plugins/image-hover-effects-ultimate/readme.txt HTTP/1.1" 404 13 "-" "Mozilla/5.0 (iPhone; CPU iPhone OS 17_2 like Mac OS X) AppleWebKit/605.1.15 (KHTML, like Gecko) Version/17.2 Mobile/15E148 Safari/604.1"
217.154.82.33 - - [03/May/2025:06:59:53 -0400] "GET /wp-content/plugins/ulisting/readme.txt HTTP/1.1" 404 13 "-" "Mozilla/5.0 (iPhone; CPU iPhone OS 17_2 like Mac OS X) AppleWebKit/605.1.15 (KHTML, like Gecko) Version/17.2 Mobile/15E148 Safari/604.1"
217.154.82.33 - - [03/May/2025:06:59:57 -0400] "GET /wp-content/plugins/wp-pinterest-automatic/changelog HTTP/1.1" 404 13 "-" "Mozilla/5.0 (iPhone; CPU iPhone OS 17_2 like Mac OS X) AppleWebKit/605.1.15 (KHTML, like Gecko) Version/17.2 Mobile/15E148 Safari/604.1"
217.154.82.33 - - [03/May/2025:07:00:01 -0400] "GET /wp-content/plugins/capabilities-pro/readme.txt HTTP/1.1" 404 13 "-" "Mozilla/5.0 (iPhone; CPU iPhone OS 17_2 like Mac OS X) AppleWebKit/605.1.15 (KHTML, like Gecko) Version/17.2 Mobile/15E148 Safari/604.1"
217.154.82.33 - - [03/May/2025:07:00:06 -0400] "GET /wp-content/plugins/capability-manager-enhanced/readme.txt HTTP/1.1" 404 13 "-" "Mozilla/5.0 (iPhone; CPU iPhone OS 17_2 like Mac OS X) AppleWebKit/605.1.15 (KHTML, like Gecko) Version/17.2 Mobile/15E148 Safari/604.1"
217.154.82.33 - - [03/May/2025:07:00:07 -0400] "GET /wp-content/plugins/wp-automatic/css/wp-automatic.css HTTP/1.1" 404 13 "-" "Mozilla/5.0 (iPhone; CPU iPhone OS 17_2 like Mac OS X) AppleWebKit/605.1.15 (KHTML, like Gecko) Version/17.2 Mobile/15E148 Safari/604.1"
217.154.82.33 - - [03/May/2025:07:00:08 -0400] "GET /wp-content/plugins/wp-automatic/changelog HTTP/1.1" 404 13 "-" "Mozilla/5.0 (iPhone; CPU iPhone OS 17_2 like Mac OS X) AppleWebKit/605.1.15 (KHTML, like Gecko) Version/17.2 Mobile/15E148 Safari/604.1"
217.154.82.33 - - [03/May/2025:07:00:12 -0400] "GET /wp-content/plugins/wp-user-extra-fields/js/wpuef-configurator.js HTTP/1.1" 404 13 "-" "Mozilla/5.0 (iPhone; CPU iPhone OS 17_2 like Mac OS X) AppleWebKit/605.1.15 (KHTML, like Gecko) Version/17.2 Mobile/15E148 Safari/604.1"
217.154.82.33 - - [03/May/2025:07:00:13 -0400] "GET /wp-content/plugins/woocommerce-upload-files/js/wcuf-admin-menu.js HTTP/1.1" 404 13 "-" "Mozilla/5.0 (iPhone; CPU iPhone OS 17_2 like Mac OS X) AppleWebKit/605.1.15 (KHTML, like Gecko) Version/17.2 Mobile/15E148 Safari/604.1"
199.188.205.55 - - [03/May/2025:07:41:06 -0400] "POST /wp-cron.php?doing_wp_cron=1746272466.4950990676879882812500 HTTP/1.1" 403 13 "-" "WordPress/6.8; http://newlighthss.edu.np"
34.249.66.156 - - [03/May/2025:07:41:02 -0400] "GET / HTTP/1.0" 200 55707 "-" "Mozilla/5.0 (compatible; NetcraftSurveyAgent/1.0; +info@netcraft.com)"
199.188.205.55 - - [03/May/2025:07:53:15 -0400] "POST /wp-cron.php?doing_wp_cron=1746273195.0910990238189697265625 HTTP/1.1" 403 13 "-" "WordPress/6.8; http://newlighthss.edu.np"
54.36.149.86 - - [03/May/2025:07:53:11 -0400] "GET /index.php?sitemap.xml HTTP/1.1" 301 0 "-" "Mozilla/5.0 (compatible; AhrefsBot/7.0; +http://ahrefs.com/robot/)"
54.36.149.86 - - [03/May/2025:07:53:15 -0400] "GET /?sitemap.xml HTTP/1.1" 200 12121 "-" "Mozilla/5.0 (compatible; AhrefsBot/7.0; +http://ahrefs.com/robot/)"
66.249.79.134 - - [03/May/2025:09:14:37 -0400] "GET /robots.txt HTTP/1.1" 200 126 "-" "Mozilla/5.0 (compatible; Googlebot/2.1; +http://www.google.com/bot.html)"
66.249.79.134 - - [03/May/2025:09:15:03 -0400] "GET /gallery/?319468=moped HTTP/1.1" 404 13 "-" "Mozilla/5.0 (Linux; Android 6.0.1; Nexus 5X Build/MMB29P) AppleWebKit/537.36 (KHTML, like Gecko) Chrome/135.0.7049.95 Mobile Safari/537.36 (compatible; Googlebot/2.1; +http://www.google.com/bot.html)"
54.36.148.77 - - [03/May/2025:09:40:06 -0400] "GET /index.php?sitemap.xml HTTP/1.1" 301 0 "-" "Mozilla/5.0 (compatible; AhrefsBot/7.0; +http://ahrefs.com/robot/)"
54.36.148.77 - - [03/May/2025:09:40:12 -0400] "GET /?sitemap.xml HTTP/1.1" 200 12091 "-" "Mozilla/5.0 (compatible; AhrefsBot/7.0; +http://ahrefs.com/robot/)"
66.249.79.134 - - [03/May/2025:10:22:15 -0400] "GET /vintagegame.html HTTP/1.1" 404 13 "-" "Mozilla/5.0 (Linux; Android 6.0.1; Nexus 5X Build/MMB29P) AppleWebKit/537.36 (KHTML, like Gecko) Chrome/135.0.7049.95 Mobile Safari/537.36 (compatible; Googlebot/2.1; +http://www.google.com/bot.html)"
196.251.115.39 - - [03/May/2025:11:16:32 -0400] "POST /ss.php HTTP/1.1" 404 13 "-" "python-requests/2.27.1"
54.36.149.102 - - [03/May/2025:11:28:00 -0400] "GET /robots.txt HTTP/1.1" 200 126 "-" "Mozilla/5.0 (compatible; AhrefsBot/7.0; +http://ahrefs.com/robot/)"
199.188.205.55 - - [03/May/2025:11:28:35 -0400] "POST /wp-cron.php?doing_wp_cron=1746286115.0279879570007324218750 HTTP/1.1" 403 13 "-" "WordPress/6.8; http://newlighthss.edu.np"
51.222.253.6 - - [03/May/2025:11:28:32 -0400] "GET /index.php?sitemap.xml HTTP/1.1" 301 0 "-" "Mozilla/5.0 (compatible; AhrefsBot/7.0; +http://ahrefs.com/robot/)"
51.222.253.6 - - [03/May/2025:11:28:35 -0400] "GET /?sitemap.xml HTTP/1.1" 200 12091 "-" "Mozilla/5.0 (compatible; AhrefsBot/7.0; +http://ahrefs.com/robot/)"
66.249.79.134 - - [03/May/2025:11:40:36 -0400] "GET /news/?905671=Taipei HTTP/1.1" 404 13 "-" "Mozilla/5.0 (Linux; Android 6.0.1; Nexus 5X Build/MMB29P) AppleWebKit/537.36 (KHTML, like Gecko) Chrome/135.0.7049.95 Mobile Safari/537.36 (compatible; Googlebot/2.1; +http://www.google.com/bot.html)"
199.188.205.55 - - [03/May/2025:12:42:58 -0400] "POST /wp-cron.php?doing_wp_cron=1746290578.3079669475555419921875 HTTP/1.1" 403 13 "-" "WordPress/6.8; http://newlighthss.edu.np"
51.222.253.14 - - [03/May/2025:12:42:56 -0400] "GET /index.php?sitemap.xml HTTP/1.1" 301 0 "-" "Mozilla/5.0 (compatible; AhrefsBot/7.0; +http://ahrefs.com/robot/)"
51.222.253.14 - - [03/May/2025:12:42:58 -0400] "GET /?sitemap.xml HTTP/1.1" 200 12091 "-" "Mozilla/5.0 (compatible; AhrefsBot/7.0; +http://ahrefs.com/robot/)"
66.249.79.136 - - [03/May/2025:13:27:14 -0400] "GET /category/uncategorized/ HTTP/1.1" 404 13 "-" "Mozilla/5.0 (Linux; Android 6.0.1; Nexus 5X Build/MMB29P) AppleWebKit/537.36 (KHTML, like Gecko) Chrome/135.0.7049.95 Mobile Safari/537.36 (compatible; Googlebot/2.1; +http://www.google.com/bot.html)"
199.188.205.55 - - [03/May/2025:14:42:49 -0400] "POST /wp-cron.php?doing_wp_cron=1746297769.4334149360656738281250 HTTP/1.1" 403 13 "-" "WordPress/6.8; http://newlighthss.edu.np"
199.188.205.55 - - [03/May/2025:14:42:46 -0400] "GET / HTTP/1.1" 200 55707 "-" "Mozilla/5.0 (Windows NT 10.0; Win64; x64; rv:122.0) Gecko/20100101 Firefox/122.0"
199.188.205.55 - - [03/May/2025:15:13:07 -0400] "POST /wp-cron.php?doing_wp_cron=1746299587.6163449287414550781250 HTTP/1.1" 403 13 "-" "WordPress/6.8; http://newlighthss.edu.np"
51.222.253.11 - - [03/May/2025:15:13:05 -0400] "GET /index.php?sitemap.xml HTTP/1.1" 301 0 "-" "Mozilla/5.0 (compatible; AhrefsBot/7.0; +http://ahrefs.com/robot/)"
51.222.253.11 - - [03/May/2025:15:13:08 -0400] "GET /?sitemap.xml HTTP/1.1" 200 12091 "-" "Mozilla/5.0 (compatible; AhrefsBot/7.0; +http://ahrefs.com/robot/)"
66.249.79.134 - - [03/May/2025:15:44:30 -0400] "GET /scholarship/?73104=smear HTTP/1.1" 404 13 "-" "Mozilla/5.0 (Linux; Android 6.0.1; Nexus 5X Build/MMB29P) AppleWebKit/537.36 (KHTML, like Gecko) Chrome/135.0.7049.95 Mobile Safari/537.36 (compatible; Googlebot/2.1; +http://www.google.com/bot.html)"
3.78.221.17 - - [03/May/2025:16:29:52 -0400] "GET /wp-content/plugins/essential-addons-for-elementor-lite/readme.txt HTTP/1.1" 404 13 "www.google.com" "Mozilla/6.4 (Windows NT 11.1) Gecko/2010102 Firefox/99.0"
173.252.83.1 - - [03/May/2025:16:33:23 -0400] "GET /robots.txt HTTP/1.1" 206 126 "-" "facebookexternalhit/1.1 (+http://www.facebook.com/externalhit_uatext.php)"
199.188.205.55 - - [03/May/2025:17:32:44 -0400] "POST /wp-cron.php?doing_wp_cron=1746307964.4367079734802246093750 HTTP/1.1" 403 13 "-" "WordPress/6.8; http://newlighthss.edu.np"
51.222.253.3 - - [03/May/2025:17:32:40 -0400] "GET /index.php?sitemap.xml HTTP/1.1" 301 0 "-" "Mozilla/5.0 (compatible; AhrefsBot/7.0; +http://ahrefs.com/robot/)"
51.222.253.3 - - [03/May/2025:17:32:45 -0400] "GET /?sitemap.xml HTTP/1.1" 200 12091 "-" "Mozilla/5.0 (compatible; AhrefsBot/7.0; +http://ahrefs.com/robot/)"
66.249.79.134 - - [03/May/2025:19:37:36 -0400] "GET /about-us/ HTTP/1.1" 404 13 "-" "Mozilla/5.0 (Linux; Android 6.0.1; Nexus 5X Build/MMB29P) AppleWebKit/537.36 (KHTML, like Gecko) Chrome/135.0.7049.95 Mobile Safari/537.36 (compatible; Googlebot/2.1; +http://www.google.com/bot.html)"
66.249.79.134 - - [03/May/2025:20:27:16 -0400] "GET /wp-content/uploads/2023/05/New-Light-School-2.jpg HTTP/1.1" 200 113101 "-" "Googlebot-Image/1.0"
66.249.79.134 - - [03/May/2025:20:31:50 -0400] "GET /wp-content/uploads/2023/05/new-light-logo-150x150.jpg HTTP/1.1" 200 5896 "-" "Googlebot-Image/1.0"
199.188.205.55 - - [03/May/2025:20:42:15 -0400] "POST /wp-cron.php?doing_wp_cron=1746319334.9831790924072265625000 HTTP/1.1" 403 13 "-" "WordPress/6.8; http://newlighthss.edu.np"
51.222.253.12 - - [03/May/2025:20:42:13 -0400] "GET /index.php?sitemap.xml HTTP/1.1" 301 0 "-" "Mozilla/5.0 (compatible; AhrefsBot/7.0; +http://ahrefs.com/robot/)"
51.222.253.12 - - [03/May/2025:20:42:15 -0400] "GET /?sitemap.xml HTTP/1.1" 200 12163 "-" "Mozilla/5.0 (compatible; AhrefsBot/7.0; +http://ahrefs.com/robot/)"
196.251.80.228 - - [03/May/2025:21:41:25 -0400] "GET /wp-content/themes/seotheme/db.php?u HTTP/1.1" 404 13 "www.google.com" "Mozlila/5.0 (Linux; Android 7.0; SM-G892A Bulid/NRD90M; wv) AppleWebKit/537.36 (KHTML, like Gecko) Version/4.0 Chrome/60.0.3112.107 Moblie Safari/537.36"
196.251.80.228 - - [03/May/2025:21:41:25 -0400] "GET /wp-content/plugins/fix/up.php HTTP/1.1" 404 13 "-" "Mozilla/5.0 (Windows NT 10.0; Win64; x64) AppleWebKit/537.36 (KHTML, like Gecko) Chrome/85.0.4183.102 Safari/537.36"
66.249.79.134 - - [03/May/2025:21:52:37 -0400] "GET /gallery/?442968=moped HTTP/1.1" 404 13 "-" "Mozilla/5.0 (Linux; Android 6.0.1; Nexus 5X Build/MMB29P) AppleWebKit/537.36 (KHTML, like Gecko) Chrome/135.0.7049.95 Mobile Safari/537.36 (compatible; Googlebot/2.1; +http://www.google.com/bot.html)"
66.249.79.134 - - [03/May/2025:21:53:49 -0400] "GET /gallery/?565688=Persia HTTP/1.1" 404 13 "-" "Mozilla/5.0 (Linux; Android 6.0.1; Nexus 5X Build/MMB29P) AppleWebKit/537.36 (KHTML, like Gecko) Chrome/135.0.7049.95 Mobile Safari/537.36 (compatible; Googlebot/2.1; +http://www.google.com/bot.html)"
66.249.79.135 - - [03/May/2025:21:59:39 -0400] "GET /news/?625131=displease HTTP/1.1" 404 13 "-" "Mozilla/5.0 (Linux; Android 6.0.1; Nexus 5X Build/MMB29P) AppleWebKit/537.36 (KHTML, like Gecko) Chrome/135.0.7049.95 Mobile Safari/537.36 (compatible; Googlebot/2.1; +http://www.google.com/bot.html)"
199.188.205.55 - - [03/May/2025:22:02:29 -0400] "POST /wp-cron.php?doing_wp_cron=1746324149.0763099193572998046875 HTTP/1.1" 403 13 "-" "WordPress/6.8; http://newlighthss.edu.np"
51.222.253.7 - - [03/May/2025:22:02:27 -0400] "GET /index.php?sitemap.xml HTTP/1.1" 301 0 "-" "Mozilla/5.0 (compatible; AhrefsBot/7.0; +http://ahrefs.com/robot/)"
51.222.253.7 - - [03/May/2025:22:02:29 -0400] "GET /?sitemap.xml HTTP/1.1" 200 12163 "-" "Mozilla/5.0 (compatible; AhrefsBot/7.0; +http://ahrefs.com/robot/)"
66.249.79.135 - - [03/May/2025:22:10:38 -0400] "GET /wp-includes/ HTTP/1.1" 200 0 "-" "Mozilla/5.0 (Linux; Android 6.0.1; Nexus 5X Build/MMB29P) AppleWebKit/537.36 (KHTML, like Gecko) Chrome/135.0.7049.95 Mobile Safari/537.36 (compatible; Googlebot/2.1; +http://www.google.com/bot.html)"
4.227.36.2 - - [03/May/2025:22:47:42 -0400] "GET /robots.txt HTTP/1.1" 200 126 "-" "Mozilla/5.0 AppleWebKit/537.36 (KHTML, like Gecko; compatible; GPTBot/1.2; +https://openai.com/gptbot)"
199.188.205.55 - - [03/May/2025:22:47:55 -0400] "POST /wp-cron.php?doing_wp_cron=1746326875.5801000595092773437500 HTTP/1.1" 403 13 "-" "WordPress/6.8; http://newlighthss.edu.np"
20.171.207.114 - - [03/May/2025:22:47:52 -0400] "GET / HTTP/1.1" 200 12091 "-" "Mozilla/5.0 AppleWebKit/537.36 (KHTML, like Gecko; compatible; GPTBot/1.2; +https://openai.com/gptbot)"
20.171.207.114 - - [03/May/2025:22:47:58 -0400] "GET /wp-content/themes/twentytwentythree/assets/fonts/ibm-plex-mono/IBMPlexMono-Italic.woff2 HTTP/1.1" 200 38924 "-" "Mozilla/5.0 AppleWebKit/537.36 (KHTML, like Gecko; compatible; GPTBot/1.2; +https://openai.com/gptbot)"
20.171.207.114 - - [03/May/2025:22:48:01 -0400] "GET /wp-json/ HTTP/1.1" 404 13 "-" "Mozilla/5.0 AppleWebKit/537.36 (KHTML, like Gecko; compatible; GPTBot/1.2; +https://openai.com/gptbot)"
20.171.207.114 - - [03/May/2025:22:48:05 -0400] "GET /wp-content/themes/twentytwentythree/assets/fonts/inter/Inter-VariableFont_slnt,wght.ttf HTTP/1.1" 200 803384 "-" "Mozilla/5.0 AppleWebKit/537.36 (KHTML, like Gecko; compatible; GPTBot/1.2; +https://openai.com/gptbot)"
20.171.207.114 - - [03/May/2025:22:48:09 -0400] "GET /feed/ HTTP/1.1" 404 13 "-" "Mozilla/5.0 AppleWebKit/537.36 (KHTML, like Gecko; compatible; GPTBot/1.2; +https://openai.com/gptbot)"
20.171.207.114 - - [03/May/2025:22:48:16 -0400] "GET /wp-content/themes/twentytwentythree/assets/fonts/dm-sans/DMSans-Regular-Italic.woff2 HTTP/1.1" 200 32492 "-" "Mozilla/5.0 AppleWebKit/537.36 (KHTML, like Gecko; compatible; GPTBot/1.2; +https://openai.com/gptbot)"
20.171.207.114 - - [03/May/2025:22:48:19 -0400] "GET /wp-content/themes/twentytwentythree/assets/fonts/dm-sans/DMSans-Bold-Italic.woff2 HTTP/1.1" 200 32784 "-" "Mozilla/5.0 AppleWebKit/537.36 (KHTML, like Gecko; compatible; GPTBot/1.2; +https://openai.com/gptbot)"
20.171.207.114 - - [03/May/2025:22:48:22 -0400] "GET /wp-content/themes/twentytwentythree/assets/fonts/ibm-plex-mono/IBMPlexMono-Bold.woff2 HTTP/1.1" 200 35652 "-" "Mozilla/5.0 AppleWebKit/537.36 (KHTML, like Gecko; compatible; GPTBot/1.2; +https://openai.com/gptbot)"
20.171.207.114 - - [03/May/2025:22:48:24 -0400] "GET /wp-content/themes/twentytwentythree/assets/fonts/ibm-plex-mono/IBMPlexMono-Regular.woff2 HTTP/1.1" 200 34480 "-" "Mozilla/5.0 AppleWebKit/537.36 (KHTML, like Gecko; compatible; GPTBot/1.2; +https://openai.com/gptbot)"
20.171.207.114 - - [03/May/2025:22:48:27 -0400] "GET /wp-content/themes/twentytwentythree/assets/fonts/dm-sans/DMSans-Bold.woff2 HTTP/1.1" 200 29272 "-" "Mozilla/5.0 AppleWebKit/537.36 (KHTML, like Gecko; compatible; GPTBot/1.2; +https://openai.com/gptbot)"
20.171.207.114 - - [03/May/2025:22:48:29 -0400] "GET /wp-content/themes/twentytwentythree/assets/fonts/ibm-plex-mono/IBMPlexMono-Light.woff2 HTTP/1.1" 200 34700 "-" "Mozilla/5.0 AppleWebKit/537.36 (KHTML, like Gecko; compatible; GPTBot/1.2; +https://openai.com/gptbot)"
20.171.207.114 - - [03/May/2025:22:48:31 -0400] "GET /wp-content/themes/twentytwentythree/assets/fonts/dm-sans/DMSans-Regular.woff2 HTTP/1.1" 200 29272 "-" "Mozilla/5.0 AppleWebKit/537.36 (KHTML, like Gecko; compatible; GPTBot/1.2; +https://openai.com/gptbot)"
4.227.36.87 - - [03/May/2025:22:54:01 -0400] "GET /robots.txt HTTP/1.1" 200 126 "-" "Mozilla/5.0 AppleWebKit/537.36 (KHTML, like Gecko; compatible; GPTBot/1.2; +https://openai.com/gptbot)"
20.171.207.243 - - [03/May/2025:22:54:01 -0400] "GET /comments/feed/ HTTP/1.1" 404 13 "-" "Mozilla/5.0 AppleWebKit/537.36 (KHTML, like Gecko; compatible; GPTBot/1.2; +https://openai.com/gptbot)"
20.171.207.243 - - [03/May/2025:22:54:05 -0400] "GET /wp-content/themes/twentytwentythree/assets/fonts/source-serif-pro/SourceSerif4Variable-Italic.ttf.woff2 HTTP/1.1" 200 346840 "-" "Mozilla/5.0 AppleWebKit/537.36 (KHTML, like Gecko; compatible; GPTBot/1.2; +https://openai.com/gptbot)"
20.171.207.243 - - [03/May/2025:22:54:08 -0400] "GET /wp-content/themes/twentytwentythree/assets/fonts/source-serif-pro/SourceSerif4Variable-Roman.ttf.woff2 HTTP/1.1" 200 428448 "-" "Mozilla/5.0 AppleWebKit/537.36 (KHTML, like Gecko; compatible; GPTBot/1.2; +https://openai.com/gptbot)"
20.171.207.243 - - [03/May/2025:22:54:11 -0400] "GET /wp-includes/js/dist/script-modules/interactivity/index.min.js?ver=55aebb6e0a16726baffb HTTP/1.1" 200 13727 "-" "Mozilla/5.0 AppleWebKit/537.36 (KHTML, like Gecko; compatible; GPTBot/1.2; +https://openai.com/gptbot)"
20.171.207.243 - - [03/May/2025:22:54:13 -0400] "GET /wp-includes/js/jquery/jquery.min.js?ver=3.7.1 HTTP/1.1" 200 29744 "-" "Mozilla/5.0 AppleWebKit/537.36 (KHTML, like Gecko; compatible; GPTBot/1.2; +https://openai.com/gptbot)"
20.171.207.243 - - [03/May/2025:22:54:16 -0400] "GET /wp-includes/js/jquery/jquery-migrate.min.js?ver=3.4.1 HTTP/1.1" 200 4678 "-" "Mozilla/5.0 AppleWebKit/537.36 (KHTML, like Gecko; compatible; GPTBot/1.2; +https://openai.com/gptbot)"
20.171.207.243 - - [03/May/2025:22:54:18 -0400] "GET /wp-includes/js/jquery/jquery.form.min.js?ver=4.3.0 HTTP/1.1" 200 5690 "-" "Mozilla/5.0 AppleWebKit/537.36 (KHTML, like Gecko; compatible; GPTBot/1.2; +https://openai.com/gptbot)"
20.171.207.243 - - [03/May/2025:22:54:19 -0400] "GET /wp-includes/js/dist/script-modules/block-library/navigation/view.min.js?ver=61572d447d60c0aa5240 HTTP/1.1" 200 1049 "-" "Mozilla/5.0 AppleWebKit/537.36 (KHTML, like Gecko; compatible; GPTBot/1.2; +https://openai.com/gptbot)"
20.171.207.243 - - [03/May/2025:22:54:21 -0400] "GET /wp-content/plugins/school-management-pro/assets/js/zebra_datepicker.min.js?ver=1 HTTP/1.1" 200 9901 "-" "Mozilla/5.0 AppleWebKit/537.36 (KHTML, like Gecko; compatible; GPTBot/1.2; +https://openai.com/gptbot)"
20.171.207.243 - - [03/May/2025:22:54:23 -0400] "GET /wp-content/plugins/school-management-pro/assets/js/jquery-confirm.min.js?ver=1 HTTP/1.1" 200 6939 "-" "Mozilla/5.0 AppleWebKit/537.36 (KHTML, like Gecko; compatible; GPTBot/1.2; +https://openai.com/gptbot)"
20.171.207.243 - - [03/May/2025:22:54:24 -0400] "GET /wp-content/plugins/school-management-pro/assets/js/toastr.min.js?ver=1 HTTP/1.1" 200 2026 "-" "Mozilla/5.0 AppleWebKit/537.36 (KHTML, like Gecko; compatible; GPTBot/1.2; +https://openai.com/gptbot)"
20.171.207.243 - - [03/May/2025:22:54:25 -0400] "GET /wp-content/plugins/school-management-pro/assets/js/wlsm.js?ver=5.1 HTTP/1.1" 200 8798 "-" "Mozilla/5.0 AppleWebKit/537.36 (KHTML, like Gecko; compatible; GPTBot/1.2; +https://openai.com/gptbot)"
20.171.207.243 - - [03/May/2025:22:54:26 -0400] "GET /wp-includes/blocks/navigation/style.min.css?ver=6.8 HTTP/1.1" 200 2057 "-" "Mozilla/5.0 AppleWebKit/537.36 (KHTML, like Gecko; compatible; GPTBot/1.2; +https://openai.com/gptbot)"
20.171.207.243 - - [03/May/2025:22:54:28 -0400] "GET /wp-content/plugins/school-management-pro/assets/css/toastr.min.css?ver=6.8 HTTP/1.1" 200 2807 "-" "Mozilla/5.0 AppleWebKit/537.36 (KHTML, like Gecko; compatible; GPTBot/1.2; +https://openai.com/gptbot)"
20.171.207.243 - - [03/May/2025:22:54:29 -0400] "GET /wp-content/plugins/school-management-pro/assets/css/wlsm.css?ver=5.1 HTTP/1.1" 200 2734 "-" "Mozilla/5.0 AppleWebKit/537.36 (KHTML, like Gecko; compatible; GPTBot/1.2; +https://openai.com/gptbot)"
20.171.207.243 - - [03/May/2025:22:54:30 -0400] "GET /wp-content/plugins/school-management-pro/assets/css/print/wlsm-preview.css?ver=5.1 HTTP/1.1" 200 1843 "-" "Mozilla/5.0 AppleWebKit/537.36 (KHTML, like Gecko; compatible; GPTBot/1.2; +https://openai.com/gptbot)"
20.171.207.243 - - [03/May/2025:22:54:31 -0400] "GET /wp-content/plugins/school-management-pro/assets/css/wlsm-dashboard.css?ver=5.1 HTTP/1.1" 200 1370 "-" "Mozilla/5.0 AppleWebKit/537.36 (KHTML, like Gecko; compatible; GPTBot/1.2; +https://openai.com/gptbot)"
20.171.207.243 - - [03/May/2025:22:54:32 -0400] "GET /wp-content/plugins/school-management-pro/assets/css/jquery-confirm.min.css?ver=6.8 HTTP/1.1" 200 3149 "-" "Mozilla/5.0 AppleWebKit/537.36 (KHTML, like Gecko; compatible; GPTBot/1.2; +https://openai.com/gptbot)"
20.171.207.243 - - [03/May/2025:22:54:33 -0400] "GET /wp-content/plugins/school-management-pro/assets/css/zebra_datepicker.min.css?ver=6.8 HTTP/1.1" 200 785 "-" "Mozilla/5.0 AppleWebKit/537.36 (KHTML, like Gecko; compatible; GPTBot/1.2; +https://openai.com/gptbot)"
20.171.207.243 - - [03/May/2025:22:54:34 -0400] "GET /wp-content/plugins/school-management-pro/assets/css/icons.png HTTP/1.1" 200 483 "-" "Mozilla/5.0 AppleWebKit/537.36 (KHTML, like Gecko; compatible; GPTBot/1.2; +https://openai.com/gptbot)"
199.188.205.55 - - [03/May/2025:23:08:58 -0400] "POST /wp-cron.php?doing_wp_cron=1746328138.4347100257873535156250 HTTP/1.1" 403 13 "-" "WordPress/6.8; http://newlighthss.edu.np"
49.51.180.2 - - [03/May/2025:23:08:56 -0400] "GET / HTTP/1.1" 200 13958 "-" "Mozilla/5.0 (iPhone; CPU iPhone OS 13_2_3 like Mac OS X) AppleWebKit/605.1.15 (KHTML, like Gecko) Version/13.0.3 Mobile/15E148 Safari/604.1"
213.175.93.181 - - [03/May/2025:23:10:06 -0400] "GET /robots.txt HTTP/1.1" 200 126 "-" "AcademicBotRTU (https://academicbot.rtu.lv; mailto:caps@rtu.lv)"
199.188.205.55 - - [03/May/2025:23:10:07 -0400] "POST /wp-cron.php?doing_wp_cron=1746328207.2945909500122070312500 HTTP/1.1" 403 13 "-" "WordPress/6.8; http://newlighthss.edu.np"
213.175.93.181 - - [03/May/2025:23:10:06 -0400] "GET / HTTP/1.1" 200 13958 "-" "AcademicBotRTU (https://academicbot.rtu.lv; mailto:caps@rtu.lv)"
18.97.9.98 - - [03/May/2025:23:17:00 -0400] "GET /robots.txt HTTP/1.1" 200 126 "-" "Mozilla/5.0 AppleWebKit/537.36 (KHTML, like Gecko; compatible; PerplexityBot/1.0; +https://perplexity.ai/perplexitybot)"
199.188.205.55 - - [03/May/2025:23:17:03 -0400] "POST /wp-cron.php?doing_wp_cron=1746328623.5737431049346923828125 HTTP/1.1" 403 13 "-" "WordPress/6.8; http://newlighthss.edu.np"
18.97.9.99 - - [03/May/2025:23:17:01 -0400] "GET / HTTP/1.1" 200 13996 "-" "Mozilla/5.0 AppleWebKit/537.36 (KHTML, like Gecko; compatible; PerplexityBot/1.0; +https://perplexity.ai/perplexitybot)"
89.110.109.74 - - [03/May/2025:23:17:43 -0400] "GET / HTTP/1.1" 200 13958 "-" "Mozilla/5.0 (Macintosh; Intel Mac OS X 10_15_7) AppleWebKit/537.36 (KHTML, like Gecko) Chrome/133.0.0.0 Safari/537.36"
89.110.109.74 - - [03/May/2025:23:17:48 -0400] "GET /feed/ HTTP/1.1" 404 13 "-" "Mozilla/5.0 (Macintosh; Intel Mac OS X 10_15_7) AppleWebKit/537.36 (KHTML, like Gecko) Chrome/133.0.0.0 Safari/537.36"
89.110.109.74 - - [03/May/2025:23:17:50 -0400] "GET /comments/feed/ HTTP/1.1" 404 13 "-" "Mozilla/5.0 (Macintosh; Intel Mac OS X 10_15_7) AppleWebKit/537.36 (KHTML, like Gecko) Chrome/133.0.0.0 Safari/537.36"
89.110.109.74 - - [03/May/2025:23:17:51 -0400] "GET /wp-json/ HTTP/1.1" 404 13 "-" "Mozilla/5.0 (Macintosh; Intel Mac OS X 10_15_7) AppleWebKit/537.36 (KHTML, like Gecko) Chrome/133.0.0.0 Safari/537.36"
89.110.109.74 - - [03/May/2025:23:17:53 -0400] "GET /wp-content/uploads/2023/05/new-light-logo-150x150.jpg HTTP/1.1" 200 5896 "-" "Mozilla/5.0 (Macintosh; Intel Mac OS X 10_15_7) AppleWebKit/537.36 (KHTML, like Gecko) Chrome/133.0.0.0 Safari/537.36"
89.110.109.74 - - [03/May/2025:23:17:54 -0400] "GET /wp-content/uploads/2023/05/new-light-logo-300x300.jpg HTTP/1.1" 200 15753 "-" "Mozilla/5.0 (Macintosh; Intel Mac OS X 10_15_7) AppleWebKit/537.36 (KHTML, like Gecko) Chrome/133.0.0.0 Safari/537.36"
89.110.109.74 - - [03/May/2025:23:17:54 -0400] "GET / HTTP/1.1" 200 13958 "-" "Mozilla/5.0 (Macintosh; Intel Mac OS X 10_15_7) AppleWebKit/537.36 (KHTML, like Gecko) Chrome/133.0.0.0 Safari/537.36"
199.188.205.55 - - [03/May/2025:23:22:50 -0400] "POST /wp-cron.php?doing_wp_cron=1746328970.4198939800262451171875 HTTP/1.1" 403 13 "-" "WordPress/6.8; http://newlighthss.edu.np"
212.34.153.180 - - [03/May/2025:23:22:48 -0400] "GET / HTTP/1.1" 200 13958 "-" "Mozilla/5.0 (Macintosh; Intel Mac OS X 10_15_7) AppleWebKit/537.36 (KHTML, like Gecko) Chrome/133.0.0.0 Safari/537.36"
212.34.153.180 - - [03/May/2025:23:22:52 -0400] "GET /feed/ HTTP/1.1" 404 13 "-" "Mozilla/5.0 (Macintosh; Intel Mac OS X 10_15_7) AppleWebKit/537.36 (KHTML, like Gecko) Chrome/133.0.0.0 Safari/537.36"
212.34.153.180 - - [03/May/2025:23:22:52 -0400] "GET /comments/feed/ HTTP/1.1" 404 13 "-" "Mozilla/5.0 (Macintosh; Intel Mac OS X 10_15_7) AppleWebKit/537.36 (KHTML, like Gecko) Chrome/133.0.0.0 Safari/537.36"
212.34.153.180 - - [03/May/2025:23:22:52 -0400] "GET /wp-json/ HTTP/1.1" 404 13 "-" "Mozilla/5.0 (Macintosh; Intel Mac OS X 10_15_7) AppleWebKit/537.36 (KHTML, like Gecko) Chrome/133.0.0.0 Safari/537.36"
212.34.153.180 - - [03/May/2025:23:22:53 -0400] "GET /wp-content/uploads/2023/05/new-light-logo-150x150.jpg HTTP/1.1" 200 5896 "-" "Mozilla/5.0 (Macintosh; Intel Mac OS X 10_15_7) AppleWebKit/537.36 (KHTML, like Gecko) Chrome/133.0.0.0 Safari/537.36"
212.34.153.180 - - [03/May/2025:23:22:54 -0400] "GET /wp-content/uploads/2023/05/new-light-logo-300x300.jpg HTTP/1.1" 200 15753 "-" "Mozilla/5.0 (Macintosh; Intel Mac OS X 10_15_7) AppleWebKit/537.36 (KHTML, like Gecko) Chrome/133.0.0.0 Safari/537.36"
212.34.153.180 - - [03/May/2025:23:22:54 -0400] "GET / HTTP/1.1" 200 14010 "-" "Mozilla/5.0 (Macintosh; Intel Mac OS X 10_15_7) AppleWebKit/537.36 (KHTML, like Gecko) Chrome/133.0.0.0 Safari/537.36"
51.222.253.12 - - [03/May/2025:23:28:03 -0400] "GET /robots.txt HTTP/1.1" 200 126 "-" "Mozilla/5.0 (compatible; AhrefsBot/7.0; +http://ahrefs.com/robot/)"
199.188.205.55 - - [03/May/2025:23:34:07 -0400] "POST /wp-cron.php?doing_wp_cron=1746329647.9130530357360839843750 HTTP/1.1" 403 13 "-" "WordPress/6.8; http://newlighthss.edu.np"
91.84.111.136 - - [03/May/2025:23:34:05 -0400] "GET / HTTP/1.1" 200 13958 "-" "Mozilla/5.0 (Macintosh; Intel Mac OS X 10_15_7) AppleWebKit/537.36 (KHTML, like Gecko) Chrome/133.0.0.0 Safari/537.36"
91.84.111.136 - - [03/May/2025:23:34:11 -0400] "GET /feed/ HTTP/1.1" 404 13 "-" "Mozilla/5.0 (Macintosh; Intel Mac OS X 10_15_7) AppleWebKit/537.36 (KHTML, like Gecko) Chrome/133.0.0.0 Safari/537.36"
91.84.111.136 - - [03/May/2025:23:34:12 -0400] "GET /comments/feed/ HTTP/1.1" 404 13 "-" "Mozilla/5.0 (Macintosh; Intel Mac OS X 10_15_7) AppleWebKit/537.36 (KHTML, like Gecko) Chrome/133.0.0.0 Safari/537.36"
91.84.111.136 - - [03/May/2025:23:34:13 -0400] "GET /wp-json/ HTTP/1.1" 404 13 "-" "Mozilla/5.0 (Macintosh; Intel Mac OS X 10_15_7) AppleWebKit/537.36 (KHTML, like Gecko) Chrome/133.0.0.0 Safari/537.36"
91.84.111.136 - - [03/May/2025:23:34:14 -0400] "GET /wp-content/uploads/2023/05/new-light-logo-150x150.jpg HTTP/1.1" 200 5896 "-" "Mozilla/5.0 (Macintosh; Intel Mac OS X 10_15_7) AppleWebKit/537.36 (KHTML, like Gecko) Chrome/133.0.0.0 Safari/537.36"
91.84.111.136 - - [03/May/2025:23:34:15 -0400] "GET /wp-content/uploads/2023/05/new-light-logo-300x300.jpg HTTP/1.1" 200 15753 "-" "Mozilla/5.0 (Macintosh; Intel Mac OS X 10_15_7) AppleWebKit/537.36 (KHTML, like Gecko) Chrome/133.0.0.0 Safari/537.36"
91.84.111.136 - - [03/May/2025:23:34:16 -0400] "GET / HTTP/1.1" 200 13996 "-" "Mozilla/5.0 (Macintosh; Intel Mac OS X 10_15_7) AppleWebKit/537.36 (KHTML, like Gecko) Chrome/133.0.0.0 Safari/537.36"
199.188.205.55 - - [03/May/2025:23:45:32 -0400] "POST /wp-cron.php?doing_wp_cron=1746330332.8395531177520751953125 HTTP/1.1" 403 13 "-" "WordPress/6.8; http://newlighthss.edu.np"
152.53.39.68 - - [03/May/2025:23:45:31 -0400] "GET / HTTP/1.1" 200 55707 "-" "Mozilla/5.0 (Windows NT 10.0; Win64; x64) AppleWebKit/537.36 (KHTML, like Gecko) Chrome/134.0.0.0 Safari/537.36 OPR/118.0.0.0"
199.188.205.55 - - [03/May/2025:23:49:04 -0400] "POST /wp-cron.php?doing_wp_cron=1746330544.1623909473419189453125 HTTP/1.1" 403 13 "-" "WordPress/6.8; http://newlighthss.edu.np"
77.238.225.146 - - [03/May/2025:23:49:02 -0400] "GET / HTTP/1.1" 200 13974 "-" "Mozilla/5.0 (Macintosh; Intel Mac OS X 10_15_7) AppleWebKit/537.36 (KHTML, like Gecko) Chrome/133.0.0.0 Safari/537.36"
77.238.225.146 - - [03/May/2025:23:49:06 -0400] "GET /feed/ HTTP/1.1" 404 13 "-" "Mozilla/5.0 (Macintosh; Intel Mac OS X 10_15_7) AppleWebKit/537.36 (KHTML, like Gecko) Chrome/133.0.0.0 Safari/537.36"
77.238.225.146 - - [03/May/2025:23:49:06 -0400] "GET /comments/feed/ HTTP/1.1" 404 13 "-" "Mozilla/5.0 (Macintosh; Intel Mac OS X 10_15_7) AppleWebKit/537.36 (KHTML, like Gecko) Chrome/133.0.0.0 Safari/537.36"
77.238.225.146 - - [03/May/2025:23:49:07 -0400] "GET /wp-json/ HTTP/1.1" 404 13 "-" "Mozilla/5.0 (Macintosh; Intel Mac OS X 10_15_7) AppleWebKit/537.36 (KHTML, like Gecko) Chrome/133.0.0.0 Safari/537.36"
77.238.225.146 - - [03/May/2025:23:49:08 -0400] "GET /wp-content/uploads/2023/05/new-light-logo-150x150.jpg HTTP/1.1" 200 5896 "-" "Mozilla/5.0 (Macintosh; Intel Mac OS X 10_15_7) AppleWebKit/537.36 (KHTML, like Gecko) Chrome/133.0.0.0 Safari/537.36"
77.238.225.146 - - [03/May/2025:23:49:08 -0400] "GET /wp-content/uploads/2023/05/new-light-logo-300x300.jpg HTTP/1.1" 200 15753 "-" "Mozilla/5.0 (Macintosh; Intel Mac OS X 10_15_7) AppleWebKit/537.36 (KHTML, like Gecko) Chrome/133.0.0.0 Safari/537.36"
77.238.225.146 - - [03/May/2025:23:49:09 -0400] "GET / HTTP/1.1" 200 14010 "-" "Mozilla/5.0 (Macintosh; Intel Mac OS X 10_15_7) AppleWebKit/537.36 (KHTML, like Gecko) Chrome/133.0.0.0 Safari/537.36"
152.53.39.94 - - [03/May/2025:23:56:33 -0400] "GET /wp-json/ HTTP/1.1" 404 13 "-" "Mozilla/5.0 (Windows NT 10.0; Win64; x64) AppleWebKit/537.36 (KHTML, like Gecko) Chrome/134.0.0.0 Safari/537.36 Edg/134.0.3124.85"
198.100.144.147 - - [04/May/2025:00:01:26 -0400] "GET /wp-content/themes/twentytwentythree/assets/fonts/dm-sans/DMSans-Regular-Italic.woff2 HTTP/1.1" 200 32492 "-" "Mozilla/5.0 (Windows NT 10.0; Win64; x64) AppleWebKit/537.36 (KHTML, like Gecko) Chrome/134.0.0.0 Safari/537.36"
43.130.47.33 - - [04/May/2025:00:11:42 -0400] "GET /wp-content/themes/twentytwentythree/assets/fonts/dm-sans/DMSans-Regular.woff2 HTTP/1.1" 200 29272 "-" "Mozilla/5.0 (iPhone; CPU iPhone OS 13_2_3 like Mac OS X) AppleWebKit/605.1.15 (KHTML, like Gecko) Version/13.0.3 Mobile/15E148 Safari/604.1"
89.58.51.171 - - [04/May/2025:00:12:38 -0400] "GET /wp-content/plugins/school-management-pro/assets/css/jquery-confirm.min.css HTTP/1.1" 200 22546 "-" "Mozilla/5.0 (Windows NT 10.0; Win64; x64) AppleWebKit/537.36 (KHTML, like Gecko) Chrome/134.0.0.0 Safari/537.36"
193.70.81.186 - - [04/May/2025:00:14:37 -0400] "GET /wp-content/plugins/school-management-pro/assets/js/zebra_datepicker.min.js?ver=1 HTTP/1.1" 200 36470 "-" "Mozilla/5.0 (Windows NT 10.0; Win64; x64; rv:136.0) Gecko/20100101 Firefox/136.0"
213.180.203.170 - - [04/May/2025:00:15:33 -0400] "GET /robots.txt HTTP/1.1" 200 126 "-" "Mozilla/5.0 (compatible; YandexBot/3.0; +http://yandex.com/bots)"
95.108.213.111 - - [04/May/2025:00:15:34 -0400] "GET /robots.txt HTTP/1.1" 200 126 "-" "Mozilla/5.0 (compatible; YandexBot/3.0; +http://yandex.com/bots)"
213.180.203.151 - - [04/May/2025:00:15:35 -0400] "GET /robots.txt HTTP/1.1" 200 126 "-" "Mozilla/5.0 (compatible; YandexBot/3.0; +http://yandex.com/bots)"
213.180.203.15 - - [04/May/2025:00:15:36 -0400] "GET /robots.txt HTTP/1.1" 200 126 "-" "Mozilla/5.0 (compatible; YandexBot/3.0; +http://yandex.com/bots)"
213.180.203.199 - - [04/May/2025:00:15:37 -0400] "GET /robots.txt HTTP/1.1" 200 126 "-" "Mozilla/5.0 (compatible; YandexBot/3.0; +http://yandex.com/bots)"
95.108.213.114 - - [04/May/2025:00:15:38 -0400] "GET /robots.txt HTTP/1.1" 200 126 "-" "Mozilla/5.0 (compatible; YandexBot/3.0; +http://yandex.com/bots)"
87.250.224.46 - - [04/May/2025:00:15:39 -0400] "GET /robots.txt HTTP/1.1" 200 126 "-" "Mozilla/5.0 (compatible; YandexBot/3.0; +http://yandex.com/bots)"
87.250.224.239 - - [04/May/2025:00:15:40 -0400] "GET /robots.txt HTTP/1.1" 200 126 "-" "Mozilla/5.0 (compatible; YandexBot/3.0; +http://yandex.com/bots)"
213.180.203.192 - - [04/May/2025:00:15:41 -0400] "GET /robots.txt HTTP/1.1" 200 126 "-" "Mozilla/5.0 (compatible; YandexBot/3.0; +http://yandex.com/bots)"
213.180.203.141 - - [04/May/2025:00:15:42 -0400] "GET /robots.txt HTTP/1.1" 200 126 "-" "Mozilla/5.0 (compatible; YandexBot/3.0; +http://yandex.com/bots)"
89.58.30.0 - - [04/May/2025:00:17:12 -0400] "GET /wp-content/uploads/2023/05/new-light-logo-300x300.jpg HTTP/1.1" 200 15753 "-" "Mozilla/5.0 (Windows NT 10.0; Win64; x64) AppleWebKit/537.36 (KHTML, like Gecko) Chrome/134.0.0.0 Safari/537.36 OPR/118.0.0.0"
89.58.48.103 - - [04/May/2025:00:17:29 -0400] "GET /wp-content/plugins/school-management-pro/assets/css/print/wlsm-preview.css HTTP/1.1" 200 10884 "-" "Mozilla/5.0 (Windows NT 10.0; Win64; x64) AppleWebKit/537.36 (KHTML, like Gecko) Chrome/134.0.0.0 Safari/537.36 Edg/134.0.3124.85"
152.53.46.88 - - [04/May/2025:00:21:36 -0400] "GET /wp-includes/js/jquery/jquery.min.js HTTP/1.1" 200 87553 "-" "Mozilla/5.0 (Windows NT 10.0; Win64; x64) AppleWebKit/537.36 (KHTML, like Gecko) Chrome/134.0.0.0 Safari/537.36 OPR/118.0.0.0"
37.114.33.6 - - [04/May/2025:00:28:54 -0400] "GET /wp-content/uploads/2023/05/New-Light-School-2-1024x429.jpg HTTP/1.1" 200 115900 "-" "Mozilla/5.0 (Windows NT 10.0; Win64; x64) AppleWebKit/537.36 (KHTML, like Gecko) Chrome/134.0.0.0 Safari/537.36 Edg/134.0.3124.85"
193.248.153.47 - - [04/May/2025:00:31:41 -0400] "GET /wp-content/plugins/school-management-pro/assets/js/jquery-confirm.min.js HTTP/1.1" 200 28231 "-" "Mozilla/5.0 (Windows NT 10.0; Win64; x64; rv:136.0) Gecko/20100101 Firefox/136.0"
37.114.33.6 - - [04/May/2025:00:32:46 -0400] "GET /wp-content/themes/twentytwentythree/assets/fonts/ibm-plex-mono/IBMPlexMono-Bold.woff2 HTTP/1.1" 200 35652 "-" "Mozilla/5.0 (Windows NT 10.0; Win64; x64) AppleWebKit/537.36 (KHTML, like Gecko) Chrome/134.0.0.0 Safari/537.36"
163.5.171.11 - - [04/May/2025:00:35:20 -0400] "GET /wp-content/uploads/2023/05/338929513_539004275083911_556488214701611710_n-300x167.jpg HTTP/1.1" 200 15907 "-" "Mozilla/5.0 (Windows NT 10.0; Win64; x64) AppleWebKit/537.36 (KHTML, like Gecko) Chrome/134.0.0.0 Safari/537.36 Edg/134.0.3124.85"
199.188.205.55 - - [04/May/2025:00:37:45 -0400] "POST /wp-cron.php?doing_wp_cron=1746333465.6771650314331054687500 HTTP/1.1" 403 13 "-" "WordPress/6.8; http://newlighthss.edu.np"
51.222.253.5 - - [04/May/2025:00:37:43 -0400] "GET /index.php?sitemap.xml HTTP/1.1" 301 0 "-" "Mozilla/5.0 (compatible; AhrefsBot/7.0; +http://ahrefs.com/robot/)"
51.222.253.5 - - [04/May/2025:00:37:45 -0400] "GET /?sitemap.xml HTTP/1.1" 200 12091 "-" "Mozilla/5.0 (compatible; AhrefsBot/7.0; +http://ahrefs.com/robot/)"
152.53.249.71 - - [04/May/2025:00:38:25 -0400] "GET /wp-content/plugins/school-management-pro/assets/css/toastr.min.css HTTP/1.1" 200 6741 "-" "Mozilla/5.0 (Windows NT 10.0; Win64; x64) AppleWebKit/537.36 (KHTML, like Gecko) Chrome/134.0.0.0 Safari/537.36 OPR/118.0.0.0"
37.114.33.6 - - [04/May/2025:00:42:31 -0400] "GET /wp-includes/js/dist/script-modules/block-library/navigation/view.min.js?ver=61572d447d60c0aa5240 HTTP/1.1" 200 3358 "-" "Mozilla/5.0 (Windows NT 10.0; Win64; x64) AppleWebKit/537.36 (KHTML, like Gecko) Chrome/134.0.0.0 Safari/537.36 OPR/118.0.0.0"
