91.199.118.59 - - [30/Apr/2025:02:00:56 -0400] "GET /wp-content/plugins/core/ HTTP/1.1" 404 13 "-" "Mozilla/5.0 (Windows NT 10.0; WOW64; Trident/7.0; .NET4.0C; .NET4.0E; .NET CLR 2.0.50727; .NET CLR 3.0.30729; .NET CLR 3.5.30729; rv:11.0) like Gecko"
91.199.118.59 - - [30/Apr/2025:02:00:56 -0400] "GET /wp-content/plugins/revslider/includes/external/page/ HTTP/1.1" 404 13 "-" "Mozilla/5.0 (Windows NT 6.1; Win64; x64) AppleWebKit/537.36 (KHTML, like Gecko) Chrome/58.0.3029.110 Safari/537.3"
91.199.118.59 - - [30/Apr/2025:02:00:56 -0400] "GET /wp-content/plugins/Cache/ HTTP/1.1" 404 13 "-" "Mozilla/5.0 (Windows NT 10.0; Win64; x64) AppleWebKit/537.36 (KHTML, like Gecko) Chrome/58.0.3029.110 Safari/537.3"
91.199.118.59 - - [30/Apr/2025:02:00:57 -0400] "GET /wp-content/themes/ HTTP/1.1" 200 0 "-" "Mozilla/5.0 (X11; Linux x86_64) AppleWebKit/537.36 (KHTML, like Gecko) Chrome/84.0.4147.105 Safari/537.36 OPR/70.0.3728.95"
91.199.118.59 - - [30/Apr/2025:02:00:57 -0400] "GET /wp-includes/theme-compat/ HTTP/1.1" 403 13 "-" "Mozilla/5.0 (Windows NT 10.0; Win64; x64; rv:73.0) Gecko/20100101 Firefox/73.0"
91.199.118.59 - - [30/Apr/2025:02:00:57 -0400] "GET /index/ HTTP/1.1" 404 13 "-" "Mozilla/5.0 (Windows NT 6.1; Win64; x64) AppleWebKit/537.36 (KHTML, like Gecko) Chrome/78.0.3904.108 Safari/537.36"
91.199.118.59 - - [30/Apr/2025:02:00:58 -0400] "GET /wp-content/plugins/seoplugins/ HTTP/1.1" 404 13 "-" "Mozilla/5.0 (Windows NT 10.0; Win64; x64; rv:67.0) Gecko/20100101 Firefox/67.0"
91.199.118.59 - - [30/Apr/2025:02:00:58 -0400] "GET /fonts/ HTTP/1.1" 404 13 "-" "Mozilla/5.0 (X11; Ubuntu; Linux x86_64; rv:79.0) Gecko/20100101 Firefox/79.0"
91.199.118.59 - - [30/Apr/2025:02:00:58 -0400] "GET /js/ HTTP/1.1" 404 13 "-" "Mozilla/5.0 (Windows NT 10.0; Win64; x64) AppleWebKit/537.36 (KHTML, like Gecko) Chrome/77.0.3865.90 Safari/537.36"
91.199.118.59 - - [30/Apr/2025:02:00:59 -0400] "GET /routes/ HTTP/1.1" 404 13 "-" "Mozilla/5.0 (Windows NT 10.0; Win64; x64; rv:74.0) Gecko/20100101 Firefox/74.0"
91.199.118.59 - - [30/Apr/2025:02:00:59 -0400] "GET /uploads/ HTTP/1.1" 404 13 "-" "Mozilla/5.0 (Windows NT 10.0; Win64; x64; rv:71.0) Gecko/20100101 Firefox/71.0"
91.199.118.59 - - [30/Apr/2025:02:00:59 -0400] "GET /templates/beez3/ HTTP/1.1" 404 13 "-" "Mozilla/5.0 (Windows NT 10.0; WOW64) AppleWebKit/537.36 (KHTML, like Gecko) Chrome/72.0.3626.121 Safari/537.36"
91.199.118.59 - - [30/Apr/2025:02:00:59 -0400] "GET /wp-content/themes/digital-download/ HTTP/1.1" 404 13 "-" "Mozilla/5.0 (Windows NT 10.0; WOW64; x64) AppleWebKit/537.36 (KHTML, like Gecko) Chrome/84.0.4147.105 Safari/537.36 OPR/70.0.3728.95"
91.199.118.59 - - [30/Apr/2025:02:01:00 -0400] "GET /wp-content/plugins/wp-theme-editor/ HTTP/1.1" 404 13 "-" "Mozilla/5.0 (Windows NT 10.0; Win64; x64) AppleWebKit/537.36 (KHTML, like Gecko) Chrome/58.0.3029.110 Safari/537.3"
91.199.118.59 - - [30/Apr/2025:02:01:00 -0400] "GET /templates/atomic/ HTTP/1.1" 404 13 "-" "Mozilla/5.0 (Windows NT 10.0) AppleWebKit/537.36 (KHTML, like Gecko) Chrome/84.0.4147.105 Safari/537.36"
91.199.118.59 - - [30/Apr/2025:02:01:00 -0400] "GET /wp-content/plugins/seoo/ HTTP/1.1" 404 13 "-" "Mozilla/5.0 (Windows NT 10.0; Win64; x64; rv:73.0) Gecko/20100101 Firefox/73.0"
91.199.118.59 - - [30/Apr/2025:02:01:00 -0400] "GET /wp-includes/assets/ HTTP/1.1" 403 13 "-" "Mozilla/5.0 (Windows NT 10.0; Win64; x64) AppleWebKit/537.36 (KHTML, like Gecko) Chrome/69.0.3497.100 Safari/537.36"
91.199.118.59 - - [30/Apr/2025:02:01:01 -0400] "GET /wp-includes/js/jcrop/ HTTP/1.1" 403 13 "-" "Mozilla/5.0 (X11; Linux x86_64) AppleWebKit/537.36 (KHTML, like Gecko) Chrome/84.0.4147.105 Safari/537.36"
91.199.118.59 - - [30/Apr/2025:02:01:01 -0400] "GET /wp-content/plugins/google-seo-rank/ HTTP/1.1" 404 13 "-" "Mozilla/5.0 (Macintosh; Intel Mac OS X 10_12_6) AppleWebKit/537.36 (KHTML, like Gecko) Chrome/58.0.3029.110 Safari/537.3"
91.199.118.59 - - [30/Apr/2025:02:01:01 -0400] "GET /wp-content/plugins/erin/ HTTP/1.1" 404 13 "-" "Mozilla/5.0 (Macintosh; Intel Mac OS X 10.15; rv:79.0) Gecko/20100101 Firefox/79.0"
91.199.118.59 - - [30/Apr/2025:02:01:01 -0400] "GET /wp-content/maintenance/ HTTP/1.1" 404 13 "-" "Mozilla/5.0 (Windows NT 6.1; Win64; x64) AppleWebKit/537.36 (KHTML, like Gecko) Chrome/74.0.3729.169 Safari/537.36"
91.199.118.59 - - [30/Apr/2025:02:01:02 -0400] "GET /wp-content/x/ HTTP/1.1" 404 13 "-" "Mozilla/5.0 (Windows NT 10.0; Win64; x64) AppleWebKit/537.36 (KHTML, like Gecko) Chrome/69.0.3497.100 Safari/537.36"
91.199.118.59 - - [30/Apr/2025:02:01:02 -0400] "GET /wp-content/plugins/seooyanz/ HTTP/1.1" 404 13 "-" "Mozilla/5.0 (Windows NT 6.1; Win64; x64) AppleWebKit/537.36 (KHTML, like Gecko) Chrome/78.0.3904.108 Safari/537.36"
91.199.118.59 - - [30/Apr/2025:02:01:03 -0400] "GET /wp-content/themes/sky-pro/ HTTP/1.1" 404 13 "-" "Mozilla/5.0 (Windows NT 10.0; Win64; x64; rv:76.0) Gecko/20100101 Firefox/76.0"
91.199.118.59 - - [30/Apr/2025:02:01:03 -0400] "GET /wp-content/plugins/cp-pro/ HTTP/1.1" 404 13 "-" "Mozilla/5.0 (Macintosh; Intel Mac OS X 10_15_6) AppleWebKit/537.36 (KHTML, like Gecko) Chrome/84.0.4147.125 Safari/537.36"
91.199.118.59 - - [30/Apr/2025:02:01:04 -0400] "GET /ALFA_DATA/alfacgiapi/perl.alfa HTTP/1.1" 404 13 "-" "Mozilla/5.0 (Windows NT 10.0; Win64; x64) AppleWebKit/537.36 (KHTML, like Gecko) Chrome/74.0.3729.169 Safari/537.36"
91.199.118.59 - - [30/Apr/2025:02:01:04 -0400] "GET /wp-content/uploads/typehub/custom/ HTTP/1.1" 404 13 "-" "Mozilla/5.0 (Windows NT 10.0; Win64; x64) AppleWebKit/537.36 (KHTML, like Gecko) Chrome/77.0.3865.90 Safari/537.36"
91.199.118.59 - - [30/Apr/2025:02:01:05 -0400] "GET /wp-content/plugins/rencontre/inc/photo_import/ HTTP/1.1" 404 13 "-" "Mozilla/5.0 (Windows NT 10.0; Win64; x64; rv:71.0) Gecko/20100101 Firefox/71.0"
91.199.118.59 - - [30/Apr/2025:02:01:05 -0400] "GET /wp-content/plugins/backup-backup/includes/ HTTP/1.1" 404 13 "-" "Mozilla/5.0 (Windows NT 10.0; WOW64; x64) AppleWebKit/537.36 (KHTML, like Gecko) Chrome/84.0.4147.105 Safari/537.36 OPR/70.0.3728.95"
91.199.118.59 - - [30/Apr/2025:02:01:06 -0400] "GET /wp-content/plugins/pwnd-1/ HTTP/1.1" 404 13 "-" "Mozilla/5.0 (Windows NT 6.1; Win64; x64) AppleWebKit/537.36 (KHTML, like Gecko) Chrome/78.0.3904.108 Safari/537.36"
91.199.118.59 - - [30/Apr/2025:02:01:06 -0400] "GET /.tmb/ HTTP/1.1" 404 13 "-" "Mozilla/5.0 (Macintosh; Intel Mac OS X 10.15; rv:79.0) Gecko/20100101 Firefox/79.0"
91.199.118.59 - - [30/Apr/2025:02:01:06 -0400] "GET /wp-content/plugins/fix/ HTTP/1.1" 404 13 "-" "Mozilla/5.0 (Windows NT 6.3; Win64; x64; rv:73.0) Gecko/20100101 Firefox/73.0"
91.199.118.59 - - [30/Apr/2025:02:01:07 -0400] "GET /includes/ HTTP/1.1" 404 13 "-" "Mozilla/5.0 (Macintosh; Intel Mac OS X 10_15_6) AppleWebKit/537.36 (KHTML, like Gecko) Chrome/84.0.4147.125 Safari/537.36"
91.199.118.59 - - [30/Apr/2025:02:01:07 -0400] "GET /themes/pridmag/ HTTP/1.1" 404 13 "-" "Mozilla/5.0 (X11; Linux x86_64) AppleWebKit/537.36 (KHTML, like Gecko) Chrome/84.0.4147.105 Safari/537.36 OPR/70.0.3728.95"
199.188.205.55 - - [30/Apr/2025:04:22:24 -0400] "POST /wp-cron.php?doing_wp_cron=1746001343.8618700504302978515625 HTTP/1.1" 403 13 "-" "WordPress/6.8; http://newlighthss.edu.np"
103.214.1.68 - - [30/Apr/2025:04:22:21 -0400] "GET / HTTP/1.1" 200 13958 "-" "Mozilla/5.0 (Windows NT 10.0; Win64; x64) AppleWebKit/537.36 (KHTML, like Gecko) Chrome/135.0.0.0 Safari/537.36"
103.214.1.68 - - [30/Apr/2025:04:22:24 -0400] "GET /wp-includes/blocks/navigation/style.min.css?ver=6.8 HTTP/1.1" 200 2781 "http://newlighthss.edu.np/" "Mozilla/5.0 (Windows NT 10.0; Win64; x64) AppleWebKit/537.36 (KHTML, like Gecko) Chrome/135.0.0.0 Safari/537.36"
103.214.1.68 - - [30/Apr/2025:04:22:24 -0400] "GET /wp-content/plugins/school-management-pro/assets/css/jquery-confirm.min.css?ver=6.8 HTTP/1.1" 200 4050 "http://newlighthss.edu.np/" "Mozilla/5.0 (Windows NT 10.0; Win64; x64) AppleWebKit/537.36 (KHTML, like Gecko) Chrome/135.0.0.0 Safari/537.36"
103.214.1.68 - - [30/Apr/2025:04:22:24 -0400] "GET /wp-content/plugins/school-management-pro/assets/css/wlsm.css?ver=5.1 HTTP/1.1" 200 3514 "http://newlighthss.edu.np/" "Mozilla/5.0 (Windows NT 10.0; Win64; x64) AppleWebKit/537.36 (KHTML, like Gecko) Chrome/135.0.0.0 Safari/537.36"
103.214.1.68 - - [30/Apr/2025:04:22:24 -0400] "GET /wp-content/plugins/school-management-pro/assets/css/zebra_datepicker.min.css?ver=6.8 HTTP/1.1" 200 992 "http://newlighthss.edu.np/" "Mozilla/5.0 (Windows NT 10.0; Win64; x64) AppleWebKit/537.36 (KHTML, like Gecko) Chrome/135.0.0.0 Safari/537.36"
103.214.1.68 - - [30/Apr/2025:04:22:25 -0400] "GET /wp-content/plugins/school-management-pro/assets/css/toastr.min.css?ver=6.8 HTTP/1.1" 200 3134 "http://newlighthss.edu.np/" "Mozilla/5.0 (Windows NT 10.0; Win64; x64) AppleWebKit/537.36 (KHTML, like Gecko) Chrome/135.0.0.0 Safari/537.36"
103.214.1.68 - - [30/Apr/2025:04:22:25 -0400] "GET /wp-content/plugins/school-management-pro/assets/css/print/wlsm-preview.css?ver=5.1 HTTP/1.1" 200 2325 "http://newlighthss.edu.np/" "Mozilla/5.0 (Windows NT 10.0; Win64; x64) AppleWebKit/537.36 (KHTML, like Gecko) Chrome/135.0.0.0 Safari/537.36"
103.214.1.68 - - [30/Apr/2025:04:22:25 -0400] "GET /wp-content/plugins/school-management-pro/assets/css/wlsm-dashboard.css?ver=5.1 HTTP/1.1" 200 1753 "http://newlighthss.edu.np/" "Mozilla/5.0 (Windows NT 10.0; Win64; x64) AppleWebKit/537.36 (KHTML, like Gecko) Chrome/135.0.0.0 Safari/537.36"
103.214.1.68 - - [30/Apr/2025:04:22:25 -0400] "GET /wp-includes/js/jquery/jquery.min.js?ver=3.7.1 HTTP/1.1" 200 35438 "http://newlighthss.edu.np/" "Mozilla/5.0 (Windows NT 10.0; Win64; x64) AppleWebKit/537.36 (KHTML, like Gecko) Chrome/135.0.0.0 Safari/537.36"
103.214.1.68 - - [30/Apr/2025:04:22:25 -0400] "GET /wp-includes/js/dist/script-modules/block-library/navigation/view.min.js?ver=61572d447d60c0aa5240 HTTP/1.1" 200 1229 "http://newlighthss.edu.np/" "Mozilla/5.0 (Windows NT 10.0; Win64; x64) AppleWebKit/537.36 (KHTML, like Gecko) Chrome/135.0.0.0 Safari/537.36"
103.214.1.68 - - [30/Apr/2025:04:22:25 -0400] "GET /wp-includes/js/jquery/jquery-migrate.min.js?ver=3.4.1 HTTP/1.1" 200 5342 "http://newlighthss.edu.np/" "Mozilla/5.0 (Windows NT 10.0; Win64; x64) AppleWebKit/537.36 (KHTML, like Gecko) Chrome/135.0.0.0 Safari/537.36"
103.214.1.68 - - [30/Apr/2025:04:22:25 -0400] "GET /wp-includes/js/dist/script-modules/interactivity/index.min.js?ver=55aebb6e0a16726baffb HTTP/1.1" 200 15890 "http://newlighthss.edu.np/" "Mozilla/5.0 (Windows NT 10.0; Win64; x64) AppleWebKit/537.36 (KHTML, like Gecko) Chrome/135.0.0.0 Safari/537.36"
103.214.1.68 - - [30/Apr/2025:04:22:25 -0400] "GET /wp-content/uploads/2023/05/new-light-logo.jpg HTTP/1.1" 200 55868 "http://newlighthss.edu.np/" "Mozilla/5.0 (Windows NT 10.0; Win64; x64) AppleWebKit/537.36 (KHTML, like Gecko) Chrome/135.0.0.0 Safari/537.36"
103.214.1.68 - - [30/Apr/2025:04:22:25 -0400] "GET /wp-content/uploads/2023/05/338929513_539004275083911_556488214701611710_n-1024x570.jpg HTTP/1.1" 200 119349 "http://newlighthss.edu.np/" "Mozilla/5.0 (Windows NT 10.0; Win64; x64) AppleWebKit/537.36 (KHTML, like Gecko) Chrome/135.0.0.0 Safari/537.36"
103.214.1.68 - - [30/Apr/2025:04:22:25 -0400] "GET /wp-content/uploads/2023/05/New-Light-School-2-1024x429.jpg HTTP/1.1" 200 115900 "http://newlighthss.edu.np/" "Mozilla/5.0 (Windows NT 10.0; Win64; x64) AppleWebKit/537.36 (KHTML, like Gecko) Chrome/135.0.0.0 Safari/537.36"
103.214.1.68 - - [30/Apr/2025:04:22:25 -0400] "GET /wp-content/plugins/school-management-pro/assets/js/jquery-confirm.min.js?ver=1 HTTP/1.1" 200 8554 "http://newlighthss.edu.np/" "Mozilla/5.0 (Windows NT 10.0; Win64; x64) AppleWebKit/537.36 (KHTML, like Gecko) Chrome/135.0.0.0 Safari/537.36"
103.214.1.68 - - [30/Apr/2025:04:22:25 -0400] "GET /wp-content/plugins/school-management-pro/assets/js/toastr.min.js?ver=1 HTTP/1.1" 200 2321 "http://newlighthss.edu.np/" "Mozilla/5.0 (Windows NT 10.0; Win64; x64) AppleWebKit/537.36 (KHTML, like Gecko) Chrome/135.0.0.0 Safari/537.36"
103.214.1.68 - - [30/Apr/2025:04:22:25 -0400] "GET /wp-content/plugins/school-management-pro/assets/js/zebra_datepicker.min.js?ver=1 HTTP/1.1" 200 11911 "http://newlighthss.edu.np/" "Mozilla/5.0 (Windows NT 10.0; Win64; x64) AppleWebKit/537.36 (KHTML, like Gecko) Chrome/135.0.0.0 Safari/537.36"
103.214.1.68 - - [30/Apr/2025:04:22:26 -0400] "GET /wp-includes/js/jquery/jquery.form.min.js?ver=4.3.0 HTTP/1.1" 200 6580 "http://newlighthss.edu.np/" "Mozilla/5.0 (Windows NT 10.0; Win64; x64) AppleWebKit/537.36 (KHTML, like Gecko) Chrome/135.0.0.0 Safari/537.36"
103.214.1.68 - - [30/Apr/2025:04:22:26 -0400] "GET /wp-content/plugins/school-management-pro/assets/js/wlsm.js?ver=5.1 HTTP/1.1" 200 12302 "http://newlighthss.edu.np/" "Mozilla/5.0 (Windows NT 10.0; Win64; x64) AppleWebKit/537.36 (KHTML, like Gecko) Chrome/135.0.0.0 Safari/537.36"
103.214.1.68 - - [30/Apr/2025:04:22:26 -0400] "GET /wp-admin/images/spinner.gif HTTP/1.1" 200 3656 "http://newlighthss.edu.np/" "Mozilla/5.0 (Windows NT 10.0; Win64; x64) AppleWebKit/537.36 (KHTML, like Gecko) Chrome/135.0.0.0 Safari/537.36"
103.214.1.68 - - [30/Apr/2025:04:22:26 -0400] "GET /wp-includes/js/wp-emoji-release.min.js?ver=6.8 HTTP/1.1" 200 5982 "http://newlighthss.edu.np/" "Mozilla/5.0 (Windows NT 10.0; Win64; x64) AppleWebKit/537.36 (KHTML, like Gecko) Chrome/135.0.0.0 Safari/537.36"
103.214.1.68 - - [30/Apr/2025:04:22:29 -0400] "GET /wp-content/uploads/2023/05/new-light-logo-150x150.jpg HTTP/1.1" 200 5896 "http://newlighthss.edu.np/" "Mozilla/5.0 (Windows NT 10.0; Win64; x64) AppleWebKit/537.36 (KHTML, like Gecko) Chrome/135.0.0.0 Safari/537.36"
114.10.74.29 - - [30/Apr/2025:06:47:02 -0400] "GET /favicon.ico HTTP/1.1" 404 13 "http://newlighthss.edu.np/v1.php?viewfile=/home/lekhnath/newlighthss.edu.np/v1.php" "Mozilla/5.0 (Linux; Android 10; K) AppleWebKit/537.36 (KHTML, like Gecko) Chrome/135.0.0.0 Mobile Safari/537.36"
114.10.74.29 - - [30/Apr/2025:06:47:03 -0400] "GET /v1.php?viewfile=/home/lekhnath/newlighthss.edu.np/v1.php HTTP/1.1" 403 13 "-" "Mozilla/5.0 (Linux; Android 10; K) AppleWebKit/537.36 (KHTML, like Gecko) Chrome/135.0.0.0 Mobile Safari/537.36"
114.10.74.29 - - [30/Apr/2025:06:47:06 -0400] "GET /.well-known/pki-validation/biasa.php?d=2f686f6d652f6c656b686e6174682f746963636f6c6c656765 HTTP/1.1" 200 596 "-" "Mozilla/5.0 (Linux; Android 10; K) AppleWebKit/537.36 (KHTML, like Gecko) Chrome/135.0.0.0 Mobile Safari/537.36"
114.10.74.29 - - [30/Apr/2025:06:47:11 -0400] "GET /.well-known/pki-validation/biasa.php?d=2f686f6d652f6c656b686e6174682f746963636f6c6c656765 HTTP/1.1" 200 596 "-" "Mozilla/5.0 (Linux; Android 10; K) AppleWebKit/537.36 (KHTML, like Gecko) Chrome/135.0.0.0 Mobile Safari/537.36"
114.10.75.72 - - [30/Apr/2025:08:55:51 -0400] "GET /.well-known/pki-validation/biasa.php?d=2f686f6d652f6c656b686e6174682f746963636f6c6c656765 HTTP/1.1" 200 596 "-" "Mozilla/5.0 (Linux; Android 10; K) AppleWebKit/537.36 (KHTML, like Gecko) Chrome/135.0.0.0 Mobile Safari/537.36"
114.10.75.72 - - [30/Apr/2025:08:55:52 -0400] "GET /favicon.ico HTTP/1.1" 404 13 "http://newlighthss.edu.np/.well-known/pki-validation/biasa.php?d=2f686f6d652f6c656b686e6174682f746963636f6c6c656765" "Mozilla/5.0 (Linux; Android 10; K) AppleWebKit/537.36 (KHTML, like Gecko) Chrome/135.0.0.0 Mobile Safari/537.36"
199.188.205.55 - - [30/Apr/2025:11:30:21 -0400] "POST /wp-cron.php?doing_wp_cron=1746027020.8598029613494873046875 HTTP/1.1" 403 13 "-" "WordPress/6.8; http://newlighthss.edu.np"
185.201.188.48 - - [30/Apr/2025:11:30:17 -0400] "GET / HTTP/1.1" 200 55707 "-" "Mozilla/5.0 (Windows NT 10.0; Win64; x64) AppleWebKit/537.36 (KHTML, like Gecko) Chrome/126.0.0.0 Safari/537.36"
185.201.188.48 - - [30/Apr/2025:11:30:32 -0400] "GET /.env HTTP/1.1" 404 13 "-" "Mozilla/5.0 (Windows NT 10.0; Win64; x64) AppleWebKit/537.36 (KHTML, like Gecko) Chrome/126.0.0.0 Safari/537.36"
185.201.188.48 - - [30/Apr/2025:11:30:40 -0400] "GET /.env.bak HTTP/1.1" 404 13 "-" "Mozilla/5.0 (Windows NT 10.0; Win64; x64) AppleWebKit/537.36 (KHTML, like Gecko) Chrome/126.0.0.0 Safari/537.36"
185.201.188.48 - - [30/Apr/2025:11:30:44 -0400] "GET /.env.dev HTTP/1.1" 404 13 "-" "Mozilla/5.0 (Windows NT 10.0; Win64; x64) AppleWebKit/537.36 (KHTML, like Gecko) Chrome/126.0.0.0 Safari/537.36"
185.201.188.48 - - [30/Apr/2025:11:30:49 -0400] "GET /.env.dev.local HTTP/1.1" 404 13 "-" "Mozilla/5.0 (Windows NT 10.0; Win64; x64) AppleWebKit/537.36 (KHTML, like Gecko) Chrome/126.0.0.0 Safari/537.36"
185.201.188.48 - - [30/Apr/2025:11:30:54 -0400] "GET /.env.development.local HTTP/1.1" 404 13 "-" "Mozilla/5.0 (Windows NT 10.0; Win64; x64) AppleWebKit/537.36 (KHTML, like Gecko) Chrome/126.0.0.0 Safari/537.36"
185.201.188.48 - - [30/Apr/2025:11:30:59 -0400] "GET /.env.prod HTTP/1.1" 404 13 "-" "Mozilla/5.0 (Windows NT 10.0; Win64; x64) AppleWebKit/537.36 (KHTML, like Gecko) Chrome/126.0.0.0 Safari/537.36"
185.201.188.48 - - [30/Apr/2025:11:31:06 -0400] "GET /.env.prod.local HTTP/1.1" 404 13 "-" "Mozilla/5.0 (Windows NT 10.0; Win64; x64) AppleWebKit/537.36 (KHTML, like Gecko) Chrome/126.0.0.0 Safari/537.36"
185.201.188.48 - - [30/Apr/2025:11:31:15 -0400] "GET /.env.production HTTP/1.1" 404 13 "-" "Mozilla/5.0 (Windows NT 10.0; Win64; x64) AppleWebKit/537.36 (KHTML, like Gecko) Chrome/126.0.0.0 Safari/537.36"
185.201.188.48 - - [30/Apr/2025:11:31:20 -0400] "GET /.env.production.local HTTP/1.1" 404 13 "-" "Mozilla/5.0 (Windows NT 10.0; Win64; x64) AppleWebKit/537.36 (KHTML, like Gecko) Chrome/126.0.0.0 Safari/537.36"
185.201.188.48 - - [30/Apr/2025:11:31:23 -0400] "GET /.env.local HTTP/1.1" 404 13 "-" "Mozilla/5.0 (Windows NT 10.0; Win64; x64) AppleWebKit/537.36 (KHTML, like Gecko) Chrome/126.0.0.0 Safari/537.36"
185.201.188.48 - - [30/Apr/2025:11:31:32 -0400] "GET /.env.example HTTP/1.1" 404 13 "-" "Mozilla/5.0 (Windows NT 10.0; Win64; x64) AppleWebKit/537.36 (KHTML, like Gecko) Chrome/126.0.0.0 Safari/537.36"
185.201.188.48 - - [30/Apr/2025:11:31:37 -0400] "GET /.env.stage HTTP/1.1" 404 13 "-" "Mozilla/5.0 (Windows NT 10.0; Win64; x64) AppleWebKit/537.36 (KHTML, like Gecko) Chrome/126.0.0.0 Safari/537.36"
185.201.188.48 - - [30/Apr/2025:11:31:42 -0400] "GET /.env.live HTTP/1.1" 404 13 "-" "Mozilla/5.0 (Windows NT 10.0; Win64; x64) AppleWebKit/537.36 (KHTML, like Gecko) Chrome/126.0.0.0 Safari/537.36"
185.201.188.48 - - [30/Apr/2025:11:31:48 -0400] "GET /.env.backup HTTP/1.1" 404 13 "-" "Mozilla/5.0 (Windows NT 10.0; Win64; x64) AppleWebKit/537.36 (KHTML, like Gecko) Chrome/126.0.0.0 Safari/537.36"
185.201.188.48 - - [30/Apr/2025:11:31:53 -0400] "GET /.env.save HTTP/1.1" 404 13 "-" "Mozilla/5.0 (Windows NT 10.0; Win64; x64) AppleWebKit/537.36 (KHTML, like Gecko) Chrome/126.0.0.0 Safari/537.36"
185.201.188.48 - - [30/Apr/2025:11:31:56 -0400] "GET /.env.old HTTP/1.1" 404 13 "-" "Mozilla/5.0 (Windows NT 10.0; Win64; x64) AppleWebKit/537.36 (KHTML, like Gecko) Chrome/126.0.0.0 Safari/537.36"
185.201.188.48 - - [30/Apr/2025:11:32:00 -0400] "GET /.env.www HTTP/1.1" 404 13 "-" "Mozilla/5.0 (Windows NT 10.0; Win64; x64) AppleWebKit/537.36 (KHTML, like Gecko) Chrome/126.0.0.0 Safari/537.36"
185.201.188.48 - - [30/Apr/2025:11:32:08 -0400] "GET /.env_1 HTTP/1.1" 404 13 "-" "Mozilla/5.0 (Windows NT 10.0; Win64; x64) AppleWebKit/537.36 (KHTML, like Gecko) Chrome/126.0.0.0 Safari/537.36"
66.249.79.134 - - [30/Apr/2025:11:03:28 -0400] "GET /vintagegame.html HTTP/1.1" 404 13 "-" "Mozilla/5.0 (Linux; Android 6.0.1; Nexus 5X Build/MMB29P) AppleWebKit/537.36 (KHTML, like Gecko) Chrome/135.0.7049.95 Mobile Safari/537.36 (compatible; Googlebot/2.1; +http://www.google.com/bot.html)"
185.201.188.48 - - [30/Apr/2025:11:32:16 -0400] "GET /.env_sample HTTP/1.1" 404 13 "-" "Mozilla/5.0 (Windows NT 10.0; Win64; x64) AppleWebKit/537.36 (KHTML, like Gecko) Chrome/126.0.0.0 Safari/537.36"
185.201.188.48 - - [30/Apr/2025:11:32:21 -0400] "GET /api/.env HTTP/1.1" 404 13 "-" "Mozilla/5.0 (Windows NT 10.0; Win64; x64) AppleWebKit/537.36 (KHTML, like Gecko) Chrome/126.0.0.0 Safari/537.36"
199.188.205.55 - - [30/Apr/2025:14:56:22 -0400] "POST /wp-cron.php?doing_wp_cron=1746039382.4319579601287841796875 HTTP/1.1" 403 13 "-" "WordPress/6.8; http://newlighthss.edu.np"
199.188.205.55 - - [30/Apr/2025:14:56:19 -0400] "GET / HTTP/1.1" 200 55707 "-" "Mozilla/5.0 (Windows NT 10.0; Win64; x64; rv:122.0) Gecko/20100101 Firefox/122.0"
107.151.248.52 - - [30/Apr/2025:16:14:50 -0400] "GET /wp-admin/css/ HTTP/1.1" 403 13 "binance.com" "Mozilla/5.0 (Windows NT 10.0; Win64; x64) AppleWebKit/537.36 (KHTML, like Gecko) Chrome/90.0.4430.85 Safari/537.36"
69.171.231.115 - - [30/Apr/2025:18:18:13 -0400] "GET /robots.txt HTTP/1.1" 206 126 "-" "facebookexternalhit/1.1 (+http://www.facebook.com/externalhit_uatext.php)"
35.177.93.22 - - [30/Apr/2025:19:35:06 -0400] "GET /wp-ver.php HTTP/1.1" 404 13 "www.google.com" "Mozlila/5.0 (Linux; Android 7.0; SM-G892A Bulid/NRD90M; wv) AppleWebKit/537.36 (KHTML, like Gecko) Version/4.0 Chrome/60.0.3112.107 Moblie Safari/537.36"
173.252.107.114 - - [01/May/2025:00:53:35 -0400] "GET /robots.txt HTTP/1.1" 200 126 "-" "facebookexternalhit/1.1 (+http://www.facebook.com/externalhit_uatext.php)"
199.188.205.55 - - [01/May/2025:00:53:38 -0400] "POST /wp-cron.php?doing_wp_cron=1746075218.0260369777679443359375 HTTP/1.1" 403 13 "-" "WordPress/6.8; http://newlighthss.edu.np"
173.252.107.7 - - [01/May/2025:00:53:35 -0400] "GET / HTTP/1.1" 200 55707 "-" "meta-externalagent/1.1 (+https://developers.facebook.com/docs/sharing/webmasters/crawler)"
66.249.79.135 - - [01/May/2025:01:12:34 -0400] "GET /robots.txt HTTP/1.1" 200 126 "-" "Mozilla/5.0 (compatible; Googlebot/2.1; +http://www.google.com/bot.html)"
199.188.205.55 - - [01/May/2025:01:12:38 -0400] "POST /wp-cron.php?doing_wp_cron=1746076358.4246480464935302734375 HTTP/1.1" 403 13 "-" "WordPress/6.8; http://newlighthss.edu.np"
66.249.79.135 - - [01/May/2025:01:12:36 -0400] "GET / HTTP/1.1" 200 12091 "-" "Mozilla/5.0 (Linux; Android 6.0.1; Nexus 5X Build/MMB29P) AppleWebKit/537.36 (KHTML, like Gecko) Chrome/135.0.7049.95 Mobile Safari/537.36 (compatible; Googlebot/2.1; +http://www.google.com/bot.html)"
66.249.79.134 - - [01/May/2025:01:13:39 -0400] "GET /wp-includes/blocks/navigation/style.min.css?ver=6.8 HTTP/1.1" 200 2057 "http://newlighthss.edu.np/" "Mozilla/5.0 (Linux; Android 6.0.1; Nexus 5X Build/MMB29P) AppleWebKit/537.36 (KHTML, like Gecko) Chrome/134.0.6998.165 Mobile Safari/537.36 (compatible; Googlebot/2.1; +http://www.google.com/bot.html)"
66.249.79.136 - - [01/May/2025:01:13:40 -0400] "GET /wp-content/plugins/school-management-pro/assets/css/zebra_datepicker.min.css?ver=6.8 HTTP/1.1" 200 785 "http://newlighthss.edu.np/" "Mozilla/5.0 (Linux; Android 6.0.1; Nexus 5X Build/MMB29P) AppleWebKit/537.36 (KHTML, like Gecko) Chrome/134.0.6998.165 Mobile Safari/537.36 (compatible; Googlebot/2.1; +http://www.google.com/bot.html)"
66.249.79.136 - - [01/May/2025:01:13:41 -0400] "GET /wp-includes/js/dist/script-modules/interactivity/index.min.js?ver=55aebb6e0a16726baffb HTTP/1.1" 200 13727 "http://newlighthss.edu.np/" "Mozilla/5.0 (Linux; Android 6.0.1; Nexus 5X Build/MMB29P) AppleWebKit/537.36 (KHTML, like Gecko) Chrome/134.0.6998.165 Mobile Safari/537.36 (compatible; Googlebot/2.1; +http://www.google.com/bot.html)"
66.249.79.134 - - [01/May/2025:01:13:43 -0400] "GET /wp-content/plugins/school-management-pro/assets/css/wlsm-dashboard.css?ver=5.1 HTTP/1.1" 200 1370 "http://newlighthss.edu.np/" "Mozilla/5.0 (Linux; Android 6.0.1; Nexus 5X Build/MMB29P) AppleWebKit/537.36 (KHTML, like Gecko) Chrome/134.0.6998.165 Mobile Safari/537.36 (compatible; Googlebot/2.1; +http://www.google.com/bot.html)"
66.249.79.134 - - [01/May/2025:01:13:45 -0400] "GET /wp-content/plugins/school-management-pro/assets/css/toastr.min.css?ver=6.8 HTTP/1.1" 200 2807 "http://newlighthss.edu.np/" "Mozilla/5.0 (Linux; Android 6.0.1; Nexus 5X Build/MMB29P) AppleWebKit/537.36 (KHTML, like Gecko) Chrome/134.0.6998.165 Mobile Safari/537.36 (compatible; Googlebot/2.1; +http://www.google.com/bot.html)"
66.249.79.134 - - [01/May/2025:01:13:48 -0400] "GET /wp-content/plugins/school-management-pro/assets/js/wlsm.js?ver=5.1 HTTP/1.1" 200 8798 "http://newlighthss.edu.np/" "Mozilla/5.0 (Linux; Android 6.0.1; Nexus 5X Build/MMB29P) AppleWebKit/537.36 (KHTML, like Gecko) Chrome/134.0.6998.165 Mobile Safari/537.36 (compatible; Googlebot/2.1; +http://www.google.com/bot.html)"
196.251.116.108 - - [01/May/2025:01:28:23 -0400] "GET /thoms.php HTTP/1.1" 404 13 "www.google.com" "Mozlila/5.0 (Linux; Android 7.0; SM-G892A Bulid/NRD90M; wv) AppleWebKit/537.36 (KHTML, like Gecko) Version/4.0 Chrome/60.0.3112.107 Moblie Safari/537.36"
66.249.79.134 - - [01/May/2025:01:39:59 -0400] "GET /wp-content/plugins/school-management-pro/assets/css/wlsm-dashboard.css?ver=5.1 HTTP/1.1" 200 1370 "http://newlighthss.edu.np/" "Mozilla/5.0 (Linux; Android 6.0.1; Nexus 5X Build/MMB29P) AppleWebKit/537.36 (KHTML, like Gecko) Chrome/134.0.6998.165 Mobile Safari/537.36 (compatible; Googlebot/2.1; +http://www.google.com/bot.html)"
66.249.79.134 - - [01/May/2025:01:40:00 -0400] "GET /wp-content/plugins/school-management-pro/assets/css/print/wlsm-preview.css?ver=5.1 HTTP/1.1" 200 1843 "http://newlighthss.edu.np/" "Mozilla/5.0 (Linux; Android 6.0.1; Nexus 5X Build/MMB29P) AppleWebKit/537.36 (KHTML, like Gecko) Chrome/134.0.6998.165 Mobile Safari/537.36 (compatible; Googlebot/2.1; +http://www.google.com/bot.html)"
66.249.79.134 - - [01/May/2025:03:41:37 -0400] "GET /v3.php HTTP/1.1" 403 13 "-" "Mozilla/5.0 (Linux; Android 6.0.1; Nexus 5X Build/MMB29P) AppleWebKit/537.36 (KHTML, like Gecko) Chrome/135.0.7049.95 Mobile Safari/537.36 (compatible; Googlebot/2.1; +http://www.google.com/bot.html)"
199.188.205.55 - - [01/May/2025:03:45:46 -0400] "POST /wp-cron.php?doing_wp_cron=1746085546.2106399536132812500000 HTTP/1.1" 403 13 "-" "WordPress/6.8; http://newlighthss.edu.np"
18.144.169.68 - - [01/May/2025:03:45:44 -0400] "GET / HTTP/1.1" 200 13958 "-" "Mozilla/5.0 (X11; Linux x86_64) AppleWebKit/537.36 (KHTML, like Gecko) Chrome/51.0.2704.103 Safari/537.36"
199.188.205.55 - - [01/May/2025:07:29:05 -0400] "POST /wp-cron.php?doing_wp_cron=1746098945.4218220710754394531250 HTTP/1.1" 403 13 "-" "WordPress/6.8; http://newlighthss.edu.np"
46.228.199.158 - - [01/May/2025:07:29:03 -0400] "GET / HTTP/1.1" 200 13958 "-" "Mozilla/5.0 (Windows NT 10.0; Win64; x64) AppleWebKit/537.36 (KHTML, like Gecko) Chrome/91.0.4472.114 Safari/537.36 Edg/91.0.864.54"
54.36.148.41 - - [01/May/2025:08:51:09 -0400] "GET /robots.txt HTTP/1.1" 200 126 "-" "Mozilla/5.0 (compatible; AhrefsBot/7.0; +http://ahrefs.com/robot/)"
199.188.205.55 - - [01/May/2025:08:51:12 -0400] "POST /wp-cron.php?doing_wp_cron=1746103872.3407590389251708984375 HTTP/1.1" 403 13 "-" "WordPress/6.8; http://newlighthss.edu.np"
54.36.148.61 - - [01/May/2025:08:51:10 -0400] "GET /index.php?sitemap.xml HTTP/1.1" 301 0 "-" "Mozilla/5.0 (compatible; AhrefsBot/7.0; +http://ahrefs.com/robot/)"
54.36.148.61 - - [01/May/2025:08:51:12 -0400] "GET /?sitemap.xml HTTP/1.1" 200 12163 "-" "Mozilla/5.0 (compatible; AhrefsBot/7.0; +http://ahrefs.com/robot/)"
54.36.148.238 - - [01/May/2025:09:08:51 -0400] "GET /sitemap.xml HTTP/1.1" 404 13 "-" "Mozilla/5.0 (compatible; AhrefsBot/7.0; +http://ahrefs.com/robot/)"
128.199.83.101 - - [01/May/2025:09:20:24 -0400] "GET /vendor/htmlawed/htmlawed/htmLawedTest.php HTTP/1.1" 404 13 "-" "python-requests/2.32.3"
128.199.83.101 - - [01/May/2025:09:20:24 -0400] "GET /glpi/vendor/htmlawed/htmlawed/htmLawedTest.php HTTP/1.1" 404 13 "-" "python-requests/2.32.3"
216.244.66.244 - - [01/May/2025:09:36:24 -0400] "GET /robots.txt HTTP/1.1" 200 126 "-" "Mozilla/5.0 (compatible; DotBot/1.2; +https://opensiteexplorer.org/dotbot; help@moz.com)"
185.191.171.3 - - [01/May/2025:09:43:11 -0400] "GET /sitemap.xml HTTP/1.1" 404 13 "-" "Mozilla/5.0 (compatible; SemrushBot/7~bl; +http://www.semrush.com/bot.html)"
199.188.205.55 - - [01/May/2025:09:43:14 -0400] "POST /wp-cron.php?doing_wp_cron=1746106994.6084370613098144531250 HTTP/1.1" 403 13 "-" "WordPress/6.8; http://newlighthss.edu.np"
185.191.171.3 - - [01/May/2025:09:43:12 -0400] "GET /index.php?sitemap.xml HTTP/1.1" 301 0 "-" "Mozilla/5.0 (compatible; SemrushBot/7~bl; +http://www.semrush.com/bot.html)"
85.208.96.204 - - [01/May/2025:09:43:22 -0400] "GET /?sitemap.xml HTTP/1.1" 200 13958 "-" "Mozilla/5.0 (compatible; SemrushBot/7~bl; +http://www.semrush.com/bot.html)"
216.244.66.244 - - [01/May/2025:09:45:42 -0400] "GET /2023/05/22/message-from-the-principal/feed/ HTTP/1.1" 404 13 "-" "Mozilla/5.0 (compatible; DotBot/1.2; +https://opensiteexplorer.org/dotbot; help@moz.com)"
85.208.96.206 - - [01/May/2025:10:55:29 -0400] "GET /robots.txt HTTP/1.1" 200 126 "-" "Mozilla/5.0 (compatible; SemrushBot/7~bl; +http://www.semrush.com/bot.html)"
185.191.171.15 - - [01/May/2025:10:55:30 -0400] "GET /code-of-conduct/ HTTP/1.1" 404 13 "-" "Mozilla/5.0 (compatible; SemrushBot/7~bl; +http://www.semrush.com/bot.html)"
199.188.205.55 - - [01/May/2025:11:04:49 -0400] "POST /wp-cron.php?doing_wp_cron=1746111889.7575199604034423828125 HTTP/1.1" 403 13 "-" "WordPress/6.8; http://newlighthss.edu.np"
54.36.148.83 - - [01/May/2025:11:04:47 -0400] "GET /index.php?sitemap.xml HTTP/1.1" 301 0 "-" "Mozilla/5.0 (compatible; AhrefsBot/7.0; +http://ahrefs.com/robot/)"
54.36.148.83 - - [01/May/2025:11:04:50 -0400] "GET /?sitemap.xml HTTP/1.1" 200 12091 "-" "Mozilla/5.0 (compatible; AhrefsBot/7.0; +http://ahrefs.com/robot/)"
199.188.205.55 - - [01/May/2025:13:00:38 -0400] "POST /wp-cron.php?doing_wp_cron=1746118838.2237920761108398437500 HTTP/1.1" 403 13 "-" "WordPress/6.8; http://newlighthss.edu.np"
54.36.149.101 - - [01/May/2025:13:00:36 -0400] "GET /index.php?sitemap.xml HTTP/1.1" 301 0 "-" "Mozilla/5.0 (compatible; AhrefsBot/7.0; +http://ahrefs.com/robot/)"
54.36.149.101 - - [01/May/2025:13:00:39 -0400] "GET /?sitemap.xml HTTP/1.1" 200 12091 "-" "Mozilla/5.0 (compatible; AhrefsBot/7.0; +http://ahrefs.com/robot/)"
199.188.205.55 - - [01/May/2025:14:03:03 -0400] "POST /wp-cron.php?doing_wp_cron=1746122583.5315990447998046875000 HTTP/1.1" 403 13 "-" "WordPress/6.8; http://newlighthss.edu.np"
66.249.72.37 - - [01/May/2025:14:03:01 -0400] "GET / HTTP/1.1" 200 12091 "-" "Mozilla/5.0 (compatible; Googlebot/2.1; +http://www.google.com/bot.html)"
66.249.72.36 - - [01/May/2025:14:04:30 -0400] "GET /wp-includes/js/jquery/jquery-migrate.min.js?ver=3.4.1 HTTP/1.1" 200 4678 "http://newlighthss.edu.np/" "Mozilla/5.0 AppleWebKit/537.36 (KHTML, like Gecko; compatible; Googlebot/2.1; +http://www.google.com/bot.html) Chrome/134.0.6998.165 Safari/537.36"
66.249.72.35 - - [01/May/2025:14:04:30 -0400] "GET /wp-content/plugins/school-management-pro/assets/css/print/wlsm-preview.css?ver=5.1 HTTP/1.1" 200 1843 "http://newlighthss.edu.np/" "Mozilla/5.0 AppleWebKit/537.36 (KHTML, like Gecko; compatible; Googlebot/2.1; +http://www.google.com/bot.html) Chrome/134.0.6998.165 Safari/537.36"
66.249.72.36 - - [01/May/2025:14:04:30 -0400] "GET /wp-content/plugins/school-management-pro/assets/js/zebra_datepicker.min.js?ver=1 HTTP/1.1" 200 9901 "http://newlighthss.edu.np/" "Mozilla/5.0 AppleWebKit/537.36 (KHTML, like Gecko; compatible; Googlebot/2.1; +http://www.google.com/bot.html) Chrome/134.0.6998.165 Safari/537.36"
66.249.72.35 - - [01/May/2025:14:04:30 -0400] "GET /wp-includes/js/dist/script-modules/block-library/navigation/view.min.js?ver=61572d447d60c0aa5240 HTTP/1.1" 200 1049 "http://newlighthss.edu.np/" "Mozilla/5.0 AppleWebKit/537.36 (KHTML, like Gecko; compatible; Googlebot/2.1; +http://www.google.com/bot.html) Chrome/134.0.6998.165 Safari/537.36"
66.249.72.35 - - [01/May/2025:14:04:30 -0400] "GET /wp-content/plugins/school-management-pro/assets/js/jquery-confirm.min.js?ver=1 HTTP/1.1" 200 6939 "http://newlighthss.edu.np/" "Mozilla/5.0 AppleWebKit/537.36 (KHTML, like Gecko; compatible; Googlebot/2.1; +http://www.google.com/bot.html) Chrome/134.0.6998.165 Safari/537.36"
66.249.72.35 - - [01/May/2025:14:04:30 -0400] "GET /wp-content/plugins/school-management-pro/assets/css/wlsm.css?ver=5.1 HTTP/1.1" 200 2734 "http://newlighthss.edu.np/" "Mozilla/5.0 AppleWebKit/537.36 (KHTML, like Gecko; compatible; Googlebot/2.1; +http://www.google.com/bot.html) Chrome/134.0.6998.165 Safari/537.36"
66.249.72.36 - - [01/May/2025:14:04:30 -0400] "GET /wp-includes/js/jquery/jquery.form.min.js?ver=4.3.0 HTTP/1.1" 200 5690 "http://newlighthss.edu.np/" "Mozilla/5.0 AppleWebKit/537.36 (KHTML, like Gecko; compatible; Googlebot/2.1; +http://www.google.com/bot.html) Chrome/134.0.6998.165 Safari/537.36"
66.249.72.35 - - [01/May/2025:14:04:31 -0400] "GET /wp-content/plugins/school-management-pro/assets/js/wlsm.js?ver=5.1 HTTP/1.1" 200 8798 "http://newlighthss.edu.np/" "Mozilla/5.0 AppleWebKit/537.36 (KHTML, like Gecko; compatible; Googlebot/2.1; +http://www.google.com/bot.html) Chrome/134.0.6998.165 Safari/537.36"
173.252.87.9 - - [01/May/2025:14:24:28 -0400] "GET /robots.txt HTTP/1.1" 206 126 "-" "facebookexternalhit/1.1 (+http://www.facebook.com/externalhit_uatext.php)"
199.188.205.55 - - [01/May/2025:14:50:57 -0400] "POST /wp-cron.php?doing_wp_cron=1746125457.3867681026458740234375 HTTP/1.1" 403 13 "-" "WordPress/6.8; http://newlighthss.edu.np"
199.188.205.55 - - [01/May/2025:14:50:54 -0400] "GET / HTTP/1.1" 200 55707 "-" "Mozilla/5.0 (Windows NT 10.0; Win64; x64; rv:122.0) Gecko/20100101 Firefox/122.0"
66.249.72.36 - - [01/May/2025:15:02:14 -0400] "GET /admission/ HTTP/1.1" 404 13 "-" "Mozilla/5.0 (Linux; Android 6.0.1; Nexus 5X Build/MMB29P) AppleWebKit/537.36 (KHTML, like Gecko) Chrome/135.0.7049.95 Mobile Safari/537.36 (compatible; Googlebot/2.1; +http://www.google.com/bot.html)"
199.188.205.55 - - [01/May/2025:15:09:09 -0400] "POST /wp-cron.php?doing_wp_cron=1746126549.5241630077362060546875 HTTP/1.1" 403 13 "-" "WordPress/6.8; http://newlighthss.edu.np"
54.36.148.183 - - [01/May/2025:15:09:07 -0400] "GET /index.php?sitemap.xml HTTP/1.1" 301 0 "-" "Mozilla/5.0 (compatible; AhrefsBot/7.0; +http://ahrefs.com/robot/)"
54.36.148.183 - - [01/May/2025:15:09:10 -0400] "GET /?sitemap.xml HTTP/1.1" 200 12091 "-" "Mozilla/5.0 (compatible; AhrefsBot/7.0; +http://ahrefs.com/robot/)"
35.177.93.22 - - [01/May/2025:16:01:44 -0400] "GET /wp-content/plugins/essential-addons-for-elementor-lite/readme.txt HTTP/1.1" 404 13 "www.google.com" "Mozilla/6.4 (Windows NT 11.1) Gecko/2010102 Firefox/99.0"
66.249.72.35 - - [01/May/2025:16:10:30 -0400] "GET /shopdetail/22650331 HTTP/1.1" 404 13 "-" "Mozilla/5.0 (compatible; Googlebot/2.1; +http://www.google.com/bot.html)"
199.188.205.55 - - [01/May/2025:16:45:41 -0400] "POST /wp-cron.php?doing_wp_cron=1746132341.0563828945159912109375 HTTP/1.1" 403 13 "-" "WordPress/6.8; http://newlighthss.edu.np"
54.36.148.182 - - [01/May/2025:16:45:38 -0400] "GET /index.php?sitemap.xml HTTP/1.1" 301 0 "-" "Mozilla/5.0 (compatible; AhrefsBot/7.0; +http://ahrefs.com/robot/)"
54.36.148.182 - - [01/May/2025:16:45:41 -0400] "GET /?sitemap.xml HTTP/1.1" 200 12091 "-" "Mozilla/5.0 (compatible; AhrefsBot/7.0; +http://ahrefs.com/robot/)"
152.53.225.138 - - [01/May/2025:17:54:23 -0400] "GET /style.php HTTP/1.1" 404 13 "www.google.com" "Mozlila/5.0 (Linux; Android 7.0; SM-G892A Bulid/NRD90M; wv) AppleWebKit/537.36 (KHTML, like Gecko) Version/4.0 Chrome/60.0.3112.107 Moblie Safari/537.36"
199.188.205.55 - - [01/May/2025:18:22:04 -0400] "POST /wp-cron.php?doing_wp_cron=1746138124.0163350105285644531250 HTTP/1.1" 403 13 "-" "WordPress/6.8; http://newlighthss.edu.np"
54.36.148.22 - - [01/May/2025:18:22:01 -0400] "GET /index.php?sitemap.xml HTTP/1.1" 301 0 "-" "Mozilla/5.0 (compatible; AhrefsBot/7.0; +http://ahrefs.com/robot/)"
54.36.148.22 - - [01/May/2025:18:22:04 -0400] "GET /?sitemap.xml HTTP/1.1" 200 12091 "-" "Mozilla/5.0 (compatible; AhrefsBot/7.0; +http://ahrefs.com/robot/)"
199.188.205.55 - - [01/May/2025:19:49:51 -0400] "POST /wp-cron.php?doing_wp_cron=1746143391.4492170810699462890625 HTTP/1.1" 403 13 "-" "WordPress/6.8; http://newlighthss.edu.np"
54.36.149.37 - - [01/May/2025:19:49:49 -0400] "GET /index.php?sitemap.xml HTTP/1.1" 301 0 "-" "Mozilla/5.0 (compatible; AhrefsBot/7.0; +http://ahrefs.com/robot/)"
54.36.149.37 - - [01/May/2025:19:49:52 -0400] "GET /?sitemap.xml HTTP/1.1" 200 12121 "-" "Mozilla/5.0 (compatible; AhrefsBot/7.0; +http://ahrefs.com/robot/)"
196.251.80.228 - - [01/May/2025:20:26:00 -0400] "GET / HTTP/1.1" 200 0 "-" "-"
196.251.80.228 - - [01/May/2025:20:26:10 -0400] "GET / HTTP/1.1" 200 0 "-" "-"
199.188.205.55 - - [01/May/2025:20:26:12 -0400] "POST /wp-cron.php?doing_wp_cron=1746145564.2258930206298828125000 HTTP/1.1" 200 0 "-" "WordPress/6.8; http://newlighthss.edu.np"
196.251.80.228 - - [01/May/2025:20:26:18 -0400] "GET / HTTP/1.1" 200 55707 "-" "-"
196.251.80.228 - - [01/May/2025:20:26:27 -0400] "GET / HTTP/1.1" 200 0 "-" "-"
196.251.80.228 - - [01/May/2025:20:26:33 -0400] "GET / HTTP/1.1" 200 55707 "-" "-"
196.251.80.228 - - [01/May/2025:20:26:37 -0400] "GET /wp-admin/install.php HTTP/1.1" 403 13 "-" "-"
196.251.80.228 - - [01/May/2025:20:26:37 -0400] "GET /wp-admin/setup-config.php HTTP/1.1" 403 13 "-" "-"
196.251.88.138 - - [01/May/2025:20:57:50 -0400] "GET /simple.php HTTP/1.1" 404 13 "www.google.com" "Mozlila/5.0 (Linux; Android 7.0; SM-G892A Bulid/NRD90M; wv) AppleWebKit/537.36 (KHTML, like Gecko) Version/4.0 Chrome/60.0.3112.107 Moblie Safari/537.36"
196.251.88.138 - - [01/May/2025:20:58:03 -0400] "GET /wp-content/themes/about.php HTTP/1.1" 404 13 "www.google.com" "Mozlila/5.0 (Linux; Android 7.0; SM-G892A Bulid/NRD90M; wv) AppleWebKit/537.36 (KHTML, like Gecko) Version/4.0 Chrome/60.0.3112.107 Moblie Safari/537.36"
51.222.253.10 - - [01/May/2025:21:30:00 -0400] "GET /robots.txt HTTP/1.1" 200 126 "-" "Mozilla/5.0 (compatible; AhrefsBot/7.0; +http://ahrefs.com/robot/)"
199.188.205.55 - - [01/May/2025:21:30:37 -0400] "POST /wp-cron.php?doing_wp_cron=1746149437.8185420036315917968750 HTTP/1.1" 403 13 "-" "WordPress/6.8; http://newlighthss.edu.np"
54.36.149.6 - - [01/May/2025:21:30:35 -0400] "GET /index.php?sitemap.xml HTTP/1.1" 301 0 "-" "Mozilla/5.0 (compatible; AhrefsBot/7.0; +http://ahrefs.com/robot/)"
54.36.149.6 - - [01/May/2025:21:30:39 -0400] "GET /?sitemap.xml HTTP/1.1" 200 12163 "-" "Mozilla/5.0 (compatible; AhrefsBot/7.0; +http://ahrefs.com/robot/)"
199.188.205.55 - - [02/May/2025:00:06:54 -0400] "POST /wp-cron.php?doing_wp_cron=1746158814.5988259315490722656250 HTTP/1.1" 403 13 "-" "WordPress/6.8; http://newlighthss.edu.np"
54.36.148.164 - - [02/May/2025:00:06:51 -0400] "GET /index.php?sitemap.xml HTTP/1.1" 301 0 "-" "Mozilla/5.0 (compatible; AhrefsBot/7.0; +http://ahrefs.com/robot/)"
54.36.148.164 - - [02/May/2025:00:06:56 -0400] "GET /?sitemap.xml HTTP/1.1" 200 12091 "-" "Mozilla/5.0 (compatible; AhrefsBot/7.0; +http://ahrefs.com/robot/)"
124.248.183.53 - - [02/May/2025:00:17:15 -0400] "GET /wp-content/plugins/nextend-smart-slider3-pro/Nextend/SmartSlider3/Platform/WordPress/Shortcode/index.php HTTP/1.1" 200 895 "-" "Mozilla/5.0 (Windows NT 10.0; Win64; x64) AppleWebKit/537.36 (KHTML, like Gecko) Chrome/135.0.0.0 Safari/537.36"
124.248.183.53 - - [02/May/2025:00:17:16 -0400] "GET /favicon.ico HTTP/1.1" 404 13 "http://newlighthss.edu.np/wp-content/plugins/nextend-smart-slider3-pro/Nextend/SmartSlider3/Platform/WordPress/Shortcode/index.php" "Mozilla/5.0 (Windows NT 10.0; Win64; x64) AppleWebKit/537.36 (KHTML, like Gecko) Chrome/135.0.0.0 Safari/537.36"
124.248.183.53 - - [02/May/2025:00:17:21 -0400] "POST /wp-content/plugins/nextend-smart-slider3-pro/Nextend/SmartSlider3/Platform/WordPress/Shortcode/index.php HTTP/1.1" 302 0 "http://newlighthss.edu.np/wp-content/plugins/nextend-smart-slider3-pro/Nextend/SmartSlider3/Platform/WordPress/Shortcode/index.php" "Mozilla/5.0 (Windows NT 10.0; Win64; x64) AppleWebKit/537.36 (KHTML, like Gecko) Chrome/135.0.0.0 Safari/537.36"
124.248.183.53 - - [02/May/2025:00:17:21 -0400] "GET /wp-content/plugins/nextend-smart-slider3-pro/Nextend/SmartSlider3/Platform/WordPress/Shortcode/index.php? HTTP/1.1" 200 5070 "http://newlighthss.edu.np/wp-content/plugins/nextend-smart-slider3-pro/Nextend/SmartSlider3/Platform/WordPress/Shortcode/index.php" "Mozilla/5.0 (Windows NT 10.0; Win64; x64) AppleWebKit/537.36 (KHTML, like Gecko) Chrome/135.0.0.0 Safari/537.36"
124.248.183.53 - - [02/May/2025:00:17:26 -0400] "GET /wp-content/plugins/nextend-smart-slider3-pro/Nextend/SmartSlider3/Platform/WordPress/Shortcode/index.php?path=%2Fhome%2Flekhnath%2Fnewlighthss.edu.np HTTP/1.1" 200 6039 "http://newlighthss.edu.np/wp-content/plugins/nextend-smart-slider3-pro/Nextend/SmartSlider3/Platform/WordPress/Shortcode/index.php?" "Mozilla/5.0 (Windows NT 10.0; Win64; x64) AppleWebKit/537.36 (KHTML, like Gecko) Chrome/135.0.0.0 Safari/537.36"
124.248.183.53 - - [02/May/2025:00:17:30 -0400] "GET /wp-content/plugins/nextend-smart-slider3-pro/Nextend/SmartSlider3/Platform/WordPress/Shortcode/index.php?edit=%2Fhome%2Flekhnath%2Fnewlighthss.edu.np%2Findex.php&path=%2Fhome%2Flekhnath%2Fnewlighthss.edu.np HTTP/1.1" 200 6626 "http://newlighthss.edu.np/wp-content/plugins/nextend-smart-slider3-pro/Nextend/SmartSlider3/Platform/WordPress/Shortcode/index.php?path=%2Fhome%2Flekhnath%2Fnewlighthss.edu.np" "Mozilla/5.0 (Windows NT 10.0; Win64; x64) AppleWebKit/537.36 (KHTML, like Gecko) Chrome/135.0.0.0 Safari/537.36"
199.188.205.55 - - [02/May/2025:00:18:00 -0400] "POST /wp-cron.php?doing_wp_cron=1746159480.6397058963775634765625 HTTP/1.1" 403 13 "-" "WordPress/6.8; http://newlighthss.edu.np"
124.248.183.53 - - [02/May/2025:00:17:59 -0400] "GET / HTTP/1.1" 200 13996 "-" "Mozilla/5.0 (Windows NT 10.0; Win64; x64) AppleWebKit/537.36 (KHTML, like Gecko) Chrome/135.0.0.0 Safari/537.36"
124.248.183.53 - - [02/May/2025:00:18:01 -0400] "GET /wp-includes/blocks/navigation/style.min.css?ver=6.8 HTTP/1.1" 200 2781 "http://newlighthss.edu.np/" "Mozilla/5.0 (Windows NT 10.0; Win64; x64) AppleWebKit/537.36 (KHTML, like Gecko) Chrome/135.0.0.0 Safari/537.36"
124.248.183.53 - - [02/May/2025:00:18:01 -0400] "GET /wp-content/plugins/school-management-pro/assets/css/jquery-confirm.min.css?ver=6.8 HTTP/1.1" 200 4050 "http://newlighthss.edu.np/" "Mozilla/5.0 (Windows NT 10.0; Win64; x64) AppleWebKit/537.36 (KHTML, like Gecko) Chrome/135.0.0.0 Safari/537.36"
124.248.183.53 - - [02/May/2025:00:18:01 -0400] "GET /wp-content/plugins/school-management-pro/assets/css/toastr.min.css?ver=6.8 HTTP/1.1" 200 3134 "http://newlighthss.edu.np/" "Mozilla/5.0 (Windows NT 10.0; Win64; x64) AppleWebKit/537.36 (KHTML, like Gecko) Chrome/135.0.0.0 Safari/537.36"
124.248.183.53 - - [02/May/2025:00:18:01 -0400] "GET /wp-content/plugins/school-management-pro/assets/css/zebra_datepicker.min.css?ver=6.8 HTTP/1.1" 200 992 "http://newlighthss.edu.np/" "Mozilla/5.0 (Windows NT 10.0; Win64; x64) AppleWebKit/537.36 (KHTML, like Gecko) Chrome/135.0.0.0 Safari/537.36"
124.248.183.53 - - [02/May/2025:00:18:01 -0400] "GET /wp-content/plugins/school-management-pro/assets/css/wlsm.css?ver=5.1 HTTP/1.1" 200 3514 "http://newlighthss.edu.np/" "Mozilla/5.0 (Windows NT 10.0; Win64; x64) AppleWebKit/537.36 (KHTML, like Gecko) Chrome/135.0.0.0 Safari/537.36"
124.248.183.53 - - [02/May/2025:00:18:01 -0400] "GET /wp-content/plugins/school-management-pro/assets/css/print/wlsm-preview.css?ver=5.1 HTTP/1.1" 200 2325 "http://newlighthss.edu.np/" "Mozilla/5.0 (Windows NT 10.0; Win64; x64) AppleWebKit/537.36 (KHTML, like Gecko) Chrome/135.0.0.0 Safari/537.36"
124.248.183.53 - - [02/May/2025:00:18:01 -0400] "GET /wp-content/plugins/school-management-pro/assets/css/wlsm-dashboard.css?ver=5.1 HTTP/1.1" 200 1753 "http://newlighthss.edu.np/" "Mozilla/5.0 (Windows NT 10.0; Win64; x64) AppleWebKit/537.36 (KHTML, like Gecko) Chrome/135.0.0.0 Safari/537.36"
124.248.183.53 - - [02/May/2025:00:18:01 -0400] "GET /wp-includes/js/jquery/jquery.min.js?ver=3.7.1 HTTP/1.1" 200 35438 "http://newlighthss.edu.np/" "Mozilla/5.0 (Windows NT 10.0; Win64; x64) AppleWebKit/537.36 (KHTML, like Gecko) Chrome/135.0.0.0 Safari/537.36"
124.248.183.53 - - [02/May/2025:00:18:01 -0400] "GET /wp-includes/js/jquery/jquery-migrate.min.js?ver=3.4.1 HTTP/1.1" 200 5342 "http://newlighthss.edu.np/" "Mozilla/5.0 (Windows NT 10.0; Win64; x64) AppleWebKit/537.36 (KHTML, like Gecko) Chrome/135.0.0.0 Safari/537.36"
124.248.183.53 - - [02/May/2025:00:18:01 -0400] "GET /wp-includes/js/dist/script-modules/block-library/navigation/view.min.js?ver=61572d447d60c0aa5240 HTTP/1.1" 200 1229 "http://newlighthss.edu.np/" "Mozilla/5.0 (Windows NT 10.0; Win64; x64) AppleWebKit/537.36 (KHTML, like Gecko) Chrome/135.0.0.0 Safari/537.36"
124.248.183.53 - - [02/May/2025:00:18:01 -0400] "GET /wp-content/uploads/2023/05/new-light-logo.jpg HTTP/1.1" 200 55868 "http://newlighthss.edu.np/" "Mozilla/5.0 (Windows NT 10.0; Win64; x64) AppleWebKit/537.36 (KHTML, like Gecko) Chrome/135.0.0.0 Safari/537.36"
124.248.183.53 - - [02/May/2025:00:18:01 -0400] "GET /wp-content/uploads/2023/05/338929513_539004275083911_556488214701611710_n-1024x570.jpg HTTP/1.1" 200 119349 "http://newlighthss.edu.np/" "Mozilla/5.0 (Windows NT 10.0; Win64; x64) AppleWebKit/537.36 (KHTML, like Gecko) Chrome/135.0.0.0 Safari/537.36"
124.248.183.53 - - [02/May/2025:00:18:01 -0400] "GET /wp-includes/js/dist/script-modules/interactivity/index.min.js?ver=55aebb6e0a16726baffb HTTP/1.1" 200 15890 "http://newlighthss.edu.np/" "Mozilla/5.0 (Windows NT 10.0; Win64; x64) AppleWebKit/537.36 (KHTML, like Gecko) Chrome/135.0.0.0 Safari/537.36"
124.248.183.53 - - [02/May/2025:00:18:02 -0400] "GET /wp-content/uploads/2023/05/New-Light-School-2-1024x429.jpg HTTP/1.1" 200 115900 "http://newlighthss.edu.np/" "Mozilla/5.0 (Windows NT 10.0; Win64; x64) AppleWebKit/537.36 (KHTML, like Gecko) Chrome/135.0.0.0 Safari/537.36"
124.248.183.53 - - [02/May/2025:00:18:02 -0400] "GET /wp-content/plugins/school-management-pro/assets/js/toastr.min.js?ver=1 HTTP/1.1" 200 2321 "http://newlighthss.edu.np/" "Mozilla/5.0 (Windows NT 10.0; Win64; x64) AppleWebKit/537.36 (KHTML, like Gecko) Chrome/135.0.0.0 Safari/537.36"
124.248.183.53 - - [02/May/2025:00:18:02 -0400] "GET /wp-content/plugins/school-management-pro/assets/js/jquery-confirm.min.js?ver=1 HTTP/1.1" 200 8554 "http://newlighthss.edu.np/" "Mozilla/5.0 (Windows NT 10.0; Win64; x64) AppleWebKit/537.36 (KHTML, like Gecko) Chrome/135.0.0.0 Safari/537.36"
124.248.183.53 - - [02/May/2025:00:18:02 -0400] "GET /wp-content/plugins/school-management-pro/assets/js/zebra_datepicker.min.js?ver=1 HTTP/1.1" 200 11911 "http://newlighthss.edu.np/" "Mozilla/5.0 (Windows NT 10.0; Win64; x64) AppleWebKit/537.36 (KHTML, like Gecko) Chrome/135.0.0.0 Safari/537.36"
124.248.183.53 - - [02/May/2025:00:18:02 -0400] "GET /wp-includes/js/jquery/jquery.form.min.js?ver=4.3.0 HTTP/1.1" 200 6580 "http://newlighthss.edu.np/" "Mozilla/5.0 (Windows NT 10.0; Win64; x64) AppleWebKit/537.36 (KHTML, like Gecko) Chrome/135.0.0.0 Safari/537.36"
124.248.183.53 - - [02/May/2025:00:18:02 -0400] "GET /wp-content/plugins/school-management-pro/assets/js/wlsm.js?ver=5.1 HTTP/1.1" 200 12302 "http://newlighthss.edu.np/" "Mozilla/5.0 (Windows NT 10.0; Win64; x64) AppleWebKit/537.36 (KHTML, like Gecko) Chrome/135.0.0.0 Safari/537.36"
124.248.183.53 - - [02/May/2025:00:18:02 -0400] "GET /wp-includes/js/wp-emoji-release.min.js?ver=6.8 HTTP/1.1" 200 5982 "http://newlighthss.edu.np/" "Mozilla/5.0 (Windows NT 10.0; Win64; x64) AppleWebKit/537.36 (KHTML, like Gecko) Chrome/135.0.0.0 Safari/537.36"
124.248.183.53 - - [02/May/2025:00:18:02 -0400] "GET /wp-admin/images/spinner.gif HTTP/1.1" 200 3656 "http://newlighthss.edu.np/" "Mozilla/5.0 (Windows NT 10.0; Win64; x64) AppleWebKit/537.36 (KHTML, like Gecko) Chrome/135.0.0.0 Safari/537.36"
124.248.183.53 - - [02/May/2025:00:18:05 -0400] "GET /wp-content/uploads/2023/05/new-light-logo-150x150.jpg HTTP/1.1" 200 5896 "http://newlighthss.edu.np/" "Mozilla/5.0 (Windows NT 10.0; Win64; x64) AppleWebKit/537.36 (KHTML, like Gecko) Chrome/135.0.0.0 Safari/537.36"
124.248.183.53 - - [02/May/2025:00:18:42 -0400] "GET /wp-content/plugins/password-protected/includes/activity-report-email/class-password-protected-activity-init.php HTTP/1.1" 200 225 "-" "Mozilla/5.0 (Windows NT 10.0; Win64; x64) AppleWebKit/537.36 (KHTML, like Gecko) Chrome/135.0.0.0 Safari/537.36"
124.248.183.53 - - [02/May/2025:00:18:50 -0400] "POST /wp-content/plugins/password-protected/includes/activity-report-email/class-password-protected-activity-init.php HTTP/1.1" 200 2643 "http://newlighthss.edu.np/wp-content/plugins/password-protected/includes/activity-report-email/class-password-protected-activity-init.php" "Mozilla/5.0 (Windows NT 10.0; Win64; x64) AppleWebKit/537.36 (KHTML, like Gecko) Chrome/135.0.0.0 Safari/537.36"
124.248.183.53 - - [02/May/2025:00:18:53 -0400] "GET /wp-content/plugins/password-protected/includes/activity-report-email/class-password-protected-activity-init.php?loknya=/home/lekhnath/newlighthss.edu.np HTTP/1.1" 200 4612 "http://newlighthss.edu.np/wp-content/plugins/password-protected/includes/activity-report-email/class-password-protected-activity-init.php" "Mozilla/5.0 (Windows NT 10.0; Win64; x64) AppleWebKit/537.36 (KHTML, like Gecko) Chrome/135.0.0.0 Safari/537.36"
124.248.183.53 - - [02/May/2025:00:18:58 -0400] "POST /wp-content/plugins/password-protected/includes/activity-report-email/class-password-protected-activity-init.php?pilihan&loknya=/home/lekhnath/newlighthss.edu.np HTTP/1.1" 200 4943 "http://newlighthss.edu.np/wp-content/plugins/password-protected/includes/activity-report-email/class-password-protected-activity-init.php?loknya=/home/lekhnath/newlighthss.edu.np" "Mozilla/5.0 (Windows NT 10.0; Win64; x64) AppleWebKit/537.36 (KHTML, like Gecko) Chrome/135.0.0.0 Safari/537.36"
199.188.205.55 - - [02/May/2025:00:19:18 -0400] "POST /wp-cron.php?doing_wp_cron=1746159558.7563140392303466796875 HTTP/1.1" 403 13 "-" "WordPress/6.8; http://newlighthss.edu.np"
124.248.183.53 - - [02/May/2025:00:19:18 -0400] "GET / HTTP/1.1" 200 13958 "-" "Mozilla/5.0 (Windows NT 10.0; Win64; x64) AppleWebKit/537.36 (KHTML, like Gecko) Chrome/135.0.0.0 Safari/537.36"
