51.222.253.12 - - [27/Apr/2025:13:49:12 -0400] "GET /alcohol/others/9360263018171 HTTP/1.1" 404 7439 "-" "Mozilla/5.0 (compatible; AhrefsBot/7.0; +http://ahrefs.com/robot/)"
207.46.13.107 - - [27/Apr/2025:13:49:16 -0400] "GET /bicycles-parts-1i8s9 HTTP/1.1" 200 20913 "-" "Mozilla/5.0 AppleWebKit/537.36 (KHTML, like Gecko; compatible; bingbot/2.0; +http://www.bing.com/bingbot.htm) Chrome/116.0.1938.76 Safari/537.36"
185.191.171.3 - - [27/Apr/2025:13:49:17 -0400] "GET /db.php/fashion/jackets/9720334073516.shtml HTTP/1.1" 200 0 "-" "Mozilla/5.0 (compatible; SemrushBot/7~bl; +http://www.semrush.com/bot.html)"
185.191.171.12 - - [27/Apr/2025:13:49:18 -0400] "GET /db.php/tablets/network-devices/1020280589094.shtml HTTP/1.1" 200 0 "-" "Mozilla/5.0 (compatible; SemrushBot/7~bl; +http://www.semrush.com/bot.html)"
185.191.171.15 - - [27/Apr/2025:13:49:20 -0400] "GET /db.php/art/guitars/18390491866883.shtml HTTP/1.1" 200 0 "-" "Mozilla/5.0 (compatible; SemrushBot/7~bl; +http://www.semrush.com/bot.html)"
85.208.96.207 - - [27/Apr/2025:13:49:22 -0400] "GET /db.php/bicycles/parts/18220210238126.shtml HTTP/1.1" 200 0 "-" "Mozilla/5.0 (compatible; SemrushBot/7~bl; +http://www.semrush.com/bot.html)"
85.208.96.202 - - [27/Apr/2025:13:49:30 -0400] "GET /db.php/alcohol/whiskey/9160280582147.shtml HTTP/1.1" 200 0 "-" "Mozilla/5.0 (compatible; SemrushBot/7~bl; +http://www.semrush.com/bot.html)"
40.77.167.255 - - [27/Apr/2025:13:49:35 -0400] "GET /fashion-yukata-ypf3 HTTP/1.1" 200 20863 "-" "Mozilla/5.0 AppleWebKit/537.36 (KHTML, like Gecko; compatible; bingbot/2.0; +http://www.bing.com/bingbot.htm) Chrome/116.0.1938.76 Safari/537.36"
85.208.96.199 - - [27/Apr/2025:13:49:43 -0400] "GET /db.php/fashion/jackets/9720513167127.shtml HTTP/1.1" 200 0 "-" "Mozilla/5.0 (compatible; SemrushBot/7~bl; +http://www.semrush.com/bot.html)"
185.191.171.16 - - [27/Apr/2025:13:49:50 -0400] "GET /db.php/computers/smartphones/680261380935.shtml HTTP/1.1" 200 0 "-" "Mozilla/5.0 (compatible; SemrushBot/7~bl; +http://www.semrush.com/bot.html)"
185.191.171.19 - - [27/Apr/2025:13:49:56 -0400] "GET /db.php/fashion/hats/9880593268175.shtml HTTP/1.1" 200 0 "-" "Mozilla/5.0 (compatible; SemrushBot/7~bl; +http://www.semrush.com/bot.html)"
185.191.171.5 - - [27/Apr/2025:13:50:13 -0400] "GET /db.php/interior/others/5200253308715.shtml HTTP/1.1" 200 0 "-" "Mozilla/5.0 (compatible; SemrushBot/7~bl; +http://www.semrush.com/bot.html)"
40.77.167.255 - - [27/Apr/2025:13:50:25 -0400] "GET /furniture-side-tables-2lu3b HTTP/1.1" 200 21071 "-" "Mozilla/5.0 AppleWebKit/537.36 (KHTML, like Gecko; compatible; bingbot/2.0; +http://www.bing.com/bingbot.htm) Chrome/116.0.1938.76 Safari/537.36"
40.77.167.255 - - [27/Apr/2025:13:50:27 -0400] "GET /diet-chlorella-284wv HTTP/1.1" 200 21133 "-" "Mozilla/5.0 AppleWebKit/537.36 (KHTML, like Gecko; compatible; bingbot/2.0; +http://www.bing.com/bingbot.htm) Chrome/116.0.1938.76 Safari/537.36"
185.191.171.10 - - [27/Apr/2025:13:50:34 -0400] "GET /db.php/motorcycles/motorcycle-wear/18310432443568.shtml HTTP/1.1" 200 0 "-" "Mozilla/5.0 (compatible; SemrushBot/7~bl; +http://www.semrush.com/bot.html)"
185.191.171.2 - - [27/Apr/2025:13:50:41 -0400] "GET /db.php/outerwear/blouson/20690530092544.shtml HTTP/1.1" 200 0 "-" "Mozilla/5.0 (compatible; SemrushBot/7~bl; +http://www.semrush.com/bot.html)"
85.208.96.193 - - [27/Apr/2025:13:50:58 -0400] "GET /db.php/sports/skiing/1740041933396.shtml HTTP/1.1" 200 0 "-" "Mozilla/5.0 (compatible; SemrushBot/7~bl; +http://www.semrush.com/bot.html)"
207.46.13.107 - - [27/Apr/2025:13:51:06 -0400] "GET /handmade-hard-cases-g3an HTTP/1.1" 200 20895 "-" "Mozilla/5.0 AppleWebKit/537.36 (KHTML, like Gecko; compatible; bingbot/2.0; +http://www.bing.com/bingbot.htm) Chrome/116.0.1938.76 Safari/537.36"
185.191.171.3 - - [27/Apr/2025:13:51:17 -0400] "GET /db.php/fashion/dresses/9810482674442.shtml HTTP/1.1" 200 0 "-" "Mozilla/5.0 (compatible; SemrushBot/7~bl; +http://www.semrush.com/bot.html)"
85.208.96.212 - - [27/Apr/2025:13:51:23 -0400] "GET /db.php/books/complete-sets/16770021385394.shtml HTTP/1.1" 200 0 "-" "Mozilla/5.0 (compatible; SemrushBot/7~bl; +http://www.semrush.com/bot.html)"
85.208.96.196 - - [27/Apr/2025:13:51:29 -0400] "GET /db.php/kitchen/bulk-sales/15210541230343.shtml HTTP/1.1" 200 0 "-" "Mozilla/5.0 (compatible; SemrushBot/7~bl; +http://www.semrush.com/bot.html)"
185.191.171.3 - - [27/Apr/2025:13:52:06 -0400] "GET /db.php/gardening/agave/2990110551786.shtml HTTP/1.1" 200 0 "-" "Mozilla/5.0 (compatible; SemrushBot/7~bl; +http://www.semrush.com/bot.html)"
20.15.133.174 - - [27/Apr/2025:13:52:06 -0400] "GET /fishing-reels-r12v HTTP/1.1" 200 21256 "-" "Mozilla/5.0 AppleWebKit/537.36 (KHTML, like Gecko; compatible; bingbot/2.0; +http://www.bing.com/bingbot.htm) Chrome/116.0.1938.76 Safari/537.36"
185.191.171.11 - - [27/Apr/2025:13:52:11 -0400] "GET /db.php/diet/iron/10590282092150.shtml HTTP/1.1" 200 0 "-" "Mozilla/5.0 (compatible; SemrushBot/7~bl; +http://www.semrush.com/bot.html)"
185.191.171.13 - - [27/Apr/2025:13:52:23 -0400] "GET /db.php/hobbies/guitars/18390311177254.shtml HTTP/1.1" 200 0 "-" "Mozilla/5.0 (compatible; SemrushBot/7~bl; +http://www.semrush.com/bot.html)"
185.191.171.4 - - [27/Apr/2025:13:52:25 -0400] "GET /db.php/fashion/tops/9730520671009.shtml HTTP/1.1" 200 0 "-" "Mozilla/5.0 (compatible; SemrushBot/7~bl; +http://www.semrush.com/bot.html)"
85.208.96.195 - - [27/Apr/2025:13:52:38 -0400] "GET /db.php/fashion/accessories/9760460483919.shtml HTTP/1.1" 200 0 "-" "Mozilla/5.0 (compatible; SemrushBot/7~bl; +http://www.semrush.com/bot.html)"
185.191.171.11 - - [27/Apr/2025:13:53:10 -0400] "GET /db.php/audio/earphones/14530593431788.shtml HTTP/1.1" 200 0 "-" "Mozilla/5.0 (compatible; SemrushBot/7~bl; +http://www.semrush.com/bot.html)"
52.167.144.206 - - [27/Apr/2025:13:53:15 -0400] "GET /air-conditioning-stoves-202ow HTTP/1.1" 200 20865 "-" "Mozilla/5.0 AppleWebKit/537.36 (KHTML, like Gecko; compatible; bingbot/2.0; +http://www.bing.com/bingbot.htm) Chrome/116.0.1938.76 Safari/537.36"
185.191.171.4 - - [27/Apr/2025:13:53:26 -0400] "GET /db.php/cars/tires/18250130574459.shtml HTTP/1.1" 200 0 "-" "Mozilla/5.0 (compatible; SemrushBot/7~bl; +http://www.semrush.com/bot.html)"
185.191.171.13 - - [27/Apr/2025:13:53:28 -0400] "GET /db.php/toys/sports-cards/13420481537494.shtml HTTP/1.1" 200 0 "-" "Mozilla/5.0 (compatible; SemrushBot/7~bl; +http://www.semrush.com/bot.html)"
85.208.96.199 - - [27/Apr/2025:13:53:33 -0400] "GET /db.php/beauty/others/18210073322367.shtml HTTP/1.1" 200 0 "-" "Mozilla/5.0 (compatible; SemrushBot/7~bl; +http://www.semrush.com/bot.html)"
185.191.171.4 - - [27/Apr/2025:13:53:42 -0400] "GET /db.php/fashion/jackets/9720120510866.shtml HTTP/1.1" 200 0 "-" "Mozilla/5.0 (compatible; SemrushBot/7~bl; +http://www.semrush.com/bot.html)"
199.188.205.55 - - [27/Apr/2025:13:53:44 -0400] "POST /wp-cron.php?doing_wp_cron=1745776424.6183450222015380859375 HTTP/1.1" 200 0 "-" "WordPress/6.2.6; http://rupalake.org.np"
51.222.253.2 - - [27/Apr/2025:13:53:44 -0400] "GET /art/others/19070342117362 HTTP/1.1" 404 7439 "-" "Mozilla/5.0 (compatible; AhrefsBot/7.0; +http://ahrefs.com/robot/)"
85.208.96.193 - - [27/Apr/2025:13:53:50 -0400] "GET /db.php/outdoor/reels/8770421429278.shtml HTTP/1.1" 200 0 "-" "Mozilla/5.0 (compatible; SemrushBot/7~bl; +http://www.semrush.com/bot.html)"
185.191.171.1 - - [27/Apr/2025:13:53:51 -0400] "GET /db.php/fashion/outerwear/9720432480042.shtml HTTP/1.1" 200 0 "-" "Mozilla/5.0 (compatible; SemrushBot/7~bl; +http://www.semrush.com/bot.html)"
185.191.171.16 - - [27/Apr/2025:13:54:09 -0400] "GET /db.php/sports/accessories/2940271810182.shtml HTTP/1.1" 200 0 "-" "Mozilla/5.0 (compatible; SemrushBot/7~bl; +http://www.semrush.com/bot.html)"
85.208.96.194 - - [27/Apr/2025:13:54:11 -0400] "GET /db.php/fashion/kimono/9790254006531.shtml HTTP/1.1" 200 0 "-" "Mozilla/5.0 (compatible; SemrushBot/7~bl; +http://www.semrush.com/bot.html)"
40.77.167.255 - - [27/Apr/2025:13:54:26 -0400] "GET /tickets-theme-parks-wgh3 HTTP/1.1" 200 20681 "-" "Mozilla/5.0 AppleWebKit/537.36 (KHTML, like Gecko; compatible; bingbot/2.0; +http://www.bing.com/bingbot.htm) Chrome/116.0.1938.76 Safari/537.36"
185.191.171.3 - - [27/Apr/2025:13:54:42 -0400] "GET /db.php/health/forskoli/10550400540607.shtml HTTP/1.1" 200 0 "-" "Mozilla/5.0 (compatible; SemrushBot/7~bl; +http://www.semrush.com/bot.html)"
85.208.96.194 - - [27/Apr/2025:13:54:48 -0400] "GET /db.php/smartphones/android-accessories/1090311567464.shtml HTTP/1.1" 200 0 "-" "Mozilla/5.0 (compatible; SemrushBot/7~bl; +http://www.semrush.com/bot.html)"
85.208.96.196 - - [27/Apr/2025:13:55:03 -0400] "GET /db.php/fashion/outerwear/9720313913670.shtml HTTP/1.1" 200 0 "-" "Mozilla/5.0 (compatible; SemrushBot/7~bl; +http://www.semrush.com/bot.html)"
85.208.96.196 - - [27/Apr/2025:13:55:18 -0400] "GET /db.php/fashion/tops/9730051950942.shtml HTTP/1.1" 200 0 "-" "Mozilla/5.0 (compatible; SemrushBot/7~bl; +http://www.semrush.com/bot.html)"
185.191.171.11 - - [27/Apr/2025:13:55:22 -0400] "GET /db.php/furniture/pillows/4560082069525.shtml HTTP/1.1" 200 0 "-" "Mozilla/5.0 (compatible; SemrushBot/7~bl; +http://www.semrush.com/bot.html)"
185.191.171.16 - - [27/Apr/2025:13:55:36 -0400] "GET /db.php/fashion/outerwear/9720222650201.shtml HTTP/1.1" 200 0 "-" "Mozilla/5.0 (compatible; SemrushBot/7~bl; +http://www.semrush.com/bot.html)"
52.167.144.206 - - [27/Apr/2025:13:55:46 -0400] "GET /food-whiskey-c8i9 HTTP/1.1" 200 21749 "-" "Mozilla/5.0 AppleWebKit/537.36 (KHTML, like Gecko; compatible; bingbot/2.0; +http://www.bing.com/bingbot.htm) Chrome/116.0.1938.76 Safari/537.36"
85.208.96.196 - - [27/Apr/2025:13:56:03 -0400] "GET /db.php/fashion/outerwear/9720093208570.shtml HTTP/1.1" 200 0 "-" "Mozilla/5.0 (compatible; SemrushBot/7~bl; +http://www.semrush.com/bot.html)"
185.191.171.8 - - [27/Apr/2025:13:56:06 -0400] "GET /db.php/food/low-malt-beer/9260471867495.shtml HTTP/1.1" 200 0 "-" "Mozilla/5.0 (compatible; SemrushBot/7~bl; +http://www.semrush.com/bot.html)"
185.191.171.14 - - [27/Apr/2025:13:56:14 -0400] "GET /db.php/fashion/dresses/9810603326845.shtml HTTP/1.1" 200 0 "-" "Mozilla/5.0 (compatible; SemrushBot/7~bl; +http://www.semrush.com/bot.html)"
40.77.167.255 - - [27/Apr/2025:13:56:16 -0400] "GET /books-others-2k5q HTTP/1.1" 200 21158 "-" "Mozilla/5.0 AppleWebKit/537.36 (KHTML, like Gecko; compatible; bingbot/2.0; +http://www.bing.com/bingbot.htm) Chrome/116.0.1938.76 Safari/537.36"
40.77.167.255 - - [27/Apr/2025:13:56:17 -0400] "GET /magazines-women-manga-1051t HTTP/1.1" 200 22118 "-" "Mozilla/5.0 AppleWebKit/537.36 (KHTML, like Gecko; compatible; bingbot/2.0; +http://www.bing.com/bingbot.htm) Chrome/116.0.1938.76 Safari/537.36"
52.167.144.206 - - [27/Apr/2025:13:56:20 -0400] "GET /sports-clubs-2ckn4 HTTP/1.1" 200 22240 "-" "Mozilla/5.0 AppleWebKit/537.36 (KHTML, like Gecko; compatible; bingbot/2.0; +http://www.bing.com/bingbot.htm) Chrome/116.0.1938.76 Safari/537.36"
185.191.171.10 - - [27/Apr/2025:13:56:28 -0400] "GET /db.php/fashion/accessories/9770153478712.shtml HTTP/1.1" 200 0 "-" "Mozilla/5.0 (compatible; SemrushBot/7~bl; +http://www.semrush.com/bot.html)"
185.191.171.12 - - [27/Apr/2025:13:56:39 -0400] "GET /db.php/outdoor/reels/8770040159379.shtml HTTP/1.1" 200 0 "-" "Mozilla/5.0 (compatible; SemrushBot/7~bl; +http://www.semrush.com/bot.html)"
199.188.205.55 - - [27/Apr/2025:13:56:44 -0400] "POST /wp-cron.php?doing_wp_cron=1745776604.3979949951171875000000 HTTP/1.1" 200 0 "-" "WordPress/6.2.6; http://rupalake.org.np"
43.133.69.37 - - [27/Apr/2025:13:56:43 -0400] "GET /wp-json/oembed/1.0/embed?url=http%3A%2F%2Frupalake.org.np%2Faudit-report-2074-rupatal%2F&format=xml HTTP/1.1" 200 1425 "-" "Mozilla/5.0 (iPhone; CPU iPhone OS 13_2_3 like Mac OS X) AppleWebKit/605.1.15 (KHTML, like Gecko) Version/13.0.3 Mobile/15E148 Safari/604.1"
52.167.144.206 - - [27/Apr/2025:13:57:04 -0400] "GET /dvds-music-a6iy HTTP/1.1" 200 21732 "-" "Mozilla/5.0 AppleWebKit/537.36 (KHTML, like Gecko; compatible; bingbot/2.0; +http://www.bing.com/bingbot.htm) Chrome/116.0.1938.76 Safari/537.36"
85.208.96.193 - - [27/Apr/2025:13:57:07 -0400] "GET /db.php/fashion/yukata/9790502122869.shtml HTTP/1.1" 200 0 "-" "Mozilla/5.0 (compatible; SemrushBot/7~bl; +http://www.semrush.com/bot.html)"
185.191.171.9 - - [27/Apr/2025:13:57:31 -0400] "GET /db.php/sports/snowboard/1620503161856.shtml HTTP/1.1" 200 0 "-" "Mozilla/5.0 (compatible; SemrushBot/7~bl; +http://www.semrush.com/bot.html)"
185.191.171.16 - - [27/Apr/2025:13:57:34 -0400] "GET /db.php/cars/security/18340191710508.shtml HTTP/1.1" 200 0 "-" "Mozilla/5.0 (compatible; SemrushBot/7~bl; +http://www.semrush.com/bot.html)"
85.208.96.195 - - [27/Apr/2025:13:57:36 -0400] "GET /db.php/cds/western-music/14950263460152.shtml HTTP/1.1" 200 0 "-" "Mozilla/5.0 (compatible; SemrushBot/7~bl; +http://www.semrush.com/bot.html)"
185.191.171.3 - - [27/Apr/2025:13:57:42 -0400] "GET /db.php/books/languages/16790133072110.shtml HTTP/1.1" 200 0 "-" "Mozilla/5.0 (compatible; SemrushBot/7~bl; +http://www.semrush.com/bot.html)"
85.208.96.206 - - [27/Apr/2025:13:57:46 -0400] "GET /db.php/tickets/others/8750343253020.shtml HTTP/1.1" 200 0 "-" "Mozilla/5.0 (compatible; SemrushBot/7~bl; +http://www.semrush.com/bot.html)"
185.191.171.11 - - [27/Apr/2025:13:57:56 -0400] "GET /db.php/fashion/accessories/9760320919297.shtml HTTP/1.1" 200 0 "-" "Mozilla/5.0 (compatible; SemrushBot/7~bl; +http://www.semrush.com/bot.html)"
52.167.144.206 - - [27/Apr/2025:13:58:05 -0400] "GET /toys-nintendo-switch-egue HTTP/1.1" 200 21051 "-" "Mozilla/5.0 AppleWebKit/537.36 (KHTML, like Gecko; compatible; bingbot/2.0; +http://www.bing.com/bingbot.htm) Chrome/116.0.1938.76 Safari/537.36"
185.191.171.10 - - [27/Apr/2025:13:58:13 -0400] "GET /db.php/fashion/watches/9800532605415.shtml HTTP/1.1" 200 0 "-" "Mozilla/5.0 (compatible; SemrushBot/7~bl; +http://www.semrush.com/bot.html)"
40.77.167.255 - - [27/Apr/2025:13:58:35 -0400] "GET /tickets-amusement-parks-19rdp HTTP/1.1" 200 20918 "-" "Mozilla/5.0 AppleWebKit/537.36 (KHTML, like Gecko; compatible; bingbot/2.0; +http://www.bing.com/bingbot.htm) Chrome/116.0.1938.76 Safari/537.36"
199.188.205.55 - - [27/Apr/2025:13:58:42 -0400] "POST /wp-cron.php?doing_wp_cron=1745776722.5896239280700683593750 HTTP/1.1" 200 0 "-" "WordPress/6.2.6; http://rupalake.org.np"
51.222.253.8 - - [27/Apr/2025:13:58:42 -0400] "GET /audio/lenses/14610151345734 HTTP/1.1" 404 7439 "-" "Mozilla/5.0 (compatible; AhrefsBot/7.0; +http://ahrefs.com/robot/)"
185.191.171.15 - - [27/Apr/2025:13:58:43 -0400] "GET /db.php/outdoor/lights/8850142952914.shtml HTTP/1.1" 200 0 "-" "Mozilla/5.0 (compatible; SemrushBot/7~bl; +http://www.semrush.com/bot.html)"
185.191.171.5 - - [27/Apr/2025:13:58:50 -0400] "GET /db.php/musical-instruments/characters/18740563907324.shtml HTTP/1.1" 200 0 "-" "Mozilla/5.0 (compatible; SemrushBot/7~bl; +http://www.semrush.com/bot.html)"
52.167.144.206 - - [27/Apr/2025:13:59:15 -0400] "GET /tickets-shopping-1kd2n HTTP/1.1" 200 21484 "-" "Mozilla/5.0 AppleWebKit/537.36 (KHTML, like Gecko; compatible; bingbot/2.0; +http://www.bing.com/bingbot.htm) Chrome/116.0.1938.76 Safari/537.36"
185.191.171.3 - - [27/Apr/2025:13:59:19 -0400] "GET /db.php/diy/screwdrivers/5230193101967.shtml HTTP/1.1" 200 0 "-" "Mozilla/5.0 (compatible; SemrushBot/7~bl; +http://www.semrush.com/bot.html)"
40.77.167.59 - - [27/Apr/2025:13:59:20 -0400] "GET /pet-supplies-walking-supplies-14r0g HTTP/1.1" 200 21165 "-" "Mozilla/5.0 AppleWebKit/537.36 (KHTML, like Gecko; compatible; bingbot/2.0; +http://www.bing.com/bingbot.htm) Chrome/116.0.1938.76 Safari/537.36"
85.208.96.206 - - [27/Apr/2025:13:59:23 -0400] "GET /db.php/sports/snowboard/1620303711608.shtml HTTP/1.1" 200 0 "-" "Mozilla/5.0 (compatible; SemrushBot/7~bl; +http://www.semrush.com/bot.html)"
85.208.96.204 - - [27/Apr/2025:13:59:53 -0400] "GET /db.php/tools/drills/5370410667918.shtml HTTP/1.1" 200 0 "-" "Mozilla/5.0 (compatible; SemrushBot/7~bl; +http://www.semrush.com/bot.html)"
85.208.96.197 - - [27/Apr/2025:14:00:01 -0400] "GET /db.php/fashion/sets/9850552594825.shtml HTTP/1.1" 200 0 "-" "Mozilla/5.0 (compatible; SemrushBot/7~bl; +http://www.semrush.com/bot.html)"
85.208.96.195 - - [27/Apr/2025:14:00:11 -0400] "GET /db.php/toys/sports/14350130825950.shtml HTTP/1.1" 200 0 "-" "Mozilla/5.0 (compatible; SemrushBot/7~bl; +http://www.semrush.com/bot.html)"
185.191.171.18 - - [27/Apr/2025:14:00:20 -0400] "GET /db.php/toys/pokemon-card-games/13260500428337.shtml HTTP/1.1" 200 0 "-" "Mozilla/5.0 (compatible; SemrushBot/7~bl; +http://www.semrush.com/bot.html)"
185.191.171.8 - - [27/Apr/2025:14:00:23 -0400] "GET /db.php/audio/projectors/14630310133161.shtml HTTP/1.1" 200 0 "-" "Mozilla/5.0 (compatible; SemrushBot/7~bl; +http://www.semrush.com/bot.html)"
185.191.171.6 - - [27/Apr/2025:14:00:34 -0400] "GET /db.php/fashion/accessories/9770532962948.shtml HTTP/1.1" 200 0 "-" "Mozilla/5.0 (compatible; SemrushBot/7~bl; +http://www.semrush.com/bot.html)"
85.208.96.203 - - [27/Apr/2025:14:00:39 -0400] "GET /db.php/manga/sports/17100252197853.shtml HTTP/1.1" 200 0 "-" "Mozilla/5.0 (compatible; SemrushBot/7~bl; +http://www.semrush.com/bot.html)"
185.191.171.9 - - [27/Apr/2025:14:01:03 -0400] "GET /db.php/air-conditioning/air-purifiers/9380183828965.shtml HTTP/1.1" 200 0 "-" "Mozilla/5.0 (compatible; SemrushBot/7~bl; +http://www.semrush.com/bot.html)"
185.191.171.11 - - [27/Apr/2025:14:01:34 -0400] "GET /db.php/fashion/others/9990412799835.shtml HTTP/1.1" 200 0 "-" "Mozilla/5.0 (compatible; SemrushBot/7~bl; +http://www.semrush.com/bot.html)"
185.191.171.7 - - [27/Apr/2025:14:01:36 -0400] "GET /db.php/travel-supplies/lures/8790201220669.shtml HTTP/1.1" 200 0 "-" "Mozilla/5.0 (compatible; SemrushBot/7~bl; +http://www.semrush.com/bot.html)"
185.191.171.9 - - [27/Apr/2025:14:01:44 -0400] "GET /db.php/fashion/accessories/9760321206567.shtml HTTP/1.1" 200 0 "-" "Mozilla/5.0 (compatible; SemrushBot/7~bl; +http://www.semrush.com/bot.html)"
85.208.96.211 - - [27/Apr/2025:14:01:46 -0400] "GET /db.php/air-conditioning/washing-machines/9490491921005.shtml HTTP/1.1" 200 0 "-" "Mozilla/5.0 (compatible; SemrushBot/7~bl; +http://www.semrush.com/bot.html)"
185.191.171.17 - - [27/Apr/2025:14:01:52 -0400] "GET /db.php/handmade/beads/11210361079783.shtml HTTP/1.1" 200 0 "-" "Mozilla/5.0 (compatible; SemrushBot/7~bl; +http://www.semrush.com/bot.html)"
185.191.171.16 - - [27/Apr/2025:14:01:54 -0400] "GET /db.php/outdoor/mountain-climbing/8830501052287.shtml HTTP/1.1" 200 0 "-" "Mozilla/5.0 (compatible; SemrushBot/7~bl; +http://www.semrush.com/bot.html)"
52.167.144.206 - - [27/Apr/2025:14:02:05 -0400] "GET /handicrafts-tops-1v838 HTTP/1.1" 200 21337 "-" "Mozilla/5.0 AppleWebKit/537.36 (KHTML, like Gecko; compatible; bingbot/2.0; +http://www.bing.com/bingbot.htm) Chrome/116.0.1938.76 Safari/537.36"
185.191.171.18 - - [27/Apr/2025:14:02:11 -0400] "GET /db.php/home-appliances/vacuum-cleaners/9500423488464.shtml HTTP/1.1" 200 0 "-" "Mozilla/5.0 (compatible; SemrushBot/7~bl; +http://www.semrush.com/bot.html)"
185.191.171.4 - - [27/Apr/2025:14:02:13 -0400] "GET /db.php/musical-instruments/crafts/18440540953843.shtml HTTP/1.1" 200 0 "-" "Mozilla/5.0 (compatible; SemrushBot/7~bl; +http://www.semrush.com/bot.html)"
52.167.144.206 - - [27/Apr/2025:14:02:36 -0400] "GET /air-conditioning-sewing-machines-4vwi HTTP/1.1" 200 20484 "-" "Mozilla/5.0 AppleWebKit/537.36 (KHTML, like Gecko; compatible; bingbot/2.0; +http://www.bing.com/bingbot.htm) Chrome/116.0.1938.76 Safari/537.36"
185.191.171.12 - - [27/Apr/2025:14:02:44 -0400] "GET /db.php/fashion/tops/9730311753985.shtml HTTP/1.1" 200 0 "-" "Mozilla/5.0 (compatible; SemrushBot/7~bl; +http://www.semrush.com/bot.html)"
85.208.96.193 - - [27/Apr/2025:14:02:54 -0400] "GET /db.php/fashion/accessories/9760431973174.shtml HTTP/1.1" 200 0 "-" "Mozilla/5.0 (compatible; SemrushBot/7~bl; +http://www.semrush.com/bot.html)"
199.188.205.55 - - [27/Apr/2025:14:03:15 -0400] "POST /wp-cron.php?doing_wp_cron=1745776995.8120200634002685546875 HTTP/1.1" 200 0 "-" "WordPress/6.2.6; http://rupalake.org.np"
51.222.253.13 - - [27/Apr/2025:14:03:15 -0400] "GET /audio/radios/14490080762905 HTTP/1.1" 404 7439 "-" "Mozilla/5.0 (compatible; AhrefsBot/7.0; +http://ahrefs.com/robot/)"
85.208.96.201 - - [27/Apr/2025:14:03:18 -0400] "GET /db.php/musical-instruments/pachinko/18720541729486.shtml HTTP/1.1" 200 0 "-" "Mozilla/5.0 (compatible; SemrushBot/7~bl; +http://www.semrush.com/bot.html)"
185.191.171.14 - - [27/Apr/2025:14:03:25 -0400] "GET /db.php/air-conditioning/stoves/9420603034120.shtml HTTP/1.1" 200 0 "-" "Mozilla/5.0 (compatible; SemrushBot/7~bl; +http://www.semrush.com/bot.html)"
185.191.171.7 - - [27/Apr/2025:14:03:54 -0400] "GET /db.php/audio/earphones/14530222019760.shtml HTTP/1.1" 200 0 "-" "Mozilla/5.0 (compatible; SemrushBot/7~bl; +http://www.semrush.com/bot.html)"
185.191.171.5 - - [27/Apr/2025:14:04:19 -0400] "GET /db.php/fashion/suits/9820421048151.shtml HTTP/1.1" 200 0 "-" "Mozilla/5.0 (compatible; SemrushBot/7~bl; +http://www.semrush.com/bot.html)"
185.191.171.7 - - [27/Apr/2025:14:04:21 -0400] "GET /db.php/travel-supplies/reels/8770493028327.shtml HTTP/1.1" 200 0 "-" "Mozilla/5.0 (compatible; SemrushBot/7~bl; +http://www.semrush.com/bot.html)"
85.208.96.199 - - [27/Apr/2025:14:04:22 -0400] "GET /db.php/art/guitars/18390282876916.shtml HTTP/1.1" 200 0 "-" "Mozilla/5.0 (compatible; SemrushBot/7~bl; +http://www.semrush.com/bot.html)"
40.77.167.59 - - [27/Apr/2025:14:04:24 -0400] "GET /air-conditioning-washing-machines-1awmt HTTP/1.1" 200 21269 "-" "Mozilla/5.0 AppleWebKit/537.36 (KHTML, like Gecko; compatible; bingbot/2.0; +http://www.bing.com/bingbot.htm) Chrome/116.0.1938.76 Safari/537.36"
85.208.96.208 - - [27/Apr/2025:14:04:30 -0400] "GET /db.php/motorcycles/tires/18250031042152.shtml HTTP/1.1" 200 0 "-" "Mozilla/5.0 (compatible; SemrushBot/7~bl; +http://www.semrush.com/bot.html)"
40.77.167.4 - - [27/Apr/2025:14:04:36 -0400] "GET /air-conditioning-kitchen-appliances-122r2 HTTP/1.1" 200 21602 "-" "Mozilla/5.0 AppleWebKit/537.36 (KHTML, like Gecko; compatible; bingbot/2.0; +http://www.bing.com/bingbot.htm) Chrome/116.0.1938.76 Safari/537.36"
185.191.171.19 - - [27/Apr/2025:14:04:38 -0400] "GET /db.php/books/languages/16790313460579.shtml HTTP/1.1" 200 0 "-" "Mozilla/5.0 (compatible; SemrushBot/7~bl; +http://www.semrush.com/bot.html)"
185.191.171.7 - - [27/Apr/2025:14:04:48 -0400] "GET /db.php/fashion/watches/9800151519170.shtml HTTP/1.1" 200 0 "-" "Mozilla/5.0 (compatible; SemrushBot/7~bl; +http://www.semrush.com/bot.html)"
85.208.96.196 - - [27/Apr/2025:14:04:57 -0400] "GET /db.php/fashion/shoes/9740152908398.shtml HTTP/1.1" 200 0 "-" "Mozilla/5.0 (compatible; SemrushBot/7~bl; +http://www.semrush.com/bot.html)"
157.55.39.13 - - [27/Apr/2025:14:05:18 -0400] "GET /air-conditioning-kitchen-appliances-2e3oc HTTP/1.1" 200 21251 "-" "Mozilla/5.0 AppleWebKit/537.36 (KHTML, like Gecko; compatible; bingbot/2.0; +http://www.bing.com/bingbot.htm) Chrome/116.0.1938.76 Safari/537.36"
157.55.39.13 - - [27/Apr/2025:14:05:18 -0400] "GET /diy-others-5tf8 HTTP/1.1" 200 21185 "-" "Mozilla/5.0 AppleWebKit/537.36 (KHTML, like Gecko; compatible; bingbot/2.0; +http://www.bing.com/bingbot.htm) Chrome/116.0.1938.76 Safari/537.36"
185.191.171.12 - - [27/Apr/2025:14:05:29 -0400] "GET /db.php/tv/digital-cameras/14470400537807.shtml HTTP/1.1" 200 0 "-" "Mozilla/5.0 (compatible; SemrushBot/7~bl; +http://www.semrush.com/bot.html)"
185.191.171.19 - - [27/Apr/2025:14:05:36 -0400] "GET /db.php/blu-ray/foreign-movies/14960591337422.shtml HTTP/1.1" 200 0 "-" "Mozilla/5.0 (compatible; SemrushBot/7~bl; +http://www.semrush.com/bot.html)"
185.191.171.2 - - [27/Apr/2025:14:05:46 -0400] "GET /db.php/motorcycles/bicycles/18270522755406.shtml HTTP/1.1" 200 0 "-" "Mozilla/5.0 (compatible; SemrushBot/7~bl; +http://www.semrush.com/bot.html)"
85.208.96.207 - - [27/Apr/2025:14:05:48 -0400] "GET /db.php/books/design/16780212102224.shtml HTTP/1.1" 200 0 "-" "Mozilla/5.0 (compatible; SemrushBot/7~bl; +http://www.semrush.com/bot.html)"
85.208.96.204 - - [27/Apr/2025:14:05:54 -0400] "GET /db.php/decor/others/5200523592254.shtml HTTP/1.1" 200 0 "-" "Mozilla/5.0 (compatible; SemrushBot/7~bl; +http://www.semrush.com/bot.html)"
185.191.171.10 - - [27/Apr/2025:14:06:09 -0400] "GET /db.php/alcohol/whiskey/9160333917916.shtml HTTP/1.1" 200 0 "-" "Mozilla/5.0 (compatible; SemrushBot/7~bl; +http://www.semrush.com/bot.html)"
185.191.171.8 - - [27/Apr/2025:14:06:18 -0400] "GET /db.php/etc./bulk-sales/15210102194748.shtml HTTP/1.1" 200 0 "-" "Mozilla/5.0 (compatible; SemrushBot/7~bl; +http://www.semrush.com/bot.html)"
85.208.96.193 - - [27/Apr/2025:14:06:30 -0400] "GET /db.php/travel-supplies/reels/8770373465258.shtml HTTP/1.1" 200 0 "-" "Mozilla/5.0 (compatible; SemrushBot/7~bl; +http://www.semrush.com/bot.html)"
85.208.96.198 - - [27/Apr/2025:14:06:45 -0400] "GET /robots.txt HTTP/1.1" 200 236 "-" "Mozilla/5.0 (compatible; SemrushBot/7~bl; +http://www.semrush.com/bot.html)"
185.191.171.14 - - [27/Apr/2025:14:06:46 -0400] "GET /db.php/tv/zoom-lens/14480501767676.shtml HTTP/1.1" 200 0 "-" "Mozilla/5.0 (compatible; SemrushBot/7~bl; +http://www.semrush.com/bot.html)"
157.55.39.13 - - [27/Apr/2025:14:06:56 -0400] "GET /home-appliances-electric-heaters-2q5v HTTP/1.1" 200 22280 "-" "Mozilla/5.0 AppleWebKit/537.36 (KHTML, like Gecko; compatible; bingbot/2.0; +http://www.bing.com/bingbot.htm) Chrome/116.0.1938.76 Safari/537.36"
185.191.171.6 - - [27/Apr/2025:14:06:57 -0400] "GET /db.php/musical-instruments/others/19070552442495.shtml HTTP/1.1" 200 0 "-" "Mozilla/5.0 (compatible; SemrushBot/7~bl; +http://www.semrush.com/bot.html)"
199.188.205.55 - - [27/Apr/2025:14:07:07 -0400] "POST /wp-cron.php?doing_wp_cron=1745777227.9391310214996337890625 HTTP/1.1" 200 0 "-" "WordPress/6.2.6; http://rupalake.org.np"
43.157.201.184 - - [27/Apr/2025:14:07:07 -0400] "GET /?s= HTTP/1.1" 200 10545 "-" "Mozilla/5.0 (iPhone; CPU iPhone OS 13_2_3 like Mac OS X) AppleWebKit/605.1.15 (KHTML, like Gecko) Version/13.0.3 Mobile/15E148 Safari/604.1"
85.208.96.198 - - [27/Apr/2025:14:07:19 -0400] "GET /db.php/audio/digital-cameras/14470343953259.shtml HTTP/1.1" 200 0 "-" "Mozilla/5.0 (compatible; SemrushBot/7~bl; +http://www.semrush.com/bot.html)"
185.191.171.18 - - [27/Apr/2025:14:07:26 -0400] "GET /db.php/bicycles/parts/18220161898233.shtml HTTP/1.1" 200 0 "-" "Mozilla/5.0 (compatible; SemrushBot/7~bl; +http://www.semrush.com/bot.html)"
66.249.68.68 - - [27/Apr/2025:14:07:54 -0400] "GET /art/calligraphy/18690221110226 HTTP/1.1" 200 21428 "-" "Mozilla/5.0 (Linux; Android 6.0.1; Nexus 5X Build/MMB29P) AppleWebKit/537.36 (KHTML, like Gecko) Chrome/135.0.7049.95 Mobile Safari/537.36 (compatible; GoogleOther)"
40.77.167.59 - - [27/Apr/2025:14:07:55 -0400] "GET /hobbies-guitars-17jdu HTTP/1.1" 200 21167 "-" "Mozilla/5.0 AppleWebKit/537.36 (KHTML, like Gecko; compatible; bingbot/2.0; +http://www.bing.com/bingbot.htm) Chrome/116.0.1938.76 Safari/537.36"
51.222.253.11 - - [27/Apr/2025:14:07:55 -0400] "GET /books/sports/16850091511798 HTTP/1.1" 404 7439 "-" "Mozilla/5.0 (compatible; AhrefsBot/7.0; +http://ahrefs.com/robot/)"
40.77.167.59 - - [27/Apr/2025:14:07:56 -0400] "GET /cds-japanese-movies-1rlmv HTTP/1.1" 200 21126 "-" "Mozilla/5.0 AppleWebKit/537.36 (KHTML, like Gecko; compatible; bingbot/2.0; +http://www.bing.com/bingbot.htm) Chrome/116.0.1938.76 Safari/537.36"
85.208.96.208 - - [27/Apr/2025:14:07:59 -0400] "GET /db.php/sports/running/1820562268289.shtml HTTP/1.1" 200 0 "-" "Mozilla/5.0 (compatible; SemrushBot/7~bl; +http://www.semrush.com/bot.html)"
85.208.96.206 - - [27/Apr/2025:14:08:21 -0400] "GET /db.php/food/whiskey/9160573698504.shtml HTTP/1.1" 200 0 "-" "Mozilla/5.0 (compatible; SemrushBot/7~bl; +http://www.semrush.com/bot.html)"
85.208.96.197 - - [27/Apr/2025:14:08:23 -0400] "GET /db.php/cosmetics/serums/17230021219636.shtml HTTP/1.1" 200 0 "-" "Mozilla/5.0 (compatible; SemrushBot/7~bl; +http://www.semrush.com/bot.html)"
185.191.171.11 - - [27/Apr/2025:14:08:25 -0400] "GET /db.php/cosmetics/toothbrush/18080501033947.shtml HTTP/1.1" 200 0 "-" "Mozilla/5.0 (compatible; SemrushBot/7~bl; +http://www.semrush.com/bot.html)"
85.208.96.204 - - [27/Apr/2025:14:08:35 -0400] "GET /db.php/fashion/bags/9750210272163.shtml HTTP/1.1" 200 0 "-" "Mozilla/5.0 (compatible; SemrushBot/7~bl; +http://www.semrush.com/bot.html)"
85.208.96.211 - - [27/Apr/2025:14:08:42 -0400] "GET /db.php/cameras/digital-cameras/14470133914643.shtml HTTP/1.1" 200 0 "-" "Mozilla/5.0 (compatible; SemrushBot/7~bl; +http://www.semrush.com/bot.html)"
185.191.171.12 - - [27/Apr/2025:14:08:58 -0400] "GET /db.php/fashion/pants/9780351505608.shtml HTTP/1.1" 200 0 "-" "Mozilla/5.0 (compatible; SemrushBot/7~bl; +http://www.semrush.com/bot.html)"
40.77.167.59 - - [27/Apr/2025:14:09:07 -0400] "GET /air-conditioning-sewing-machines-16341 HTTP/1.1" 200 20819 "-" "Mozilla/5.0 AppleWebKit/537.36 (KHTML, like Gecko; compatible; bingbot/2.0; +http://www.bing.com/bingbot.htm) Chrome/116.0.1938.76 Safari/537.36"
157.55.39.13 - - [27/Apr/2025:14:09:26 -0400] "GET /flowers-agave-1hlqt HTTP/1.1" 200 20835 "-" "Mozilla/5.0 AppleWebKit/537.36 (KHTML, like Gecko; compatible; bingbot/2.0; +http://www.bing.com/bingbot.htm) Chrome/116.0.1938.76 Safari/537.36"
85.208.96.201 - - [27/Apr/2025:14:09:36 -0400] "GET /db.php/goods/game-characters/13360562157142.shtml HTTP/1.1" 200 0 "-" "Mozilla/5.0 (compatible; SemrushBot/7~bl; +http://www.semrush.com/bot.html)"
185.191.171.5 - - [27/Apr/2025:14:09:41 -0400] "GET /db.php/food/shochu/9200453069009.shtml HTTP/1.1" 200 0 "-" "Mozilla/5.0 (compatible; SemrushBot/7~bl; +http://www.semrush.com/bot.html)"
85.208.96.204 - - [27/Apr/2025:14:09:46 -0400] "GET /db.php/games/pins/13430421084930.shtml HTTP/1.1" 200 0 "-" "Mozilla/5.0 (compatible; SemrushBot/7~bl; +http://www.semrush.com/bot.html)"
185.191.171.2 - - [27/Apr/2025:14:09:51 -0400] "GET /db.php/fashion/dresses/9810453355131.shtml HTTP/1.1" 200 0 "-" "Mozilla/5.0 (compatible; SemrushBot/7~bl; +http://www.semrush.com/bot.html)"
185.191.171.7 - - [27/Apr/2025:14:09:55 -0400] "GET /db.php/outdoor/reels/8770432013624.shtml HTTP/1.1" 200 0 "-" "Mozilla/5.0 (compatible; SemrushBot/7~bl; +http://www.semrush.com/bot.html)"
185.191.171.3 - - [27/Apr/2025:14:10:06 -0400] "GET /db.php/goods/miniatures/14290512637087.shtml HTTP/1.1" 200 0 "-" "Mozilla/5.0 (compatible; SemrushBot/7~bl; +http://www.semrush.com/bot.html)"
185.191.171.4 - - [27/Apr/2025:14:10:11 -0400] "GET /db.php/art/robots/18460191247329.shtml HTTP/1.1" 200 0 "-" "Mozilla/5.0 (compatible; SemrushBot/7~bl; +http://www.semrush.com/bot.html)"
85.208.96.198 - - [27/Apr/2025:14:10:17 -0400] "GET /db.php/audio/camera-accessories/14570151905591.shtml HTTP/1.1" 200 0 "-" "Mozilla/5.0 (compatible; SemrushBot/7~bl; +http://www.semrush.com/bot.html)"
185.191.171.6 - - [27/Apr/2025:14:10:29 -0400] "GET /db.php/motorcycles/accessories/18370452269696.shtml HTTP/1.1" 200 0 "-" "Mozilla/5.0 (compatible; SemrushBot/7~bl; +http://www.semrush.com/bot.html)"
185.191.171.19 - - [27/Apr/2025:14:10:50 -0400] "GET /db.php/air-conditioning/lighters/9370560853650.shtml HTTP/1.1" 200 0 "-" "Mozilla/5.0 (compatible; SemrushBot/7~bl; +http://www.semrush.com/bot.html)"
85.208.96.211 - - [27/Apr/2025:14:10:57 -0400] "GET /db.php/smartphones/smartphones/680540796006.shtml HTTP/1.1" 200 0 "-" "Mozilla/5.0 (compatible; SemrushBot/7~bl; +http://www.semrush.com/bot.html)"
85.208.96.209 - - [27/Apr/2025:14:11:21 -0400] "GET /db.php/computers/keyboards/990581885380.shtml HTTP/1.1" 200 0 "-" "Mozilla/5.0 (compatible; SemrushBot/7~bl; +http://www.semrush.com/bot.html)"
85.208.96.210 - - [27/Apr/2025:14:11:26 -0400] "GET /db.php/sports/snowboard/1620023902918.shtml HTTP/1.1" 200 0 "-" "Mozilla/5.0 (compatible; SemrushBot/7~bl; +http://www.semrush.com/bot.html)"
40.77.167.41 - - [27/Apr/2025:14:11:35 -0400] "GET /beauty-hair-irons-294k5 HTTP/1.1" 200 21464 "-" "Mozilla/5.0 AppleWebKit/537.36 (KHTML, like Gecko; compatible; bingbot/2.0; +http://www.bing.com/bingbot.htm) Chrome/116.0.1938.76 Safari/537.36"
199.188.205.55 - - [27/Apr/2025:14:12:10 -0400] "POST /wp-cron.php?doing_wp_cron=1745777530.3436059951782226562500 HTTP/1.1" 200 0 "-" "WordPress/6.2.6; http://rupalake.org.np"
196.251.72.179 - - [27/Apr/2025:14:12:09 -0400] "GET //wp-content/plugins/fix/up.php HTTP/1.1" 301 0 "-" "Mozilla/5.0 (Windows NT 10.0; Win64; x64) AppleWebKit/537.36 (KHTML, like Gecko) Chrome/85.0.4183.102 Safari/537.36"
196.251.72.179 - - [27/Apr/2025:14:12:11 -0400] "GET /wp-content/plugins/fix/up.php HTTP/1.1" 404 8372 "-" "Mozilla/5.0 (Windows NT 10.0; Win64; x64) AppleWebKit/537.36 (KHTML, like Gecko) Chrome/85.0.4183.102 Safari/537.36"
40.77.167.4 - - [27/Apr/2025:14:12:16 -0400] "GET /tickets-amusement-parks-247yy HTTP/1.1" 200 20782 "-" "Mozilla/5.0 AppleWebKit/537.36 (KHTML, like Gecko; compatible; bingbot/2.0; +http://www.bing.com/bingbot.htm) Chrome/116.0.1938.76 Safari/537.36"
85.208.96.200 - - [27/Apr/2025:14:12:20 -0400] "GET /db.php/cameras/earphones/14530160162146.shtml HTTP/1.1" 200 0 "-" "Mozilla/5.0 (compatible; SemrushBot/7~bl; +http://www.semrush.com/bot.html)"
40.77.167.41 - - [27/Apr/2025:14:12:21 -0400] "GET /home-appliances-vacuum-cleaners-t36x HTTP/1.1" 200 20330 "-" "Mozilla/5.0 AppleWebKit/537.36 (KHTML, like Gecko; compatible; bingbot/2.0; +http://www.bing.com/bingbot.htm) Chrome/116.0.1938.76 Safari/537.36"
40.77.167.41 - - [27/Apr/2025:14:12:22 -0400] "GET /fashion-jackets-2bbrv HTTP/1.1" 200 21331 "-" "Mozilla/5.0 AppleWebKit/537.36 (KHTML, like Gecko; compatible; bingbot/2.0; +http://www.bing.com/bingbot.htm) Chrome/116.0.1938.76 Safari/537.36"
185.191.171.8 - - [27/Apr/2025:14:12:24 -0400] "GET /db.php/pet-supplies/bird-cages/7700501892347.shtml HTTP/1.1" 200 0 "-" "Mozilla/5.0 (compatible; SemrushBot/7~bl; +http://www.semrush.com/bot.html)"
85.208.96.200 - - [27/Apr/2025:14:12:33 -0400] "GET /db.php/fashion/outerwear/9720132959161.shtml HTTP/1.1" 200 0 "-" "Mozilla/5.0 (compatible; SemrushBot/7~bl; +http://www.semrush.com/bot.html)"
157.55.39.13 - - [27/Apr/2025:14:12:37 -0400] "GET /toys-hugging-pillows-1r5lq HTTP/1.1" 200 21784 "-" "Mozilla/5.0 AppleWebKit/537.36 (KHTML, like Gecko; compatible; bingbot/2.0; +http://www.bing.com/bingbot.htm) Chrome/116.0.1938.76 Safari/537.36"
85.208.96.196 - - [27/Apr/2025:14:12:39 -0400] "GET /db.php/fashion/watches/9800213699979.shtml HTTP/1.1" 200 0 "-" "Mozilla/5.0 (compatible; SemrushBot/7~bl; +http://www.semrush.com/bot.html)"
185.191.171.18 - - [27/Apr/2025:14:12:45 -0400] "GET /db.php/fashion/jackets/9720251270923.shtml HTTP/1.1" 200 0 "-" "Mozilla/5.0 (compatible; SemrushBot/7~bl; +http://www.semrush.com/bot.html)"
85.208.96.199 - - [27/Apr/2025:14:12:49 -0400] "GET /db.php/fashion/dresses/9810502370300.shtml HTTP/1.1" 200 0 "-" "Mozilla/5.0 (compatible; SemrushBot/7~bl; +http://www.semrush.com/bot.html)"
185.191.171.8 - - [27/Apr/2025:14:12:59 -0400] "GET /db.php/musical-instruments/accessories/19080342254582.shtml HTTP/1.1" 200 0 "-" "Mozilla/5.0 (compatible; SemrushBot/7~bl; +http://www.semrush.com/bot.html)"
157.55.39.13 - - [27/Apr/2025:14:13:06 -0400] "GET /handmade-vases-1lyj5 HTTP/1.1" 200 21258 "-" "Mozilla/5.0 AppleWebKit/537.36 (KHTML, like Gecko; compatible; bingbot/2.0; +http://www.bing.com/bingbot.htm) Chrome/116.0.1938.76 Safari/537.36"
157.55.39.13 - - [27/Apr/2025:14:13:07 -0400] "GET /books-others-2j5j4 HTTP/1.1" 200 21879 "-" "Mozilla/5.0 AppleWebKit/537.36 (KHTML, like Gecko; compatible; bingbot/2.0; +http://www.bing.com/bingbot.htm) Chrome/116.0.1938.76 Safari/537.36"
66.249.68.67 - - [27/Apr/2025:14:13:09 -0400] "GET /cosmetics/coloring/17440362982214 HTTP/1.1" 200 20915 "-" "Mozilla/5.0 (Linux; Android 6.0.1; Nexus 5X Build/MMB29P) AppleWebKit/537.36 (KHTML, like Gecko) Chrome/135.0.7049.95 Mobile Safari/537.36 (compatible; GoogleOther)"
66.249.68.66 - - [27/Apr/2025:14:13:11 -0400] "POST /get-message-notify HTTP/1.1" 200 20927 "http://rupalake.org.np/cosmetics/coloring/17440362982214" "Mozilla/5.0 (Linux; Android 6.0.1; Nexus 5X Build/MMB29P) AppleWebKit/537.36 (KHTML, like Gecko) Chrome/134.0.6998.165 Mobile Safari/537.36 (compatible; Googlebot/2.1; +http://www.google.com/bot.html)"
185.191.171.2 - - [27/Apr/2025:14:13:18 -0400] "GET /db.php/motorcycles/parts/18220433177498.shtml HTTP/1.1" 200 0 "-" "Mozilla/5.0 (compatible; SemrushBot/7~bl; +http://www.semrush.com/bot.html)"
199.188.205.55 - - [27/Apr/2025:14:13:35 -0400] "POST /wp-cron.php?doing_wp_cron=1745777615.4644670486450195312500 HTTP/1.1" 200 0 "-" "WordPress/6.2.6; http://rupalake.org.np"
51.222.253.10 - - [27/Apr/2025:14:13:34 -0400] "GET /cars/parts/18220030105958 HTTP/1.1" 404 7439 "-" "Mozilla/5.0 (compatible; AhrefsBot/7.0; +http://ahrefs.com/robot/)"
85.208.96.211 - - [27/Apr/2025:14:13:47 -0400] "GET /db.php/furniture/dining-tables/3950574076781.shtml HTTP/1.1" 200 0 "-" "Mozilla/5.0 (compatible; SemrushBot/7~bl; +http://www.semrush.com/bot.html)"
85.208.96.196 - - [27/Apr/2025:14:13:50 -0400] "GET /db.php/beauty/treatment/17450131004779.shtml HTTP/1.1" 200 0 "-" "Mozilla/5.0 (compatible; SemrushBot/7~bl; +http://www.semrush.com/bot.html)"
185.191.171.17 - - [27/Apr/2025:14:13:55 -0400] "GET /db.php/fashion/jackets/9720250723663.shtml HTTP/1.1" 200 0 "-" "Mozilla/5.0 (compatible; SemrushBot/7~bl; +http://www.semrush.com/bot.html)"
40.77.167.4 - - [27/Apr/2025:14:13:56 -0400] "GET /tv-binoculars-lhca HTTP/1.1" 200 20826 "-" "Mozilla/5.0 AppleWebKit/537.36 (KHTML, like Gecko; compatible; bingbot/2.0; +http://www.bing.com/bingbot.htm) Chrome/116.0.1938.76 Safari/537.36"
185.191.171.16 - - [27/Apr/2025:14:14:01 -0400] "GET /db.php/gardening/flowers/3250353891677.shtml HTTP/1.1" 200 0 "-" "Mozilla/5.0 (compatible; SemrushBot/7~bl; +http://www.semrush.com/bot.html)"
185.191.171.14 - - [27/Apr/2025:14:14:05 -0400] "GET /db.php/audio/zoom-lens/14480481192275.shtml HTTP/1.1" 200 0 "-" "Mozilla/5.0 (compatible; SemrushBot/7~bl; +http://www.semrush.com/bot.html)"
185.191.171.17 - - [27/Apr/2025:14:14:19 -0400] "GET /db.php/fashion/outerwear/9720012997541.shtml HTTP/1.1" 200 0 "-" "Mozilla/5.0 (compatible; SemrushBot/7~bl; +http://www.semrush.com/bot.html)"
185.191.171.6 - - [27/Apr/2025:14:14:31 -0400] "GET /db.php/cars/parts/18220570325518.shtml HTTP/1.1" 200 0 "-" "Mozilla/5.0 (compatible; SemrushBot/7~bl; +http://www.semrush.com/bot.html)"
185.191.171.10 - - [27/Apr/2025:14:14:33 -0400] "GET /db.php/fashion/outerwear/9720314065142.shtml HTTP/1.1" 200 0 "-" "Mozilla/5.0 (compatible; SemrushBot/7~bl; +http://www.semrush.com/bot.html)"
85.208.96.195 - - [27/Apr/2025:14:14:51 -0400] "GET /db.php/sports/snowboard/1620452000475.shtml HTTP/1.1" 200 0 "-" "Mozilla/5.0 (compatible; SemrushBot/7~bl; +http://www.semrush.com/bot.html)"
207.46.13.86 - - [27/Apr/2025:14:14:55 -0400] "GET /tv-speakers-i2s3 HTTP/1.1" 200 20870 "-" "Mozilla/5.0 AppleWebKit/537.36 (KHTML, like Gecko; compatible; bingbot/2.0; +http://www.bing.com/bingbot.htm) Chrome/116.0.1938.76 Safari/537.36"
52.167.144.169 - - [27/Apr/2025:14:15:07 -0400] "GET /cameras-dac-2ekqx HTTP/1.1" 200 20956 "-" "Mozilla/5.0 AppleWebKit/537.36 (KHTML, like Gecko; compatible; bingbot/2.0; +http://www.bing.com/bingbot.htm) Chrome/116.0.1938.76 Safari/537.36"
85.208.96.197 - - [27/Apr/2025:14:15:17 -0400] "GET /db.php/sports/golf-bags/1670192059960.shtml HTTP/1.1" 200 0 "-" "Mozilla/5.0 (compatible; SemrushBot/7~bl; +http://www.semrush.com/bot.html)"
185.191.171.15 - - [27/Apr/2025:14:15:21 -0400] "GET /db.php/smartphones/external-hard-disk-drives/960012128201.shtml HTTP/1.1" 200 0 "-" "Mozilla/5.0 (compatible; SemrushBot/7~bl; +http://www.semrush.com/bot.html)"
207.46.13.86 - - [27/Apr/2025:14:15:26 -0400] "GET /games-pokemon-card-games-1nepb HTTP/1.1" 200 22177 "-" "Mozilla/5.0 AppleWebKit/537.36 (KHTML, like Gecko; compatible; bingbot/2.0; +http://www.bing.com/bingbot.htm) Chrome/116.0.1938.76 Safari/537.36"
40.77.167.41 - - [27/Apr/2025:14:15:39 -0400] "GET /air-conditioning-refrigerator-t4kt HTTP/1.1" 200 20614 "-" "Mozilla/5.0 AppleWebKit/537.36 (KHTML, like Gecko; compatible; bingbot/2.0; +http://www.bing.com/bingbot.htm) Chrome/116.0.1938.76 Safari/537.36"
85.208.96.193 - - [27/Apr/2025:14:15:59 -0400] "GET /db.php/fashion/shoes/9740462563059.shtml HTTP/1.1" 200 0 "-" "Mozilla/5.0 (compatible; SemrushBot/7~bl; +http://www.semrush.com/bot.html)"
207.46.13.86 - - [27/Apr/2025:14:16:36 -0400] "GET /flowers-others-v8io HTTP/1.1" 200 21910 "-" "Mozilla/5.0 AppleWebKit/537.36 (KHTML, like Gecko; compatible; bingbot/2.0; +http://www.bing.com/bingbot.htm) Chrome/116.0.1938.76 Safari/537.36"
185.191.171.4 - - [27/Apr/2025:14:16:36 -0400] "GET /db.php/interior/wooden-racks/4250091562807.shtml HTTP/1.1" 200 0 "-" "Mozilla/5.0 (compatible; SemrushBot/7~bl; +http://www.semrush.com/bot.html)"
207.46.13.86 - - [27/Apr/2025:14:16:37 -0400] "GET /wp-content/uploads/2021/01/Rupa-Lake-2020-1.jpg HTTP/1.1" 200 75263 "-" "Mozilla/5.0 AppleWebKit/537.36 (KHTML, like Gecko; compatible; bingbot/2.0; +http://www.bing.com/bingbot.htm) Chrome/116.0.1938.76 Safari/537.36"
85.208.96.212 - - [27/Apr/2025:14:16:39 -0400] "GET /db.php/pet-supplies/dog-food/7380091539055.shtml HTTP/1.1" 200 0 "-" "Mozilla/5.0 (compatible; SemrushBot/7~bl; +http://www.semrush.com/bot.html)"
85.208.96.210 - - [27/Apr/2025:14:16:42 -0400] "GET /db.php/fashion/skirts/9840431473894.shtml HTTP/1.1" 200 0 "-" "Mozilla/5.0 (compatible; SemrushBot/7~bl; +http://www.semrush.com/bot.html)"
185.191.171.16 - - [27/Apr/2025:14:16:45 -0400] "GET /db.php/fashion/outerwear/9720183040038.shtml HTTP/1.1" 200 0 "-" "Mozilla/5.0 (compatible; SemrushBot/7~bl; +http://www.semrush.com/bot.html)"
85.208.96.210 - - [27/Apr/2025:14:16:48 -0400] "GET /db.php/fashion/accessories/9770111067834.shtml HTTP/1.1" 200 0 "-" "Mozilla/5.0 (compatible; SemrushBot/7~bl; +http://www.semrush.com/bot.html)"
185.191.171.16 - - [27/Apr/2025:14:16:51 -0400] "GET /db.php/hobbies/crafts/18440562695222.shtml HTTP/1.1" 200 0 "-" "Mozilla/5.0 (compatible; SemrushBot/7~bl; +http://www.semrush.com/bot.html)"
199.188.205.55 - - [27/Apr/2025:14:17:04 -0400] "POST /wp-cron.php?doing_wp_cron=1745777823.9267959594726562500000 HTTP/1.1" 200 0 "-" "WordPress/6.2.6; http://rupalake.org.np"
43.165.69.68 - - [27/Apr/2025:14:17:03 -0400] "GET /annual-progress-report-2072/ HTTP/1.1" 200 10783 "-" "Mozilla/5.0 (iPhone; CPU iPhone OS 13_2_3 like Mac OS X) AppleWebKit/605.1.15 (KHTML, like Gecko) Version/13.0.3 Mobile/15E148 Safari/604.1"
85.208.96.210 - - [27/Apr/2025:14:17:08 -0400] "GET /db.php/bicycles/accessories/18370423669309.shtml HTTP/1.1" 200 0 "-" "Mozilla/5.0 (compatible; SemrushBot/7~bl; +http://www.semrush.com/bot.html)"
85.208.96.209 - - [27/Apr/2025:14:17:19 -0400] "GET /db.php/alcohol/rice/9210063078518.shtml HTTP/1.1" 200 0 "-" "Mozilla/5.0 (compatible; SemrushBot/7~bl; +http://www.semrush.com/bot.html)"
185.191.171.14 - - [27/Apr/2025:14:17:49 -0400] "GET /db.php/travel-supplies/tarps/8780303256426.shtml HTTP/1.1" 200 0 "-" "Mozilla/5.0 (compatible; SemrushBot/7~bl; +http://www.semrush.com/bot.html)"
85.208.96.201 - - [27/Apr/2025:14:17:50 -0400] "GET /db.php/alcohol/fruit/9270363120262.shtml HTTP/1.1" 200 0 "-" "Mozilla/5.0 (compatible; SemrushBot/7~bl; +http://www.semrush.com/bot.html)"
185.191.171.6 - - [27/Apr/2025:14:17:57 -0400] "GET /db.php/cameras/digital-cameras/14470432441235.shtml HTTP/1.1" 200 0 "-" "Mozilla/5.0 (compatible; SemrushBot/7~bl; +http://www.semrush.com/bot.html)"
185.191.171.7 - - [27/Apr/2025:14:18:14 -0400] "GET /db.php/cameras/speakers/14550300615075.shtml HTTP/1.1" 200 0 "-" "Mozilla/5.0 (compatible; SemrushBot/7~bl; +http://www.semrush.com/bot.html)"
185.191.171.7 - - [27/Apr/2025:14:18:19 -0400] "GET /db.php/fashion/tops/9730562504532.shtml HTTP/1.1" 200 0 "-" "Mozilla/5.0 (compatible; SemrushBot/7~bl; +http://www.semrush.com/bot.html)"
85.208.96.201 - - [27/Apr/2025:14:18:31 -0400] "GET /db.php/travel-supplies/lures/8790200303204.shtml HTTP/1.1" 200 0 "-" "Mozilla/5.0 (compatible; SemrushBot/7~bl; +http://www.semrush.com/bot.html)"
85.208.96.201 - - [27/Apr/2025:14:18:32 -0400] "GET /db.php/fashion/outerwear/9720023661973.shtml HTTP/1.1" 200 0 "-" "Mozilla/5.0 (compatible; SemrushBot/7~bl; +http://www.semrush.com/bot.html)"
52.167.144.169 - - [27/Apr/2025:14:18:38 -0400] "GET /tablets-monitor-1r0ti HTTP/1.1" 200 20917 "-" "Mozilla/5.0 AppleWebKit/537.36 (KHTML, like Gecko; compatible; bingbot/2.0; +http://www.bing.com/bingbot.htm) Chrome/116.0.1938.76 Safari/537.36"
185.191.171.3 - - [27/Apr/2025:14:18:50 -0400] "GET /db.php/hobbies/crafts/18440390787967.shtml HTTP/1.1" 200 0 "-" "Mozilla/5.0 (compatible; SemrushBot/7~bl; +http://www.semrush.com/bot.html)"
85.208.96.197 - - [27/Apr/2025:14:18:54 -0400] "GET /db.php/fashion/jackets/9720511364844.shtml HTTP/1.1" 200 0 "-" "Mozilla/5.0 (compatible; SemrushBot/7~bl; +http://www.semrush.com/bot.html)"
207.46.13.86 - - [27/Apr/2025:14:19:07 -0400] "GET /tickets-amusement-parks-cfo0 HTTP/1.1" 200 20872 "-" "Mozilla/5.0 AppleWebKit/537.36 (KHTML, like Gecko; compatible; bingbot/2.0; +http://www.bing.com/bingbot.htm) Chrome/116.0.1938.76 Safari/537.36"
199.188.205.55 - - [27/Apr/2025:14:19:18 -0400] "POST /wp-cron.php?doing_wp_cron=1745777958.0379009246826171875000 HTTP/1.1" 200 0 "-" "WordPress/6.2.6; http://rupalake.org.np"
66.249.68.66 - - [27/Apr/2025:14:19:18 -0400] "GET / HTTP/1.1" 200 21860 "-" "Mozilla/5.0 (compatible; Googlebot/2.1; +http://www.google.com/bot.html)"
51.222.253.7 - - [27/Apr/2025:14:19:17 -0400] "GET /cars/parts/18220593005725 HTTP/1.1" 404 7439 "-" "Mozilla/5.0 (compatible; AhrefsBot/7.0; +http://ahrefs.com/robot/)"
85.208.96.210 - - [27/Apr/2025:14:19:24 -0400] "GET /db.php/fashion/watches/9800293892207.shtml HTTP/1.1" 200 0 "-" "Mozilla/5.0 (compatible; SemrushBot/7~bl; +http://www.semrush.com/bot.html)"
85.208.96.202 - - [27/Apr/2025:14:19:27 -0400] "GET /db.php/bicycles/accessories/18370202405512.shtml HTTP/1.1" 200 0 "-" "Mozilla/5.0 (compatible; SemrushBot/7~bl; +http://www.semrush.com/bot.html)"
85.208.96.202 - - [27/Apr/2025:14:19:39 -0400] "GET /db.php/sports/weight-training/1750070682728.shtml HTTP/1.1" 200 0 "-" "Mozilla/5.0 (compatible; SemrushBot/7~bl; +http://www.semrush.com/bot.html)"
52.167.144.169 - - [27/Apr/2025:14:19:56 -0400] "GET /fashion-bags-15o9u HTTP/1.1" 200 21228 "-" "Mozilla/5.0 AppleWebKit/537.36 (KHTML, like Gecko; compatible; bingbot/2.0; +http://www.bing.com/bingbot.htm) Chrome/116.0.1938.76 Safari/537.36"
85.208.96.194 - - [27/Apr/2025:14:20:43 -0400] "GET /db.php/fishing/outdoor-wear/8830260873375.shtml HTTP/1.1" 200 0 "-" "Mozilla/5.0 (compatible; SemrushBot/7~bl; +http://www.semrush.com/bot.html)"
85.208.96.205 - - [27/Apr/2025:14:20:46 -0400] "GET /db.php/hobbies/paintings/18480033172034.shtml HTTP/1.1" 200 0 "-" "Mozilla/5.0 (compatible; SemrushBot/7~bl; +http://www.semrush.com/bot.html)"
85.208.96.196 - - [27/Apr/2025:14:20:53 -0400] "GET /db.php/fashion/accessories/9760343180719.shtml HTTP/1.1" 200 0 "-" "Mozilla/5.0 (compatible; SemrushBot/7~bl; +http://www.semrush.com/bot.html)"
185.191.171.18 - - [27/Apr/2025:14:20:55 -0400] "GET /db.php/drinks/others/9360143804881.shtml HTTP/1.1" 200 0 "-" "Mozilla/5.0 (compatible; SemrushBot/7~bl; +http://www.semrush.com/bot.html)"
85.208.96.194 - - [27/Apr/2025:14:20:57 -0400] "GET /db.php/sports/clubs/1610322111345.shtml HTTP/1.1" 200 0 "-" "Mozilla/5.0 (compatible; SemrushBot/7~bl; +http://www.semrush.com/bot.html)"
52.167.144.169 - - [27/Apr/2025:14:21:09 -0400] "GET /health-aromatherapy-2edvt HTTP/1.1" 200 20835 "-" "Mozilla/5.0 AppleWebKit/537.36 (KHTML, like Gecko; compatible; bingbot/2.0; +http://www.bing.com/bingbot.htm) Chrome/116.0.1938.76 Safari/537.36"
85.208.96.194 - - [27/Apr/2025:14:21:11 -0400] "GET /db.php/bicycles/equipment/18310052889263.shtml HTTP/1.1" 200 0 "-" "Mozilla/5.0 (compatible; SemrushBot/7~bl; +http://www.semrush.com/bot.html)"
185.191.171.19 - - [27/Apr/2025:14:21:20 -0400] "GET /db.php/tickets/theme-parks/8370310552150.shtml HTTP/1.1" 200 0 "-" "Mozilla/5.0 (compatible; SemrushBot/7~bl; +http://www.semrush.com/bot.html)"
207.46.13.86 - - [27/Apr/2025:14:21:22 -0400] "GET /daily-necessities-bulk-sales-1q42r HTTP/1.1" 200 21685 "-" "Mozilla/5.0 AppleWebKit/537.36 (KHTML, like Gecko; compatible; bingbot/2.0; +http://www.bing.com/bingbot.htm) Chrome/116.0.1938.76 Safari/537.36"
52.167.144.197 - - [27/Apr/2025:14:21:26 -0400] "GET /beauty-unisex-perfumes-2g9xa HTTP/1.1" 200 21076 "-" "Mozilla/5.0 AppleWebKit/537.36 (KHTML, like Gecko; compatible; bingbot/2.0; +http://www.bing.com/bingbot.htm) Chrome/116.0.1938.76 Safari/537.36"
85.208.96.211 - - [27/Apr/2025:14:21:47 -0400] "GET /db.php/home-appliances/ovens/9550150324748.shtml HTTP/1.1" 200 0 "-" "Mozilla/5.0 (compatible; SemrushBot/7~bl; +http://www.semrush.com/bot.html)"
85.208.96.194 - - [27/Apr/2025:14:21:49 -0400] "GET /db.php/daily-necessities/coffee/15150423500014.shtml HTTP/1.1" 200 0 "-" "Mozilla/5.0 (compatible; SemrushBot/7~bl; +http://www.semrush.com/bot.html)"
185.191.171.14 - - [27/Apr/2025:14:21:59 -0400] "GET /db.php/hobbies/pa/18550130715266.shtml HTTP/1.1" 200 0 "-" "Mozilla/5.0 (compatible; SemrushBot/7~bl; +http://www.semrush.com/bot.html)"
185.191.171.5 - - [27/Apr/2025:14:22:01 -0400] "GET /db.php/sports/others/1930510509073.shtml HTTP/1.1" 200 0 "-" "Mozilla/5.0 (compatible; SemrushBot/7~bl; +http://www.semrush.com/bot.html)"
185.191.171.5 - - [27/Apr/2025:14:22:02 -0400] "GET /db.php/tablets/iphone-accessories/910183719335.shtml HTTP/1.1" 200 0 "-" "Mozilla/5.0 (compatible; SemrushBot/7~bl; +http://www.semrush.com/bot.html)"
185.191.171.16 - - [27/Apr/2025:14:22:12 -0400] "GET /db.php/bags/shoulder-bags/20180431168622.shtml HTTP/1.1" 200 0 "-" "Mozilla/5.0 (compatible; SemrushBot/7~bl; +http://www.semrush.com/bot.html)"
85.208.96.203 - - [27/Apr/2025:14:22:16 -0400] "GET /db.php/computers/ipads/700390223485.shtml HTTP/1.1" 200 0 "-" "Mozilla/5.0 (compatible; SemrushBot/7~bl; +http://www.semrush.com/bot.html)"
