芝麻web文件管理V1.00
编辑当前文件:/home/lekhnath/access-logs/rupalake.cityof7lakes.com
52.167.144.183 - - [27/Apr/2025:07:07:17 -0400] "GET /cars-wheels-hku4 HTTP/1.1" 200 20964 "-" "Mozilla/5.0 AppleWebKit/537.36 (KHTML, like Gecko; compatible; bingbot/2.0; +http://www.bing.com/bingbot.htm) Chrome/116.0.1938.76 Safari/537.36"
40.77.167.78 - - [27/Apr/2025:07:07:37 -0400] "GET /computers-mobile-phones-180ix HTTP/1.1" 200 21301 "-" "Mozilla/5.0 AppleWebKit/537.36 (KHTML, like Gecko; compatible; bingbot/2.0; +http://www.bing.com/bingbot.htm) Chrome/116.0.1938.76 Safari/537.36"
185.191.171.6 - - [27/Apr/2025:07:07:45 -0400] "GET /db.php/cameras/camera-accessories/14570461350759.shtml HTTP/1.1" 200 0 "-" "Mozilla/5.0 (compatible; SemrushBot/7~bl; +http://www.semrush.com/bot.html)"
85.208.96.196 - - [27/Apr/2025:07:07:50 -0400] "GET /db.php/fashion/bags/9750053022930.shtml HTTP/1.1" 200 0 "-" "Mozilla/5.0 (compatible; SemrushBot/7~bl; +http://www.semrush.com/bot.html)"
185.191.171.7 - - [27/Apr/2025:07:08:03 -0400] "GET /db.php/beauty/face-creams/17240331233197.shtml HTTP/1.1" 200 0 "-" "Mozilla/5.0 (compatible; SemrushBot/7~bl; +http://www.semrush.com/bot.html)"
85.208.96.199 - - [27/Apr/2025:07:08:05 -0400] "GET /db.php/hobbies/accessories/19080392380038.shtml HTTP/1.1" 200 0 "-" "Mozilla/5.0 (compatible; SemrushBot/7~bl; +http://www.semrush.com/bot.html)"
85.208.96.196 - - [27/Apr/2025:07:08:07 -0400] "GET /db.php/smartphones/smart-watch/870192262769.shtml HTTP/1.1" 200 0 "-" "Mozilla/5.0 (compatible; SemrushBot/7~bl; +http://www.semrush.com/bot.html)"
185.191.171.13 - - [27/Apr/2025:07:08:23 -0400] "GET /db.php/food/vegetables/9250460325058.shtml HTTP/1.1" 200 0 "-" "Mozilla/5.0 (compatible; SemrushBot/7~bl; +http://www.semrush.com/bot.html)"
185.191.171.13 - - [27/Apr/2025:07:08:38 -0400] "GET /robots.txt HTTP/1.1" 200 236 "-" "Mozilla/5.0 (compatible; SemrushBot/7~bl; +http://www.semrush.com/bot.html)"
85.208.96.197 - - [27/Apr/2025:07:08:38 -0400] "GET /db.php/fashion/bags/9750273009079.shtml HTTP/1.1" 200 0 "-" "Mozilla/5.0 (compatible; SemrushBot/7~bl; +http://www.semrush.com/bot.html)"
40.77.167.78 - - [27/Apr/2025:07:09:01 -0400] "GET /sports-clubs-gwqe HTTP/1.1" 200 21421 "-" "Mozilla/5.0 AppleWebKit/537.36 (KHTML, like Gecko; compatible; bingbot/2.0; +http://www.bing.com/bingbot.htm) Chrome/116.0.1938.76 Safari/537.36"
52.167.144.183 - - [27/Apr/2025:07:09:08 -0400] "GET /air-conditioning-smoking-accessories-jhue HTTP/1.1" 200 21180 "-" "Mozilla/5.0 AppleWebKit/537.36 (KHTML, like Gecko; compatible; bingbot/2.0; +http://www.bing.com/bingbot.htm) Chrome/116.0.1938.76 Safari/537.36"
185.191.171.13 - - [27/Apr/2025:07:09:15 -0400] "GET /db.php/fishing/outdoor-bedding/8900221450409.shtml HTTP/1.1" 200 0 "-" "Mozilla/5.0 (compatible; SemrushBot/7~bl; +http://www.semrush.com/bot.html)"
199.188.205.55 - - [27/Apr/2025:07:09:17 -0400] "POST /wp-cron.php?doing_wp_cron=1745752157.5428578853607177734375 HTTP/1.1" 200 0 "-" "WordPress/6.2.6; http://rupalake.org.np"
85.208.96.201 - - [27/Apr/2025:07:09:17 -0400] "GET /db.php/etc./bulk-sales/15210122804899.shtml HTTP/1.1" 200 0 "-" "Mozilla/5.0 (compatible; SemrushBot/7~bl; +http://www.semrush.com/bot.html)"
51.222.253.15 - - [27/Apr/2025:07:09:16 -0400] "GET /computers/memory/1120323121450 HTTP/1.1" 404 7439 "-" "Mozilla/5.0 (compatible; AhrefsBot/7.0; +http://ahrefs.com/robot/)"
185.191.171.6 - - [27/Apr/2025:07:09:28 -0400] "GET /db.php/fashion/tops/9730561013079.shtml HTTP/1.1" 200 0 "-" "Mozilla/5.0 (compatible; SemrushBot/7~bl; +http://www.semrush.com/bot.html)"
185.191.171.2 - - [27/Apr/2025:07:09:48 -0400] "GET /db.php/interior/seater-sofas/4000161511500.shtml HTTP/1.1" 200 0 "-" "Mozilla/5.0 (compatible; SemrushBot/7~bl; +http://www.semrush.com/bot.html)"
85.208.96.205 - - [27/Apr/2025:07:09:50 -0400] "GET /db.php/toys/comics/13250021997095.shtml HTTP/1.1" 200 0 "-" "Mozilla/5.0 (compatible; SemrushBot/7~bl; +http://www.semrush.com/bot.html)"
85.208.96.210 - - [27/Apr/2025:07:09:51 -0400] "GET /db.php/furniture/ornaments/3980023610135.shtml HTTP/1.1" 200 0 "-" "Mozilla/5.0 (compatible; SemrushBot/7~bl; +http://www.semrush.com/bot.html)"
85.208.96.193 - - [27/Apr/2025:07:09:53 -0400] "GET /db.php/sports/clubs/1610440946057.shtml HTTP/1.1" 200 0 "-" "Mozilla/5.0 (compatible; SemrushBot/7~bl; +http://www.semrush.com/bot.html)"
185.191.171.14 - - [27/Apr/2025:07:09:55 -0400] "GET /db.php/bicycles/wheels/18250590401602.shtml HTTP/1.1" 200 0 "-" "Mozilla/5.0 (compatible; SemrushBot/7~bl; +http://www.semrush.com/bot.html)"
185.191.171.8 - - [27/Apr/2025:07:10:02 -0400] "GET /db.php/fishing/backpacks/8800312786345.shtml HTTP/1.1" 200 0 "-" "Mozilla/5.0 (compatible; SemrushBot/7~bl; +http://www.semrush.com/bot.html)"
185.191.171.5 - - [27/Apr/2025:07:10:05 -0400] "GET /db.php/cars/parts/18220243421661.shtml HTTP/1.1" 200 0 "-" "Mozilla/5.0 (compatible; SemrushBot/7~bl; +http://www.semrush.com/bot.html)"
185.191.171.6 - - [27/Apr/2025:07:10:11 -0400] "GET /db.php/fashion/accessories/9760522598381.shtml HTTP/1.1" 200 0 "-" "Mozilla/5.0 (compatible; SemrushBot/7~bl; +http://www.semrush.com/bot.html)"
185.191.171.14 - - [27/Apr/2025:07:10:44 -0400] "GET /db.php/tickets/shopping/8310481975837.shtml HTTP/1.1" 200 0 "-" "Mozilla/5.0 (compatible; SemrushBot/7~bl; +http://www.semrush.com/bot.html)"
85.208.96.208 - - [27/Apr/2025:07:10:51 -0400] "GET /db.php/art/model-trains/18580343165565.shtml HTTP/1.1" 200 0 "-" "Mozilla/5.0 (compatible; SemrushBot/7~bl; +http://www.semrush.com/bot.html)"
40.77.167.78 - - [27/Apr/2025:07:11:38 -0400] "GET /handmade-bouquets-fnyf HTTP/1.1" 200 21162 "-" "Mozilla/5.0 AppleWebKit/537.36 (KHTML, like Gecko; compatible; bingbot/2.0; +http://www.bing.com/bingbot.htm) Chrome/116.0.1938.76 Safari/537.36"
85.208.96.197 - - [27/Apr/2025:07:11:46 -0400] "GET /db.php/fashion/sets/9850340825074.shtml HTTP/1.1" 200 0 "-" "Mozilla/5.0 (compatible; SemrushBot/7~bl; +http://www.semrush.com/bot.html)"
85.208.96.206 - - [27/Apr/2025:07:12:04 -0400] "GET /db.php/manga/medicine/16830602344480.shtml HTTP/1.1" 200 0 "-" "Mozilla/5.0 (compatible; SemrushBot/7~bl; +http://www.semrush.com/bot.html)"
85.208.96.199 - - [27/Apr/2025:07:12:07 -0400] "GET /db.php/air-conditioning/mochi-maker/9470452918605.shtml HTTP/1.1" 200 0 "-" "Mozilla/5.0 (compatible; SemrushBot/7~bl; +http://www.semrush.com/bot.html)"
85.208.96.199 - - [27/Apr/2025:07:12:10 -0400] "GET /db.php/daily-necessities/tumblers/15480581168306.shtml HTTP/1.1" 200 0 "-" "Mozilla/5.0 (compatible; SemrushBot/7~bl; +http://www.semrush.com/bot.html)"
85.208.96.207 - - [27/Apr/2025:07:12:16 -0400] "GET /db.php/food/others/9360242574398.shtml HTTP/1.1" 200 0 "-" "Mozilla/5.0 (compatible; SemrushBot/7~bl; +http://www.semrush.com/bot.html)"
85.208.96.200 - - [27/Apr/2025:07:12:42 -0400] "GET /db.php/tablets/keyboards/990553692647.shtml HTTP/1.1" 200 0 "-" "Mozilla/5.0 (compatible; SemrushBot/7~bl; +http://www.semrush.com/bot.html)"
185.191.171.8 - - [27/Apr/2025:07:12:45 -0400] "GET /db.php/cds/foreign-movies/14960273130456.shtml HTTP/1.1" 200 0 "-" "Mozilla/5.0 (compatible; SemrushBot/7~bl; +http://www.semrush.com/bot.html)"
185.191.171.1 - - [27/Apr/2025:07:13:10 -0400] "GET /db.php/fashion/shoes/9740321761386.shtml HTTP/1.1" 200 0 "-" "Mozilla/5.0 (compatible; SemrushBot/7~bl; +http://www.semrush.com/bot.html)"
85.208.96.195 - - [27/Apr/2025:07:13:13 -0400] "GET /db.php/hats/hunting/21490251930989.shtml HTTP/1.1" 200 0 "-" "Mozilla/5.0 (compatible; SemrushBot/7~bl; +http://www.semrush.com/bot.html)"
85.208.96.212 - - [27/Apr/2025:07:13:21 -0400] "GET /db.php/games/sports-cards/13420440875367.shtml HTTP/1.1" 200 0 "-" "Mozilla/5.0 (compatible; SemrushBot/7~bl; +http://www.semrush.com/bot.html)"
199.188.205.55 - - [27/Apr/2025:07:13:33 -0400] "POST /wp-cron.php?doing_wp_cron=1745752413.7138290405273437500000 HTTP/1.1" 200 0 "-" "WordPress/6.2.6; http://rupalake.org.np"
51.222.253.11 - - [27/Apr/2025:07:13:32 -0400] "GET /diet/vitamins/10300521204856 HTTP/1.1" 404 7439 "-" "Mozilla/5.0 (compatible; AhrefsBot/7.0; +http://ahrefs.com/robot/)"
85.208.96.194 - - [27/Apr/2025:07:13:51 -0400] "GET /db.php/fashion/outerwear/9720601372777.shtml HTTP/1.1" 200 0 "-" "Mozilla/5.0 (compatible; SemrushBot/7~bl; +http://www.semrush.com/bot.html)"
85.208.96.197 - - [27/Apr/2025:07:13:54 -0400] "GET /db.php/fashion/accessories/9770052225773.shtml HTTP/1.1" 200 0 "-" "Mozilla/5.0 (compatible; SemrushBot/7~bl; +http://www.semrush.com/bot.html)"
85.208.96.207 - - [27/Apr/2025:07:13:59 -0400] "GET /db.php/beauty/unisex-perfumes/17290580535314.shtml HTTP/1.1" 200 0 "-" "Mozilla/5.0 (compatible; SemrushBot/7~bl; +http://www.semrush.com/bot.html)"
85.208.96.210 - - [27/Apr/2025:07:14:06 -0400] "GET /db.php/toys/pokemon-card-games/13260191399715.shtml HTTP/1.1" 200 0 "-" "Mozilla/5.0 (compatible; SemrushBot/7~bl; +http://www.semrush.com/bot.html)"
185.191.171.17 - - [27/Apr/2025:07:14:08 -0400] "GET /db.php/cosmetics/women-perfume/17370530854171.shtml HTTP/1.1" 200 0 "-" "Mozilla/5.0 (compatible; SemrushBot/7~bl; +http://www.semrush.com/bot.html)"
85.208.96.210 - - [27/Apr/2025:07:14:10 -0400] "GET /db.php/cars/parts/18220293626306.shtml HTTP/1.1" 200 0 "-" "Mozilla/5.0 (compatible; SemrushBot/7~bl; +http://www.semrush.com/bot.html)"
185.191.171.5 - - [27/Apr/2025:07:14:14 -0400] "GET /db.php/fashion/bags/9750040356308.shtml HTTP/1.1" 200 0 "-" "Mozilla/5.0 (compatible; SemrushBot/7~bl; +http://www.semrush.com/bot.html)"
85.208.96.207 - - [27/Apr/2025:07:14:22 -0400] "GET /db.php/tickets/others/8750391425588.shtml HTTP/1.1" 200 0 "-" "Mozilla/5.0 (compatible; SemrushBot/7~bl; +http://www.semrush.com/bot.html)"
20.15.133.191 - - [27/Apr/2025:07:14:45 -0400] "GET /bicycles-parts-1q4x0 HTTP/1.1" 200 20857 "-" "Mozilla/5.0 AppleWebKit/537.36 (KHTML, like Gecko; compatible; bingbot/2.0; +http://www.bing.com/bingbot.htm) Chrome/116.0.1938.76 Safari/537.36"
85.208.96.210 - - [27/Apr/2025:07:14:52 -0400] "GET /db.php/home-appliances/ih-cookers/9540480402477.shtml HTTP/1.1" 200 0 "-" "Mozilla/5.0 (compatible; SemrushBot/7~bl; +http://www.semrush.com/bot.html)"
85.208.96.212 - - [27/Apr/2025:07:15:11 -0400] "GET /db.php/smartphones/smartphones/680591366562.shtml HTTP/1.1" 200 0 "-" "Mozilla/5.0 (compatible; SemrushBot/7~bl; +http://www.semrush.com/bot.html)"
52.167.144.219 - - [27/Apr/2025:07:15:18 -0400] "GET /etc.-bulk-sales-1bwgs HTTP/1.1" 200 21459 "-" "Mozilla/5.0 AppleWebKit/537.36 (KHTML, like Gecko; compatible; bingbot/2.0; +http://www.bing.com/bingbot.htm) Chrome/116.0.1938.76 Safari/537.36"
40.77.167.78 - - [27/Apr/2025:07:15:22 -0400] "GET /pet-supplies-filters-upp8 HTTP/1.1" 200 21511 "-" "Mozilla/5.0 AppleWebKit/537.36 (KHTML, like Gecko; compatible; bingbot/2.0; +http://www.bing.com/bingbot.htm) Chrome/116.0.1938.76 Safari/537.36"
85.208.96.194 - - [27/Apr/2025:07:15:47 -0400] "GET /db.php/handmade/racks/11350543298468.shtml HTTP/1.1" 200 0 "-" "Mozilla/5.0 (compatible; SemrushBot/7~bl; +http://www.semrush.com/bot.html)"
85.208.96.209 - - [27/Apr/2025:07:16:07 -0400] "GET /db.php/smartphones/external-hard-disk-drives/960093942259.shtml HTTP/1.1" 200 0 "-" "Mozilla/5.0 (compatible; SemrushBot/7~bl; +http://www.semrush.com/bot.html)"
85.208.96.197 - - [27/Apr/2025:07:16:14 -0400] "GET /db.php/fashion/bags/9750592561095.shtml HTTP/1.1" 200 0 "-" "Mozilla/5.0 (compatible; SemrushBot/7~bl; +http://www.semrush.com/bot.html)"
85.208.96.208 - - [27/Apr/2025:07:16:17 -0400] "GET /db.php/fashion/shoes/9740292835261.shtml HTTP/1.1" 200 0 "-" "Mozilla/5.0 (compatible; SemrushBot/7~bl; +http://www.semrush.com/bot.html)"
40.77.167.78 - - [27/Apr/2025:07:16:22 -0400] "GET /toys-sports-juvx HTTP/1.1" 200 20874 "-" "Mozilla/5.0 AppleWebKit/537.36 (KHTML, like Gecko; compatible; bingbot/2.0; +http://www.bing.com/bingbot.htm) Chrome/116.0.1938.76 Safari/537.36"
185.191.171.6 - - [27/Apr/2025:07:16:44 -0400] "GET /db.php/fashion/accessories/9760352560953.shtml HTTP/1.1" 200 0 "-" "Mozilla/5.0 (compatible; SemrushBot/7~bl; +http://www.semrush.com/bot.html)"
185.191.171.14 - - [27/Apr/2025:07:16:48 -0400] "GET /db.php/health/cooling/10060553166973.shtml HTTP/1.1" 200 0 "-" "Mozilla/5.0 (compatible; SemrushBot/7~bl; +http://www.semrush.com/bot.html)"
52.167.144.219 - - [27/Apr/2025:07:16:57 -0400] "GET /drinks-whiskey-6u66 HTTP/1.1" 200 21698 "-" "Mozilla/5.0 AppleWebKit/537.36 (KHTML, like Gecko; compatible; bingbot/2.0; +http://www.bing.com/bingbot.htm) Chrome/116.0.1938.76 Safari/537.36"
52.167.144.219 - - [27/Apr/2025:07:16:59 -0400] "GET /games-battle-spirits-1ucyw HTTP/1.1" 200 21156 "-" "Mozilla/5.0 AppleWebKit/537.36 (KHTML, like Gecko; compatible; bingbot/2.0; +http://www.bing.com/bingbot.htm) Chrome/116.0.1938.76 Safari/537.36"
185.191.171.8 - - [27/Apr/2025:07:17:02 -0400] "GET /db.php/audio/radios/14490601799184.shtml HTTP/1.1" 200 0 "-" "Mozilla/5.0 (compatible; SemrushBot/7~bl; +http://www.semrush.com/bot.html)"
185.191.171.11 - - [27/Apr/2025:07:17:20 -0400] "GET /db.php/tickets/martial-arts/8440570804451.shtml HTTP/1.1" 200 0 "-" "Mozilla/5.0 (compatible; SemrushBot/7~bl; +http://www.semrush.com/bot.html)"
185.191.171.19 - - [27/Apr/2025:07:17:28 -0400] "GET /db.php/sports/clubs/1610402595038.shtml HTTP/1.1" 200 0 "-" "Mozilla/5.0 (compatible; SemrushBot/7~bl; +http://www.semrush.com/bot.html)"
85.208.96.199 - - [27/Apr/2025:07:17:41 -0400] "GET /db.php/diet/bath-supplies/10180323872939.shtml HTTP/1.1" 200 0 "-" "Mozilla/5.0 (compatible; SemrushBot/7~bl; +http://www.semrush.com/bot.html)"
85.208.96.193 - - [27/Apr/2025:07:17:51 -0400] "GET /db.php/furniture/low-tables/4110311158200.shtml HTTP/1.1" 200 0 "-" "Mozilla/5.0 (compatible; SemrushBot/7~bl; +http://www.semrush.com/bot.html)"
85.208.96.199 - - [27/Apr/2025:07:17:53 -0400] "GET /db.php/fashion/pants/9780260209700.shtml HTTP/1.1" 200 0 "-" "Mozilla/5.0 (compatible; SemrushBot/7~bl; +http://www.semrush.com/bot.html)"
85.208.96.200 - - [27/Apr/2025:07:18:05 -0400] "GET /db.php/interior/seater-sofas/4000300387243.shtml HTTP/1.1" 200 0 "-" "Mozilla/5.0 (compatible; SemrushBot/7~bl; +http://www.semrush.com/bot.html)"
85.208.96.203 - - [27/Apr/2025:07:18:08 -0400] "GET /db.php/sports/clubs/1610521594180.shtml HTTP/1.1" 200 0 "-" "Mozilla/5.0 (compatible; SemrushBot/7~bl; +http://www.semrush.com/bot.html)"
199.188.205.55 - - [27/Apr/2025:07:18:17 -0400] "POST /wp-cron.php?doing_wp_cron=1745752696.6645219326019287109375 HTTP/1.1" 200 0 "-" "WordPress/6.2.6; http://rupalake.org.np"
51.222.253.17 - - [27/Apr/2025:07:18:15 -0400] "GET /dresses/dresses/20940193008340 HTTP/1.1" 404 7439 "-" "Mozilla/5.0 (compatible; AhrefsBot/7.0; +http://ahrefs.com/robot/)"
85.208.96.209 - - [27/Apr/2025:07:18:23 -0400] "GET /db.php/sports/men-wear/1940030696903.shtml HTTP/1.1" 200 0 "-" "Mozilla/5.0 (compatible; SemrushBot/7~bl; +http://www.semrush.com/bot.html)"
85.208.96.208 - - [27/Apr/2025:07:18:31 -0400] "GET /db.php/fashion/kimono/9790533256844.shtml HTTP/1.1" 200 0 "-" "Mozilla/5.0 (compatible; SemrushBot/7~bl; +http://www.semrush.com/bot.html)"
185.191.171.7 - - [27/Apr/2025:07:18:33 -0400] "GET /db.php/diy/cutting-tools/5970593037031.shtml HTTP/1.1" 200 0 "-" "Mozilla/5.0 (compatible; SemrushBot/7~bl; +http://www.semrush.com/bot.html)"
85.208.96.201 - - [27/Apr/2025:07:18:39 -0400] "GET /db.php/bicycles/wheels/18250300484892.shtml HTTP/1.1" 200 0 "-" "Mozilla/5.0 (compatible; SemrushBot/7~bl; +http://www.semrush.com/bot.html)"
85.208.96.195 - - [27/Apr/2025:07:18:51 -0400] "GET /db.php/tv/digital-cameras/14470083008477.shtml HTTP/1.1" 200 0 "-" "Mozilla/5.0 (compatible; SemrushBot/7~bl; +http://www.semrush.com/bot.html)"
85.208.96.207 - - [27/Apr/2025:07:19:00 -0400] "GET /db.php/fashion/bags/9750143715797.shtml HTTP/1.1" 200 0 "-" "Mozilla/5.0 (compatible; SemrushBot/7~bl; +http://www.semrush.com/bot.html)"
207.46.13.150 - - [27/Apr/2025:07:19:07 -0400] "GET /toys-sports-2hfci HTTP/1.1" 200 20509 "-" "Mozilla/5.0 AppleWebKit/537.36 (KHTML, like Gecko; compatible; bingbot/2.0; +http://www.bing.com/bingbot.htm) Chrome/116.0.1938.76 Safari/537.36"
85.208.96.210 - - [27/Apr/2025:07:19:48 -0400] "GET /db.php/fashion/bags/9750171668998.shtml HTTP/1.1" 200 0 "-" "Mozilla/5.0 (compatible; SemrushBot/7~bl; +http://www.semrush.com/bot.html)"
52.167.144.219 - - [27/Apr/2025:07:20:06 -0400] "GET /db.php/hobbies/aircraft/18600201427077.shtml HTTP/1.1" 200 20898 "-" "Mozilla/5.0 AppleWebKit/537.36 (KHTML, like Gecko; compatible; bingbot/2.0; +http://www.bing.com/bingbot.htm) Chrome/116.0.1938.76 Safari/537.36"
85.208.96.211 - - [27/Apr/2025:07:20:10 -0400] "GET /db.php/motorcycles/parts/18220443548607.shtml HTTP/1.1" 200 0 "-" "Mozilla/5.0 (compatible; SemrushBot/7~bl; +http://www.semrush.com/bot.html)"
85.208.96.206 - - [27/Apr/2025:07:20:17 -0400] "GET /db.php/home-appliances/air-conditioners/9510322414270.shtml HTTP/1.1" 200 0 "-" "Mozilla/5.0 (compatible; SemrushBot/7~bl; +http://www.semrush.com/bot.html)"
207.46.13.150 - - [27/Apr/2025:07:20:21 -0400] "GET /decor-others-la1w HTTP/1.1" 200 21510 "-" "Mozilla/5.0 AppleWebKit/537.36 (KHTML, like Gecko; compatible; bingbot/2.0; +http://www.bing.com/bingbot.htm) Chrome/116.0.1938.76 Safari/537.36"
85.208.96.206 - - [27/Apr/2025:07:20:24 -0400] "GET /db.php/pet-supplies/specimens/7480123591858.shtml HTTP/1.1" 200 0 "-" "Mozilla/5.0 (compatible; SemrushBot/7~bl; +http://www.semrush.com/bot.html)"
185.191.171.4 - - [27/Apr/2025:07:20:59 -0400] "GET /db.php/sports/snowboard/1620181220823.shtml HTTP/1.1" 200 0 "-" "Mozilla/5.0 (compatible; SemrushBot/7~bl; +http://www.semrush.com/bot.html)"
85.208.96.205 - - [27/Apr/2025:07:21:05 -0400] "GET /db.php/beauty/sunscreen/17720133808161.shtml HTTP/1.1" 200 0 "-" "Mozilla/5.0 (compatible; SemrushBot/7~bl; +http://www.semrush.com/bot.html)"
199.188.205.55 - - [27/Apr/2025:07:21:09 -0400] "POST /wp-cron.php?doing_wp_cron=1745752869.4446868896484375000000 HTTP/1.1" 200 0 "-" "WordPress/6.2.6; http://rupalake.org.np"
52.169.85.234 - - [27/Apr/2025:07:21:09 -0400] "GET /sts.php HTTP/1.1" 404 31147 "-" "-"
52.169.85.234 - - [27/Apr/2025:07:21:12 -0400] "GET /wp-hoard.php HTTP/1.1" 404 31147 "-" "-"
52.169.85.234 - - [27/Apr/2025:07:21:14 -0400] "GET /wp-l0gin.php HTTP/1.1" 404 31147 "-" "-"
52.169.85.234 - - [27/Apr/2025:07:21:16 -0400] "GET /priv8.php HTTP/1.1" 404 31147 "-" "-"
185.191.171.19 - - [27/Apr/2025:07:21:19 -0400] "GET /db.php/motorcycles/parts/18220570154603.shtml HTTP/1.1" 200 0 "-" "Mozilla/5.0 (compatible; SemrushBot/7~bl; +http://www.semrush.com/bot.html)"
52.169.85.234 - - [27/Apr/2025:07:21:18 -0400] "GET /wp-post-editor.php HTTP/1.1" 404 31147 "-" "-"
52.169.85.234 - - [27/Apr/2025:07:21:21 -0400] "GET /404.php HTTP/1.1" 404 31147 "-" "-"
185.191.171.13 - - [27/Apr/2025:07:21:22 -0400] "GET /db.php/fishing/clothing/9140302687639.shtml HTTP/1.1" 200 0 "-" "Mozilla/5.0 (compatible; SemrushBot/7~bl; +http://www.semrush.com/bot.html)"
85.208.96.199 - - [27/Apr/2025:07:21:24 -0400] "GET /db.php/bicycles/accessories/18370490974824.shtml HTTP/1.1" 200 0 "-" "Mozilla/5.0 (compatible; SemrushBot/7~bl; +http://www.semrush.com/bot.html)"
52.169.85.234 - - [27/Apr/2025:07:21:23 -0400] "GET /users.php HTTP/1.1" 404 31147 "-" "-"
52.169.85.234 - - [27/Apr/2025:07:21:26 -0400] "GET /classwithtostring.php HTTP/1.1" 404 31147 "-" "-"
52.169.85.234 - - [27/Apr/2025:07:21:29 -0400] "GET /wp-head.php HTTP/1.1" 404 31147 "-" "-"
52.169.85.234 - - [27/Apr/2025:07:21:32 -0400] "GET /admin.php HTTP/1.1" 404 31147 "-" "-"
52.169.85.234 - - [27/Apr/2025:07:21:34 -0400] "GET /about.php HTTP/1.1" 404 31147 "-" "-"
85.208.96.193 - - [27/Apr/2025:07:21:37 -0400] "GET /db.php/art/guitars/18390261910937.shtml HTTP/1.1" 200 0 "-" "Mozilla/5.0 (compatible; SemrushBot/7~bl; +http://www.semrush.com/bot.html)"
52.169.85.234 - - [27/Apr/2025:07:21:36 -0400] "GET /dropdown.php HTTP/1.1" 404 31147 "-" "-"
52.169.85.234 - - [27/Apr/2025:07:21:39 -0400] "GET /wp-header.php HTTP/1.1" 404 31147 "-" "-"
52.169.85.234 - - [27/Apr/2025:07:21:41 -0400] "GET /radio.php HTTP/1.1" 404 31147 "-" "-"
52.169.85.234 - - [27/Apr/2025:07:21:43 -0400] "GET /simple.php HTTP/1.1" 404 31147 "-" "-"
52.169.85.234 - - [27/Apr/2025:07:21:45 -0400] "GET /cong.php HTTP/1.1" 404 31147 "-" "-"
52.169.85.234 - - [27/Apr/2025:07:21:48 -0400] "GET /options.php HTTP/1.1" 404 31147 "-" "-"
52.169.85.234 - - [27/Apr/2025:07:21:50 -0400] "GET /wp-content/index.php?x=ooo HTTP/1.1" 200 0 "-" "-"
52.169.85.234 - - [27/Apr/2025:07:21:50 -0400] "GET /wp-admin/options.php HTTP/1.1" 302 0 "-" "-"
85.208.96.204 - - [27/Apr/2025:07:21:52 -0400] "GET /db.php/fashion/accessories/9760443851702.shtml HTTP/1.1" 200 0 "-" "Mozilla/5.0 (compatible; SemrushBot/7~bl; +http://www.semrush.com/bot.html)"
52.169.85.234 - - [27/Apr/2025:07:21:51 -0400] "GET /wp-login.php?redirect_to=http%3A%2F%2Frupalake.org.np%2Fwp-admin%2Foptions.php&reauth=1 HTTP/1.1" 200 6171 "-" "-"
185.191.171.2 - - [27/Apr/2025:07:21:55 -0400] "GET /db.php/hobbies/antique/18640471245384.shtml HTTP/1.1" 200 0 "-" "Mozilla/5.0 (compatible; SemrushBot/7~bl; +http://www.semrush.com/bot.html)"
52.169.85.234 - - [27/Apr/2025:07:21:53 -0400] "GET /wp-content/plugins/fix/up.php HTTP/1.1" 404 31147 "-" "-"
52.169.85.234 - - [27/Apr/2025:07:21:56 -0400] "GET /1index.php HTTP/1.1" 404 31147 "-" "-"
52.169.85.234 - - [27/Apr/2025:07:21:58 -0400] "GET /11index.php HTTP/1.1" 404 31147 "-" "-"
199.188.205.55 - - [27/Apr/2025:07:22:02 -0400] "POST /wp-cron.php?doing_wp_cron=1745752921.2863500118255615234375 HTTP/1.1" 200 0 "-" "WordPress/6.2.6; http://rupalake.org.np"
52.169.85.234 - - [27/Apr/2025:07:22:00 -0400] "GET /2index.php HTTP/1.1" 404 31147 "-" "-"
52.169.85.234 - - [27/Apr/2025:07:22:04 -0400] "GET /3index.php HTTP/1.1" 404 31147 "-" "-"
52.169.85.234 - - [27/Apr/2025:07:22:07 -0400] "GET /wp_wrong_datlib.php HTTP/1.1" 404 31147 "-" "-"
52.169.85.234 - - [27/Apr/2025:07:22:09 -0400] "GET /wp-adminincludesclass-wp-media-list-data.php HTTP/1.1" 404 31147 "-" "-"
52.169.85.234 - - [27/Apr/2025:07:22:11 -0400] "GET /autoload_classmap.php HTTP/1.1" 404 31147 "-" "-"
85.208.96.197 - - [27/Apr/2025:07:22:13 -0400] "GET /db.php/tickets/martial-arts/8520053155927.shtml HTTP/1.1" 200 0 "-" "Mozilla/5.0 (compatible; SemrushBot/7~bl; +http://www.semrush.com/bot.html)"
85.208.96.203 - - [27/Apr/2025:07:22:15 -0400] "GET /db.php/tablets/windows-desktop/810401400040.shtml HTTP/1.1" 200 0 "-" "Mozilla/5.0 (compatible; SemrushBot/7~bl; +http://www.semrush.com/bot.html)"
52.169.85.234 - - [27/Apr/2025:07:22:14 -0400] "GET /wso.php HTTP/1.1" 404 31147 "-" "-"
52.169.85.234 - - [27/Apr/2025:07:22:18 -0400] "GET /doc.php HTTP/1.1" 404 31147 "-" "-"
52.169.85.234 - - [27/Apr/2025:07:22:21 -0400] "GET /stindex.php HTTP/1.1" 404 31147 "-" "-"
85.208.96.193 - - [27/Apr/2025:07:22:24 -0400] "GET /db.php/tv/headphones/14650151550503.shtml HTTP/1.1" 200 0 "-" "Mozilla/5.0 (compatible; SemrushBot/7~bl; +http://www.semrush.com/bot.html)"
52.169.85.234 - - [27/Apr/2025:07:22:25 -0400] "GET /alwso.php HTTP/1.1" 404 31147 "-" "-"
52.169.85.234 - - [27/Apr/2025:07:22:27 -0400] "GET /ups.php HTTP/1.1" 404 31147 "-" "-"
52.169.85.234 - - [27/Apr/2025:07:22:29 -0400] "GET /media-admin.php HTTP/1.1" 404 31147 "-" "-"
52.169.85.234 - - [27/Apr/2025:07:22:31 -0400] "GET /sym.php HTTP/1.1" 404 31147 "-" "-"
85.208.96.209 - - [27/Apr/2025:07:22:32 -0400] "GET /db.php/tops/hoodies/20460560698160.shtml HTTP/1.1" 200 0 "-" "Mozilla/5.0 (compatible; SemrushBot/7~bl; +http://www.semrush.com/bot.html)"
52.169.85.234 - - [27/Apr/2025:07:22:33 -0400] "GET /sym403.php HTTP/1.1" 404 31147 "-" "-"
52.169.85.234 - - [27/Apr/2025:07:22:34 -0400] "GET /fw.php HTTP/1.1" 404 31147 "-" "-"
52.169.85.234 - - [27/Apr/2025:07:22:36 -0400] "GET /symlink.php HTTP/1.1" 404 31147 "-" "-"
52.169.85.234 - - [27/Apr/2025:07:22:37 -0400] "GET /shell.php HTTP/1.1" 404 31147 "-" "-"
52.169.85.234 - - [27/Apr/2025:07:22:39 -0400] "GET /1.php HTTP/1.1" 404 31147 "-" "-"
51.222.253.13 - - [27/Apr/2025:07:22:40 -0400] "GET /drinks/powders/9210061162810 HTTP/1.1" 404 7439 "-" "Mozilla/5.0 (compatible; AhrefsBot/7.0; +http://ahrefs.com/robot/)"
52.169.85.234 - - [27/Apr/2025:07:22:41 -0400] "GET /data.php HTTP/1.1" 404 31147 "-" "-"
52.169.85.234 - - [27/Apr/2025:07:22:42 -0400] "GET /wp-blog.php HTTP/1.1" 404 31147 "-" "-"
85.208.96.201 - - [27/Apr/2025:07:22:44 -0400] "GET /db.php/games/sports-cards/13420293658554.shtml HTTP/1.1" 200 0 "-" "Mozilla/5.0 (compatible; SemrushBot/7~bl; +http://www.semrush.com/bot.html)"
52.169.85.234 - - [27/Apr/2025:07:22:44 -0400] "GET /b.php HTTP/1.1" 404 31147 "-" "-"
52.169.85.234 - - [27/Apr/2025:07:22:47 -0400] "GET /c.php HTTP/1.1" 404 31147 "-" "-"
52.169.85.234 - - [27/Apr/2025:07:22:48 -0400] "GET /shx.php HTTP/1.1" 404 31147 "-" "-"
207.46.13.150 - - [27/Apr/2025:07:22:49 -0400] "GET /blu-ray-japanese-music-2j57i HTTP/1.1" 200 21169 "-" "Mozilla/5.0 AppleWebKit/537.36 (KHTML, like Gecko; compatible; bingbot/2.0; +http://www.bing.com/bingbot.htm) Chrome/116.0.1938.76 Safari/537.36"
185.191.171.19 - - [27/Apr/2025:07:22:50 -0400] "GET /db.php/cars/car-navigation-systems/18290562119985.shtml HTTP/1.1" 200 0 "-" "Mozilla/5.0 (compatible; SemrushBot/7~bl; +http://www.semrush.com/bot.html)"
52.169.85.234 - - [27/Apr/2025:07:22:50 -0400] "GET /alfa.php HTTP/1.1" 404 31147 "-" "-"
52.169.85.234 - - [27/Apr/2025:07:22:52 -0400] "GET /a.php HTTP/1.1" 404 31147 "-" "-"
85.208.96.203 - - [27/Apr/2025:07:22:54 -0400] "GET /db.php/blu-ray/music/15020452026122.shtml HTTP/1.1" 200 0 "-" "Mozilla/5.0 (compatible; SemrushBot/7~bl; +http://www.semrush.com/bot.html)"
52.169.85.234 - - [27/Apr/2025:07:22:54 -0400] "GET /old-index.php HTTP/1.1" 404 31147 "-" "-"
52.169.85.234 - - [27/Apr/2025:07:22:57 -0400] "GET /FoxWSO.php HTTP/1.1" 404 31147 "-" "-"
52.169.85.234 - - [27/Apr/2025:07:22:58 -0400] "GET /x.php HTTP/1.1" 404 31147 "-" "-"
199.188.205.55 - - [27/Apr/2025:07:23:00 -0400] "POST /wp-cron.php?doing_wp_cron=1745752980.7574601173400878906250 HTTP/1.1" 200 0 "-" "WordPress/6.2.6; http://rupalake.org.np"
52.169.85.234 - - [27/Apr/2025:07:23:00 -0400] "GET /403.php HTTP/1.1" 404 31147 "-" "-"
199.188.205.55 - - [27/Apr/2025:07:23:02 -0400] "POST /wp-cron.php?doing_wp_cron=1745752982.3135900497436523437500 HTTP/1.1" 200 0 "-" "WordPress/6.2.6; http://rupalake.org.np"
52.169.85.234 - - [27/Apr/2025:07:23:01 -0400] "GET /mini.php HTTP/1.1" 404 31147 "-" "-"
52.169.85.234 - - [27/Apr/2025:07:23:04 -0400] "GET /imagesvuln.php HTTP/1.1" 404 31147 "-" "-"
85.208.96.207 - - [27/Apr/2025:07:23:07 -0400] "GET /db.php/sports/skiing/1740450502222.shtml HTTP/1.1" 200 0 "-" "Mozilla/5.0 (compatible; SemrushBot/7~bl; +http://www.semrush.com/bot.html)"
52.169.85.234 - - [27/Apr/2025:07:23:06 -0400] "GET /edit-form.php HTTP/1.1" 404 31147 "-" "-"
52.169.85.234 - - [27/Apr/2025:07:23:07 -0400] "GET /wikindex.php HTTP/1.1" 404 31147 "-" "-"
52.169.85.234 - - [27/Apr/2025:07:23:09 -0400] "GET /m.php HTTP/1.1" 404 31147 "-" "-"
52.169.85.234 - - [27/Apr/2025:07:23:11 -0400] "GET /0byte.php HTTP/1.1" 404 31147 "-" "-"
52.169.85.234 - - [27/Apr/2025:07:23:14 -0400] "GET /xx.php HTTP/1.1" 404 31147 "-" "-"
52.169.85.234 - - [27/Apr/2025:07:23:16 -0400] "GET /new-index.php HTTP/1.1" 404 31147 "-" "-"
52.169.85.234 - - [27/Apr/2025:07:23:18 -0400] "GET /wp.php HTTP/1.1" 404 31147 "-" "-"
52.169.85.234 - - [27/Apr/2025:07:23:20 -0400] "GET /wp-wso.php HTTP/1.1" 404 31147 "-" "-"
52.169.85.234 - - [27/Apr/2025:07:23:22 -0400] "GET /qindex.php HTTP/1.1" 404 31147 "-" "-"
52.169.85.234 - - [27/Apr/2025:07:23:24 -0400] "GET /minimo.php HTTP/1.1" 404 31147 "-" "-"
52.169.85.234 - - [27/Apr/2025:07:23:27 -0400] "GET /xleet.php HTTP/1.1" 404 31147 "-" "-"
52.169.85.234 - - [27/Apr/2025:07:23:29 -0400] "GET /V3.php HTTP/1.1" 404 31147 "-" "-"
52.169.85.234 - - [27/Apr/2025:07:23:31 -0400] "GET /V5.php HTTP/1.1" 404 31147 "-" "-"
114.119.155.239 - - [27/Apr/2025:07:23:33 -0400] "GET /wp-content/uploads/2016/06/Native-Research.jpg HTTP/1.1" 200 55393 "http://rupalake.org.np/research-programme-on-fishery-in-rupa-lake" "Mozilla/5.0 (Linux; Android 7.0;) AppleWebKit/537.36 (KHTML, like Gecko) Mobile Safari/537.36 (compatible; PetalBot;+https://webmaster.petalsearch.com/site/petalbot)"
52.169.85.234 - - [27/Apr/2025:07:23:33 -0400] "GET /up.php HTTP/1.1" 404 31147 "-" "-"
52.169.85.234 - - [27/Apr/2025:07:23:35 -0400] "GET /www.php HTTP/1.1" 404 31147 "-" "-"
52.169.85.234 - - [27/Apr/2025:07:23:37 -0400] "GET /100.php HTTP/1.1" 404 31147 "-" "-"
52.169.85.234 - - [27/Apr/2025:07:23:39 -0400] "GET /777.php HTTP/1.1" 404 31147 "-" "-"
52.169.85.234 - - [27/Apr/2025:07:23:41 -0400] "GET /defau1t.php HTTP/1.1" 404 31147 "-" "-"
52.169.85.234 - - [27/Apr/2025:07:23:43 -0400] "GET /f.php HTTP/1.1" 404 31147 "-" "-"
52.169.85.234 - - [27/Apr/2025:07:23:45 -0400] "GET /xox.php HTTP/1.1" 404 31147 "-" "-"
52.169.85.234 - - [27/Apr/2025:07:23:46 -0400] "GET /o.php HTTP/1.1" 404 31147 "-" "-"
85.208.96.203 - - [27/Apr/2025:07:23:49 -0400] "GET /db.php/fashion/accessories/9770133286622.shtml HTTP/1.1" 200 0 "-" "Mozilla/5.0 (compatible; SemrushBot/7~bl; +http://www.semrush.com/bot.html)"
52.169.85.234 - - [27/Apr/2025:07:23:48 -0400] "GET /new.php HTTP/1.1" 404 31147 "-" "-"
52.169.85.234 - - [27/Apr/2025:07:23:50 -0400] "GET /sindex.php HTTP/1.1" 404 31147 "-" "-"
52.169.85.234 - - [27/Apr/2025:07:23:52 -0400] "GET /baindex.php HTTP/1.1" 404 31147 "-" "-"
52.169.85.234 - - [27/Apr/2025:07:23:54 -0400] "GET /wi.php HTTP/1.1" 404 31147 "-" "-"
52.169.85.234 - - [27/Apr/2025:07:23:56 -0400] "GET /mar.php HTTP/1.1" 404 31147 "-" "-"
52.169.85.234 - - [27/Apr/2025:07:23:58 -0400] "GET /root.php HTTP/1.1" 404 31147 "-" "-"
52.169.85.234 - - [27/Apr/2025:07:23:59 -0400] "GET /nee.php HTTP/1.1" 404 31147 "-" "-"
199.188.205.55 - - [27/Apr/2025:07:24:01 -0400] "POST /wp-cron.php?doing_wp_cron=1745753041.3123819828033447265625 HTTP/1.1" 200 0 "-" "WordPress/6.2.6; http://rupalake.org.np"
52.169.85.234 - - [27/Apr/2025:07:24:00 -0400] "GET /v.php HTTP/1.1" 404 31147 "-" "-"
199.188.205.55 - - [27/Apr/2025:07:24:03 -0400] "POST /wp-cron.php?doing_wp_cron=1745753043.2772750854492187500000 HTTP/1.1" 200 0 "-" "WordPress/6.2.6; http://rupalake.org.np"
52.169.85.234 - - [27/Apr/2025:07:24:03 -0400] "GET /z.php HTTP/1.1" 404 31147 "-" "-"
52.169.85.234 - - [27/Apr/2025:07:24:04 -0400] "GET /g.php HTTP/1.1" 404 31147 "-" "-"
52.169.85.234 - - [27/Apr/2025:07:24:06 -0400] "GET /c99.php HTTP/1.1" 404 31147 "-" "-"
52.169.85.234 - - [27/Apr/2025:07:24:08 -0400] "GET /w.php HTTP/1.1" 404 31147 "-" "-"
52.169.85.234 - - [27/Apr/2025:07:24:10 -0400] "GET /ws.php HTTP/1.1" 404 31147 "-" "-"
52.169.85.234 - - [27/Apr/2025:07:24:11 -0400] "GET /2.php HTTP/1.1" 404 31147 "-" "-"
85.208.96.201 - - [27/Apr/2025:07:24:13 -0400] "GET /db.php/tablets/gaming-notebooks/670101557904.shtml HTTP/1.1" 200 0 "-" "Mozilla/5.0 (compatible; SemrushBot/7~bl; +http://www.semrush.com/bot.html)"
52.169.85.234 - - [27/Apr/2025:07:24:13 -0400] "GET /lol.php HTTP/1.1" 404 31147 "-" "-"
52.169.85.234 - - [27/Apr/2025:07:24:14 -0400] "GET /87.php HTTP/1.1" 404 31147 "-" "-"
52.169.85.234 - - [27/Apr/2025:07:24:16 -0400] "GET /7yn.php HTTP/1.1" 404 31147 "-" "-"
52.169.85.234 - - [27/Apr/2025:07:24:17 -0400] "GET /haxor.php HTTP/1.1" 404 31147 "-" "-"
52.169.85.234 - - [27/Apr/2025:07:24:18 -0400] "GET /13.php HTTP/1.1" 404 31147 "-" "-"
185.191.171.19 - - [27/Apr/2025:07:24:20 -0400] "GET /db.php/bicycles/wheels/18250201083713.shtml HTTP/1.1" 200 0 "-" "Mozilla/5.0 (compatible; SemrushBot/7~bl; +http://www.semrush.com/bot.html)"
52.169.85.234 - - [27/Apr/2025:07:24:20 -0400] "GET /e.php HTTP/1.1" 404 31147 "-" "-"
52.169.85.234 - - [27/Apr/2025:07:24:22 -0400] "GET /r.php HTTP/1.1" 404 31147 "-" "-"
52.169.85.234 - - [27/Apr/2025:07:24:24 -0400] "GET /t.php HTTP/1.1" 404 31147 "-" "-"
52.169.85.234 - - [27/Apr/2025:07:24:25 -0400] "GET /y.php HTTP/1.1" 404 31147 "-" "-"
52.169.85.234 - - [27/Apr/2025:07:24:27 -0400] "GET /u.php HTTP/1.1" 404 31147 "-" "-"
52.169.85.234 - - [27/Apr/2025:07:24:28 -0400] "GET /i.php HTTP/1.1" 404 31147 "-" "-"
85.208.96.199 - - [27/Apr/2025:07:24:29 -0400] "GET /db.php/games/others/14450302680571.shtml HTTP/1.1" 200 0 "-" "Mozilla/5.0 (compatible; SemrushBot/7~bl; +http://www.semrush.com/bot.html)"
52.169.85.234 - - [27/Apr/2025:07:24:29 -0400] "GET /p.php HTTP/1.1" 404 31147 "-" "-"
52.169.85.234 - - [27/Apr/2025:07:24:31 -0400] "GET /q.php HTTP/1.1" 404 31147 "-" "-"
52.169.85.234 - - [27/Apr/2025:07:24:32 -0400] "GET /s.php HTTP/1.1" 404 31147 "-" "-"
52.169.85.234 - - [27/Apr/2025:07:24:33 -0400] "GET /d.php HTTP/1.1" 404 31147 "-" "-"
52.169.85.234 - - [27/Apr/2025:07:24:34 -0400] "GET /h.php HTTP/1.1" 404 31147 "-" "-"
52.169.85.234 - - [27/Apr/2025:07:24:36 -0400] "GET /j.php HTTP/1.1" 404 31147 "-" "-"
52.169.85.234 - - [27/Apr/2025:07:24:37 -0400] "GET /k.php HTTP/1.1" 404 31147 "-" "-"
52.169.85.234 - - [27/Apr/2025:07:24:39 -0400] "GET /l.php HTTP/1.1" 404 31147 "-" "-"
52.169.85.234 - - [27/Apr/2025:07:24:40 -0400] "GET /n.php HTTP/1.1" 404 31147 "-" "-"
207.46.13.150 - - [27/Apr/2025:07:24:41 -0400] "GET /home-appliances-smoking-accessories-tmol HTTP/1.1" 200 21367 "-" "Mozilla/5.0 AppleWebKit/537.36 (KHTML, like Gecko; compatible; bingbot/2.0; +http://www.bing.com/bingbot.htm) Chrome/116.0.1938.76 Safari/537.36"
52.169.85.234 - - [27/Apr/2025:07:24:41 -0400] "GET /xindex.php HTTP/1.1" 404 31147 "-" "-"
52.169.85.234 - - [27/Apr/2025:07:24:43 -0400] "GET /kindex.php HTTP/1.1" 404 31147 "-" "-"
52.169.85.234 - - [27/Apr/2025:07:24:44 -0400] "GET /FoxWSOv1.php HTTP/1.1" 404 31147 "-" "-"
52.169.85.234 - - [27/Apr/2025:07:24:46 -0400] "GET /alf.php HTTP/1.1" 404 31147 "-" "-"
52.169.85.234 - - [27/Apr/2025:07:24:47 -0400] "GET /bb.php HTTP/1.1" 404 31147 "-" "-"
40.77.167.74 - - [27/Apr/2025:07:24:49 -0400] "GET /etc.-tea-utensils-1pniu HTTP/1.1" 200 21249 "-" "Mozilla/5.0 AppleWebKit/537.36 (KHTML, like Gecko; compatible; bingbot/2.0; +http://www.bing.com/bingbot.htm) Chrome/116.0.1938.76 Safari/537.36"
52.169.85.234 - - [27/Apr/2025:07:24:49 -0400] "GET /lf.php HTTP/1.1" 404 31147 "-" "-"
52.169.85.234 - - [27/Apr/2025:07:24:50 -0400] "GET /WSO.php HTTP/1.1" 404 31147 "-" "-"
52.169.85.234 - - [27/Apr/2025:07:24:52 -0400] "GET /xxx.php HTTP/1.1" 404 31147 "-" "-"
52.167.144.195 - - [27/Apr/2025:07:24:54 -0400] "GET /tv-speakers-2c9o6 HTTP/1.1" 200 21356 "-" "Mozilla/5.0 AppleWebKit/537.36 (KHTML, like Gecko; compatible; bingbot/2.0; +http://www.bing.com/bingbot.htm) Chrome/116.0.1938.76 Safari/537.36"
52.169.85.234 - - [27/Apr/2025:07:24:54 -0400] "GET /hello.php HTTP/1.1" 404 31147 "-" "-"
52.169.85.234 - - [27/Apr/2025:07:24:55 -0400] "GET /ok.php HTTP/1.1" 404 31147 "-" "-"
52.169.85.234 - - [27/Apr/2025:07:24:57 -0400] "GET /if.php HTTP/1.1" 404 31147 "-" "-"
52.169.85.234 - - [27/Apr/2025:07:24:58 -0400] "GET /kk.php HTTP/1.1" 404 31147 "-" "-"
185.191.171.15 - - [27/Apr/2025:07:24:59 -0400] "GET /db.php/fashion/bags/9750221652794.shtml HTTP/1.1" 200 0 "-" "Mozilla/5.0 (compatible; SemrushBot/7~bl; +http://www.semrush.com/bot.html)"
199.188.205.55 - - [27/Apr/2025:07:25:00 -0400] "POST /wp-cron.php?doing_wp_cron=1745753100.0854671001434326171875 HTTP/1.1" 200 0 "-" "WordPress/6.2.6; http://rupalake.org.np"
52.169.85.234 - - [27/Apr/2025:07:24:59 -0400] "GET /mrjn.php HTTP/1.1" 404 31147 "-" "-"
52.169.85.234 - - [27/Apr/2025:07:25:01 -0400] "GET /kn.php HTTP/1.1" 404 31147 "-" "-"
199.188.205.55 - - [27/Apr/2025:07:25:03 -0400] "POST /wp-cron.php?doing_wp_cron=1745753102.9994928836822509765625 HTTP/1.1" 200 0 "-" "WordPress/6.2.6; http://rupalake.org.np"
52.169.85.234 - - [27/Apr/2025:07:25:02 -0400] "GET /3301.php HTTP/1.1" 404 31147 "-" "-"
52.169.85.234 - - [27/Apr/2025:07:25:04 -0400] "GET /leaf.php HTTP/1.1" 404 31147 "-" "-"
185.191.171.15 - - [27/Apr/2025:07:25:06 -0400] "GET /db.php/tickets/fireworks/8620013937456.shtml HTTP/1.1" 200 0 "-" "Mozilla/5.0 (compatible; SemrushBot/7~bl; +http://www.semrush.com/bot.html)"
52.169.85.234 - - [27/Apr/2025:07:25:06 -0400] "GET /alex.php HTTP/1.1" 404 31147 "-" "-"
52.169.85.234 - - [27/Apr/2025:07:25:08 -0400] "GET /mailer.php HTTP/1.1" 404 31147 "-" "-"
52.169.85.234 - - [27/Apr/2025:07:25:11 -0400] "GET /anone.php HTTP/1.1" 404 31147 "-" "-"
52.169.85.234 - - [27/Apr/2025:07:25:13 -0400] "GET /wp-configer.php HTTP/1.1" 404 31147 "-" "-"
52.169.85.234 - - [27/Apr/2025:07:25:14 -0400] "GET /wp-ad.php HTTP/1.1" 404 31147 "-" "-"
52.169.85.234 - - [27/Apr/2025:07:25:16 -0400] "GET /send.php HTTP/1.1" 404 31147 "-" "-"
52.169.85.234 - - [27/Apr/2025:07:25:18 -0400] "GET /3.php HTTP/1.1" 404 31147 "-" "-"
185.191.171.18 - - [27/Apr/2025:07:25:20 -0400] "GET /db.php/tickets/drink-tickets/8350243376021.shtml HTTP/1.1" 200 0 "-" "Mozilla/5.0 (compatible; SemrushBot/7~bl; +http://www.semrush.com/bot.html)"
52.169.85.234 - - [27/Apr/2025:07:25:19 -0400] "GET /.wp-cache.php HTTP/1.1" 404 31147 "-" "-"
85.208.96.205 - - [27/Apr/2025:07:25:22 -0400] "GET /db.php/fashion/tops/9730294079993.shtml HTTP/1.1" 200 0 "-" "Mozilla/5.0 (compatible; SemrushBot/7~bl; +http://www.semrush.com/bot.html)"
52.169.85.234 - - [27/Apr/2025:07:25:21 -0400] "GET /sendmail.php HTTP/1.1" 404 31147 "-" "-"
52.169.85.234 - - [27/Apr/2025:07:25:23 -0400] "GET /rahma.php HTTP/1.1" 404 31147 "-" "-"
52.169.85.234 - - [27/Apr/2025:07:25:25 -0400] "GET /nasgor.php HTTP/1.1" 404 31147 "-" "-"
52.169.85.234 - - [27/Apr/2025:07:25:26 -0400] "GET /wp-confirm.php HTTP/1.1" 404 31147 "-" "-"
52.167.144.195 - - [27/Apr/2025:07:25:29 -0400] "GET /home-appliances-vacuum-cleaners-1436i HTTP/1.1" 200 20935 "-" "Mozilla/5.0 AppleWebKit/537.36 (KHTML, like Gecko; compatible; bingbot/2.0; +http://www.bing.com/bingbot.htm) Chrome/116.0.1938.76 Safari/537.36"
52.169.85.234 - - [27/Apr/2025:07:25:29 -0400] "GET /alfa123.php HTTP/1.1" 404 31147 "-" "-"
85.208.96.203 - - [27/Apr/2025:07:25:31 -0400] "GET /db.php/sports/shoes/1980280627147.shtml HTTP/1.1" 200 0 "-" "Mozilla/5.0 (compatible; SemrushBot/7~bl; +http://www.semrush.com/bot.html)"
52.169.85.234 - - [27/Apr/2025:07:25:30 -0400] "GET /upload.php HTTP/1.1" 404 31147 "-" "-"
52.169.85.234 - - [27/Apr/2025:07:25:31 -0400] "GET /bypass.php HTTP/1.1" 404 31147 "-" "-"
52.169.85.234 - - [27/Apr/2025:07:25:33 -0400] "GET /wp-one.php HTTP/1.1" 404 31147 "-" "-"
52.169.85.234 - - [27/Apr/2025:07:25:35 -0400] "GET /alexus.php HTTP/1.1" 404 31147 "-" "-"
52.169.85.234 - - [27/Apr/2025:07:25:37 -0400] "GET /wso1337.php HTTP/1.1" 404 31147 "-" "-"
52.169.85.234 - - [27/Apr/2025:07:25:39 -0400] "GET /1337.php HTTP/1.1" 404 31147 "-" "-"
40.77.167.74 - - [27/Apr/2025:07:25:41 -0400] "GET /flowers-agave-onx2 HTTP/1.1" 200 21207 "-" "Mozilla/5.0 AppleWebKit/537.36 (KHTML, like Gecko; compatible; bingbot/2.0; +http://www.bing.com/bingbot.htm) Chrome/116.0.1938.76 Safari/537.36"
52.169.85.234 - - [27/Apr/2025:07:25:41 -0400] "GET /blog.php HTTP/1.1" 404 31147 "-" "-"
52.169.85.234 - - [27/Apr/2025:07:25:42 -0400] "GET /it.php HTTP/1.1" 404 31147 "-" "-"
52.169.85.234 - - [27/Apr/2025:07:25:44 -0400] "GET /kiss.php HTTP/1.1" 404 31147 "-" "-"
52.169.85.234 - - [27/Apr/2025:07:25:45 -0400] "GET /0.php HTTP/1.1" 404 31147 "-" "-"
52.169.85.234 - - [27/Apr/2025:07:25:47 -0400] "GET /wp2.php HTTP/1.1" 404 31147 "-" "-"
52.169.85.234 - - [27/Apr/2025:07:25:49 -0400] "GET /owl.php HTTP/1.1" 404 31147 "-" "-"
52.169.85.234 - - [27/Apr/2025:07:25:50 -0400] "GET /vuln.php HTTP/1.1" 404 31147 "-" "-"
52.169.85.234 - - [27/Apr/2025:07:25:51 -0400] "GET /ohayo.php HTTP/1.1" 404 31147 "-" "-"
52.169.85.234 - - [27/Apr/2025:07:25:53 -0400] "GET /wp-admin.php HTTP/1.1" 404 31147 "-" "-"
52.169.85.234 - - [27/Apr/2025:07:25:55 -0400] "GET /cms.php HTTP/1.1" 404 31147 "-" "-"
185.191.171.9 - - [27/Apr/2025:07:25:56 -0400] "GET /db.php/sports/cheering/1790240575017.shtml HTTP/1.1" 200 0 "-" "Mozilla/5.0 (compatible; SemrushBot/7~bl; +http://www.semrush.com/bot.html)"
52.169.85.234 - - [27/Apr/2025:07:25:56 -0400] "GET /wp-uploads.php HTTP/1.1" 404 31147 "-" "-"
52.169.85.234 - - [27/Apr/2025:07:25:58 -0400] "GET /Gel.php HTTP/1.1" 404 31147 "-" "-"
185.191.171.2 - - [27/Apr/2025:07:25:59 -0400] "GET /db.php/fashion/bags/9750103193013.shtml HTTP/1.1" 200 0 "-" "Mozilla/5.0 (compatible; SemrushBot/7~bl; +http://www.semrush.com/bot.html)"
199.188.205.55 - - [27/Apr/2025:07:26:00 -0400] "POST /wp-cron.php?doing_wp_cron=1745753160.1323020458221435546875 HTTP/1.1" 200 0 "-" "WordPress/6.2.6; http://rupalake.org.np"
52.169.85.234 - - [27/Apr/2025:07:25:59 -0400] "GET /41.php HTTP/1.1" 404 31147 "-" "-"
85.208.96.206 - - [27/Apr/2025:07:26:01 -0400] "GET /db.php/diy/garages/5480240515317.shtml HTTP/1.1" 200 0 "-" "Mozilla/5.0 (compatible; SemrushBot/7~bl; +http://www.semrush.com/bot.html)"
199.188.205.55 - - [27/Apr/2025:07:26:02 -0400] "POST /wp-cron.php?doing_wp_cron=1745753162.4671521186828613281250 HTTP/1.1" 200 0 "-" "WordPress/6.2.6; http://rupalake.org.np"
52.169.85.234 - - [27/Apr/2025:07:26:02 -0400] "GET /4price.php HTTP/1.1" 404 31147 "-" "-"
52.169.85.234 - - [27/Apr/2025:07:26:04 -0400] "GET /MARIJUANA.php HTTP/1.1" 404 31147 "-" "-"
52.169.85.234 - - [27/Apr/2025:07:26:05 -0400] "GET /marijuana.php HTTP/1.1" 404 31147 "-" "-"
52.169.85.234 - - [27/Apr/2025:07:26:07 -0400] "GET /.fk.php HTTP/1.1" 404 31147 "-" "-"
52.169.85.234 - - [27/Apr/2025:07:26:09 -0400] "GET /XxX.php HTTP/1.1" 404 31147 "-" "-"
52.169.85.234 - - [27/Apr/2025:07:26:10 -0400] "GET /alexuse.php HTTP/1.1" 404 31147 "-" "-"
52.169.85.234 - - [27/Apr/2025:07:26:12 -0400] "GET /Sendemail.php HTTP/1.1" 404 31147 "-" "-"
185.191.171.10 - - [27/Apr/2025:07:26:13 -0400] "GET /db.php/diy/outdoor-lighting/5510552149258.shtml HTTP/1.1" 200 0 "-" "Mozilla/5.0 (compatible; SemrushBot/7~bl; +http://www.semrush.com/bot.html)"
52.169.85.234 - - [27/Apr/2025:07:26:14 -0400] "GET /content.php HTTP/1.1" 404 31147 "-" "-"
185.191.171.3 - - [27/Apr/2025:07:26:18 -0400] "GET /db.php/fashion/bags/9750432073502.shtml HTTP/1.1" 200 0 "-" "Mozilla/5.0 (compatible; SemrushBot/7~bl; +http://www.semrush.com/bot.html)"
52.169.85.234 - - [27/Apr/2025:07:26:17 -0400] "GET /leafmailer2.8.php HTTP/1.1" 404 31147 "-" "-"
52.169.85.234 - - [27/Apr/2025:07:26:19 -0400] "GET /olu.php HTTP/1.1" 404 31147 "-" "-"
52.169.85.234 - - [27/Apr/2025:07:26:21 -0400] "GET /alexusmailer2.0.php HTTP/1.1" 404 31147 "-" "-"
85.208.96.199 - - [27/Apr/2025:07:26:24 -0400] "GET /db.php/art/pachinko/18720460471579.shtml HTTP/1.1" 200 0 "-" "Mozilla/5.0 (compatible; SemrushBot/7~bl; +http://www.semrush.com/bot.html)"
52.169.85.234 - - [27/Apr/2025:07:26:24 -0400] "GET /rss.php HTTP/1.1" 404 31147 "-" "-"
52.169.85.234 - - [27/Apr/2025:07:26:27 -0400] "GET /alexus-mailer.php HTTP/1.1" 404 31147 "-" "-"
52.169.85.234 - - [27/Apr/2025:07:26:29 -0400] "GET /wp-file.php HTTP/1.1" 404 31147 "-" "-"
52.169.85.234 - - [27/Apr/2025:07:26:30 -0400] "GET /wso2.php HTTP/1.1" 404 31147 "-" "-"
52.169.85.234 - - [27/Apr/2025:07:26:32 -0400] "GET /wso1.php HTTP/1.1" 404 31147 "-" "-"
185.191.171.17 - - [27/Apr/2025:07:26:33 -0400] "GET /db.php/bicycles/parts/18220351763457.shtml HTTP/1.1" 200 0 "-" "Mozilla/5.0 (compatible; SemrushBot/7~bl; +http://www.semrush.com/bot.html)"
52.169.85.234 - - [27/Apr/2025:07:26:33 -0400] "GET /olux.php HTTP/1.1" 404 31147 "-" "-"
52.169.85.234 - - [27/Apr/2025:07:26:35 -0400] "GET /wp-info.php HTTP/1.1" 404 31147 "-" "-"
85.208.96.205 - - [27/Apr/2025:07:26:36 -0400] "GET /db.php/beauty/others/18210310261448.shtml HTTP/1.1" 200 0 "-" "Mozilla/5.0 (compatible; SemrushBot/7~bl; +http://www.semrush.com/bot.html)"
52.169.85.234 - - [27/Apr/2025:07:26:37 -0400] "GET /xl.php HTTP/1.1" 404 31147 "-" "-"
52.169.85.234 - - [27/Apr/2025:07:26:38 -0400] "GET /wp-confiig.php HTTP/1.1" 404 31147 "-" "-"
52.169.85.234 - - [27/Apr/2025:07:26:40 -0400] "GET /file-manager.php HTTP/1.1" 404 31147 "-" "-"
52.169.85.234 - - [27/Apr/2025:07:26:41 -0400] "GET /uploader.php HTTP/1.1" 404 31147 "-" "-"
52.169.85.234 - - [27/Apr/2025:07:26:43 -0400] "GET /leafmailer.php HTTP/1.1" 404 31147 "-" "-"
52.169.85.234 - - [27/Apr/2025:07:26:45 -0400] "GET /ALFA_DATA/alfacgiapi/perl.alfa.php HTTP/1.1" 404 31147 "-" "-"
52.169.85.234 - - [27/Apr/2025:07:26:46 -0400] "GET /.well-known/ALFA_DATA/alfacgiapi/perl.alfa.php HTTP/1.1" 404 31147 "-" "-"
52.169.85.234 - - [27/Apr/2025:07:26:48 -0400] "GET /tmp_images/alfacgiapi/perl.alfa.php HTTP/1.1" 404 31147 "-" "-"
52.169.85.234 - - [27/Apr/2025:07:26:50 -0400] "GET /wp-admin/alfacgiapi/perl.alfa.php HTTP/1.1" 404 31147 "-" "-"
52.169.85.234 - - [27/Apr/2025:07:26:51 -0400] "GET /wp-content/alfacgiapi/perl.alfa.php HTTP/1.1" 404 31147 "-" "-"
52.169.85.234 - - [27/Apr/2025:07:26:53 -0400] "GET /wp-includes/alfacgiapi/perl.alfa.php HTTP/1.1" 404 31147 "-" "-"
52.169.85.234 - - [27/Apr/2025:07:26:54 -0400] "GET /alfacgiapi/perl.alfa.php HTTP/1.1" 404 31147 "-" "-"
52.169.85.234 - - [27/Apr/2025:07:26:56 -0400] "GET /css/ALFA_DATA/alfacgiapi/perl.alfa.php HTTP/1.1" 404 31147 "-" "-"
52.169.85.234 - - [27/Apr/2025:07:26:57 -0400] "GET /files/ALFA_DATA/alfacgiapi/perl.alfa.php HTTP/1.1" 404 31147 "-" "-"
52.169.85.234 - - [27/Apr/2025:07:26:59 -0400] "GET /images/ALFA_DATA/alfacgiapi/perl.alfa.php HTTP/1.1" 404 31147 "-" "-"
199.188.205.55 - - [27/Apr/2025:07:27:00 -0400] "POST /wp-cron.php?doing_wp_cron=1745753220.9687259197235107421875 HTTP/1.1" 200 0 "-" "WordPress/6.2.6; http://rupalake.org.np"
52.169.85.234 - - [27/Apr/2025:07:27:00 -0400] "GET /wp-admin/ALFA_DATA/alfacgiapi/perl.alfa.php HTTP/1.1" 404 31147 "-" "-"
199.188.205.55 - - [27/Apr/2025:07:27:02 -0400] "POST /wp-cron.php?doing_wp_cron=1745753222.6129729747772216796875 HTTP/1.1" 200 0 "-" "WordPress/6.2.6; http://rupalake.org.np"
52.169.85.234 - - [27/Apr/2025:07:27:02 -0400] "GET /wp-content/ALFA_DATA/alfacgiapi/perl.alfa.php HTTP/1.1" 404 31147 "-" "-"
52.169.85.234 - - [27/Apr/2025:07:27:03 -0400] "GET /wp-includes/ALFA_DATA/alfacgiapi/perl.alfa HTTP/1.1" 404 31147 "-" "-"
185.191.171.2 - - [27/Apr/2025:07:27:05 -0400] "GET /db.php/furniture/blankets/3880413155696.shtml HTTP/1.1" 200 0 "-" "Mozilla/5.0 (compatible; SemrushBot/7~bl; +http://www.semrush.com/bot.html)"
52.169.85.234 - - [27/Apr/2025:07:27:05 -0400] "GET /date.php HTTP/1.1" 404 31147 "-" "-"
52.167.144.161 - - [27/Apr/2025:07:27:06 -0400] "GET /drinks/others/9360602089276 HTTP/1.1" 200 21066 "-" "Mozilla/5.0 AppleWebKit/537.36 (KHTML, like Gecko; compatible; bingbot/2.0; +http://www.bing.com/bingbot.htm) Chrome/116.0.1938.76 Safari/537.36"
52.169.85.234 - - [27/Apr/2025:07:27:06 -0400] "GET /alfaindex.php HTTP/1.1" 404 31147 "-" "-"
85.208.96.211 - - [27/Apr/2025:07:27:09 -0400] "GET /db.php/fashion/outerwear/9720062769246.shtml HTTP/1.1" 200 0 "-" "Mozilla/5.0 (compatible; SemrushBot/7~bl; +http://www.semrush.com/bot.html)"
52.169.85.234 - - [27/Apr/2025:07:27:08 -0400] "GET /.alf.php HTTP/1.1" 404 31147 "-" "-"
52.169.85.234 - - [27/Apr/2025:07:27:09 -0400] "GET /wp-content/plugins/cekidot/alf.php HTTP/1.1" 404 31147 "-" "-"
51.222.253.10 - - [27/Apr/2025:07:27:10 -0400] "GET /drinks/rice/9210523127687 HTTP/1.1" 404 7439 "-" "Mozilla/5.0 (compatible; AhrefsBot/7.0; +http://ahrefs.com/robot/)"
52.169.85.234 - - [27/Apr/2025:07:27:11 -0400] "GET /wp-content/fw.php HTTP/1.1" 404 31147 "-" "-"
52.169.85.234 - - [27/Apr/2025:07:27:13 -0400] "GET /wp-content/alfa.php HTTP/1.1" 404 31147 "-" "-"
185.191.171.12 - - [27/Apr/2025:07:27:14 -0400] "GET /db.php/fashion/bags/9750302187369.shtml HTTP/1.1" 200 0 "-" "Mozilla/5.0 (compatible; SemrushBot/7~bl; +http://www.semrush.com/bot.html)"
52.169.85.234 - - [27/Apr/2025:07:27:14 -0400] "GET /snd.php HTTP/1.1" 404 31147 "-" "-"
52.169.85.234 - - [27/Apr/2025:07:27:16 -0400] "GET /wp-class.php HTTP/1.1" 404 31147 "-" "-"
52.169.85.234 - - [27/Apr/2025:07:27:17 -0400] "GET /small.php HTTP/1.1" 404 31147 "-" "-"
52.169.85.234 - - [27/Apr/2025:07:27:20 -0400] "GET /wp-content/plugins/upspy/index.php HTTP/1.1" 301 0 "-" "-"
52.169.85.234 - - [27/Apr/2025:07:27:20 -0400] "GET /wp-content/plugins/upspy/ HTTP/1.1" 404 31147 "-" "-"
52.169.85.234 - - [27/Apr/2025:07:27:22 -0400] "GET /wp-content/plugins/ubh/index.php HTTP/1.1" 301 0 "-" "-"
52.169.85.234 - - [27/Apr/2025:07:27:22 -0400] "GET /wp-content/plugins/ubh/ HTTP/1.1" 404 31147 "-" "-"
52.169.85.234 - - [27/Apr/2025:07:27:24 -0400] "GET /wp-content/plugins/vwcleanerplugin/bump.php?cache HTTP/1.1" 404 31147 "-" "-"
52.169.85.234 - - [27/Apr/2025:07:27:25 -0400] "GET /wp-content/themes/gaukingo/db.php HTTP/1.1" 404 31147 "-" "-"
52.169.85.234 - - [27/Apr/2025:07:27:26 -0400] "GET /wp-content/plugins/three-column-screen-layout/db.php HTTP/1.1" 404 31147 "-" "-"
52.169.85.234 - - [27/Apr/2025:07:27:28 -0400] "GET /wp-content/plugins/xichang/x.php?xi HTTP/1.1" 404 31147 "-" "-"
52.169.85.234 - - [27/Apr/2025:07:27:29 -0400] "GET /wp-content/plugins/html404/index.html HTTP/1.1" 404 31147 "-" "-"
52.169.85.234 - - [27/Apr/2025:07:27:30 -0400] "GET /wp-content/plugins/wp-db-ajax-made/wp-ajax.php HTTP/1.1" 404 31147 "-" "-"
52.169.85.234 - - [27/Apr/2025:07:27:32 -0400] "GET /Marvins.php HTTP/1.1" 404 31147 "-" "-"
52.169.85.234 - - [27/Apr/2025:07:27:33 -0400] "GET /wp-includes/css/modules.php HTTP/1.1" 404 31147 "-" "-"
52.169.85.234 - - [27/Apr/2025:07:27:35 -0400] "GET /indoxploit.php HTTP/1.1" 404 31147 "-" "-"
52.169.85.234 - - [27/Apr/2025:07:27:37 -0400] "GET /wp-content/plugins/css-ready-sel/file.php HTTP/1.1" 404 31147 "-" "-"
52.169.85.234 - - [27/Apr/2025:07:27:38 -0400] "GET /wp-content/plugins/css-ready/file.php HTTP/1.1" 404 31147 "-" "-"
52.169.85.234 - - [27/Apr/2025:07:27:40 -0400] "GET /wp-content/think.php HTTP/1.1" 404 31147 "-" "-"
52.169.85.234 - - [27/Apr/2025:07:27:41 -0400] "GET /wp-content/plugins/html404/xccc.php HTTP/1.1" 404 31147 "-" "-"
52.169.85.234 - - [27/Apr/2025:07:27:43 -0400] "GET /wp-content/plugins/html404/cry.php.pjpeg HTTP/1.1" 404 31147 "-" "-"
52.169.85.234 - - [27/Apr/2025:07:27:44 -0400] "GET //wp-content/plugins/real/v.php HTTP/1.1" 301 0 "-" "-"
