185.191.171.4 - - [27/Apr/2025:18:22:16 -0400] "GET /db.php/cameras/digital-cameras/14470470752482.shtml HTTP/1.1" 200 0 "-" "Mozilla/5.0 (compatible; SemrushBot/7~bl; +http://www.semrush.com/bot.html)"
185.191.171.11 - - [27/Apr/2025:18:23:38 -0400] "GET /db.php/fashion/outerwear/9720282907822.shtml HTTP/1.1" 200 0 "-" "Mozilla/5.0 (compatible; SemrushBot/7~bl; +http://www.semrush.com/bot.html)"
185.191.171.19 - - [27/Apr/2025:18:23:41 -0400] "GET /db.php/sports/men-wear/1940402598900.shtml HTTP/1.1" 200 0 "-" "Mozilla/5.0 (compatible; SemrushBot/7~bl; +http://www.semrush.com/bot.html)"
85.208.96.204 - - [27/Apr/2025:18:24:00 -0400] "GET /db.php/fashion/dresses/9810382750435.shtml HTTP/1.1" 200 0 "-" "Mozilla/5.0 (compatible; SemrushBot/7~bl; +http://www.semrush.com/bot.html)"
85.208.96.210 - - [27/Apr/2025:18:24:23 -0400] "GET /db.php/fashion/yukata/9790122811319.shtml HTTP/1.1" 200 0 "-" "Mozilla/5.0 (compatible; SemrushBot/7~bl; +http://www.semrush.com/bot.html)"
185.191.171.17 - - [27/Apr/2025:18:24:46 -0400] "GET /db.php/sports/snowboard/1620083074669.shtml HTTP/1.1" 200 0 "-" "Mozilla/5.0 (compatible; SemrushBot/7~bl; +http://www.semrush.com/bot.html)"
85.208.96.211 - - [27/Apr/2025:18:24:50 -0400] "GET /db.php/motorcycles/parts/18220501363309.shtml HTTP/1.1" 200 0 "-" "Mozilla/5.0 (compatible; SemrushBot/7~bl; +http://www.semrush.com/bot.html)"
85.208.96.210 - - [27/Apr/2025:18:24:55 -0400] "GET /db.php/cosmetics/unisex-perfumes/17290152365038.shtml HTTP/1.1" 200 0 "-" "Mozilla/5.0 (compatible; SemrushBot/7~bl; +http://www.semrush.com/bot.html)"
85.208.96.208 - - [27/Apr/2025:18:24:59 -0400] "GET /db.php/gardening/agave/2990501014579.shtml HTTP/1.1" 200 0 "-" "Mozilla/5.0 (compatible; SemrushBot/7~bl; +http://www.semrush.com/bot.html)"
185.191.171.14 - - [27/Apr/2025:18:25:01 -0400] "GET /db.php/cameras/player/14580102389556.shtml HTTP/1.1" 200 0 "-" "Mozilla/5.0 (compatible; SemrushBot/7~bl; +http://www.semrush.com/bot.html)"
85.208.96.200 - - [27/Apr/2025:18:25:09 -0400] "GET /db.php/sports/clubs/1610323337429.shtml HTTP/1.1" 200 0 "-" "Mozilla/5.0 (compatible; SemrushBot/7~bl; +http://www.semrush.com/bot.html)"
52.167.144.156 - - [27/Apr/2025:18:25:10 -0400] "GET /tickets-theme-parks-ub8t HTTP/1.1" 200 21275 "-" "Mozilla/5.0 AppleWebKit/537.36 (KHTML, like Gecko; compatible; bingbot/2.0; +http://www.bing.com/bingbot.htm) Chrome/116.0.1938.76 Safari/537.36"
85.208.96.209 - - [27/Apr/2025:18:25:16 -0400] "GET /db.php/fashion/jackets/9720090945111.shtml HTTP/1.1" 200 0 "-" "Mozilla/5.0 (compatible; SemrushBot/7~bl; +http://www.semrush.com/bot.html)"
85.208.96.200 - - [27/Apr/2025:18:25:23 -0400] "GET /db.php/flowers/houseplants/3180510721312.shtml HTTP/1.1" 200 0 "-" "Mozilla/5.0 (compatible; SemrushBot/7~bl; +http://www.semrush.com/bot.html)"
199.188.205.55 - - [27/Apr/2025:18:25:33 -0400] "POST /wp-cron.php?doing_wp_cron=1745792733.3341341018676757812500 HTTP/1.1" 200 0 "-" "WordPress/6.2.6; http://rupalake.org.np"
51.222.253.5 - - [27/Apr/2025:18:25:32 -0400] "GET /tablets/others/750120728271 HTTP/1.1" 404 7439 "-" "Mozilla/5.0 (compatible; AhrefsBot/7.0; +http://ahrefs.com/robot/)"
85.208.96.202 - - [27/Apr/2025:18:25:45 -0400] "GET /db.php/kitchen/cooking-utensils/15220353149256.shtml HTTP/1.1" 200 0 "-" "Mozilla/5.0 (compatible; SemrushBot/7~bl; +http://www.semrush.com/bot.html)"
85.208.96.212 - - [27/Apr/2025:18:25:46 -0400] "GET /db.php/manga/qualifications/16760172390162.shtml HTTP/1.1" 200 0 "-" "Mozilla/5.0 (compatible; SemrushBot/7~bl; +http://www.semrush.com/bot.html)"
185.191.171.3 - - [27/Apr/2025:18:25:48 -0400] "GET /db.php/musical-instruments/accessories/19080150246235.shtml HTTP/1.1" 200 0 "-" "Mozilla/5.0 (compatible; SemrushBot/7~bl; +http://www.semrush.com/bot.html)"
85.208.96.212 - - [27/Apr/2025:18:25:50 -0400] "GET /db.php/computers/chromebook-units/1150391806406.shtml HTTP/1.1" 200 0 "-" "Mozilla/5.0 (compatible; SemrushBot/7~bl; +http://www.semrush.com/bot.html)"
85.208.96.211 - - [27/Apr/2025:18:25:51 -0400] "GET /db.php/cameras/digital-cameras/14470073612563.shtml HTTP/1.1" 200 0 "-" "Mozilla/5.0 (compatible; SemrushBot/7~bl; +http://www.semrush.com/bot.html)"
185.191.171.16 - - [27/Apr/2025:18:25:59 -0400] "GET /db.php/computers/apple-watches/760341827289.shtml HTTP/1.1" 200 0 "-" "Mozilla/5.0 (compatible; SemrushBot/7~bl; +http://www.semrush.com/bot.html)"
185.191.171.14 - - [27/Apr/2025:18:26:14 -0400] "GET /db.php/games/others/14450393587625.shtml HTTP/1.1" 200 0 "-" "Mozilla/5.0 (compatible; SemrushBot/7~bl; +http://www.semrush.com/bot.html)"
85.208.96.197 - - [27/Apr/2025:18:26:21 -0400] "GET /db.php/jackets/down-jacket/20590600547897.shtml HTTP/1.1" 200 0 "-" "Mozilla/5.0 (compatible; SemrushBot/7~bl; +http://www.semrush.com/bot.html)"
52.167.144.156 - - [27/Apr/2025:18:26:39 -0400] "GET /tv-television-16xeu HTTP/1.1" 200 21229 "-" "Mozilla/5.0 AppleWebKit/537.36 (KHTML, like Gecko; compatible; bingbot/2.0; +http://www.bing.com/bingbot.htm) Chrome/116.0.1938.76 Safari/537.36"
207.46.13.150 - - [27/Apr/2025:18:27:19 -0400] "GET /smartphones-routers-27i7t HTTP/1.1" 200 21292 "-" "Mozilla/5.0 AppleWebKit/537.36 (KHTML, like Gecko; compatible; bingbot/2.0; +http://www.bing.com/bingbot.htm) Chrome/116.0.1938.76 Safari/537.36"
85.208.96.204 - - [27/Apr/2025:18:27:48 -0400] "GET /db.php/diy/outdoor-lighting/5510200883809.shtml HTTP/1.1" 200 0 "-" "Mozilla/5.0 (compatible; SemrushBot/7~bl; +http://www.semrush.com/bot.html)"
185.191.171.15 - - [27/Apr/2025:18:27:56 -0400] "GET /db.php/home-appliances/sewing-machines/9570281867646.shtml HTTP/1.1" 200 0 "-" "Mozilla/5.0 (compatible; SemrushBot/7~bl; +http://www.semrush.com/bot.html)"
185.191.171.3 - - [27/Apr/2025:18:27:59 -0400] "GET /db.php/bicycles/bicycles/18270403959674.shtml HTTP/1.1" 200 0 "-" "Mozilla/5.0 (compatible; SemrushBot/7~bl; +http://www.semrush.com/bot.html)"
85.208.96.198 - - [27/Apr/2025:18:28:25 -0400] "GET /db.php/sports/gloves/1690282160051.shtml HTTP/1.1" 200 0 "-" "Mozilla/5.0 (compatible; SemrushBot/7~bl; +http://www.semrush.com/bot.html)"
185.191.171.13 - - [27/Apr/2025:18:28:45 -0400] "GET /db.php/tools/air-tools/5290430873075.shtml HTTP/1.1" 200 0 "-" "Mozilla/5.0 (compatible; SemrushBot/7~bl; +http://www.semrush.com/bot.html)"
85.208.96.210 - - [27/Apr/2025:18:28:51 -0400] "GET /db.php/sports/wear/1660491068132.shtml HTTP/1.1" 200 0 "-" "Mozilla/5.0 (compatible; SemrushBot/7~bl; +http://www.semrush.com/bot.html)"
185.191.171.19 - - [27/Apr/2025:18:28:58 -0400] "GET /db.php/manga/sports/17100291826330.shtml HTTP/1.1" 200 0 "-" "Mozilla/5.0 (compatible; SemrushBot/7~bl; +http://www.semrush.com/bot.html)"
185.191.171.5 - - [27/Apr/2025:18:29:04 -0400] "GET /db.php/bicycles/parts/18220263323216.shtml HTTP/1.1" 200 0 "-" "Mozilla/5.0 (compatible; SemrushBot/7~bl; +http://www.semrush.com/bot.html)"
85.208.96.199 - - [27/Apr/2025:18:29:05 -0400] "GET /db.php/fashion/accessories/9760490991091.shtml HTTP/1.1" 200 0 "-" "Mozilla/5.0 (compatible; SemrushBot/7~bl; +http://www.semrush.com/bot.html)"
85.208.96.205 - - [27/Apr/2025:18:29:06 -0400] "GET /db.php/motorcycles/accessories/18370321309900.shtml HTTP/1.1" 200 0 "-" "Mozilla/5.0 (compatible; SemrushBot/7~bl; +http://www.semrush.com/bot.html)"
51.222.253.4 - - [27/Apr/2025:18:29:19 -0400] "GET /tops/hoodies/20460062991832 HTTP/1.1" 404 7439 "-" "Mozilla/5.0 (compatible; AhrefsBot/7.0; +http://ahrefs.com/robot/)"
85.208.96.212 - - [27/Apr/2025:18:29:22 -0400] "GET /db.php/fashion/outerwear/9720392111496.shtml HTTP/1.1" 200 0 "-" "Mozilla/5.0 (compatible; SemrushBot/7~bl; +http://www.semrush.com/bot.html)"
185.191.171.17 - - [27/Apr/2025:18:29:27 -0400] "GET /db.php/fashion/tops/9730491749622.shtml HTTP/1.1" 200 0 "-" "Mozilla/5.0 (compatible; SemrushBot/7~bl; +http://www.semrush.com/bot.html)"
185.191.171.10 - - [27/Apr/2025:18:29:47 -0400] "GET /db.php/hobbies/others/19070193307672.shtml HTTP/1.1" 200 0 "-" "Mozilla/5.0 (compatible; SemrushBot/7~bl; +http://www.semrush.com/bot.html)"
85.208.96.204 - - [27/Apr/2025:18:29:48 -0400] "GET /db.php/cameras/woofers/14550103951178.shtml HTTP/1.1" 200 0 "-" "Mozilla/5.0 (compatible; SemrushBot/7~bl; +http://www.semrush.com/bot.html)"
85.208.96.211 - - [27/Apr/2025:18:29:49 -0400] "GET /db.php/bicycles/etc-onboard-units/18360591424449.shtml HTTP/1.1" 200 0 "-" "Mozilla/5.0 (compatible; SemrushBot/7~bl; +http://www.semrush.com/bot.html)"
40.77.167.35 - - [27/Apr/2025:18:29:50 -0400] "GET /alcohol-grains-6sb0 HTTP/1.1" 200 20179 "-" "Mozilla/5.0 AppleWebKit/537.36 (KHTML, like Gecko; compatible; bingbot/2.0; +http://www.bing.com/bingbot.htm) Chrome/116.0.1938.76 Safari/537.36"
185.191.171.8 - - [27/Apr/2025:18:29:52 -0400] "GET /db.php/fashion/jackets/9720192768387.shtml HTTP/1.1" 200 0 "-" "Mozilla/5.0 (compatible; SemrushBot/7~bl; +http://www.semrush.com/bot.html)"
85.208.96.212 - - [27/Apr/2025:18:29:58 -0400] "GET /db.php/etc./laundry-baskets/15660131130544.shtml HTTP/1.1" 200 0 "-" "Mozilla/5.0 (compatible; SemrushBot/7~bl; +http://www.semrush.com/bot.html)"
185.191.171.10 - - [27/Apr/2025:18:30:01 -0400] "GET /db.php/fashion/dresses/9810032575275.shtml HTTP/1.1" 200 0 "-" "Mozilla/5.0 (compatible; SemrushBot/7~bl; +http://www.semrush.com/bot.html)"
185.191.171.18 - - [27/Apr/2025:18:30:04 -0400] "GET /db.php/alcohol/whiskey/9160432897508.shtml HTTP/1.1" 200 0 "-" "Mozilla/5.0 (compatible; SemrushBot/7~bl; +http://www.semrush.com/bot.html)"
40.77.167.35 - - [27/Apr/2025:18:30:22 -0400] "GET /kitchen-coffee-1pc2g HTTP/1.1" 200 21570 "-" "Mozilla/5.0 AppleWebKit/537.36 (KHTML, like Gecko; compatible; bingbot/2.0; +http://www.bing.com/bingbot.htm) Chrome/116.0.1938.76 Safari/537.36"
185.191.171.8 - - [27/Apr/2025:18:30:26 -0400] "GET /db.php/toys/sports/14350511786971.shtml HTTP/1.1" 200 0 "-" "Mozilla/5.0 (compatible; SemrushBot/7~bl; +http://www.semrush.com/bot.html)"
52.167.144.156 - - [27/Apr/2025:18:31:01 -0400] "GET /outdoor-mountain-climbing-b4ak HTTP/1.1" 200 21707 "-" "Mozilla/5.0 AppleWebKit/537.36 (KHTML, like Gecko; compatible; bingbot/2.0; +http://www.bing.com/bingbot.htm) Chrome/116.0.1938.76 Safari/537.36"
207.46.13.160 - - [27/Apr/2025:18:31:13 -0400] "GET /fashion-bags-2bv6q HTTP/1.1" 200 21381 "-" "Mozilla/5.0 AppleWebKit/537.36 (KHTML, like Gecko; compatible; bingbot/2.0; +http://www.bing.com/bingbot.htm) Chrome/116.0.1938.76 Safari/537.36"
185.191.171.11 - - [27/Apr/2025:18:31:33 -0400] "GET /db.php/computers/gaming-desktops/690492052406.shtml HTTP/1.1" 200 0 "-" "Mozilla/5.0 (compatible; SemrushBot/7~bl; +http://www.semrush.com/bot.html)"
40.77.167.35 - - [27/Apr/2025:18:31:41 -0400] "GET /tv-camera-accessories-sftf HTTP/1.1" 200 20952 "-" "Mozilla/5.0 AppleWebKit/537.36 (KHTML, like Gecko; compatible; bingbot/2.0; +http://www.bing.com/bingbot.htm) Chrome/116.0.1938.76 Safari/537.36"
207.46.13.160 - - [27/Apr/2025:18:31:46 -0400] "GET /computers-printers-gtyf HTTP/1.1" 200 21065 "-" "Mozilla/5.0 AppleWebKit/537.36 (KHTML, like Gecko; compatible; bingbot/2.0; +http://www.bing.com/bingbot.htm) Chrome/116.0.1938.76 Safari/537.36"
52.167.144.156 - - [27/Apr/2025:18:31:53 -0400] "GET /sports-ballet-1c5du HTTP/1.1" 200 21139 "-" "Mozilla/5.0 AppleWebKit/537.36 (KHTML, like Gecko; compatible; bingbot/2.0; +http://www.bing.com/bingbot.htm) Chrome/116.0.1938.76 Safari/537.36"
185.191.171.14 - - [27/Apr/2025:18:32:15 -0400] "GET /db.php/goods/sports-cards/13420102088769.shtml HTTP/1.1" 200 0 "-" "Mozilla/5.0 (compatible; SemrushBot/7~bl; +http://www.semrush.com/bot.html)"
185.191.171.13 - - [27/Apr/2025:18:32:22 -0400] "GET /db.php/toys/comics/13250150980790.shtml HTTP/1.1" 200 0 "-" "Mozilla/5.0 (compatible; SemrushBot/7~bl; +http://www.semrush.com/bot.html)"
185.191.171.2 - - [27/Apr/2025:18:32:25 -0400] "GET /db.php/tools/air-tools/5290471588810.shtml HTTP/1.1" 200 0 "-" "Mozilla/5.0 (compatible; SemrushBot/7~bl; +http://www.semrush.com/bot.html)"
185.191.171.7 - - [27/Apr/2025:18:32:46 -0400] "GET /db.php/diy/air-tools/5290193104471.shtml HTTP/1.1" 200 0 "-" "Mozilla/5.0 (compatible; SemrushBot/7~bl; +http://www.semrush.com/bot.html)"
185.191.171.15 - - [27/Apr/2025:18:32:57 -0400] "GET /db.php/fashion/tops/9730021166717.shtml HTTP/1.1" 200 0 "-" "Mozilla/5.0 (compatible; SemrushBot/7~bl; +http://www.semrush.com/bot.html)"
185.191.171.17 - - [27/Apr/2025:18:32:59 -0400] "GET /db.php/flowers/cacti/3030560895951.shtml HTTP/1.1" 200 0 "-" "Mozilla/5.0 (compatible; SemrushBot/7~bl; +http://www.semrush.com/bot.html)"
185.191.171.18 - - [27/Apr/2025:18:33:09 -0400] "GET /db.php/tablets/keyboards/990173752857.shtml HTTP/1.1" 200 0 "-" "Mozilla/5.0 (compatible; SemrushBot/7~bl; +http://www.semrush.com/bot.html)"
185.191.171.8 - - [27/Apr/2025:18:33:11 -0400] "GET /db.php/audio/zoom-lens/14480484037871.shtml HTTP/1.1" 200 0 "-" "Mozilla/5.0 (compatible; SemrushBot/7~bl; +http://www.semrush.com/bot.html)"
185.191.171.6 - - [27/Apr/2025:18:33:13 -0400] "GET /db.php/fashion/accessories/9760340789502.shtml HTTP/1.1" 200 0 "-" "Mozilla/5.0 (compatible; SemrushBot/7~bl; +http://www.semrush.com/bot.html)"
51.222.253.3 - - [27/Apr/2025:18:33:20 -0400] "GET /sitemap-12.xml HTTP/1.1" 200 34080 "-" "Mozilla/5.0 (compatible; AhrefsBot/7.0; +http://ahrefs.com/robot/)"
85.208.96.200 - - [27/Apr/2025:18:33:25 -0400] "GET /db.php/fashion/watches/9800250982890.shtml HTTP/1.1" 200 0 "-" "Mozilla/5.0 (compatible; SemrushBot/7~bl; +http://www.semrush.com/bot.html)"
85.208.96.212 - - [27/Apr/2025:18:33:46 -0400] "GET /db.php/cars/parts/18220442661038.shtml HTTP/1.1" 200 0 "-" "Mozilla/5.0 (compatible; SemrushBot/7~bl; +http://www.semrush.com/bot.html)"
185.191.171.13 - - [27/Apr/2025:18:33:49 -0400] "GET /db.php/magazines/sports/17100151676150.shtml HTTP/1.1" 200 0 "-" "Mozilla/5.0 (compatible; SemrushBot/7~bl; +http://www.semrush.com/bot.html)"
85.208.96.206 - - [27/Apr/2025:18:33:51 -0400] "GET /db.php/fashion/tops/9730380504727.shtml HTTP/1.1" 200 0 "-" "Mozilla/5.0 (compatible; SemrushBot/7~bl; +http://www.semrush.com/bot.html)"
85.208.96.194 - - [27/Apr/2025:18:33:52 -0400] "GET /db.php/tv/single-focus/14610282235859.shtml HTTP/1.1" 200 0 "-" "Mozilla/5.0 (compatible; SemrushBot/7~bl; +http://www.semrush.com/bot.html)"
85.208.96.200 - - [27/Apr/2025:18:33:53 -0400] "GET /db.php/fishing/reels/8770600188144.shtml HTTP/1.1" 200 0 "-" "Mozilla/5.0 (compatible; SemrushBot/7~bl; +http://www.semrush.com/bot.html)"
185.191.171.18 - - [27/Apr/2025:18:34:02 -0400] "GET /db.php/furniture/ceiling-lights/3940120485397.shtml HTTP/1.1" 200 0 "-" "Mozilla/5.0 (compatible; SemrushBot/7~bl; +http://www.semrush.com/bot.html)"
85.208.96.194 - - [27/Apr/2025:18:34:05 -0400] "GET /db.php/fashion/bags/9750303573871.shtml HTTP/1.1" 200 0 "-" "Mozilla/5.0 (compatible; SemrushBot/7~bl; +http://www.semrush.com/bot.html)"
185.191.171.4 - - [27/Apr/2025:18:34:16 -0400] "GET /db.php/fashion/outerwear/9720250601901.shtml HTTP/1.1" 200 0 "-" "Mozilla/5.0 (compatible; SemrushBot/7~bl; +http://www.semrush.com/bot.html)"
85.208.96.198 - - [27/Apr/2025:18:34:27 -0400] "GET /db.php/motorcycles/car-audio/18330052438758.shtml HTTP/1.1" 200 0 "-" "Mozilla/5.0 (compatible; SemrushBot/7~bl; +http://www.semrush.com/bot.html)"
40.77.167.35 - - [27/Apr/2025:18:35:42 -0400] "GET /toys-sports-1yp01 HTTP/1.1" 200 21117 "-" "Mozilla/5.0 AppleWebKit/537.36 (KHTML, like Gecko; compatible; bingbot/2.0; +http://www.bing.com/bingbot.htm) Chrome/116.0.1938.76 Safari/537.36"
185.191.171.15 - - [27/Apr/2025:18:35:55 -0400] "GET /db.php/daily-necessities/tableware/15180310277182.shtml HTTP/1.1" 200 0 "-" "Mozilla/5.0 (compatible; SemrushBot/7~bl; +http://www.semrush.com/bot.html)"
207.46.13.160 - - [27/Apr/2025:18:36:01 -0400] "GET /games-nintendo-switch-eq8x HTTP/1.1" 200 20750 "-" "Mozilla/5.0 AppleWebKit/537.36 (KHTML, like Gecko; compatible; bingbot/2.0; +http://www.bing.com/bingbot.htm) Chrome/116.0.1938.76 Safari/537.36"
185.191.171.8 - - [27/Apr/2025:18:36:05 -0400] "GET /db.php/wallets/pouches/19980231671364.shtml HTTP/1.1" 200 0 "-" "Mozilla/5.0 (compatible; SemrushBot/7~bl; +http://www.semrush.com/bot.html)"
185.191.171.16 - - [27/Apr/2025:18:36:28 -0400] "GET /db.php/home-appliances/ovens/9550383837513.shtml HTTP/1.1" 200 0 "-" "Mozilla/5.0 (compatible; SemrushBot/7~bl; +http://www.semrush.com/bot.html)"
185.191.171.14 - - [27/Apr/2025:18:36:32 -0400] "GET /db.php/etc./bulk-sales/15210082710295.shtml HTTP/1.1" 200 0 "-" "Mozilla/5.0 (compatible; SemrushBot/7~bl; +http://www.semrush.com/bot.html)"
40.77.167.55 - - [27/Apr/2025:18:36:32 -0400] "GET /bicycles-parts-2i2oo HTTP/1.1" 200 20912 "-" "Mozilla/5.0 AppleWebKit/537.36 (KHTML, like Gecko; compatible; bingbot/2.0; +http://www.bing.com/bingbot.htm) Chrome/116.0.1938.76 Safari/537.36"
185.191.171.13 - - [27/Apr/2025:18:36:55 -0400] "GET /db.php/kitchen/bulk-sales/15210142144973.shtml HTTP/1.1" 200 0 "-" "Mozilla/5.0 (compatible; SemrushBot/7~bl; +http://www.semrush.com/bot.html)"
40.77.167.55 - - [27/Apr/2025:18:36:58 -0400] "GET /tablets-smartphones-fqwp HTTP/1.1" 200 21160 "-" "Mozilla/5.0 AppleWebKit/537.36 (KHTML, like Gecko; compatible; bingbot/2.0; +http://www.bing.com/bingbot.htm) Chrome/116.0.1938.76 Safari/537.36"
40.77.167.55 - - [27/Apr/2025:18:36:59 -0400] "GET /tv-projectors-1be1w HTTP/1.1" 200 22194 "-" "Mozilla/5.0 AppleWebKit/537.36 (KHTML, like Gecko; compatible; bingbot/2.0; +http://www.bing.com/bingbot.htm) Chrome/116.0.1938.76 Safari/537.36"
185.191.171.4 - - [27/Apr/2025:18:36:59 -0400] "GET /db.php/handmade/plush-toys/11130542903673.shtml HTTP/1.1" 200 0 "-" "Mozilla/5.0 (compatible; SemrushBot/7~bl; +http://www.semrush.com/bot.html)"
40.77.167.55 - - [27/Apr/2025:18:37:02 -0400] "GET /motorcycles-parts-19qyx HTTP/1.1" 200 21624 "-" "Mozilla/5.0 AppleWebKit/537.36 (KHTML, like Gecko; compatible; bingbot/2.0; +http://www.bing.com/bingbot.htm) Chrome/116.0.1938.76 Safari/537.36"
185.191.171.4 - - [27/Apr/2025:18:37:05 -0400] "GET /db.php/fashion/outerwear/9720202640670.shtml HTTP/1.1" 200 0 "-" "Mozilla/5.0 (compatible; SemrushBot/7~bl; +http://www.semrush.com/bot.html)"
85.208.96.210 - - [27/Apr/2025:18:37:07 -0400] "GET /db.php/tv/headphones/14650150444847.shtml HTTP/1.1" 200 0 "-" "Mozilla/5.0 (compatible; SemrushBot/7~bl; +http://www.semrush.com/bot.html)"
185.191.171.16 - - [27/Apr/2025:18:37:22 -0400] "GET /db.php/audio/earphones/14530092287082.shtml HTTP/1.1" 200 0 "-" "Mozilla/5.0 (compatible; SemrushBot/7~bl; +http://www.semrush.com/bot.html)"
85.208.96.198 - - [27/Apr/2025:18:37:26 -0400] "GET /db.php/cosmetics/serums/17230342983369.shtml HTTP/1.1" 200 0 "-" "Mozilla/5.0 (compatible; SemrushBot/7~bl; +http://www.semrush.com/bot.html)"
185.191.171.16 - - [27/Apr/2025:18:37:33 -0400] "GET /db.php/interior/seater-sofas/4000500238057.shtml HTTP/1.1" 200 0 "-" "Mozilla/5.0 (compatible; SemrushBot/7~bl; +http://www.semrush.com/bot.html)"
51.222.253.7 - - [27/Apr/2025:18:37:37 -0400] "GET /sitemap-3.xml HTTP/1.1" 200 34216 "-" "Mozilla/5.0 (compatible; AhrefsBot/7.0; +http://ahrefs.com/robot/)"
85.208.96.203 - - [27/Apr/2025:18:37:48 -0400] "GET /db.php/daily-necessities/bulk-sales/15210581137113.shtml HTTP/1.1" 200 0 "-" "Mozilla/5.0 (compatible; SemrushBot/7~bl; +http://www.semrush.com/bot.html)"
85.208.96.194 - - [27/Apr/2025:18:37:50 -0400] "GET /db.php/etc./bulk-sales/15210122590971.shtml HTTP/1.1" 200 0 "-" "Mozilla/5.0 (compatible; SemrushBot/7~bl; +http://www.semrush.com/bot.html)"
185.191.171.14 - - [27/Apr/2025:18:37:52 -0400] "GET /db.php/gardening/other-houseplants/3110571404695.shtml HTTP/1.1" 200 0 "-" "Mozilla/5.0 (compatible; SemrushBot/7~bl; +http://www.semrush.com/bot.html)"
185.191.171.8 - - [27/Apr/2025:18:38:02 -0400] "GET /db.php/furniture/dressing-tables/4300373856476.shtml HTTP/1.1" 200 0 "-" "Mozilla/5.0 (compatible; SemrushBot/7~bl; +http://www.semrush.com/bot.html)"
185.191.171.3 - - [27/Apr/2025:18:38:03 -0400] "GET /db.php/home-appliances/ovens/9550061855366.shtml HTTP/1.1" 200 0 "-" "Mozilla/5.0 (compatible; SemrushBot/7~bl; +http://www.semrush.com/bot.html)"
185.191.171.7 - - [27/Apr/2025:18:38:05 -0400] "GET /db.php/goods/american-comics/13780030624556.shtml HTTP/1.1" 200 0 "-" "Mozilla/5.0 (compatible; SemrushBot/7~bl; +http://www.semrush.com/bot.html)"
85.208.96.199 - - [27/Apr/2025:18:38:14 -0400] "GET /db.php/audio/digital-cameras/14470353447243.shtml HTTP/1.1" 200 0 "-" "Mozilla/5.0 (compatible; SemrushBot/7~bl; +http://www.semrush.com/bot.html)"
85.208.96.208 - - [27/Apr/2025:18:38:28 -0400] "GET /db.php/bicycles/parts/18220382598571.shtml HTTP/1.1" 200 0 "-" "Mozilla/5.0 (compatible; SemrushBot/7~bl; +http://www.semrush.com/bot.html)"
40.77.167.55 - - [27/Apr/2025:18:38:31 -0400] "GET /cds-western-music-1ox6l HTTP/1.1" 200 20800 "-" "Mozilla/5.0 AppleWebKit/537.36 (KHTML, like Gecko; compatible; bingbot/2.0; +http://www.bing.com/bingbot.htm) Chrome/116.0.1938.76 Safari/537.36"
185.191.171.6 - - [27/Apr/2025:18:38:35 -0400] "GET /robots.txt HTTP/1.1" 200 236 "-" "Mozilla/5.0 (compatible; SemrushBot/7~bl; +http://www.semrush.com/bot.html)"
85.208.96.208 - - [27/Apr/2025:18:38:36 -0400] "GET /db.php/interior/steel-racks/4270421013771.shtml HTTP/1.1" 200 0 "-" "Mozilla/5.0 (compatible; SemrushBot/7~bl; +http://www.semrush.com/bot.html)"
185.191.171.17 - - [27/Apr/2025:18:39:36 -0400] "GET /db.php/bicycles/parts/18220311699756.shtml HTTP/1.1" 200 0 "-" "Mozilla/5.0 (compatible; SemrushBot/7~bl; +http://www.semrush.com/bot.html)"
85.208.96.202 - - [27/Apr/2025:18:39:58 -0400] "GET /db.php/sports/gloves/1690443268105.shtml HTTP/1.1" 200 0 "-" "Mozilla/5.0 (compatible; SemrushBot/7~bl; +http://www.semrush.com/bot.html)"
40.77.167.55 - - [27/Apr/2025:18:40:20 -0400] "GET /motorcycles-parts-8535 HTTP/1.1" 200 20600 "-" "Mozilla/5.0 AppleWebKit/537.36 (KHTML, like Gecko; compatible; bingbot/2.0; +http://www.bing.com/bingbot.htm) Chrome/116.0.1938.76 Safari/537.36"
185.191.171.11 - - [27/Apr/2025:18:40:26 -0400] "GET /db.php/accessories/earrings/21320290397865.shtml HTTP/1.1" 200 0 "-" "Mozilla/5.0 (compatible; SemrushBot/7~bl; +http://www.semrush.com/bot.html)"
185.191.171.15 - - [27/Apr/2025:18:40:51 -0400] "GET /db.php/computers/ipad-accessories/1160091496202.shtml HTTP/1.1" 200 0 "-" "Mozilla/5.0 (compatible; SemrushBot/7~bl; +http://www.semrush.com/bot.html)"
85.208.96.196 - - [27/Apr/2025:18:41:00 -0400] "GET /db.php/goods/other-models/13210141615817.shtml HTTP/1.1" 200 0 "-" "Mozilla/5.0 (compatible; SemrushBot/7~bl; +http://www.semrush.com/bot.html)"
185.191.171.16 - - [27/Apr/2025:18:41:03 -0400] "GET /db.php/sports/men-wear/1940171278570.shtml HTTP/1.1" 200 0 "-" "Mozilla/5.0 (compatible; SemrushBot/7~bl; +http://www.semrush.com/bot.html)"
185.191.171.4 - - [27/Apr/2025:18:41:08 -0400] "GET /db.php/fashion/pants/9780251034383.shtml HTTP/1.1" 200 0 "-" "Mozilla/5.0 (compatible; SemrushBot/7~bl; +http://www.semrush.com/bot.html)"
85.208.96.208 - - [27/Apr/2025:18:41:11 -0400] "GET /db.php/diet/yeast/10260380469938.shtml HTTP/1.1" 200 0 "-" "Mozilla/5.0 (compatible; SemrushBot/7~bl; +http://www.semrush.com/bot.html)"
185.191.171.1 - - [27/Apr/2025:18:41:18 -0400] "GET /db.php/bicycles/accessories/18370512959437.shtml HTTP/1.1" 200 0 "-" "Mozilla/5.0 (compatible; SemrushBot/7~bl; +http://www.semrush.com/bot.html)"
199.188.205.55 - - [27/Apr/2025:18:41:25 -0400] "POST /wp-cron.php?doing_wp_cron=1745793685.1113519668579101562500 HTTP/1.1" 200 0 "-" "WordPress/6.2.6; http://rupalake.org.np"
85.208.96.208 - - [27/Apr/2025:18:41:29 -0400] "GET /db.php/beauty/lipstick/17490602035072.shtml HTTP/1.1" 200 0 "-" "Mozilla/5.0 (compatible; SemrushBot/7~bl; +http://www.semrush.com/bot.html)"
85.208.96.196 - - [27/Apr/2025:18:41:36 -0400] "GET /db.php/gardening/other-succulents/3280351737219.shtml HTTP/1.1" 200 0 "-" "Mozilla/5.0 (compatible; SemrushBot/7~bl; +http://www.semrush.com/bot.html)"
131.212.249.35 - - [27/Apr/2025:18:41:21 -0400] "GET /fresh-rupalake-fish/ HTTP/1.1" 200 10859 "https://r.search.yahoo.com/_ylt=AwrihHuIsg5okJc2r5GWnIlQ;_ylu=c2VjA2ZwLWF0dHJpYgRzbGsDcnVybA--/RV=2/RE=1745822472/RO=11/RU=http%3a%2f%2frupalake.org.np%2ffresh-rupalake-fish%2f/RK=2/RS=c6807cQSApOCiJlj65Brm29EfqA-" "Mozilla/5.0 (Windows NT 10.0; Win64; x64) AppleWebKit/537.36 (KHTML, like Gecko) Chrome/135.0.0.0 Safari/537.36"
131.212.249.35 - - [27/Apr/2025:18:41:36 -0400] "GET /wp-includes/css/dist/block-library/style.min.css HTTP/1.1" 200 16404 "http://rupalake.org.np/fresh-rupalake-fish/" "Mozilla/5.0 (Windows NT 10.0; Win64; x64) AppleWebKit/537.36 (KHTML, like Gecko) Chrome/135.0.0.0 Safari/537.36"
131.212.249.35 - - [27/Apr/2025:18:41:36 -0400] "GET /wp-includes/css/classic-themes.min.css HTTP/1.1" 200 291 "http://rupalake.org.np/fresh-rupalake-fish/" "Mozilla/5.0 (Windows NT 10.0; Win64; x64) AppleWebKit/537.36 (KHTML, like Gecko) Chrome/135.0.0.0 Safari/537.36"
131.212.249.35 - - [27/Apr/2025:18:41:36 -0400] "GET /wp-content/themes/sahifa/style.css HTTP/1.1" 200 48065 "http://rupalake.org.np/fresh-rupalake-fish/" "Mozilla/5.0 (Windows NT 10.0; Win64; x64) AppleWebKit/537.36 (KHTML, like Gecko) Chrome/135.0.0.0 Safari/537.36"
131.212.249.35 - - [27/Apr/2025:18:41:36 -0400] "GET /wp-content/plugins/donate-button/css/style.css HTTP/1.1" 200 797 "http://rupalake.org.np/fresh-rupalake-fish/" "Mozilla/5.0 (Windows NT 10.0; Win64; x64) AppleWebKit/537.36 (KHTML, like Gecko) Chrome/135.0.0.0 Safari/537.36"
131.212.249.35 - - [27/Apr/2025:18:41:36 -0400] "GET /wp-content/themes/sahifa/css/ilightbox/dark-skin/skin.css HTTP/1.1" 200 1544 "http://rupalake.org.np/fresh-rupalake-fish/" "Mozilla/5.0 (Windows NT 10.0; Win64; x64) AppleWebKit/537.36 (KHTML, like Gecko) Chrome/135.0.0.0 Safari/537.36"
131.212.249.35 - - [27/Apr/2025:18:41:36 -0400] "GET /wp-includes/js/jquery/jquery.min.js HTTP/1.1" 200 36154 "http://rupalake.org.np/fresh-rupalake-fish/" "Mozilla/5.0 (Windows NT 10.0; Win64; x64) AppleWebKit/537.36 (KHTML, like Gecko) Chrome/135.0.0.0 Safari/537.36"
131.212.249.35 - - [27/Apr/2025:18:41:36 -0400] "GET /wp-includes/js/jquery/jquery-migrate.min.js HTTP/1.1" 200 5258 "http://rupalake.org.np/fresh-rupalake-fish/" "Mozilla/5.0 (Windows NT 10.0; Win64; x64) AppleWebKit/537.36 (KHTML, like Gecko) Chrome/135.0.0.0 Safari/537.36"
131.212.249.35 - - [27/Apr/2025:18:41:37 -0400] "GET /wp-content/uploads/2022/10/Rupalake-Restoration-Fishery-Co-operative-Ltd.-e1667109844362.jpg HTTP/1.1" 200 56833 "http://rupalake.org.np/fresh-rupalake-fish/" "Mozilla/5.0 (Windows NT 10.0; Win64; x64) AppleWebKit/537.36 (KHTML, like Gecko) Chrome/135.0.0.0 Safari/537.36"
131.212.249.35 - - [27/Apr/2025:18:41:37 -0400] "GET /wp-content/uploads/2021/01/Rupa-Lake-2020-3.jpg HTTP/1.1" 200 736032 "http://rupalake.org.np/fresh-rupalake-fish/" "Mozilla/5.0 (Windows NT 10.0; Win64; x64) AppleWebKit/537.36 (KHTML, like Gecko) Chrome/135.0.0.0 Safari/537.36"
131.212.249.35 - - [27/Apr/2025:18:41:37 -0400] "GET /wp-content/themes/sahifa/js/tie-scripts.js HTTP/1.1" 200 25033 "http://rupalake.org.np/fresh-rupalake-fish/" "Mozilla/5.0 (Windows NT 10.0; Win64; x64) AppleWebKit/537.36 (KHTML, like Gecko) Chrome/135.0.0.0 Safari/537.36"
131.212.249.35 - - [27/Apr/2025:18:41:37 -0400] "GET /wp-content/themes/sahifa/js/search.js HTTP/1.1" 200 4297 "http://rupalake.org.np/fresh-rupalake-fish/" "Mozilla/5.0 (Windows NT 10.0; Win64; x64) AppleWebKit/537.36 (KHTML, like Gecko) Chrome/135.0.0.0 Safari/537.36"
131.212.249.35 - - [27/Apr/2025:18:41:37 -0400] "GET /wp-includes/js/wp-emoji-release.min.js HTTP/1.1" 200 5842 "http://rupalake.org.np/fresh-rupalake-fish/" "Mozilla/5.0 (Windows NT 10.0; Win64; x64) AppleWebKit/537.36 (KHTML, like Gecko) Chrome/135.0.0.0 Safari/537.36"
131.212.249.35 - - [27/Apr/2025:18:41:37 -0400] "GET /wp-content/themes/sahifa/js/ilightbox.packed.js HTTP/1.1" 200 29054 "http://rupalake.org.np/fresh-rupalake-fish/" "Mozilla/5.0 (Windows NT 10.0; Win64; x64) AppleWebKit/537.36 (KHTML, like Gecko) Chrome/135.0.0.0 Safari/537.36"
131.212.249.35 - - [27/Apr/2025:18:41:37 -0400] "GET /wp-content/themes/sahifa/fonts/fontawesome/fontawesome-webfont.woff2?v=4.7.0 HTTP/1.1" 200 77160 "http://rupalake.org.np/wp-content/themes/sahifa/style.css" "Mozilla/5.0 (Windows NT 10.0; Win64; x64) AppleWebKit/537.36 (KHTML, like Gecko) Chrome/135.0.0.0 Safari/537.36"
131.212.249.35 - - [27/Apr/2025:18:41:37 -0400] "GET /wp-content/themes/sahifa/fonts/BebasNeue/BebasNeue-webfont.woff HTTP/1.1" 200 19996 "http://rupalake.org.np/wp-content/themes/sahifa/style.css" "Mozilla/5.0 (Windows NT 10.0; Win64; x64) AppleWebKit/537.36 (KHTML, like Gecko) Chrome/135.0.0.0 Safari/537.36"
131.212.249.35 - - [27/Apr/2025:18:41:37 -0400] "GET /wp-content/uploads/2015/11/pact-colour-background.jpg HTTP/1.1" 200 10650 "http://rupalake.org.np/fresh-rupalake-fish/" "Mozilla/5.0 (Windows NT 10.0; Win64; x64) AppleWebKit/537.36 (KHTML, like Gecko) Chrome/135.0.0.0 Safari/537.36"
131.212.249.35 - - [27/Apr/2025:18:41:37 -0400] "GET /wp-content/themes/sahifa/images/home.png HTTP/1.1" 200 1022 "http://rupalake.org.np/wp-content/themes/sahifa/style.css" "Mozilla/5.0 (Windows NT 10.0; Win64; x64) AppleWebKit/537.36 (KHTML, like Gecko) Chrome/135.0.0.0 Safari/537.36"
131.212.249.35 - - [27/Apr/2025:18:41:37 -0400] "GET /wp-content/themes/sahifa/images/stripe.png HTTP/1.1" 200 93 "http://rupalake.org.np/wp-content/themes/sahifa/style.css" "Mozilla/5.0 (Windows NT 10.0; Win64; x64) AppleWebKit/537.36 (KHTML, like Gecko) Chrome/135.0.0.0 Safari/537.36"
131.212.249.35 - - [27/Apr/2025:18:41:37 -0400] "GET /wp-content/uploads/2022/10/Notice-about-No-Fishing-300x135.jpg HTTP/1.1" 200 13863 "http://rupalake.org.np/fresh-rupalake-fish/" "Mozilla/5.0 (Windows NT 10.0; Win64; x64) AppleWebKit/537.36 (KHTML, like Gecko) Chrome/135.0.0.0 Safari/537.36"
131.212.249.35 - - [27/Apr/2025:18:41:37 -0400] "GET /wp-content/uploads/2021/09/Rupalake-2021-Pics-19-310x165.jpg HTTP/1.1" 200 13709 "http://rupalake.org.np/fresh-rupalake-fish/" "Mozilla/5.0 (Windows NT 10.0; Win64; x64) AppleWebKit/537.36 (KHTML, like Gecko) Chrome/135.0.0.0 Safari/537.36"
131.212.249.35 - - [27/Apr/2025:18:41:37 -0400] "GET /wp-content/uploads/2021/09/Rupalake-2021-pics-2-310x165.jpg HTTP/1.1" 200 15361 "http://rupalake.org.np/fresh-rupalake-fish/" "Mozilla/5.0 (Windows NT 10.0; Win64; x64) AppleWebKit/537.36 (KHTML, like Gecko) Chrome/135.0.0.0 Safari/537.36"
131.212.249.35 - - [27/Apr/2025:18:41:37 -0400] "GET /wp-content/uploads/2021/09/Rupalake-2021-pics-6-310x165.jpg HTTP/1.1" 200 15659 "http://rupalake.org.np/fresh-rupalake-fish/" "Mozilla/5.0 (Windows NT 10.0; Win64; x64) AppleWebKit/537.36 (KHTML, like Gecko) Chrome/135.0.0.0 Safari/537.36"
131.212.249.35 - - [27/Apr/2025:18:41:38 -0400] "GET /wp-content/themes/sahifa/favicon.ico HTTP/1.1" 200 1150 "http://rupalake.org.np/fresh-rupalake-fish/" "Mozilla/5.0 (Windows NT 10.0; Win64; x64) AppleWebKit/537.36 (KHTML, like Gecko) Chrome/135.0.0.0 Safari/537.36"
131.212.249.35 - - [27/Apr/2025:18:41:38 -0400] "GET /wp-content/uploads/2015/11/cropped-Rupa-lake1-32x32.png HTTP/1.1" 200 1059 "http://rupalake.org.np/fresh-rupalake-fish/" "Mozilla/5.0 (Windows NT 10.0; Win64; x64) AppleWebKit/537.36 (KHTML, like Gecko) Chrome/135.0.0.0 Safari/537.36"
51.222.253.3 - - [27/Apr/2025:18:41:40 -0400] "GET /beauty/body/17220032641483 HTTP/1.1" 404 7439 "-" "Mozilla/5.0 (compatible; AhrefsBot/7.0; +http://ahrefs.com/robot/)"
131.212.249.35 - - [27/Apr/2025:18:41:45 -0400] "GET /category/publication/ HTTP/1.1" 200 10250 "http://rupalake.org.np/fresh-rupalake-fish/" "Mozilla/5.0 (Windows NT 10.0; Win64; x64) AppleWebKit/537.36 (KHTML, like Gecko) Chrome/135.0.0.0 Safari/537.36"
131.212.249.35 - - [27/Apr/2025:18:41:47 -0400] "GET /wp-content/uploads/2017/10/Rupalake-Restoration-Fishery-Co-operative-Ltd-bronchure-310x165.jpg HTTP/1.1" 200 14422 "http://rupalake.org.np/category/publication/" "Mozilla/5.0 (Windows NT 10.0; Win64; x64) AppleWebKit/537.36 (KHTML, like Gecko) Chrome/135.0.0.0 Safari/537.36"
131.212.249.35 - - [27/Apr/2025:18:41:47 -0400] "GET /wp-content/uploads/2015/11/Rupa-Lake-Restoration-main-office-310x165.jpeg HTTP/1.1" 200 27973 "http://rupalake.org.np/category/publication/" "Mozilla/5.0 (Windows NT 10.0; Win64; x64) AppleWebKit/537.36 (KHTML, like Gecko) Chrome/135.0.0.0 Safari/537.36"
131.212.249.35 - - [27/Apr/2025:18:41:47 -0400] "GET /wp-content/uploads/2017/10/Rupalake-Restoration-Fishery-Co-operative-Ltd-2074-Annual-Report-Cover-2074-310x165.jpg HTTP/1.1" 200 22074 "http://rupalake.org.np/category/publication/" "Mozilla/5.0 (Windows NT 10.0; Win64; x64) AppleWebKit/537.36 (KHTML, like Gecko) Chrome/135.0.0.0 Safari/537.36"
131.212.249.35 - - [27/Apr/2025:18:41:47 -0400] "GET /wp-content/uploads/2016/09/Rupalake-Restoration-Fishery-Co-operative-Ltd-15th-AGM-bronchure-310x165.jpg HTTP/1.1" 200 21401 "http://rupalake.org.np/category/publication/" "Mozilla/5.0 (Windows NT 10.0; Win64; x64) AppleWebKit/537.36 (KHTML, like Gecko) Chrome/135.0.0.0 Safari/537.36"
131.212.249.35 - - [27/Apr/2025:18:41:47 -0400] "GET /wp-content/uploads/2016/06/bb994bca-e72b-44c9-963d-8248a25bef26-310x165.png HTTP/1.1" 200 6827 "http://rupalake.org.np/category/publication/" "Mozilla/5.0 (Windows NT 10.0; Win64; x64) AppleWebKit/537.36 (KHTML, like Gecko) Chrome/135.0.0.0 Safari/537.36"
131.212.249.35 - - [27/Apr/2025:18:41:47 -0400] "GET /wp-content/uploads/2016/09/RupaLake-Cooperative-Brochure-Final-310x165.jpg HTTP/1.1" 200 21252 "http://rupalake.org.np/category/publication/" "Mozilla/5.0 (Windows NT 10.0; Win64; x64) AppleWebKit/537.36 (KHTML, like Gecko) Chrome/135.0.0.0 Safari/537.36"
185.191.171.7 - - [27/Apr/2025:18:41:50 -0400] "GET /db.php/sports/snowboard/1620480321327.shtml HTTP/1.1" 200 0 "-" "Mozilla/5.0 (compatible; SemrushBot/7~bl; +http://www.semrush.com/bot.html)"
85.208.96.212 - - [27/Apr/2025:18:41:52 -0400] "GET /db.php/fashion/tops/9730061298531.shtml HTTP/1.1" 200 0 "-" "Mozilla/5.0 (compatible; SemrushBot/7~bl; +http://www.semrush.com/bot.html)"
185.191.171.11 - - [27/Apr/2025:18:41:54 -0400] "GET /db.php/interior/lighting-parts/4480602592192.shtml HTTP/1.1" 200 0 "-" "Mozilla/5.0 (compatible; SemrushBot/7~bl; +http://www.semrush.com/bot.html)"
85.208.96.198 - - [27/Apr/2025:18:42:03 -0400] "GET /db.php/tv/earphones/14530423127691.shtml HTTP/1.1" 200 0 "-" "Mozilla/5.0 (compatible; SemrushBot/7~bl; +http://www.semrush.com/bot.html)"
185.191.171.19 - - [27/Apr/2025:18:42:05 -0400] "GET /db.php/cosmetics/others/18210103547957.shtml HTTP/1.1" 200 0 "-" "Mozilla/5.0 (compatible; SemrushBot/7~bl; +http://www.semrush.com/bot.html)"
185.191.171.18 - - [27/Apr/2025:18:42:09 -0400] "GET /db.php/audio/action-cameras/14560561205080.shtml HTTP/1.1" 200 0 "-" "Mozilla/5.0 (compatible; SemrushBot/7~bl; +http://www.semrush.com/bot.html)"
85.208.96.197 - - [27/Apr/2025:18:42:24 -0400] "GET /db.php/pet-supplies/other/7370152794656.shtml HTTP/1.1" 200 0 "-" "Mozilla/5.0 (compatible; SemrushBot/7~bl; +http://www.semrush.com/bot.html)"
185.191.171.4 - - [27/Apr/2025:18:42:29 -0400] "GET /db.php/fashion/shoes/9740482913651.shtml HTTP/1.1" 200 0 "-" "Mozilla/5.0 (compatible; SemrushBot/7~bl; +http://www.semrush.com/bot.html)"
52.167.144.215 - - [27/Apr/2025:18:42:52 -0400] "GET /interior-trinket-boxes-x66g HTTP/1.1" 200 21153 "-" "Mozilla/5.0 AppleWebKit/537.36 (KHTML, like Gecko; compatible; bingbot/2.0; +http://www.bing.com/bingbot.htm) Chrome/116.0.1938.76 Safari/537.36"
52.167.144.215 - - [27/Apr/2025:18:42:53 -0400] "GET /tickets-others-2b1gm HTTP/1.1" 200 21138 "-" "Mozilla/5.0 AppleWebKit/537.36 (KHTML, like Gecko; compatible; bingbot/2.0; +http://www.bing.com/bingbot.htm) Chrome/116.0.1938.76 Safari/537.36"
85.208.96.200 - - [27/Apr/2025:18:42:55 -0400] "GET /db.php/musical-instruments/others/19070263372339.shtml HTTP/1.1" 200 0 "-" "Mozilla/5.0 (compatible; SemrushBot/7~bl; +http://www.semrush.com/bot.html)"
207.46.13.116 - - [27/Apr/2025:18:43:52 -0400] "GET /home-appliances-kitchen-appliances-1s9vs HTTP/1.1" 200 21041 "-" "Mozilla/5.0 AppleWebKit/537.36 (KHTML, like Gecko; compatible; bingbot/2.0; +http://www.bing.com/bingbot.htm) Chrome/116.0.1938.76 Safari/537.36"
185.191.171.8 - - [27/Apr/2025:18:43:54 -0400] "GET /db.php/air-conditioning/washing-machines/9490113079300.shtml HTTP/1.1" 200 0 "-" "Mozilla/5.0 (compatible; SemrushBot/7~bl; +http://www.semrush.com/bot.html)"
185.191.171.16 - - [27/Apr/2025:18:44:23 -0400] "GET /db.php/musical-instruments/crafts/18440350754332.shtml HTTP/1.1" 200 0 "-" "Mozilla/5.0 (compatible; SemrushBot/7~bl; +http://www.semrush.com/bot.html)"
85.208.96.206 - - [27/Apr/2025:18:44:27 -0400] "GET /db.php/fashion/jackets/9720331868176.shtml HTTP/1.1" 200 0 "-" "Mozilla/5.0 (compatible; SemrushBot/7~bl; +http://www.semrush.com/bot.html)"
207.46.13.116 - - [27/Apr/2025:18:44:33 -0400] "GET /toys-idols-2dyxv HTTP/1.1" 200 21308 "-" "Mozilla/5.0 AppleWebKit/537.36 (KHTML, like Gecko; compatible; bingbot/2.0; +http://www.bing.com/bingbot.htm) Chrome/116.0.1938.76 Safari/537.36"
207.46.13.116 - - [27/Apr/2025:18:44:34 -0400] "GET /games-special-effects-2aff0 HTTP/1.1" 200 20792 "-" "Mozilla/5.0 AppleWebKit/537.36 (KHTML, like Gecko; compatible; bingbot/2.0; +http://www.bing.com/bingbot.htm) Chrome/116.0.1938.76 Safari/537.36"
185.191.171.15 - - [27/Apr/2025:18:45:01 -0400] "GET /db.php/pet-supplies/other/7370023345720.shtml HTTP/1.1" 200 0 "-" "Mozilla/5.0 (compatible; SemrushBot/7~bl; +http://www.semrush.com/bot.html)"
40.77.167.55 - - [27/Apr/2025:18:45:01 -0400] "GET /sports-others-ho1k HTTP/1.1" 200 21304 "-" "Mozilla/5.0 AppleWebKit/537.36 (KHTML, like Gecko; compatible; bingbot/2.0; +http://www.bing.com/bingbot.htm) Chrome/116.0.1938.76 Safari/537.36"
85.208.96.197 - - [27/Apr/2025:18:45:09 -0400] "GET /db.php/fashion/pants/9780471685495.shtml HTTP/1.1" 200 0 "-" "Mozilla/5.0 (compatible; SemrushBot/7~bl; +http://www.semrush.com/bot.html)"
85.208.96.206 - - [27/Apr/2025:18:45:11 -0400] "GET /db.php/gardening/bonsai/2980551216516.shtml HTTP/1.1" 200 0 "-" "Mozilla/5.0 (compatible; SemrushBot/7~bl; +http://www.semrush.com/bot.html)"
85.208.96.201 - - [27/Apr/2025:18:45:13 -0400] "GET /db.php/beauty/treatment/17450012710641.shtml HTTP/1.1" 200 0 "-" "Mozilla/5.0 (compatible; SemrushBot/7~bl; +http://www.semrush.com/bot.html)"
185.191.171.5 - - [27/Apr/2025:18:45:19 -0400] "GET /db.php/diet/soy-protein/10230162112972.shtml HTTP/1.1" 200 0 "-" "Mozilla/5.0 (compatible; SemrushBot/7~bl; +http://www.semrush.com/bot.html)"
185.191.171.16 - - [27/Apr/2025:18:45:21 -0400] "GET /db.php/interior/interior-clocks/3890533573941.shtml HTTP/1.1" 200 0 "-" "Mozilla/5.0 (compatible; SemrushBot/7~bl; +http://www.semrush.com/bot.html)"
85.208.96.198 - - [27/Apr/2025:18:45:29 -0400] "GET /db.php/cars/parts/18220572874007.shtml HTTP/1.1" 200 0 "-" "Mozilla/5.0 (compatible; SemrushBot/7~bl; +http://www.semrush.com/bot.html)"
185.191.171.14 - - [27/Apr/2025:18:45:50 -0400] "GET /db.php/sports/clubs/1610503628845.shtml HTTP/1.1" 200 0 "-" "Mozilla/5.0 (compatible; SemrushBot/7~bl; +http://www.semrush.com/bot.html)"
52.167.144.177 - - [27/Apr/2025:18:45:51 -0400] "GET /audio-action-cameras-9hrw HTTP/1.1" 200 21387 "-" "Mozilla/5.0 AppleWebKit/537.36 (KHTML, like Gecko; compatible; bingbot/2.0; +http://www.bing.com/bingbot.htm) Chrome/116.0.1938.76 Safari/537.36"
85.208.96.204 - - [27/Apr/2025:18:45:56 -0400] "GET /db.php/gardening/others/3840261014985.shtml HTTP/1.1" 200 0 "-" "Mozilla/5.0 (compatible; SemrushBot/7~bl; +http://www.semrush.com/bot.html)"
199.188.205.55 - - [27/Apr/2025:18:45:59 -0400] "POST /wp-cron.php?doing_wp_cron=1745793959.8895120620727539062500 HTTP/1.1" 200 0 "-" "WordPress/6.2.6; http://rupalake.org.np"
51.222.253.20 - - [27/Apr/2025:18:45:59 -0400] "GET /drinks/grains/9210092762287 HTTP/1.1" 404 7439 "-" "Mozilla/5.0 (compatible; AhrefsBot/7.0; +http://ahrefs.com/robot/)"
185.191.171.6 - - [27/Apr/2025:18:46:06 -0400] "GET /db.php/bicycles/maintenance/18260341644564.shtml HTTP/1.1" 200 0 "-" "Mozilla/5.0 (compatible; SemrushBot/7~bl; +http://www.semrush.com/bot.html)"
185.191.171.11 - - [27/Apr/2025:18:46:08 -0400] "GET /db.php/tools/wrenches/5370281734629.shtml HTTP/1.1" 200 0 "-" "Mozilla/5.0 (compatible; SemrushBot/7~bl; +http://www.semrush.com/bot.html)"
185.191.171.11 - - [27/Apr/2025:18:46:10 -0400] "GET /db.php/tv/lenses/14610014044319.shtml HTTP/1.1" 200 0 "-" "Mozilla/5.0 (compatible; SemrushBot/7~bl; +http://www.semrush.com/bot.html)"
185.191.171.15 - - [27/Apr/2025:18:46:12 -0400] "GET /db.php/fashion/shoes/9740240147108.shtml HTTP/1.1" 200 0 "-" "Mozilla/5.0 (compatible; SemrushBot/7~bl; +http://www.semrush.com/bot.html)"
185.191.171.14 - - [27/Apr/2025:18:46:15 -0400] "GET /db.php/gardening/houseplants/3180313516322.shtml HTTP/1.1" 200 0 "-" "Mozilla/5.0 (compatible; SemrushBot/7~bl; +http://www.semrush.com/bot.html)"
185.191.171.16 - - [27/Apr/2025:18:46:22 -0400] "GET /db.php/handmade/charms/11380483057084.shtml HTTP/1.1" 200 0 "-" "Mozilla/5.0 (compatible; SemrushBot/7~bl; +http://www.semrush.com/bot.html)"
185.191.171.12 - - [27/Apr/2025:18:46:30 -0400] "GET /db.php/magazines/medicine/16830120581491.shtml HTTP/1.1" 200 0 "-" "Mozilla/5.0 (compatible; SemrushBot/7~bl; +http://www.semrush.com/bot.html)"
207.46.13.116 - - [27/Apr/2025:18:46:32 -0400] "GET /sports-men-shoes-16f4i HTTP/1.1" 200 21073 "-" "Mozilla/5.0 AppleWebKit/537.36 (KHTML, like Gecko; compatible; bingbot/2.0; +http://www.bing.com/bingbot.htm) Chrome/116.0.1938.76 Safari/537.36"
85.208.96.208 - - [27/Apr/2025:18:46:40 -0400] "GET /db.php/fashion/others/9990212976607.shtml HTTP/1.1" 200 0 "-" "Mozilla/5.0 (compatible; SemrushBot/7~bl; +http://www.semrush.com/bot.html)"
52.167.144.215 - - [27/Apr/2025:18:47:22 -0400] "GET /bicycles-safety-fq4b HTTP/1.1" 200 21310 "-" "Mozilla/5.0 AppleWebKit/537.36 (KHTML, like Gecko; compatible; bingbot/2.0; +http://www.bing.com/bingbot.htm) Chrome/116.0.1938.76 Safari/537.36"
52.167.144.215 - - [27/Apr/2025:18:47:52 -0400] "GET /diy-end-mills-smi1 HTTP/1.1" 200 20953 "-" "Mozilla/5.0 AppleWebKit/537.36 (KHTML, like Gecko; compatible; bingbot/2.0; +http://www.bing.com/bingbot.htm) Chrome/116.0.1938.76 Safari/537.36"
52.167.144.215 - - [27/Apr/2025:18:48:03 -0400] "GET /tickets-shopping-38yc HTTP/1.1" 200 21367 "-" "Mozilla/5.0 AppleWebKit/537.36 (KHTML, like Gecko; compatible; bingbot/2.0; +http://www.bing.com/bingbot.htm) Chrome/116.0.1938.76 Safari/537.36"
85.208.96.197 - - [27/Apr/2025:18:48:13 -0400] "GET /db.php/home-appliances/vacuum-cleaners/9500320125039.shtml HTTP/1.1" 200 0 "-" "Mozilla/5.0 (compatible; SemrushBot/7~bl; +http://www.semrush.com/bot.html)"
85.208.96.204 - - [27/Apr/2025:18:48:27 -0400] "GET /db.php/art/cosplay-costumes/18670472708883.shtml HTTP/1.1" 200 0 "-" "Mozilla/5.0 (compatible; SemrushBot/7~bl; +http://www.semrush.com/bot.html)"
85.208.96.196 - - [27/Apr/2025:18:48:28 -0400] "GET /db.php/fashion/dresses/9810021910143.shtml HTTP/1.1" 200 0 "-" "Mozilla/5.0 (compatible; SemrushBot/7~bl; +http://www.semrush.com/bot.html)"
185.191.171.16 - - [27/Apr/2025:18:49:02 -0400] "GET /db.php/travel-supplies/rods/8880033860828.shtml HTTP/1.1" 200 0 "-" "Mozilla/5.0 (compatible; SemrushBot/7~bl; +http://www.semrush.com/bot.html)"
185.191.171.17 - - [27/Apr/2025:18:49:12 -0400] "GET /db.php/cosmetics/cosmetic-accessories/17380282720013.shtml HTTP/1.1" 200 0 "-" "Mozilla/5.0 (compatible; SemrushBot/7~bl; +http://www.semrush.com/bot.html)"
85.208.96.196 - - [27/Apr/2025:18:49:13 -0400] "GET /db.php/home-appliances/lighters/9370573180918.shtml HTTP/1.1" 200 0 "-" "Mozilla/5.0 (compatible; SemrushBot/7~bl; +http://www.semrush.com/bot.html)"
185.191.171.11 - - [27/Apr/2025:18:49:19 -0400] "GET /db.php/toys/anime/13250170871906.shtml HTTP/1.1" 200 0 "-" "Mozilla/5.0 (compatible; SemrushBot/7~bl; +http://www.semrush.com/bot.html)"
85.208.96.210 - - [27/Apr/2025:18:49:28 -0400] "GET /db.php/tv/lenses/14610292854770.shtml HTTP/1.1" 200 0 "-" "Mozilla/5.0 (compatible; SemrushBot/7~bl; +http://www.semrush.com/bot.html)"
85.208.96.205 - - [27/Apr/2025:18:49:33 -0400] "GET /db.php/travel-supplies/rods/8880090855371.shtml HTTP/1.1" 200 0 "-" "Mozilla/5.0 (compatible; SemrushBot/7~bl; +http://www.semrush.com/bot.html)"
207.46.13.116 - - [27/Apr/2025:18:49:42 -0400] "GET /cosmetics-others-2frwx HTTP/1.1" 200 21352 "-" "Mozilla/5.0 AppleWebKit/537.36 (KHTML, like Gecko; compatible; bingbot/2.0; +http://www.bing.com/bingbot.htm) Chrome/116.0.1938.76 Safari/537.36"
207.46.13.116 - - [27/Apr/2025:18:49:42 -0400] "GET /furniture-tv-stands-1dnro HTTP/1.1" 200 21003 "-" "Mozilla/5.0 AppleWebKit/537.36 (KHTML, like Gecko; compatible; bingbot/2.0; +http://www.bing.com/bingbot.htm) Chrome/116.0.1938.76 Safari/537.36"
185.191.171.4 - - [27/Apr/2025:18:49:50 -0400] "GET /db.php/computers/others/750102445146.shtml HTTP/1.1" 200 0 "-" "Mozilla/5.0 (compatible; SemrushBot/7~bl; +http://www.semrush.com/bot.html)"
185.191.171.7 - - [27/Apr/2025:18:49:54 -0400] "GET /db.php/musical-instruments/guitars/18390551983650.shtml HTTP/1.1" 200 0 "-" "Mozilla/5.0 (compatible; SemrushBot/7~bl; +http://www.semrush.com/bot.html)"
199.188.205.55 - - [27/Apr/2025:18:50:02 -0400] "POST /wp-cron.php?doing_wp_cron=1745794202.8116118907928466796875 HTTP/1.1" 200 0 "-" "WordPress/6.2.6; http://rupalake.org.np"
51.222.253.10 - - [27/Apr/2025:18:50:01 -0400] "GET /fashion/bags/9750111403666 HTTP/1.1" 404 7439 "-" "Mozilla/5.0 (compatible; AhrefsBot/7.0; +http://ahrefs.com/robot/)"
185.191.171.11 - - [27/Apr/2025:18:50:05 -0400] "GET /db.php/fishing/tarps/8780493531793.shtml HTTP/1.1" 200 0 "-" "Mozilla/5.0 (compatible; SemrushBot/7~bl; +http://www.semrush.com/bot.html)"
85.208.96.211 - - [27/Apr/2025:18:50:07 -0400] "GET /db.php/fashion/dresses/9810421533591.shtml HTTP/1.1" 200 0 "-" "Mozilla/5.0 (compatible; SemrushBot/7~bl; +http://www.semrush.com/bot.html)"
185.191.171.3 - - [27/Apr/2025:18:50:09 -0400] "GET /db.php/art/furniture/18660260877512.shtml HTTP/1.1" 200 0 "-" "Mozilla/5.0 (compatible; SemrushBot/7~bl; +http://www.semrush.com/bot.html)"
185.191.171.9 - - [27/Apr/2025:18:50:11 -0400] "GET /db.php/beauty/facial-wash/17670141194974.shtml HTTP/1.1" 200 0 "-" "Mozilla/5.0 (compatible; SemrushBot/7~bl; +http://www.semrush.com/bot.html)"
85.208.96.211 - - [27/Apr/2025:18:50:12 -0400] "GET /db.php/fashion/tops/9730171588501.shtml HTTP/1.1" 200 0 "-" "Mozilla/5.0 (compatible; SemrushBot/7~bl; +http://www.semrush.com/bot.html)"
185.191.171.19 - - [27/Apr/2025:18:50:15 -0400] "GET /db.php/travel-supplies/outdoor-precision-equipment/8920440110959.shtml HTTP/1.1" 200 0 "-" "Mozilla/5.0 (compatible; SemrushBot/7~bl; +http://www.semrush.com/bot.html)"
157.55.39.57 - - [27/Apr/2025:18:50:32 -0400] "GET /blu-ray-western-music-2g7v7 HTTP/1.1" 200 22009 "-" "Mozilla/5.0 AppleWebKit/537.36 (KHTML, like Gecko; compatible; bingbot/2.0; +http://www.bing.com/bingbot.htm) Chrome/116.0.1938.76 Safari/537.36"
185.191.171.9 - - [27/Apr/2025:18:50:37 -0400] "GET /db.php/handicrafts/hanger-racks/12130022019326.shtml HTTP/1.1" 200 0 "-" "Mozilla/5.0 (compatible; SemrushBot/7~bl; +http://www.semrush.com/bot.html)"
185.191.171.12 - - [27/Apr/2025:18:50:44 -0400] "GET /db.php/beauty/eyeshadow/17340454029874.shtml HTTP/1.1" 200 0 "-" "Mozilla/5.0 (compatible; SemrushBot/7~bl; +http://www.semrush.com/bot.html)"
185.191.171.13 - - [27/Apr/2025:18:50:56 -0400] "GET /db.php/computers/smartphones/680122725622.shtml HTTP/1.1" 200 0 "-" "Mozilla/5.0 (compatible; SemrushBot/7~bl; +http://www.semrush.com/bot.html)"
52.167.144.160 - - [27/Apr/2025:18:51:12 -0400] "GET /fashion-accessories-2c5qe HTTP/1.1" 200 21974 "-" "Mozilla/5.0 AppleWebKit/537.36 (KHTML, like Gecko; compatible; bingbot/2.0; +http://www.bing.com/bingbot.htm) Chrome/116.0.1938.76 Safari/537.36"
157.55.39.57 - - [27/Apr/2025:18:51:42 -0400] "GET /outdoor-cooler-boxes-16io4 HTTP/1.1" 200 21859 "-" "Mozilla/5.0 AppleWebKit/537.36 (KHTML, like Gecko; compatible; bingbot/2.0; +http://www.bing.com/bingbot.htm) Chrome/116.0.1938.76 Safari/537.36"
157.55.39.57 - - [27/Apr/2025:18:51:43 -0400] "GET /fashion-accessories-1h88q HTTP/1.1" 200 20629 "-" "Mozilla/5.0 AppleWebKit/537.36 (KHTML, like Gecko; compatible; bingbot/2.0; +http://www.bing.com/bingbot.htm) Chrome/116.0.1938.76 Safari/537.36"
185.191.171.7 - - [27/Apr/2025:18:51:53 -0400] "GET /db.php/air-conditioning/smoking-accessories/9370202939653.shtml HTTP/1.1" 200 0 "-" "Mozilla/5.0 (compatible; SemrushBot/7~bl; +http://www.semrush.com/bot.html)"
157.55.39.57 - - [27/Apr/2025:18:51:54 -0400] "GET /home-appliances-clothes-dryers-nh0w HTTP/1.1" 200 21049 "-" "Mozilla/5.0 AppleWebKit/537.36 (KHTML, like Gecko; compatible; bingbot/2.0; +http://www.bing.com/bingbot.htm) Chrome/116.0.1938.76 Safari/537.36"
85.208.96.200 - - [27/Apr/2025:18:52:07 -0400] "GET /db.php/wiscellaneous/wallets/20020271020808.shtml HTTP/1.1" 200 0 "-" "Mozilla/5.0 (compatible; SemrushBot/7~bl; +http://www.semrush.com/bot.html)"
40.77.167.33 - - [27/Apr/2025:18:52:13 -0400] "GET /home-appliances-vacuum-cleaners-2mhlw HTTP/1.1" 200 21183 "-" "Mozilla/5.0 AppleWebKit/537.36 (KHTML, like Gecko; compatible; bingbot/2.0; +http://www.bing.com/bingbot.htm) Chrome/116.0.1938.76 Safari/537.36"
185.191.171.5 - - [27/Apr/2025:18:52:31 -0400] "GET /db.php/flowers/other-houseplants/3110293861545.shtml HTTP/1.1" 200 0 "-" "Mozilla/5.0 (compatible; SemrushBot/7~bl; +http://www.semrush.com/bot.html)"
85.208.96.200 - - [27/Apr/2025:18:53:02 -0400] "GET /db.php/beauty/shampoo/17530022139198.shtml HTTP/1.1" 200 0 "-" "Mozilla/5.0 (compatible; SemrushBot/7~bl; +http://www.semrush.com/bot.html)"
185.191.171.10 - - [27/Apr/2025:18:53:10 -0400] "GET /db.php/cosmetics/unisex-perfumes/17290050575744.shtml HTTP/1.1" 200 0 "-" "Mozilla/5.0 (compatible; SemrushBot/7~bl; +http://www.semrush.com/bot.html)"
185.191.171.10 - - [27/Apr/2025:18:53:16 -0400] "GET /db.php/hobbies/others/19070052926797.shtml HTTP/1.1" 200 0 "-" "Mozilla/5.0 (compatible; SemrushBot/7~bl; +http://www.semrush.com/bot.html)"
