207.46.13.107 - - [27/Apr/2025:08:15:40 -0400] "GET /art/crafts/18440240535278 HTTP/1.1" 200 21034 "-" "Mozilla/5.0 AppleWebKit/537.36 (KHTML, like Gecko; compatible; bingbot/2.0; +http://www.bing.com/bingbot.htm) Chrome/116.0.1938.76 Safari/537.36"
85.208.96.195 - - [27/Apr/2025:08:15:58 -0400] "GET /db.php/manga/boys-manga/16870561267027.shtml HTTP/1.1" 200 0 "-" "Mozilla/5.0 (compatible; SemrushBot/7~bl; +http://www.semrush.com/bot.html)"
185.191.171.13 - - [27/Apr/2025:08:16:07 -0400] "GET /db.php/motorcycles/car-navigation-systems/18290351029165.shtml HTTP/1.1" 200 0 "-" "Mozilla/5.0 (compatible; SemrushBot/7~bl; +http://www.semrush.com/bot.html)"
85.208.96.197 - - [27/Apr/2025:08:16:14 -0400] "GET /db.php/bicycles/parts/18220341579961.shtml HTTP/1.1" 200 0 "-" "Mozilla/5.0 (compatible; SemrushBot/7~bl; +http://www.semrush.com/bot.html)"
85.208.96.207 - - [27/Apr/2025:08:16:35 -0400] "GET /db.php/fashion/accessories/9760053275599.shtml HTTP/1.1" 200 0 "-" "Mozilla/5.0 (compatible; SemrushBot/7~bl; +http://www.semrush.com/bot.html)"
40.77.167.254 - - [27/Apr/2025:08:16:43 -0400] "GET /games-plush-toys-ogab HTTP/1.1" 200 21055 "-" "Mozilla/5.0 AppleWebKit/537.36 (KHTML, like Gecko; compatible; bingbot/2.0; +http://www.bing.com/bingbot.htm) Chrome/116.0.1938.76 Safari/537.36"
85.208.96.197 - - [27/Apr/2025:08:16:48 -0400] "GET /db.php/goods/american-comics/13780343354283.shtml HTTP/1.1" 200 0 "-" "Mozilla/5.0 (compatible; SemrushBot/7~bl; +http://www.semrush.com/bot.html)"
185.191.171.9 - - [27/Apr/2025:08:16:53 -0400] "GET /db.php/tools/epoxy-adhesives/6900522578710.shtml HTTP/1.1" 200 0 "-" "Mozilla/5.0 (compatible; SemrushBot/7~bl; +http://www.semrush.com/bot.html)"
66.249.68.67 - - [27/Apr/2025:08:17:25 -0400] "GET /flowers/other-succulents/3280431110059 HTTP/1.1" 200 20669 "-" "Mozilla/5.0 (Linux; Android 6.0.1; Nexus 5X Build/MMB29P) AppleWebKit/537.36 (KHTML, like Gecko) Chrome/135.0.7049.95 Mobile Safari/537.36 (compatible; GoogleOther)"
85.208.96.210 - - [27/Apr/2025:08:17:28 -0400] "GET /db.php/fashion/accessories/9760331904837.shtml HTTP/1.1" 200 0 "-" "Mozilla/5.0 (compatible; SemrushBot/7~bl; +http://www.semrush.com/bot.html)"
66.249.68.67 - - [27/Apr/2025:08:17:34 -0400] "POST /get-message-notify HTTP/1.1" 200 20955 "http://rupalake.org.np/flowers/other-succulents/3280431110059" "Mozilla/5.0 (Linux; Android 6.0.1; Nexus 5X Build/MMB29P) AppleWebKit/537.36 (KHTML, like Gecko) Chrome/134.0.6998.165 Mobile Safari/537.36 (compatible; Googlebot/2.1; +http://www.google.com/bot.html)"
185.191.171.17 - - [27/Apr/2025:08:17:43 -0400] "GET /db.php/fashion/yukata/9790361007850.shtml HTTP/1.1" 200 0 "-" "Mozilla/5.0 (compatible; SemrushBot/7~bl; +http://www.semrush.com/bot.html)"
185.191.171.8 - - [27/Apr/2025:08:17:48 -0400] "GET /db.php/fishing/rods/8880451884292.shtml HTTP/1.1" 200 0 "-" "Mozilla/5.0 (compatible; SemrushBot/7~bl; +http://www.semrush.com/bot.html)"
185.191.171.19 - - [27/Apr/2025:08:18:01 -0400] "GET /db.php/tickets/drink-tickets/8350362960884.shtml HTTP/1.1" 200 0 "-" "Mozilla/5.0 (compatible; SemrushBot/7~bl; +http://www.semrush.com/bot.html)"
185.191.171.18 - - [27/Apr/2025:08:18:05 -0400] "GET /db.php/travel-supplies/security-supplies/8870152655121.shtml HTTP/1.1" 200 0 "-" "Mozilla/5.0 (compatible; SemrushBot/7~bl; +http://www.semrush.com/bot.html)"
52.167.144.20 - - [27/Apr/2025:08:18:08 -0400] "GET /art-collections-2c88d HTTP/1.1" 200 20857 "-" "Mozilla/5.0 AppleWebKit/537.36 (KHTML, like Gecko; compatible; bingbot/2.0; +http://www.bing.com/bingbot.htm) Chrome/116.0.1938.76 Safari/537.36"
185.191.171.2 - - [27/Apr/2025:08:18:27 -0400] "GET /db.php/bicycles/parts/18220242105316.shtml HTTP/1.1" 200 0 "-" "Mozilla/5.0 (compatible; SemrushBot/7~bl; +http://www.semrush.com/bot.html)"
185.191.171.7 - - [27/Apr/2025:08:18:29 -0400] "GET /db.php/furniture/zabuton-cushions/4730470695836.shtml HTTP/1.1" 200 0 "-" "Mozilla/5.0 (compatible; SemrushBot/7~bl; +http://www.semrush.com/bot.html)"
185.191.171.17 - - [27/Apr/2025:08:18:37 -0400] "GET /db.php/musical-instruments/calligraphy/18690542273684.shtml HTTP/1.1" 200 0 "-" "Mozilla/5.0 (compatible; SemrushBot/7~bl; +http://www.semrush.com/bot.html)"
185.191.171.1 - - [27/Apr/2025:08:18:41 -0400] "GET /db.php/travel-supplies/clothing/9140223462777.shtml HTTP/1.1" 200 0 "-" "Mozilla/5.0 (compatible; SemrushBot/7~bl; +http://www.semrush.com/bot.html)"
85.208.96.202 - - [27/Apr/2025:08:18:43 -0400] "GET /db.php/toys/pins/13430360886586.shtml HTTP/1.1" 200 0 "-" "Mozilla/5.0 (compatible; SemrushBot/7~bl; +http://www.semrush.com/bot.html)"
66.249.68.67 - - [27/Apr/2025:08:18:47 -0400] "GET /flowers/fake-greenery/3200282007926 HTTP/1.1" 200 21889 "-" "Mozilla/5.0 (Linux; Android 6.0.1; Nexus 5X Build/MMB29P) AppleWebKit/537.36 (KHTML, like Gecko) Chrome/135.0.7049.95 Mobile Safari/537.36 (compatible; GoogleOther)"
185.191.171.12 - - [27/Apr/2025:08:18:48 -0400] "GET /db.php/hobbies/others/19070233003759.shtml HTTP/1.1" 200 0 "-" "Mozilla/5.0 (compatible; SemrushBot/7~bl; +http://www.semrush.com/bot.html)"
185.191.171.14 - - [27/Apr/2025:08:18:51 -0400] "GET /db.php/blu-ray/variety-shows/15070042764785.shtml HTTP/1.1" 200 0 "-" "Mozilla/5.0 (compatible; SemrushBot/7~bl; +http://www.semrush.com/bot.html)"
199.188.205.55 - - [27/Apr/2025:08:18:53 -0400] "POST /wp-cron.php?doing_wp_cron=1745756332.8929440975189208984375 HTTP/1.1" 200 0 "-" "WordPress/6.2.6; http://rupalake.org.np"
51.222.253.14 - - [27/Apr/2025:08:18:52 -0400] "GET /smartphones/cpu/840160703472 HTTP/1.1" 404 7439 "-" "Mozilla/5.0 (compatible; AhrefsBot/7.0; +http://ahrefs.com/robot/)"
185.191.171.12 - - [27/Apr/2025:08:19:04 -0400] "GET /db.php/fashion/bags/9750210815930.shtml HTTP/1.1" 200 0 "-" "Mozilla/5.0 (compatible; SemrushBot/7~bl; +http://www.semrush.com/bot.html)"
85.208.96.205 - - [27/Apr/2025:08:19:26 -0400] "GET /db.php/fashion/tops/9730102710324.shtml HTTP/1.1" 200 0 "-" "Mozilla/5.0 (compatible; SemrushBot/7~bl; +http://www.semrush.com/bot.html)"
66.249.68.66 - - [27/Apr/2025:08:19:29 -0400] "POST /get-message-notify HTTP/1.1" 200 20853 "http://rupalake.org.np/flowers/fake-greenery/3200282007926" "Mozilla/5.0 (Linux; Android 6.0.1; Nexus 5X Build/MMB29P) AppleWebKit/537.36 (KHTML, like Gecko) Chrome/134.0.6998.165 Mobile Safari/537.36 (compatible; Googlebot/2.1; +http://www.google.com/bot.html)"
199.188.205.55 - - [27/Apr/2025:08:19:50 -0400] "POST /wp-cron.php?doing_wp_cron=1745756390.4844169616699218750000 HTTP/1.1" 200 0 "-" "WordPress/6.2.6; http://rupalake.org.np"
205.210.31.38 - - [27/Apr/2025:08:19:50 -0400] "GET / HTTP/1.1" 200 46422 "-" "-"
66.249.68.67 - - [27/Apr/2025:08:20:06 -0400] "GET /flowers/agave/2990432225363 HTTP/1.1" 200 20624 "-" "Mozilla/5.0 (Linux; Android 6.0.1; Nexus 5X Build/MMB29P) AppleWebKit/537.36 (KHTML, like Gecko) Chrome/135.0.7049.95 Mobile Safari/537.36 (compatible; GoogleOther)"
85.208.96.200 - - [27/Apr/2025:08:20:13 -0400] "GET /db.php/fashion/outerwear/9720083681023.shtml HTTP/1.1" 200 0 "-" "Mozilla/5.0 (compatible; SemrushBot/7~bl; +http://www.semrush.com/bot.html)"
85.208.96.208 - - [27/Apr/2025:08:20:22 -0400] "GET /db.php/handicrafts/fabrics/11420423568676.shtml HTTP/1.1" 200 0 "-" "Mozilla/5.0 (compatible; SemrushBot/7~bl; +http://www.semrush.com/bot.html)"
66.249.68.67 - - [27/Apr/2025:08:20:25 -0400] "POST /get-message-notify HTTP/1.1" 200 20804 "http://rupalake.org.np/flowers/agave/2990432225363" "Mozilla/5.0 (Linux; Android 6.0.1; Nexus 5X Build/MMB29P) AppleWebKit/537.36 (KHTML, like Gecko) Chrome/134.0.6998.165 Mobile Safari/537.36 (compatible; Googlebot/2.1; +http://www.google.com/bot.html)"
85.208.96.208 - - [27/Apr/2025:08:20:26 -0400] "GET /db.php/alcohol/whiskey/9160261220180.shtml HTTP/1.1" 200 0 "-" "Mozilla/5.0 (compatible; SemrushBot/7~bl; +http://www.semrush.com/bot.html)"
185.191.171.13 - - [27/Apr/2025:08:20:44 -0400] "GET /db.php/fashion/shoes/9740251641404.shtml HTTP/1.1" 200 0 "-" "Mozilla/5.0 (compatible; SemrushBot/7~bl; +http://www.semrush.com/bot.html)"
185.191.171.10 - - [27/Apr/2025:08:20:53 -0400] "GET /db.php/tops/sweatshirt/20320433080805.shtml HTTP/1.1" 200 0 "-" "Mozilla/5.0 (compatible; SemrushBot/7~bl; +http://www.semrush.com/bot.html)"
85.208.96.206 - - [27/Apr/2025:08:21:06 -0400] "GET /db.php/sports/men-shoes/1840032135535.shtml HTTP/1.1" 200 0 "-" "Mozilla/5.0 (compatible; SemrushBot/7~bl; +http://www.semrush.com/bot.html)"
66.249.68.67 - - [27/Apr/2025:08:21:29 -0400] "GET /flowers/tuberous-plants/3090250612540 HTTP/1.1" 200 21287 "-" "Mozilla/5.0 (Linux; Android 6.0.1; Nexus 5X Build/MMB29P) AppleWebKit/537.36 (KHTML, like Gecko) Chrome/135.0.7049.95 Mobile Safari/537.36 (compatible; GoogleOther)"
185.191.171.2 - - [27/Apr/2025:08:21:33 -0400] "GET /db.php/goods/pokemon-card-games/13260591558374.shtml HTTP/1.1" 200 0 "-" "Mozilla/5.0 (compatible; SemrushBot/7~bl; +http://www.semrush.com/bot.html)"
52.167.144.20 - - [27/Apr/2025:08:21:36 -0400] "GET /tickets-amusement-parks-1whq5 HTTP/1.1" 200 21775 "-" "Mozilla/5.0 AppleWebKit/537.36 (KHTML, like Gecko; compatible; bingbot/2.0; +http://www.bing.com/bingbot.htm) Chrome/116.0.1938.76 Safari/537.36"
66.249.68.66 - - [27/Apr/2025:08:21:40 -0400] "POST /get-message-notify HTTP/1.1" 200 21005 "http://rupalake.org.np/flowers/tuberous-plants/3090250612540" "Mozilla/5.0 (Linux; Android 6.0.1; Nexus 5X Build/MMB29P) AppleWebKit/537.36 (KHTML, like Gecko) Chrome/134.0.6998.165 Mobile Safari/537.36 (compatible; Googlebot/2.1; +http://www.google.com/bot.html)"
85.208.96.205 - - [27/Apr/2025:08:21:43 -0400] "GET /db.php/fashion/watches/9800572647034.shtml HTTP/1.1" 200 0 "-" "Mozilla/5.0 (compatible; SemrushBot/7~bl; +http://www.semrush.com/bot.html)"
185.191.171.17 - - [27/Apr/2025:08:21:47 -0400] "GET /db.php/diy/mini-routers/6490060477654.shtml HTTP/1.1" 200 0 "-" "Mozilla/5.0 (compatible; SemrushBot/7~bl; +http://www.semrush.com/bot.html)"
85.208.96.209 - - [27/Apr/2025:08:21:49 -0400] "GET /db.php/bicycles/motorcycle-wear/18310571222281.shtml HTTP/1.1" 200 0 "-" "Mozilla/5.0 (compatible; SemrushBot/7~bl; +http://www.semrush.com/bot.html)"
85.208.96.199 - - [27/Apr/2025:08:22:08 -0400] "GET /db.php/cameras/other/14850013615491.shtml HTTP/1.1" 200 0 "-" "Mozilla/5.0 (compatible; SemrushBot/7~bl; +http://www.semrush.com/bot.html)"
185.191.171.14 - - [27/Apr/2025:08:22:15 -0400] "GET /db.php/dresses/dresses/20940090930457.shtml HTTP/1.1" 200 0 "-" "Mozilla/5.0 (compatible; SemrushBot/7~bl; +http://www.semrush.com/bot.html)"
185.191.171.2 - - [27/Apr/2025:08:22:29 -0400] "GET /db.php/fashion/jackets/9720331466726.shtml HTTP/1.1" 200 0 "-" "Mozilla/5.0 (compatible; SemrushBot/7~bl; +http://www.semrush.com/bot.html)"
85.208.96.209 - - [27/Apr/2025:08:22:40 -0400] "GET /db.php/handicrafts/wall/11580511602759.shtml HTTP/1.1" 200 0 "-" "Mozilla/5.0 (compatible; SemrushBot/7~bl; +http://www.semrush.com/bot.html)"
85.208.96.193 - - [27/Apr/2025:08:22:45 -0400] "GET /db.php/fashion/bags/9750183184467.shtml HTTP/1.1" 200 0 "-" "Mozilla/5.0 (compatible; SemrushBot/7~bl; +http://www.semrush.com/bot.html)"
85.208.96.211 - - [27/Apr/2025:08:22:46 -0400] "GET /db.php/pet-supplies/dog-clothes/7400581829895.shtml HTTP/1.1" 200 0 "-" "Mozilla/5.0 (compatible; SemrushBot/7~bl; +http://www.semrush.com/bot.html)"
66.249.68.66 - - [27/Apr/2025:08:23:01 -0400] "GET /flowers/agave/2990352823337 HTTP/1.1" 200 21351 "-" "Mozilla/5.0 (Linux; Android 6.0.1; Nexus 5X Build/MMB29P) AppleWebKit/537.36 (KHTML, like Gecko) Chrome/135.0.7049.95 Mobile Safari/537.36 (compatible; GoogleOther)"
85.208.96.198 - - [27/Apr/2025:08:23:05 -0400] "GET /db.php/computers/smartphones/680513546734.shtml HTTP/1.1" 200 0 "-" "Mozilla/5.0 (compatible; SemrushBot/7~bl; +http://www.semrush.com/bot.html)"
52.167.144.20 - - [27/Apr/2025:08:23:05 -0400] "GET /computers-display-867m HTTP/1.1" 200 20657 "-" "Mozilla/5.0 AppleWebKit/537.36 (KHTML, like Gecko; compatible; bingbot/2.0; +http://www.bing.com/bingbot.htm) Chrome/116.0.1938.76 Safari/537.36"
85.208.96.193 - - [27/Apr/2025:08:23:07 -0400] "GET /db.php/tablets/ipads/700243539352.shtml HTTP/1.1" 200 0 "-" "Mozilla/5.0 (compatible; SemrushBot/7~bl; +http://www.semrush.com/bot.html)"
66.249.68.66 - - [27/Apr/2025:08:23:10 -0400] "POST /get-message-notify HTTP/1.1" 200 20871 "http://rupalake.org.np/flowers/agave/2990352823337" "Mozilla/5.0 (Linux; Android 6.0.1; Nexus 5X Build/MMB29P) AppleWebKit/537.36 (KHTML, like Gecko) Chrome/134.0.6998.165 Mobile Safari/537.36 (compatible; Googlebot/2.1; +http://www.google.com/bot.html)"
185.191.171.13 - - [27/Apr/2025:08:23:11 -0400] "GET /db.php/fashion/outerwear/9720230238129.shtml HTTP/1.1" 200 0 "-" "Mozilla/5.0 (compatible; SemrushBot/7~bl; +http://www.semrush.com/bot.html)"
85.208.96.193 - - [27/Apr/2025:08:23:32 -0400] "GET /db.php/sports/caddy-bags/1670523635774.shtml HTTP/1.1" 200 0 "-" "Mozilla/5.0 (compatible; SemrushBot/7~bl; +http://www.semrush.com/bot.html)"
51.222.253.2 - - [27/Apr/2025:08:24:14 -0400] "GET /db.php/sitemap-4.xml HTTP/1.1" 200 34192 "-" "Mozilla/5.0 (compatible; AhrefsBot/7.0; +http://ahrefs.com/robot/)"
185.191.171.6 - - [27/Apr/2025:08:24:18 -0400] "GET /db.php/travel-supplies/reels/8770471595963.shtml HTTP/1.1" 200 0 "-" "Mozilla/5.0 (compatible; SemrushBot/7~bl; +http://www.semrush.com/bot.html)"
185.191.171.9 - - [27/Apr/2025:08:24:27 -0400] "GET /db.php/musical-instruments/guitars/18390421653238.shtml HTTP/1.1" 200 0 "-" "Mozilla/5.0 (compatible; SemrushBot/7~bl; +http://www.semrush.com/bot.html)"
66.249.68.66 - - [27/Apr/2025:08:24:30 -0400] "GET /flowers/fruit-trees/3000232857258 HTTP/1.1" 200 21682 "-" "Mozilla/5.0 (Linux; Android 6.0.1; Nexus 5X Build/MMB29P) AppleWebKit/537.36 (KHTML, like Gecko) Chrome/135.0.7049.95 Mobile Safari/537.36 (compatible; GoogleOther)"
85.208.96.200 - - [27/Apr/2025:08:24:41 -0400] "GET /db.php/fashion/accessories/9770343035152.shtml HTTP/1.1" 200 0 "-" "Mozilla/5.0 (compatible; SemrushBot/7~bl; +http://www.semrush.com/bot.html)"
185.191.171.17 - - [27/Apr/2025:08:24:52 -0400] "GET /db.php/tickets/baseball/8380600145090.shtml HTTP/1.1" 200 0 "-" "Mozilla/5.0 (compatible; SemrushBot/7~bl; +http://www.semrush.com/bot.html)"
85.208.96.194 - - [27/Apr/2025:08:24:55 -0400] "GET /db.php/fashion/accessories/9760143386824.shtml HTTP/1.1" 200 0 "-" "Mozilla/5.0 (compatible; SemrushBot/7~bl; +http://www.semrush.com/bot.html)"
85.208.96.206 - - [27/Apr/2025:08:25:21 -0400] "GET /db.php/handmade/basket-bags/11330442505411.shtml HTTP/1.1" 200 0 "-" "Mozilla/5.0 (compatible; SemrushBot/7~bl; +http://www.semrush.com/bot.html)"
157.55.39.194 - - [27/Apr/2025:08:25:30 -0400] "GET /hobbies-ukuleles-ga4e HTTP/1.1" 200 22176 "-" "Mozilla/5.0 AppleWebKit/537.36 (KHTML, like Gecko; compatible; bingbot/2.0; +http://www.bing.com/bingbot.htm) Chrome/116.0.1938.76 Safari/537.36"
157.55.39.194 - - [27/Apr/2025:08:25:31 -0400] "GET /tv-television-1xphj HTTP/1.1" 200 20901 "-" "Mozilla/5.0 AppleWebKit/537.36 (KHTML, like Gecko; compatible; bingbot/2.0; +http://www.bing.com/bingbot.htm) Chrome/116.0.1938.76 Safari/537.36"
185.191.171.10 - - [27/Apr/2025:08:25:41 -0400] "GET /db.php/fashion/accessories/9760344066193.shtml HTTP/1.1" 200 0 "-" "Mozilla/5.0 (compatible; SemrushBot/7~bl; +http://www.semrush.com/bot.html)"
185.191.171.18 - - [27/Apr/2025:08:25:47 -0400] "GET /db.php/sports/skiing/1740034022893.shtml HTTP/1.1" 200 0 "-" "Mozilla/5.0 (compatible; SemrushBot/7~bl; +http://www.semrush.com/bot.html)"
66.249.68.68 - - [27/Apr/2025:08:25:48 -0400] "GET /flowers/others/3840412512468 HTTP/1.1" 200 20975 "-" "Mozilla/5.0 (Linux; Android 6.0.1; Nexus 5X Build/MMB29P) AppleWebKit/537.36 (KHTML, like Gecko) Chrome/135.0.7049.95 Mobile Safari/537.36 (compatible; GoogleOther)"
66.249.68.67 - - [27/Apr/2025:08:25:52 -0400] "POST /get-message-notify HTTP/1.1" 200 20851 "http://rupalake.org.np/flowers/others/3840412512468" "Mozilla/5.0 (Linux; Android 6.0.1; Nexus 5X Build/MMB29P) AppleWebKit/537.36 (KHTML, like Gecko) Chrome/134.0.6998.165 Mobile Safari/537.36 (compatible; Googlebot/2.1; +http://www.google.com/bot.html)"
85.208.96.200 - - [27/Apr/2025:08:25:53 -0400] "GET /db.php/tv/earphones/14530103183899.shtml HTTP/1.1" 200 0 "-" "Mozilla/5.0 (compatible; SemrushBot/7~bl; +http://www.semrush.com/bot.html)"
85.208.96.203 - - [27/Apr/2025:08:26:04 -0400] "GET /db.php/computers/others/750511233091.shtml HTTP/1.1" 200 0 "-" "Mozilla/5.0 (compatible; SemrushBot/7~bl; +http://www.semrush.com/bot.html)"
85.208.96.206 - - [27/Apr/2025:08:26:13 -0400] "GET /db.php/fashion/outerwear/9720403833888.shtml HTTP/1.1" 200 0 "-" "Mozilla/5.0 (compatible; SemrushBot/7~bl; +http://www.semrush.com/bot.html)"
85.208.96.208 - - [27/Apr/2025:08:26:35 -0400] "GET /db.php/musical-instruments/crafts/18440312009029.shtml HTTP/1.1" 200 0 "-" "Mozilla/5.0 (compatible; SemrushBot/7~bl; +http://www.semrush.com/bot.html)"
185.191.171.5 - - [27/Apr/2025:08:26:40 -0400] "GET /db.php/bicycles/parts/18220470795374.shtml HTTP/1.1" 200 0 "-" "Mozilla/5.0 (compatible; SemrushBot/7~bl; +http://www.semrush.com/bot.html)"
85.208.96.206 - - [27/Apr/2025:08:26:43 -0400] "GET /db.php/audio/digital-cameras/14470312409282.shtml HTTP/1.1" 200 0 "-" "Mozilla/5.0 (compatible; SemrushBot/7~bl; +http://www.semrush.com/bot.html)"
157.55.39.194 - - [27/Apr/2025:08:26:44 -0400] "GET /cosmetics-serums-2coex HTTP/1.1" 200 20806 "-" "Mozilla/5.0 AppleWebKit/537.36 (KHTML, like Gecko; compatible; bingbot/2.0; +http://www.bing.com/bingbot.htm) Chrome/116.0.1938.76 Safari/537.36"
85.208.96.208 - - [27/Apr/2025:08:26:46 -0400] "GET /db.php/diy/hygrometers/5340152851984.shtml HTTP/1.1" 200 0 "-" "Mozilla/5.0 (compatible; SemrushBot/7~bl; +http://www.semrush.com/bot.html)"
85.208.96.205 - - [27/Apr/2025:08:27:05 -0400] "GET /db.php/dvds/japanese-movies/15000122137115.shtml HTTP/1.1" 200 0 "-" "Mozilla/5.0 (compatible; SemrushBot/7~bl; +http://www.semrush.com/bot.html)"
185.191.171.18 - - [27/Apr/2025:08:27:09 -0400] "GET /db.php/food/sweets/9180251301706.shtml HTTP/1.1" 200 0 "-" "Mozilla/5.0 (compatible; SemrushBot/7~bl; +http://www.semrush.com/bot.html)"
85.208.96.205 - - [27/Apr/2025:08:27:17 -0400] "GET /db.php/goods/musicians/13410413905575.shtml HTTP/1.1" 200 0 "-" "Mozilla/5.0 (compatible; SemrushBot/7~bl; +http://www.semrush.com/bot.html)"
85.208.96.210 - - [27/Apr/2025:08:27:21 -0400] "GET /db.php/jackets/mods-coat/20560322252440.shtml HTTP/1.1" 200 0 "-" "Mozilla/5.0 (compatible; SemrushBot/7~bl; +http://www.semrush.com/bot.html)"
66.249.68.68 - - [27/Apr/2025:08:27:34 -0400] "GET /flowers/tuberous-plants/3090021873236 HTTP/1.1" 200 21277 "-" "Mozilla/5.0 (Linux; Android 6.0.1; Nexus 5X Build/MMB29P) AppleWebKit/537.36 (KHTML, like Gecko) Chrome/135.0.7049.95 Mobile Safari/537.36 (compatible; GoogleOther)"
66.249.68.66 - - [27/Apr/2025:08:27:42 -0400] "POST /get-message-notify HTTP/1.1" 200 20970 "http://rupalake.org.np/flowers/tuberous-plants/3090021873236" "Mozilla/5.0 (Linux; Android 6.0.1; Nexus 5X Build/MMB29P) AppleWebKit/537.36 (KHTML, like Gecko) Chrome/134.0.6998.165 Mobile Safari/537.36 (compatible; Googlebot/2.1; +http://www.google.com/bot.html)"
85.208.96.200 - - [27/Apr/2025:08:27:42 -0400] "GET /db.php/cosmetics/unisex-perfumes/17290350256718.shtml HTTP/1.1" 200 0 "-" "Mozilla/5.0 (compatible; SemrushBot/7~bl; +http://www.semrush.com/bot.html)"
157.55.39.194 - - [27/Apr/2025:08:28:15 -0400] "GET /health-mugwort-steaming-22dcl HTTP/1.1" 200 20852 "-" "Mozilla/5.0 AppleWebKit/537.36 (KHTML, like Gecko; compatible; bingbot/2.0; +http://www.bing.com/bingbot.htm) Chrome/116.0.1938.76 Safari/537.36"
85.208.96.198 - - [27/Apr/2025:08:28:19 -0400] "GET /db.php/health/nursing-care-foods/10940461583710.shtml HTTP/1.1" 200 0 "-" "Mozilla/5.0 (compatible; SemrushBot/7~bl; +http://www.semrush.com/bot.html)"
157.55.39.194 - - [27/Apr/2025:08:28:20 -0400] "GET /gardening-cacti-1w67j HTTP/1.1" 200 20898 "-" "Mozilla/5.0 AppleWebKit/537.36 (KHTML, like Gecko; compatible; bingbot/2.0; +http://www.bing.com/bingbot.htm) Chrome/116.0.1938.76 Safari/537.36"
185.191.171.17 - - [27/Apr/2025:08:28:28 -0400] "GET /db.php/fashion/bags/9750282830441.shtml HTTP/1.1" 200 0 "-" "Mozilla/5.0 (compatible; SemrushBot/7~bl; +http://www.semrush.com/bot.html)"
185.191.171.4 - - [27/Apr/2025:08:28:53 -0400] "GET /db.php/outerwear/sukajan/20540243868867.shtml HTTP/1.1" 200 0 "-" "Mozilla/5.0 (compatible; SemrushBot/7~bl; +http://www.semrush.com/bot.html)"
185.191.171.18 - - [27/Apr/2025:08:28:56 -0400] "GET /db.php/fashion/jackets/9720060936313.shtml HTTP/1.1" 200 0 "-" "Mozilla/5.0 (compatible; SemrushBot/7~bl; +http://www.semrush.com/bot.html)"
85.208.96.209 - - [27/Apr/2025:08:28:57 -0400] "GET /db.php/outdoor/mountain-climbing/8830343738356.shtml HTTP/1.1" 200 0 "-" "Mozilla/5.0 (compatible; SemrushBot/7~bl; +http://www.semrush.com/bot.html)"
51.222.253.3 - - [27/Apr/2025:08:29:10 -0400] "GET /db.php/sitemap-9.xml HTTP/1.1" 200 34524 "-" "Mozilla/5.0 (compatible; AhrefsBot/7.0; +http://ahrefs.com/robot/)"
185.191.171.16 - - [27/Apr/2025:08:29:41 -0400] "GET /db.php/hobbies/collections/18450391976524.shtml HTTP/1.1" 200 0 "-" "Mozilla/5.0 (compatible; SemrushBot/7~bl; +http://www.semrush.com/bot.html)"
85.208.96.206 - - [27/Apr/2025:08:29:47 -0400] "GET /db.php/games/pokemon-card-games/13260330885212.shtml HTTP/1.1" 200 0 "-" "Mozilla/5.0 (compatible; SemrushBot/7~bl; +http://www.semrush.com/bot.html)"
85.208.96.198 - - [27/Apr/2025:08:29:48 -0400] "GET /db.php/fashion/outerwear/9720482559157.shtml HTTP/1.1" 200 0 "-" "Mozilla/5.0 (compatible; SemrushBot/7~bl; +http://www.semrush.com/bot.html)"
185.191.171.15 - - [27/Apr/2025:08:29:56 -0400] "GET /db.php/fashion/outerwear/9720212529989.shtml HTTP/1.1" 200 0 "-" "Mozilla/5.0 (compatible; SemrushBot/7~bl; +http://www.semrush.com/bot.html)"
85.208.96.211 - - [27/Apr/2025:08:30:13 -0400] "GET /db.php/tv/single-focus/14610183449542.shtml HTTP/1.1" 200 0 "-" "Mozilla/5.0 (compatible; SemrushBot/7~bl; +http://www.semrush.com/bot.html)"
85.208.96.205 - - [27/Apr/2025:08:30:14 -0400] "GET /db.php/flowers/tuberous-plants/3090293907565.shtml HTTP/1.1" 200 0 "-" "Mozilla/5.0 (compatible; SemrushBot/7~bl; +http://www.semrush.com/bot.html)"
185.191.171.11 - - [27/Apr/2025:08:30:19 -0400] "GET /db.php/food/whiskey/9160291709037.shtml HTTP/1.1" 200 0 "-" "Mozilla/5.0 (compatible; SemrushBot/7~bl; +http://www.semrush.com/bot.html)"
66.249.68.66 - - [27/Apr/2025:08:30:21 -0400] "GET /flowers/others/3840111055595 HTTP/1.1" 200 21011 "-" "Mozilla/5.0 (Linux; Android 6.0.1; Nexus 5X Build/MMB29P) AppleWebKit/537.36 (KHTML, like Gecko) Chrome/135.0.7049.95 Mobile Safari/537.36 (compatible; GoogleOther)"
185.191.171.10 - - [27/Apr/2025:08:30:44 -0400] "GET /db.php/toys/plush-toys/14460352416039.shtml HTTP/1.1" 200 0 "-" "Mozilla/5.0 (compatible; SemrushBot/7~bl; +http://www.semrush.com/bot.html)"
185.191.171.6 - - [27/Apr/2025:08:30:46 -0400] "GET /db.php/audio/earphones/14530373785006.shtml HTTP/1.1" 200 0 "-" "Mozilla/5.0 (compatible; SemrushBot/7~bl; +http://www.semrush.com/bot.html)"
185.191.171.9 - - [27/Apr/2025:08:30:51 -0400] "GET /db.php/etc./sake-bottles/15190090485639.shtml HTTP/1.1" 200 0 "-" "Mozilla/5.0 (compatible; SemrushBot/7~bl; +http://www.semrush.com/bot.html)"
185.191.171.7 - - [27/Apr/2025:08:31:19 -0400] "GET /db.php/outdoor/outdoor-wear/8830253254803.shtml HTTP/1.1" 200 0 "-" "Mozilla/5.0 (compatible; SemrushBot/7~bl; +http://www.semrush.com/bot.html)"
85.208.96.198 - - [27/Apr/2025:08:31:21 -0400] "GET /db.php/handicrafts/cases/11200321237315.shtml HTTP/1.1" 200 0 "-" "Mozilla/5.0 (compatible; SemrushBot/7~bl; +http://www.semrush.com/bot.html)"
185.191.171.16 - - [27/Apr/2025:08:31:26 -0400] "GET /db.php/fashion/outerwear/9720171919290.shtml HTTP/1.1" 200 0 "-" "Mozilla/5.0 (compatible; SemrushBot/7~bl; +http://www.semrush.com/bot.html)"
185.191.171.15 - - [27/Apr/2025:08:31:28 -0400] "GET /db.php/computers/printers/770022850710.shtml HTTP/1.1" 200 0 "-" "Mozilla/5.0 (compatible; SemrushBot/7~bl; +http://www.semrush.com/bot.html)"
66.249.68.67 - - [27/Apr/2025:08:31:48 -0400] "GET /art/hobby-radio-controlled-cars/18570042664419 HTTP/1.1" 200 20649 "-" "Mozilla/5.0 (Linux; Android 6.0.1; Nexus 5X Build/MMB29P) AppleWebKit/537.36 (KHTML, like Gecko) Chrome/135.0.7049.95 Mobile Safari/537.36 (compatible; GoogleOther)"
185.191.171.11 - - [27/Apr/2025:08:31:59 -0400] "GET /db.php/tablets/printers/770350586974.shtml HTTP/1.1" 200 0 "-" "Mozilla/5.0 (compatible; SemrushBot/7~bl; +http://www.semrush.com/bot.html)"
66.249.68.66 - - [27/Apr/2025:08:32:10 -0400] "POST /get-message-notify HTTP/1.1" 200 20868 "http://rupalake.org.np/art/hobby-radio-controlled-cars/18570042664419" "Mozilla/5.0 (Linux; Android 6.0.1; Nexus 5X Build/MMB29P) AppleWebKit/537.36 (KHTML, like Gecko) Chrome/134.0.6998.165 Mobile Safari/537.36 (compatible; Googlebot/2.1; +http://www.google.com/bot.html)"
185.191.171.14 - - [27/Apr/2025:08:32:53 -0400] "GET /robots.txt HTTP/1.1" 200 236 "-" "Mozilla/5.0 (compatible; SemrushBot/7~bl; +http://www.semrush.com/bot.html)"
185.191.171.1 - - [27/Apr/2025:08:32:54 -0400] "GET /db.php/bicycles/parts/18220511767580.shtml HTTP/1.1" 200 0 "-" "Mozilla/5.0 (compatible; SemrushBot/7~bl; +http://www.semrush.com/bot.html)"
66.249.68.66 - - [27/Apr/2025:08:32:55 -0400] "GET /flowers/agave/2990081317985 HTTP/1.1" 200 20569 "-" "Mozilla/5.0 (Linux; Android 6.0.1; Nexus 5X Build/MMB29P) AppleWebKit/537.36 (KHTML, like Gecko) Chrome/135.0.7049.95 Mobile Safari/537.36 (compatible; GoogleOther)"
185.191.171.9 - - [27/Apr/2025:08:33:05 -0400] "GET /db.php/pet-supplies/cooling-equipment/7510283704668.shtml HTTP/1.1" 200 0 "-" "Mozilla/5.0 (compatible; SemrushBot/7~bl; +http://www.semrush.com/bot.html)"
85.208.96.206 - - [27/Apr/2025:08:33:07 -0400] "GET /db.php/drinks/whiskey/9160033802612.shtml HTTP/1.1" 200 0 "-" "Mozilla/5.0 (compatible; SemrushBot/7~bl; +http://www.semrush.com/bot.html)"
185.191.171.15 - - [27/Apr/2025:08:33:09 -0400] "GET /db.php/fashion/accessories/9770232441528.shtml HTTP/1.1" 200 0 "-" "Mozilla/5.0 (compatible; SemrushBot/7~bl; +http://www.semrush.com/bot.html)"
185.191.171.16 - - [27/Apr/2025:08:33:34 -0400] "GET /db.php/fashion/tops/9730213057919.shtml HTTP/1.1" 200 0 "-" "Mozilla/5.0 (compatible; SemrushBot/7~bl; +http://www.semrush.com/bot.html)"
185.191.171.15 - - [27/Apr/2025:08:33:40 -0400] "GET /db.php/fashion/accessories/9770573888468.shtml HTTP/1.1" 200 0 "-" "Mozilla/5.0 (compatible; SemrushBot/7~bl; +http://www.semrush.com/bot.html)"
85.208.96.209 - - [27/Apr/2025:08:33:46 -0400] "GET /db.php/alcohol/powders/9210062042306.shtml HTTP/1.1" 200 0 "-" "Mozilla/5.0 (compatible; SemrushBot/7~bl; +http://www.semrush.com/bot.html)"
185.191.171.7 - - [27/Apr/2025:08:33:54 -0400] "GET /db.php/fashion/accessories/9760463876551.shtml HTTP/1.1" 200 0 "-" "Mozilla/5.0 (compatible; SemrushBot/7~bl; +http://www.semrush.com/bot.html)"
185.191.171.16 - - [27/Apr/2025:08:33:58 -0400] "GET /db.php/beauty/facial-cleanser/17400373994478.shtml HTTP/1.1" 200 0 "-" "Mozilla/5.0 (compatible; SemrushBot/7~bl; +http://www.semrush.com/bot.html)"
199.188.205.55 - - [27/Apr/2025:08:33:58 -0400] "POST /wp-cron.php?doing_wp_cron=1745757238.4773070812225341796875 HTTP/1.1" 200 0 "-" "WordPress/6.2.6; http://rupalake.org.np"
51.222.253.15 - - [27/Apr/2025:08:33:57 -0400] "GET /alcohol/whiskey/9160113619114 HTTP/1.1" 404 7439 "-" "Mozilla/5.0 (compatible; AhrefsBot/7.0; +http://ahrefs.com/robot/)"
85.208.96.209 - - [27/Apr/2025:08:34:14 -0400] "GET /db.php/sports/clubs/1610290923009.shtml HTTP/1.1" 200 0 "-" "Mozilla/5.0 (compatible; SemrushBot/7~bl; +http://www.semrush.com/bot.html)"
185.191.171.3 - - [27/Apr/2025:08:34:18 -0400] "GET /db.php/fashion/tops/9730591967390.shtml HTTP/1.1" 200 0 "-" "Mozilla/5.0 (compatible; SemrushBot/7~bl; +http://www.semrush.com/bot.html)"
157.55.39.53 - - [27/Apr/2025:08:34:23 -0400] "GET /air-conditioning-smoking-accessories-ss5x HTTP/1.1" 200 20717 "-" "Mozilla/5.0 AppleWebKit/537.36 (KHTML, like Gecko; compatible; bingbot/2.0; +http://www.bing.com/bingbot.htm) Chrome/116.0.1938.76 Safari/537.36"
185.191.171.9 - - [27/Apr/2025:08:34:35 -0400] "GET /db.php/toys/sports/14350263736444.shtml HTTP/1.1" 200 0 "-" "Mozilla/5.0 (compatible; SemrushBot/7~bl; +http://www.semrush.com/bot.html)"
85.208.96.209 - - [27/Apr/2025:08:34:44 -0400] "GET /db.php/travel-supplies/clothing/9140401359392.shtml HTTP/1.1" 200 0 "-" "Mozilla/5.0 (compatible; SemrushBot/7~bl; +http://www.semrush.com/bot.html)"
40.77.167.52 - - [27/Apr/2025:08:34:47 -0400] "GET /tickets-meal-tickets-2832 HTTP/1.1" 200 21168 "-" "Mozilla/5.0 AppleWebKit/537.36 (KHTML, like Gecko; compatible; bingbot/2.0; +http://www.bing.com/bingbot.htm) Chrome/116.0.1938.76 Safari/537.36"
185.191.171.9 - - [27/Apr/2025:08:34:48 -0400] "GET /db.php/fashion/dresses/9810362334361.shtml HTTP/1.1" 200 0 "-" "Mozilla/5.0 (compatible; SemrushBot/7~bl; +http://www.semrush.com/bot.html)"
66.249.68.68 - - [27/Apr/2025:08:34:49 -0400] "GET /flowers/houseplants/3180600739908 HTTP/1.1" 200 22020 "-" "Mozilla/5.0 (Linux; Android 6.0.1; Nexus 5X Build/MMB29P) AppleWebKit/537.36 (KHTML, like Gecko) Chrome/135.0.7049.95 Mobile Safari/537.36 (compatible; GoogleOther)"
85.208.96.211 - - [27/Apr/2025:08:34:58 -0400] "GET /db.php/smartphones/display/850160683217.shtml HTTP/1.1" 200 0 "-" "Mozilla/5.0 (compatible; SemrushBot/7~bl; +http://www.semrush.com/bot.html)"
185.191.171.3 - - [27/Apr/2025:08:35:22 -0400] "GET /db.php/fashion/accessories/9770401972493.shtml HTTP/1.1" 200 0 "-" "Mozilla/5.0 (compatible; SemrushBot/7~bl; +http://www.semrush.com/bot.html)"
185.191.171.16 - - [27/Apr/2025:08:35:25 -0400] "GET /db.php/motorcycles/parts/18220523223251.shtml HTTP/1.1" 200 0 "-" "Mozilla/5.0 (compatible; SemrushBot/7~bl; +http://www.semrush.com/bot.html)"
85.208.96.202 - - [27/Apr/2025:08:35:27 -0400] "GET /db.php/fashion/shoes/9740490266729.shtml HTTP/1.1" 200 0 "-" "Mozilla/5.0 (compatible; SemrushBot/7~bl; +http://www.semrush.com/bot.html)"
185.191.171.13 - - [27/Apr/2025:08:35:34 -0400] "GET /db.php/sports/clubs/1610063653241.shtml HTTP/1.1" 200 0 "-" "Mozilla/5.0 (compatible; SemrushBot/7~bl; +http://www.semrush.com/bot.html)"
52.167.144.203 - - [27/Apr/2025:08:36:05 -0400] "GET /goods-special-effects-1swev HTTP/1.1" 200 21836 "-" "Mozilla/5.0 AppleWebKit/537.36 (KHTML, like Gecko; compatible; bingbot/2.0; +http://www.bing.com/bingbot.htm) Chrome/116.0.1938.76 Safari/537.36"
185.191.171.17 - - [27/Apr/2025:08:36:05 -0400] "GET /db.php/pet-supplies/cat-food/7410471238104.shtml HTTP/1.1" 200 0 "-" "Mozilla/5.0 (compatible; SemrushBot/7~bl; +http://www.semrush.com/bot.html)"
66.249.68.68 - - [27/Apr/2025:08:36:20 -0400] "GET /flowers/agave/2990181491848 HTTP/1.1" 200 20690 "-" "Mozilla/5.0 (Linux; Android 6.0.1; Nexus 5X Build/MMB29P) AppleWebKit/537.36 (KHTML, like Gecko) Chrome/135.0.7049.95 Mobile Safari/537.36 (compatible; GoogleOther)"
66.249.68.66 - - [27/Apr/2025:08:36:32 -0400] "POST /get-message-notify HTTP/1.1" 200 20874 "http://rupalake.org.np/flowers/agave/2990181491848" "Mozilla/5.0 (Linux; Android 6.0.1; Nexus 5X Build/MMB29P) AppleWebKit/537.36 (KHTML, like Gecko) Chrome/134.0.6998.165 Mobile Safari/537.36 (compatible; Googlebot/2.1; +http://www.google.com/bot.html)"
40.77.167.126 - - [27/Apr/2025:08:36:44 -0400] "GET /fashion-accessories-2g2q4 HTTP/1.1" 200 21905 "-" "Mozilla/5.0 AppleWebKit/537.36 (KHTML, like Gecko; compatible; bingbot/2.0; +http://www.bing.com/bingbot.htm) Chrome/116.0.1938.76 Safari/537.36"
85.208.96.202 - - [27/Apr/2025:08:36:55 -0400] "GET /db.php/manga/medicine/16830133593801.shtml HTTP/1.1" 200 0 "-" "Mozilla/5.0 (compatible; SemrushBot/7~bl; +http://www.semrush.com/bot.html)"
40.77.167.126 - - [27/Apr/2025:08:37:06 -0400] "GET /cameras-lens-filters-tpuq HTTP/1.1" 200 21077 "-" "Mozilla/5.0 AppleWebKit/537.36 (KHTML, like Gecko; compatible; bingbot/2.0; +http://www.bing.com/bingbot.htm) Chrome/116.0.1938.76 Safari/537.36"
40.77.167.126 - - [27/Apr/2025:08:37:07 -0400] "GET /air-conditioning-lighters-hog8 HTTP/1.1" 200 21361 "-" "Mozilla/5.0 AppleWebKit/537.36 (KHTML, like Gecko; compatible; bingbot/2.0; +http://www.bing.com/bingbot.htm) Chrome/116.0.1938.76 Safari/537.36"
85.208.96.209 - - [27/Apr/2025:08:37:11 -0400] "GET /db.php/tools/construction-materials/5380101523189.shtml HTTP/1.1" 200 0 "-" "Mozilla/5.0 (compatible; SemrushBot/7~bl; +http://www.semrush.com/bot.html)"
85.208.96.204 - - [27/Apr/2025:08:37:12 -0400] "GET /db.php/food/wine/9170372149748.shtml HTTP/1.1" 200 0 "-" "Mozilla/5.0 (compatible; SemrushBot/7~bl; +http://www.semrush.com/bot.html)"
52.167.144.203 - - [27/Apr/2025:08:37:16 -0400] "GET /audio-television-xiyw HTTP/1.1" 200 21240 "-" "Mozilla/5.0 AppleWebKit/537.36 (KHTML, like Gecko; compatible; bingbot/2.0; +http://www.bing.com/bingbot.htm) Chrome/116.0.1938.76 Safari/537.36"
66.249.68.67 - - [27/Apr/2025:08:37:21 -0400] "GET /flowers/pothos/3050421027916 HTTP/1.1" 200 20958 "-" "Mozilla/5.0 (Linux; Android 6.0.1; Nexus 5X Build/MMB29P) AppleWebKit/537.36 (KHTML, like Gecko) Chrome/135.0.7049.95 Mobile Safari/537.36 (compatible; GoogleOther)"
66.249.68.67 - - [27/Apr/2025:08:37:25 -0400] "POST /get-message-notify HTTP/1.1" 200 20992 "http://rupalake.org.np/flowers/pothos/3050421027916" "Mozilla/5.0 (Linux; Android 6.0.1; Nexus 5X Build/MMB29P) AppleWebKit/537.36 (KHTML, like Gecko) Chrome/134.0.6998.165 Mobile Safari/537.36 (compatible; Googlebot/2.1; +http://www.google.com/bot.html)"
185.191.171.13 - - [27/Apr/2025:08:37:27 -0400] "GET /db.php/pet-supplies/dog-food/7380270820993.shtml HTTP/1.1" 200 0 "-" "Mozilla/5.0 (compatible; SemrushBot/7~bl; +http://www.semrush.com/bot.html)"
185.191.171.13 - - [27/Apr/2025:08:37:33 -0400] "GET /db.php/bicycles/wheels/18250042641826.shtml HTTP/1.1" 200 0 "-" "Mozilla/5.0 (compatible; SemrushBot/7~bl; +http://www.semrush.com/bot.html)"
185.191.171.3 - - [27/Apr/2025:08:37:42 -0400] "GET /db.php/diet/dextrin/10990272530504.shtml HTTP/1.1" 200 0 "-" "Mozilla/5.0 (compatible; SemrushBot/7~bl; +http://www.semrush.com/bot.html)"
85.208.96.198 - - [27/Apr/2025:08:37:49 -0400] "GET /db.php/fashion/pants/9780113565553.shtml HTTP/1.1" 200 0 "-" "Mozilla/5.0 (compatible; SemrushBot/7~bl; +http://www.semrush.com/bot.html)"
185.191.171.15 - - [27/Apr/2025:08:37:59 -0400] "GET /db.php/pet-supplies/other/7370220811925.shtml HTTP/1.1" 200 0 "-" "Mozilla/5.0 (compatible; SemrushBot/7~bl; +http://www.semrush.com/bot.html)"
185.191.171.5 - - [27/Apr/2025:08:38:03 -0400] "GET /db.php/etc./tumblers/15480590956906.shtml HTTP/1.1" 200 0 "-" "Mozilla/5.0 (compatible; SemrushBot/7~bl; +http://www.semrush.com/bot.html)"
85.208.96.193 - - [27/Apr/2025:08:38:15 -0400] "GET /db.php/fashion/jackets/9720012784557.shtml HTTP/1.1" 200 0 "-" "Mozilla/5.0 (compatible; SemrushBot/7~bl; +http://www.semrush.com/bot.html)"
185.191.171.3 - - [27/Apr/2025:08:38:23 -0400] "GET /db.php/fashion/dresses/9810253668678.shtml HTTP/1.1" 200 0 "-" "Mozilla/5.0 (compatible; SemrushBot/7~bl; +http://www.semrush.com/bot.html)"
66.249.68.68 - - [27/Apr/2025:08:38:41 -0400] "GET /dvds/japanese-music/14980022806921 HTTP/1.1" 200 21325 "-" "Mozilla/5.0 (Linux; Android 6.0.1; Nexus 5X Build/MMB29P) AppleWebKit/537.36 (KHTML, like Gecko) Chrome/135.0.7049.95 Mobile Safari/537.36 (compatible; GoogleOther)"
85.208.96.202 - - [27/Apr/2025:08:38:47 -0400] "GET /db.php/pants/pants/20280591313766.shtml HTTP/1.1" 200 0 "-" "Mozilla/5.0 (compatible; SemrushBot/7~bl; +http://www.semrush.com/bot.html)"
52.167.144.203 - - [27/Apr/2025:08:38:47 -0400] "GET /alcohol-others-5pxb HTTP/1.1" 200 21146 "-" "Mozilla/5.0 AppleWebKit/537.36 (KHTML, like Gecko; compatible; bingbot/2.0; +http://www.bing.com/bingbot.htm) Chrome/116.0.1938.76 Safari/537.36"
185.191.171.1 - - [27/Apr/2025:08:38:48 -0400] "GET /db.php/fashion/accessories/9760260957497.shtml HTTP/1.1" 200 0 "-" "Mozilla/5.0 (compatible; SemrushBot/7~bl; +http://www.semrush.com/bot.html)"
66.249.68.66 - - [27/Apr/2025:08:38:49 -0400] "POST /get-message-notify HTTP/1.1" 200 20646 "http://rupalake.org.np/dvds/japanese-music/14980022806921" "Mozilla/5.0 (Linux; Android 6.0.1; Nexus 5X Build/MMB29P) AppleWebKit/537.36 (KHTML, like Gecko) Chrome/134.0.6998.165 Mobile Safari/537.36 (compatible; Googlebot/2.1; +http://www.google.com/bot.html)"
185.191.171.3 - - [27/Apr/2025:08:38:58 -0400] "GET /db.php/handicrafts/tops/11110461349448.shtml HTTP/1.1" 200 0 "-" "Mozilla/5.0 (compatible; SemrushBot/7~bl; +http://www.semrush.com/bot.html)"
185.191.171.1 - - [27/Apr/2025:08:39:02 -0400] "GET /db.php/cds/voice-actors/15050421133336.shtml HTTP/1.1" 200 0 "-" "Mozilla/5.0 (compatible; SemrushBot/7~bl; +http://www.semrush.com/bot.html)"
40.77.167.126 - - [27/Apr/2025:08:39:07 -0400] "GET /handicrafts-plushie-materials-1tg1s HTTP/1.1" 200 21620 "-" "Mozilla/5.0 AppleWebKit/537.36 (KHTML, like Gecko; compatible; bingbot/2.0; +http://www.bing.com/bingbot.htm) Chrome/116.0.1938.76 Safari/537.36"
199.188.205.55 - - [27/Apr/2025:08:39:10 -0400] "POST /wp-cron.php?doing_wp_cron=1745757550.0436649322509765625000 HTTP/1.1" 200 0 "-" "WordPress/6.2.6; http://rupalake.org.np"
51.222.253.3 - - [27/Apr/2025:08:39:09 -0400] "GET /alcohol/whiskey/9160140835887 HTTP/1.1" 404 7439 "-" "Mozilla/5.0 (compatible; AhrefsBot/7.0; +http://ahrefs.com/robot/)"
40.77.167.126 - - [27/Apr/2025:08:39:16 -0400] "GET /handicrafts-tops-11dys HTTP/1.1" 200 21159 "-" "Mozilla/5.0 AppleWebKit/537.36 (KHTML, like Gecko; compatible; bingbot/2.0; +http://www.bing.com/bingbot.htm) Chrome/116.0.1938.76 Safari/537.36"
52.167.144.203 - - [27/Apr/2025:08:39:21 -0400] "GET /air-conditioning-rice-cooker-2jnbi HTTP/1.1" 200 21116 "-" "Mozilla/5.0 AppleWebKit/537.36 (KHTML, like Gecko; compatible; bingbot/2.0; +http://www.bing.com/bingbot.htm) Chrome/116.0.1938.76 Safari/537.36"
85.208.96.211 - - [27/Apr/2025:08:39:25 -0400] "GET /db.php/goods/acrylic-stands/13300212013794.shtml HTTP/1.1" 200 0 "-" "Mozilla/5.0 (compatible; SemrushBot/7~bl; +http://www.semrush.com/bot.html)"
185.191.171.13 - - [27/Apr/2025:08:39:27 -0400] "GET /db.php/fashion/sets/9850051276163.shtml HTTP/1.1" 200 0 "-" "Mozilla/5.0 (compatible; SemrushBot/7~bl; +http://www.semrush.com/bot.html)"
85.208.96.196 - - [27/Apr/2025:08:39:29 -0400] "GET /db.php/kitchen/bulk-sales/15210500111313.shtml HTTP/1.1" 200 0 "-" "Mozilla/5.0 (compatible; SemrushBot/7~bl; +http://www.semrush.com/bot.html)"
157.55.39.53 - - [27/Apr/2025:08:39:35 -0400] "GET /cameras-lenses-2j8sk HTTP/1.1" 200 21341 "-" "Mozilla/5.0 AppleWebKit/537.36 (KHTML, like Gecko; compatible; bingbot/2.0; +http://www.bing.com/bingbot.htm) Chrome/116.0.1938.76 Safari/537.36"
85.208.96.196 - - [27/Apr/2025:08:39:37 -0400] "GET /db.php/fishing/rods/8880493110397.shtml HTTP/1.1" 200 0 "-" "Mozilla/5.0 (compatible; SemrushBot/7~bl; +http://www.semrush.com/bot.html)"
185.191.171.5 - - [27/Apr/2025:08:39:44 -0400] "GET /db.php/tablets/smartphones/680510808395.shtml HTTP/1.1" 200 0 "-" "Mozilla/5.0 (compatible; SemrushBot/7~bl; +http://www.semrush.com/bot.html)"
157.55.39.53 - - [27/Apr/2025:08:40:34 -0400] "GET /tablets-graphics-boards-1gpg9 HTTP/1.1" 200 22085 "-" "Mozilla/5.0 AppleWebKit/537.36 (KHTML, like Gecko; compatible; bingbot/2.0; +http://www.bing.com/bingbot.htm) Chrome/116.0.1938.76 Safari/537.36"
40.77.167.23 - - [27/Apr/2025:08:40:37 -0400] "GET /home-appliances-others-1ir79 HTTP/1.1" 200 20737 "-" "Mozilla/5.0 AppleWebKit/537.36 (KHTML, like Gecko; compatible; bingbot/2.0; +http://www.bing.com/bingbot.htm) Chrome/116.0.1938.76 Safari/537.36"
85.208.96.210 - - [27/Apr/2025:08:40:55 -0400] "GET /db.php/decor/floor-stands/4080430142782.shtml HTTP/1.1" 200 0 "-" "Mozilla/5.0 (compatible; SemrushBot/7~bl; +http://www.semrush.com/bot.html)"
199.188.205.55 - - [27/Apr/2025:08:40:57 -0400] "POST /wp-cron.php?doing_wp_cron=1745757657.4944999217987060546875 HTTP/1.1" 200 0 "-" "WordPress/6.2.6; http://rupalake.org.np"
113.16.16.169 - - [27/Apr/2025:08:40:57 -0400] "POST /wp-comments-post.php HTTP/1.1" 403 1004 "-" "Mozilla/5.0 (Windows NT 10.0; Win64; x64) AppleWebKit/537.36 (KHTML, like Gecko) Chrome/108.0.0.0 Safari/537.36 Edg/108.0.1462.46"
185.191.171.2 - - [27/Apr/2025:08:41:07 -0400] "GET /db.php/art/crafts/18440372840551.shtml HTTP/1.1" 200 0 "-" "Mozilla/5.0 (compatible; SemrushBot/7~bl; +http://www.semrush.com/bot.html)"
85.208.96.201 - - [27/Apr/2025:08:41:15 -0400] "GET /db.php/furniture/carpets/3860203153668.shtml HTTP/1.1" 200 0 "-" "Mozilla/5.0 (compatible; SemrushBot/7~bl; +http://www.semrush.com/bot.html)"
185.191.171.15 - - [27/Apr/2025:08:41:21 -0400] "GET /db.php/computers/ipads/700132433757.shtml HTTP/1.1" 200 0 "-" "Mozilla/5.0 (compatible; SemrushBot/7~bl; +http://www.semrush.com/bot.html)"
157.55.39.53 - - [27/Apr/2025:08:41:23 -0400] "GET /smartphones-windows-notebooks-2f37l HTTP/1.1" 200 21443 "-" "Mozilla/5.0 AppleWebKit/537.36 (KHTML, like Gecko; compatible; bingbot/2.0; +http://www.bing.com/bingbot.htm) Chrome/116.0.1938.76 Safari/537.36"
85.208.96.205 - - [27/Apr/2025:08:41:35 -0400] "GET /db.php/handicrafts/tunics/11850183410403.shtml HTTP/1.1" 200 0 "-" "Mozilla/5.0 (compatible; SemrushBot/7~bl; +http://www.semrush.com/bot.html)"
85.208.96.208 - - [27/Apr/2025:08:41:50 -0400] "GET /db.php/air-conditioning/kitchen-appliances/9460092399167.shtml HTTP/1.1" 200 0 "-" "Mozilla/5.0 (compatible; SemrushBot/7~bl; +http://www.semrush.com/bot.html)"
52.167.144.203 - - [27/Apr/2025:08:41:57 -0400] "GET /handicrafts-materials-1yn4u HTTP/1.1" 200 20937 "-" "Mozilla/5.0 AppleWebKit/537.36 (KHTML, like Gecko; compatible; bingbot/2.0; +http://www.bing.com/bingbot.htm) Chrome/116.0.1938.76 Safari/537.36"
85.208.96.208 - - [27/Apr/2025:08:41:58 -0400] "GET /db.php/tops/tshirts/20410210483613.shtml HTTP/1.1" 200 0 "-" "Mozilla/5.0 (compatible; SemrushBot/7~bl; +http://www.semrush.com/bot.html)"
185.191.171.3 - - [27/Apr/2025:08:42:01 -0400] "GET /db.php/tickets/others/8750482310636.shtml HTTP/1.1" 200 0 "-" "Mozilla/5.0 (compatible; SemrushBot/7~bl; +http://www.semrush.com/bot.html)"
85.208.96.193 - - [27/Apr/2025:08:42:09 -0400] "GET /db.php/magazines/music/16970254036557.shtml HTTP/1.1" 200 0 "-" "Mozilla/5.0 (compatible; SemrushBot/7~bl; +http://www.semrush.com/bot.html)"
66.249.68.68 - - [27/Apr/2025:08:42:09 -0400] "GET /art/cosplay-costumes/18670011202298 HTTP/1.1" 200 21251 "-" "Mozilla/5.0 (Linux; Android 6.0.1; Nexus 5X Build/MMB29P) AppleWebKit/537.36 (KHTML, like Gecko) Chrome/135.0.7049.95 Mobile Safari/537.36 (compatible; GoogleOther)"
85.208.96.210 - - [27/Apr/2025:08:42:15 -0400] "GET /db.php/fashion/bags/9750531618858.shtml HTTP/1.1" 200 0 "-" "Mozilla/5.0 (compatible; SemrushBot/7~bl; +http://www.semrush.com/bot.html)"
185.191.171.19 - - [27/Apr/2025:08:42:21 -0400] "GET /db.php/outdoor/reels/8770293441064.shtml HTTP/1.1" 200 0 "-" "Mozilla/5.0 (compatible; SemrushBot/7~bl; +http://www.semrush.com/bot.html)"
66.249.68.66 - - [27/Apr/2025:08:42:23 -0400] "POST /get-message-notify HTTP/1.1" 200 20687 "http://rupalake.org.np/art/cosplay-costumes/18670011202298" "Mozilla/5.0 (Linux; Android 6.0.1; Nexus 5X Build/MMB29P) AppleWebKit/537.36 (KHTML, like Gecko) Chrome/134.0.6998.165 Mobile Safari/537.36 (compatible; Googlebot/2.1; +http://www.google.com/bot.html)"
185.191.171.9 - - [27/Apr/2025:08:42:46 -0400] "GET /db.php/fashion/tops/9730223640737.shtml HTTP/1.1" 200 0 "-" "Mozilla/5.0 (compatible; SemrushBot/7~bl; +http://www.semrush.com/bot.html)"
85.208.96.194 - - [27/Apr/2025:08:42:48 -0400] "GET /db.php/tv/other/14850352817932.shtml HTTP/1.1" 200 0 "-" "Mozilla/5.0 (compatible; SemrushBot/7~bl; +http://www.semrush.com/bot.html)"
85.208.96.193 - - [27/Apr/2025:08:43:07 -0400] "GET /db.php/cars/security/18320390976772.shtml HTTP/1.1" 200 0 "-" "Mozilla/5.0 (compatible; SemrushBot/7~bl; +http://www.semrush.com/bot.html)"
66.249.68.68 - - [27/Apr/2025:08:43:18 -0400] "GET /art/guitars/18390301324243 HTTP/1.1" 200 20787 "-" "Mozilla/5.0 (Linux; Android 6.0.1; Nexus 5X Build/MMB29P) AppleWebKit/537.36 (KHTML, like Gecko) Chrome/135.0.7049.95 Mobile Safari/537.36 (compatible; GoogleOther)"
85.208.96.204 - - [27/Apr/2025:08:43:27 -0400] "GET /db.php/fashion/dresses/9810264010742.shtml HTTP/1.1" 200 0 "-" "Mozilla/5.0 (compatible; SemrushBot/7~bl; +http://www.semrush.com/bot.html)"
85.208.96.203 - - [27/Apr/2025:08:43:40 -0400] "GET /db.php/fashion/bags/9750292958725.shtml HTTP/1.1" 200 0 "-" "Mozilla/5.0 (compatible; SemrushBot/7~bl; +http://www.semrush.com/bot.html)"
85.208.96.208 - - [27/Apr/2025:08:43:41 -0400] "GET /db.php/motorcycles/safety/18320160782651.shtml HTTP/1.1" 200 0 "-" "Mozilla/5.0 (compatible; SemrushBot/7~bl; +http://www.semrush.com/bot.html)"
199.188.205.55 - - [27/Apr/2025:08:43:42 -0400] "POST /wp-cron.php?doing_wp_cron=1745757822.4102380275726318359375 HTTP/1.1" 200 0 "-" "WordPress/6.2.6; http://rupalake.org.np"
51.222.253.19 - - [27/Apr/2025:08:43:42 -0400] "GET /alcohol/whiskey/9160541708122 HTTP/1.1" 404 7439 "-" "Mozilla/5.0 (compatible; AhrefsBot/7.0; +http://ahrefs.com/robot/)"
85.208.96.206 - - [27/Apr/2025:08:43:43 -0400] "GET /db.php/fashion/hats/9880033085151.shtml HTTP/1.1" 200 0 "-" "Mozilla/5.0 (compatible; SemrushBot/7~bl; +http://www.semrush.com/bot.html)"
185.191.171.9 - - [27/Apr/2025:08:43:45 -0400] "GET /db.php/furniture/bead-cushions/4720041281181.shtml HTTP/1.1" 200 0 "-" "Mozilla/5.0 (compatible; SemrushBot/7~bl; +http://www.semrush.com/bot.html)"
85.208.96.195 - - [27/Apr/2025:08:44:05 -0400] "GET /db.php/air-conditioning/coffee-makers/9560103817454.shtml HTTP/1.1" 200 0 "-" "Mozilla/5.0 (compatible; SemrushBot/7~bl; +http://www.semrush.com/bot.html)"
157.55.39.53 - - [27/Apr/2025:08:44:24 -0400] "GET /home-appliances-washing-machines-jhpa HTTP/1.1" 200 21114 "-" "Mozilla/5.0 AppleWebKit/537.36 (KHTML, like Gecko; compatible; bingbot/2.0; +http://www.bing.com/bingbot.htm) Chrome/116.0.1938.76 Safari/537.36"
66.249.68.68 - - [27/Apr/2025:08:44:46 -0400] "GET /art/bass/18540310143522 HTTP/1.1" 200 20949 "-" "Mozilla/5.0 (Linux; Android 6.0.1; Nexus 5X Build/MMB29P) AppleWebKit/537.36 (KHTML, like Gecko) Chrome/135.0.7049.95 Mobile Safari/537.36 (compatible; GoogleOther)"
66.249.68.66 - - [27/Apr/2025:08:44:56 -0400] "POST /get-message-notify HTTP/1.1" 200 20727 "http://rupalake.org.np/art/bass/18540310143522" "Mozilla/5.0 (Linux; Android 6.0.1; Nexus 5X Build/MMB29P) AppleWebKit/537.36 (KHTML, like Gecko) Chrome/134.0.6998.165 Mobile Safari/537.36 (compatible; Googlebot/2.1; +http://www.google.com/bot.html)"
85.208.96.203 - - [27/Apr/2025:08:44:58 -0400] "GET /db.php/sports/clubs/1610053325352.shtml HTTP/1.1" 200 0 "-" "Mozilla/5.0 (compatible; SemrushBot/7~bl; +http://www.semrush.com/bot.html)"
85.208.96.206 - - [27/Apr/2025:08:45:00 -0400] "GET /db.php/sports/snowboard/1620403182542.shtml HTTP/1.1" 200 0 "-" "Mozilla/5.0 (compatible; SemrushBot/7~bl; +http://www.semrush.com/bot.html)"
85.208.96.207 - - [27/Apr/2025:08:45:24 -0400] "GET /db.php/fashion/tops/9730400199783.shtml HTTP/1.1" 200 0 "-" "Mozilla/5.0 (compatible; SemrushBot/7~bl; +http://www.semrush.com/bot.html)"
185.191.171.4 - - [27/Apr/2025:08:45:30 -0400] "GET /db.php/fashion/tops/9730501034401.shtml HTTP/1.1" 200 0 "-" "Mozilla/5.0 (compatible; SemrushBot/7~bl; +http://www.semrush.com/bot.html)"
66.249.68.68 - - [27/Apr/2025:08:45:47 -0400] "GET /art/calligraphy/18690111110180 HTTP/1.1" 200 20920 "-" "Mozilla/5.0 (Linux; Android 6.0.1; Nexus 5X Build/MMB29P) AppleWebKit/537.36 (KHTML, like Gecko) Chrome/135.0.7049.95 Mobile Safari/537.36 (compatible; GoogleOther)"
185.191.171.18 - - [27/Apr/2025:08:45:49 -0400] "GET /db.php/diet/silver-carts/10380392768758.shtml HTTP/1.1" 200 0 "-" "Mozilla/5.0 (compatible; SemrushBot/7~bl; +http://www.semrush.com/bot.html)"
85.208.96.201 - - [27/Apr/2025:08:45:52 -0400] "GET /db.php/computers/ipads/700133100700.shtml HTTP/1.1" 200 0 "-" "Mozilla/5.0 (compatible; SemrushBot/7~bl; +http://www.semrush.com/bot.html)"
185.191.171.18 - - [27/Apr/2025:08:46:01 -0400] "GET /db.php/fashion/outerwear/9720452513626.shtml HTTP/1.1" 200 0 "-" "Mozilla/5.0 (compatible; SemrushBot/7~bl; +http://www.semrush.com/bot.html)"
66.249.68.67 - - [27/Apr/2025:08:46:08 -0400] "POST /get-message-notify HTTP/1.1" 200 21059 "http://rupalake.org.np/art/calligraphy/18690111110180" "Mozilla/5.0 (Linux; Android 6.0.1; Nexus 5X Build/MMB29P) AppleWebKit/537.36 (KHTML, like Gecko) Chrome/134.0.6998.165 Mobile Safari/537.36 (compatible; Googlebot/2.1; +http://www.google.com/bot.html)"
185.191.171.14 - - [27/Apr/2025:08:46:13 -0400] "GET /db.php/tablets/routers/1020033064049.shtml HTTP/1.1" 200 0 "-" "Mozilla/5.0 (compatible; SemrushBot/7~bl; +http://www.semrush.com/bot.html)"
185.191.171.3 - - [27/Apr/2025:08:46:15 -0400] "GET /db.php/handicrafts/pendants/11500460550190.shtml HTTP/1.1" 200 0 "-" "Mozilla/5.0 (compatible; SemrushBot/7~bl; +http://www.semrush.com/bot.html)"
185.191.171.11 - - [27/Apr/2025:08:46:18 -0400] "GET /db.php/interior/flower-stands/3920072311728.shtml HTTP/1.1" 200 0 "-" "Mozilla/5.0 (compatible; SemrushBot/7~bl; +http://www.semrush.com/bot.html)"
85.208.96.210 - - [27/Apr/2025:08:46:22 -0400] "GET /db.php/fashion/accessories/9770131461217.shtml HTTP/1.1" 200 0 "-" "Mozilla/5.0 (compatible; SemrushBot/7~bl; +http://www.semrush.com/bot.html)"
85.208.96.207 - - [27/Apr/2025:08:46:48 -0400] "GET /db.php/tablets/smartphones/680171523048.shtml HTTP/1.1" 200 0 "-" "Mozilla/5.0 (compatible; SemrushBot/7~bl; +http://www.semrush.com/bot.html)"
185.191.171.14 - - [27/Apr/2025:08:46:49 -0400] "GET /db.php/fashion/accessories/9770521376205.shtml HTTP/1.1" 200 0 "-" "Mozilla/5.0 (compatible; SemrushBot/7~bl; +http://www.semrush.com/bot.html)"
85.208.96.203 - - [27/Apr/2025:08:47:16 -0400] "GET /db.php/cameras/camera-accessories/14570313084522.shtml HTTP/1.1" 200 0 "-" "Mozilla/5.0 (compatible; SemrushBot/7~bl; +http://www.semrush.com/bot.html)"
