66.249.68.66 - - [28/Apr/2025:01:43:53 -0400] "GET /flowers/potted-flowers/3220363980319 HTTP/1.1" 200 21565 "-" "Mozilla/5.0 (Linux; Android 6.0.1; Nexus 5X Build/MMB29P) AppleWebKit/537.36 (KHTML, like Gecko) Chrome/135.0.7049.95 Mobile Safari/537.36 (compatible; GoogleOther)"
199.188.205.55 - - [28/Apr/2025:01:43:56 -0400] "POST /wp-cron.php?doing_wp_cron=1745819035.9381630420684814453125 HTTP/1.1" 200 0 "-" "WordPress/6.2.6; http://rupalake.org.np"
66.249.68.67 - - [28/Apr/2025:01:43:56 -0400] "POST /get-message-notify HTTP/1.1" 200 20703 "http://rupalake.org.np/flowers/potted-flowers/3220363980319" "Mozilla/5.0 (Linux; Android 6.0.1; Nexus 5X Build/MMB29P) AppleWebKit/537.36 (KHTML, like Gecko) Chrome/134.0.6998.165 Mobile Safari/537.36 (compatible; Googlebot/2.1; +http://www.google.com/bot.html)"
51.222.253.17 - - [28/Apr/2025:01:43:54 -0400] "GET /alcohol/fruit/9270250505148 HTTP/1.1" 404 7439 "-" "Mozilla/5.0 (compatible; AhrefsBot/7.0; +http://ahrefs.com/robot/)"
85.208.96.196 - - [28/Apr/2025:01:44:01 -0400] "GET /db.php/sports/snowboard/1620172972664.shtml HTTP/1.1" 200 0 "-" "Mozilla/5.0 (compatible; SemrushBot/7~bl; +http://www.semrush.com/bot.html)"
185.191.171.11 - - [28/Apr/2025:01:45:00 -0400] "GET /db.php/interior/others/5200460178847.shtml HTTP/1.1" 200 0 "-" "Mozilla/5.0 (compatible; SemrushBot/7~bl; +http://www.semrush.com/bot.html)"
85.208.96.200 - - [28/Apr/2025:01:45:13 -0400] "GET /db.php/art/paintings/18480410949528.shtml HTTP/1.1" 200 0 "-" "Mozilla/5.0 (compatible; SemrushBot/7~bl; +http://www.semrush.com/bot.html)"
85.208.96.205 - - [28/Apr/2025:01:45:26 -0400] "GET /db.php/fashion/skirts/9840422558740.shtml HTTP/1.1" 200 0 "-" "Mozilla/5.0 (compatible; SemrushBot/7~bl; +http://www.semrush.com/bot.html)"
185.191.171.16 - - [28/Apr/2025:01:45:31 -0400] "GET /db.php/fashion/shoes/9740341656303.shtml HTTP/1.1" 200 0 "-" "Mozilla/5.0 (compatible; SemrushBot/7~bl; +http://www.semrush.com/bot.html)"
207.46.13.18 - - [28/Apr/2025:01:45:32 -0400] "GET /art-collections-20hqp HTTP/1.1" 200 21677 "-" "Mozilla/5.0 AppleWebKit/537.36 (KHTML, like Gecko; compatible; bingbot/2.0; +http://www.bing.com/bingbot.htm) Chrome/116.0.1938.76 Safari/537.36"
185.191.171.19 - - [28/Apr/2025:01:45:35 -0400] "GET /db.php/computers/monitor/850602843967.shtml HTTP/1.1" 200 0 "-" "Mozilla/5.0 (compatible; SemrushBot/7~bl; +http://www.semrush.com/bot.html)"
185.191.171.16 - - [28/Apr/2025:01:45:53 -0400] "GET /db.php/fashion/bags/9750420501521.shtml HTTP/1.1" 200 0 "-" "Mozilla/5.0 (compatible; SemrushBot/7~bl; +http://www.semrush.com/bot.html)"
85.208.96.207 - - [28/Apr/2025:01:45:59 -0400] "GET /db.php/gardening/deciduous-trees/3170152853896.shtml HTTP/1.1" 200 0 "-" "Mozilla/5.0 (compatible; SemrushBot/7~bl; +http://www.semrush.com/bot.html)"
199.188.205.55 - - [28/Apr/2025:01:46:08 -0400] "POST /wp-cron.php?doing_wp_cron=1745819168.5507400035858154296875 HTTP/1.1" 200 0 "-" "WordPress/6.2.6; http://rupalake.org.np"
34.209.217.155 - - [28/Apr/2025:01:46:08 -0400] "GET /wp-content/plugins/essential-addons-for-elementor-lite/readme.txt HTTP/1.1" 404 8372 "www.google.com" "Mozilla/6.4 (Windows NT 11.1) Gecko/2010102 Firefox/99.0"
66.249.68.67 - - [28/Apr/2025:01:46:11 -0400] "GET /beauty/coloring/17440333844993 HTTP/1.1" 200 20738 "-" "Mozilla/5.0 (Linux; Android 6.0.1; Nexus 5X Build/MMB29P) AppleWebKit/537.36 (KHTML, like Gecko) Chrome/135.0.7049.95 Mobile Safari/537.36 (compatible; GoogleOther)"
66.249.68.67 - - [28/Apr/2025:01:46:15 -0400] "POST /get-message-notify HTTP/1.1" 200 20888 "http://rupalake.org.np/beauty/coloring/17440333844993" "Mozilla/5.0 (Linux; Android 6.0.1; Nexus 5X Build/MMB29P) AppleWebKit/537.36 (KHTML, like Gecko) Chrome/134.0.6998.165 Mobile Safari/537.36 (compatible; Googlebot/2.1; +http://www.google.com/bot.html)"
85.208.96.200 - - [28/Apr/2025:01:46:22 -0400] "GET /db.php/fashion/jackets/9720401689333.shtml HTTP/1.1" 200 0 "-" "Mozilla/5.0 (compatible; SemrushBot/7~bl; +http://www.semrush.com/bot.html)"
185.191.171.13 - - [28/Apr/2025:01:46:32 -0400] "GET /db.php/goods/weiss-schwarz/13450212846410.shtml HTTP/1.1" 200 0 "-" "Mozilla/5.0 (compatible; SemrushBot/7~bl; +http://www.semrush.com/bot.html)"
85.208.96.207 - - [28/Apr/2025:01:46:42 -0400] "GET /db.php/dvds/music/15020130364484.shtml HTTP/1.1" 200 0 "-" "Mozilla/5.0 (compatible; SemrushBot/7~bl; +http://www.semrush.com/bot.html)"
185.191.171.10 - - [28/Apr/2025:01:46:47 -0400] "GET /db.php/goods/playstation3/13660061601818.shtml HTTP/1.1" 200 0 "-" "Mozilla/5.0 (compatible; SemrushBot/7~bl; +http://www.semrush.com/bot.html)"
185.191.171.6 - - [28/Apr/2025:01:46:48 -0400] "GET /db.php/manga/boys-manga/16870510980084.shtml HTTP/1.1" 200 0 "-" "Mozilla/5.0 (compatible; SemrushBot/7~bl; +http://www.semrush.com/bot.html)"
185.191.171.19 - - [28/Apr/2025:01:46:56 -0400] "GET /db.php/bicycles/equipment/18310183773498.shtml HTTP/1.1" 200 0 "-" "Mozilla/5.0 (compatible; SemrushBot/7~bl; +http://www.semrush.com/bot.html)"
85.208.96.201 - - [28/Apr/2025:01:46:59 -0400] "GET /db.php/fashion/pants/9780192298929.shtml HTTP/1.1" 200 0 "-" "Mozilla/5.0 (compatible; SemrushBot/7~bl; +http://www.semrush.com/bot.html)"
207.46.13.18 - - [28/Apr/2025:01:47:03 -0400] "GET /games-jigsaw-puzzle-bfow HTTP/1.1" 200 20784 "-" "Mozilla/5.0 AppleWebKit/537.36 (KHTML, like Gecko; compatible; bingbot/2.0; +http://www.bing.com/bingbot.htm) Chrome/116.0.1938.76 Safari/537.36"
185.191.171.10 - - [28/Apr/2025:01:47:10 -0400] "GET /db.php/dvds/anime/14940342811182.shtml HTTP/1.1" 200 0 "-" "Mozilla/5.0 (compatible; SemrushBot/7~bl; +http://www.semrush.com/bot.html)"
85.208.96.200 - - [28/Apr/2025:01:47:12 -0400] "GET /db.php/interior/pillows/4560413401513.shtml HTTP/1.1" 200 0 "-" "Mozilla/5.0 (compatible; SemrushBot/7~bl; +http://www.semrush.com/bot.html)"
52.167.144.207 - - [28/Apr/2025:01:47:13 -0400] "GET /kitchen-bulk-sales-2ct8x HTTP/1.1" 200 22246 "-" "Mozilla/5.0 AppleWebKit/537.36 (KHTML, like Gecko; compatible; bingbot/2.0; +http://www.bing.com/bingbot.htm) Chrome/116.0.1938.76 Safari/537.36"
185.191.171.6 - - [28/Apr/2025:01:47:40 -0400] "GET /db.php/home-appliances/air-conditioners/9510591890768.shtml HTTP/1.1" 200 0 "-" "Mozilla/5.0 (compatible; SemrushBot/7~bl; +http://www.semrush.com/bot.html)"
185.191.171.3 - - [28/Apr/2025:01:47:57 -0400] "GET /db.php/computers/printers/770533749070.shtml HTTP/1.1" 200 0 "-" "Mozilla/5.0 (compatible; SemrushBot/7~bl; +http://www.semrush.com/bot.html)"
185.191.171.1 - - [28/Apr/2025:01:48:01 -0400] "GET /db.php/fashion/pants/9780293840821.shtml HTTP/1.1" 200 0 "-" "Mozilla/5.0 (compatible; SemrushBot/7~bl; +http://www.semrush.com/bot.html)"
85.208.96.201 - - [28/Apr/2025:01:48:04 -0400] "GET /db.php/bicycles/parts/18220461929519.shtml HTTP/1.1" 200 0 "-" "Mozilla/5.0 (compatible; SemrushBot/7~bl; +http://www.semrush.com/bot.html)"
199.188.205.55 - - [28/Apr/2025:01:48:22 -0400] "POST /wp-cron.php?doing_wp_cron=1745819302.8299078941345214843750 HTTP/1.1" 200 0 "-" "WordPress/6.2.6; http://rupalake.org.np"
51.222.253.15 - - [28/Apr/2025:01:48:21 -0400] "GET /bags/handbags/20230182997252 HTTP/1.1" 404 7439 "-" "Mozilla/5.0 (compatible; AhrefsBot/7.0; +http://ahrefs.com/robot/)"
66.249.68.67 - - [28/Apr/2025:01:48:36 -0400] "GET /art/characters/18740-11229125 HTTP/1.1" 200 21031 "-" "Mozilla/5.0 (Linux; Android 6.0.1; Nexus 5X Build/MMB29P) AppleWebKit/537.36 (KHTML, like Gecko) Chrome/135.0.7049.95 Mobile Safari/537.36 (compatible; GoogleOther)"
66.249.68.67 - - [28/Apr/2025:01:48:54 -0400] "POST /get-message-notify HTTP/1.1" 200 20958 "http://rupalake.org.np/art/characters/18740-11229125" "Mozilla/5.0 (Linux; Android 6.0.1; Nexus 5X Build/MMB29P) AppleWebKit/537.36 (KHTML, like Gecko) Chrome/134.0.6998.165 Mobile Safari/537.36 (compatible; Googlebot/2.1; +http://www.google.com/bot.html)"
185.191.171.2 - - [28/Apr/2025:01:49:04 -0400] "GET /db.php/blu-ray/western/14960010746690.shtml HTTP/1.1" 200 0 "-" "Mozilla/5.0 (compatible; SemrushBot/7~bl; +http://www.semrush.com/bot.html)"
85.208.96.196 - - [28/Apr/2025:01:49:32 -0400] "GET /db.php/etc./others/16720341094454.shtml HTTP/1.1" 200 0 "-" "Mozilla/5.0 (compatible; SemrushBot/7~bl; +http://www.semrush.com/bot.html)"
85.208.96.200 - - [28/Apr/2025:01:49:34 -0400] "GET /db.php/art/others/19070113717872.shtml HTTP/1.1" 200 0 "-" "Mozilla/5.0 (compatible; SemrushBot/7~bl; +http://www.semrush.com/bot.html)"
185.191.171.11 - - [28/Apr/2025:01:49:38 -0400] "GET /db.php/fashion/jackets/9720013992723.shtml HTTP/1.1" 200 0 "-" "Mozilla/5.0 (compatible; SemrushBot/7~bl; +http://www.semrush.com/bot.html)"
185.191.171.13 - - [28/Apr/2025:01:49:53 -0400] "GET /db.php/fashion/yukata/9790201941647.shtml HTTP/1.1" 200 0 "-" "Mozilla/5.0 (compatible; SemrushBot/7~bl; +http://www.semrush.com/bot.html)"
185.191.171.6 - - [28/Apr/2025:01:49:58 -0400] "GET /db.php/fashion/shoes/9740222146291.shtml HTTP/1.1" 200 0 "-" "Mozilla/5.0 (compatible; SemrushBot/7~bl; +http://www.semrush.com/bot.html)"
85.208.96.205 - - [28/Apr/2025:01:50:01 -0400] "GET /db.php/fashion/outerwear/9720431425574.shtml HTTP/1.1" 200 0 "-" "Mozilla/5.0 (compatible; SemrushBot/7~bl; +http://www.semrush.com/bot.html)"
85.208.96.207 - - [28/Apr/2025:01:50:17 -0400] "GET /db.php/home-appliances/others/9710242612301.shtml HTTP/1.1" 200 0 "-" "Mozilla/5.0 (compatible; SemrushBot/7~bl; +http://www.semrush.com/bot.html)"
185.191.171.1 - - [28/Apr/2025:01:50:19 -0400] "GET /db.php/diy/cutting-tools/5220243056910.shtml HTTP/1.1" 200 0 "-" "Mozilla/5.0 (compatible; SemrushBot/7~bl; +http://www.semrush.com/bot.html)"
85.208.96.198 - - [28/Apr/2025:01:50:40 -0400] "GET /db.php/cosmetics/hair-dryers/17280400705270.shtml HTTP/1.1" 200 0 "-" "Mozilla/5.0 (compatible; SemrushBot/7~bl; +http://www.semrush.com/bot.html)"
185.191.171.2 - - [28/Apr/2025:01:50:46 -0400] "GET /db.php/fishing/tarps/8780033373933.shtml HTTP/1.1" 200 0 "-" "Mozilla/5.0 (compatible; SemrushBot/7~bl; +http://www.semrush.com/bot.html)"
85.208.96.193 - - [28/Apr/2025:01:50:56 -0400] "GET /db.php/hobbies/brass-instruments/18500131917906.shtml HTTP/1.1" 200 0 "-" "Mozilla/5.0 (compatible; SemrushBot/7~bl; +http://www.semrush.com/bot.html)"
185.191.171.5 - - [28/Apr/2025:01:51:04 -0400] "GET /db.php/sports/men-wear/1940572994025.shtml HTTP/1.1" 200 0 "-" "Mozilla/5.0 (compatible; SemrushBot/7~bl; +http://www.semrush.com/bot.html)"
185.191.171.8 - - [28/Apr/2025:01:51:07 -0400] "GET /db.php/alcohol/whiskey/9160282529125.shtml HTTP/1.1" 200 0 "-" "Mozilla/5.0 (compatible; SemrushBot/7~bl; +http://www.semrush.com/bot.html)"
185.191.171.16 - - [28/Apr/2025:01:51:08 -0400] "GET /db.php/home-appliances/gas-stoves/9420063276064.shtml HTTP/1.1" 200 0 "-" "Mozilla/5.0 (compatible; SemrushBot/7~bl; +http://www.semrush.com/bot.html)"
185.191.171.12 - - [28/Apr/2025:01:51:11 -0400] "GET /db.php/cosmetics/lotion/17580162296975.shtml HTTP/1.1" 200 0 "-" "Mozilla/5.0 (compatible; SemrushBot/7~bl; +http://www.semrush.com/bot.html)"
66.249.68.67 - - [28/Apr/2025:01:51:12 -0400] "GET /flowers/flowers/3250171835070 HTTP/1.1" 200 21046 "-" "Mozilla/5.0 (Linux; Android 6.0.1; Nexus 5X Build/MMB29P) AppleWebKit/537.36 (KHTML, like Gecko) Chrome/135.0.7049.95 Mobile Safari/537.36 (compatible; GoogleOther)"
66.249.68.67 - - [28/Apr/2025:01:51:16 -0400] "POST /get-message-notify HTTP/1.1" 200 20856 "http://rupalake.org.np/flowers/flowers/3250171835070" "Mozilla/5.0 (Linux; Android 6.0.1; Nexus 5X Build/MMB29P) AppleWebKit/537.36 (KHTML, like Gecko) Chrome/134.0.6998.165 Mobile Safari/537.36 (compatible; Googlebot/2.1; +http://www.google.com/bot.html)"
52.167.144.176 - - [28/Apr/2025:01:51:33 -0400] "GET /kitchen-bulk-sales-1c0mu HTTP/1.1" 200 20627 "-" "Mozilla/5.0 AppleWebKit/537.36 (KHTML, like Gecko; compatible; bingbot/2.0; +http://www.bing.com/bingbot.htm) Chrome/116.0.1938.76 Safari/537.36"
85.208.96.208 - - [28/Apr/2025:01:51:45 -0400] "GET /db.php/beauty/others/18210352381689.shtml HTTP/1.1" 200 0 "-" "Mozilla/5.0 (compatible; SemrushBot/7~bl; +http://www.semrush.com/bot.html)"
85.208.96.199 - - [28/Apr/2025:01:51:59 -0400] "GET /db.php/travel-supplies/rods/8880163264882.shtml HTTP/1.1" 200 0 "-" "Mozilla/5.0 (compatible; SemrushBot/7~bl; +http://www.semrush.com/bot.html)"
185.191.171.14 - - [28/Apr/2025:01:52:13 -0400] "GET /db.php/daily-necessities/bulk-sales/15210072101928.shtml HTTP/1.1" 200 0 "-" "Mozilla/5.0 (compatible; SemrushBot/7~bl; +http://www.semrush.com/bot.html)"
40.77.167.48 - - [28/Apr/2025:01:52:22 -0400] "GET /tickets-restaurant-14rbv HTTP/1.1" 200 21255 "-" "Mozilla/5.0 AppleWebKit/537.36 (KHTML, like Gecko; compatible; bingbot/2.0; +http://www.bing.com/bingbot.htm) Chrome/116.0.1938.76 Safari/537.36"
185.191.171.18 - - [28/Apr/2025:01:52:22 -0400] "GET /db.php/fashion/outerwear/9720071437769.shtml HTTP/1.1" 200 0 "-" "Mozilla/5.0 (compatible; SemrushBot/7~bl; +http://www.semrush.com/bot.html)"
199.188.205.55 - - [28/Apr/2025:01:52:41 -0400] "POST /wp-cron.php?doing_wp_cron=1745819561.4856760501861572265625 HTTP/1.1" 200 0 "-" "WordPress/6.2.6; http://rupalake.org.np"
51.222.253.17 - - [28/Apr/2025:01:52:40 -0400] "GET /beauty/lotion/17430102529407 HTTP/1.1" 404 7439 "-" "Mozilla/5.0 (compatible; AhrefsBot/7.0; +http://ahrefs.com/robot/)"
185.191.171.13 - - [28/Apr/2025:01:53:06 -0400] "GET /db.php/kitchen/buddhist-altars/15290121552657.shtml HTTP/1.1" 200 0 "-" "Mozilla/5.0 (compatible; SemrushBot/7~bl; +http://www.semrush.com/bot.html)"
66.249.68.68 - - [28/Apr/2025:01:53:14 -0400] "GET /cosmetics/coloring/17440501832988 HTTP/1.1" 200 20973 "-" "Mozilla/5.0 (Linux; Android 6.0.1; Nexus 5X Build/MMB29P) AppleWebKit/537.36 (KHTML, like Gecko) Chrome/135.0.7049.95 Mobile Safari/537.36 (compatible; GoogleOther)"
207.46.13.111 - - [28/Apr/2025:01:53:22 -0400] "GET /tablets-ipads-1sygc HTTP/1.1" 200 20945 "-" "Mozilla/5.0 AppleWebKit/537.36 (KHTML, like Gecko; compatible; bingbot/2.0; +http://www.bing.com/bingbot.htm) Chrome/116.0.1938.76 Safari/537.36"
66.249.68.66 - - [28/Apr/2025:01:53:22 -0400] "POST /get-message-notify HTTP/1.1" 200 20925 "http://rupalake.org.np/cosmetics/coloring/17440501832988" "Mozilla/5.0 (Linux; Android 6.0.1; Nexus 5X Build/MMB29P) AppleWebKit/537.36 (KHTML, like Gecko) Chrome/134.0.6998.165 Mobile Safari/537.36 (compatible; Googlebot/2.1; +http://www.google.com/bot.html)"
185.191.171.16 - - [28/Apr/2025:01:53:36 -0400] "GET /db.php/diet/whey-protein/10640542132408.shtml HTTP/1.1" 200 0 "-" "Mozilla/5.0 (compatible; SemrushBot/7~bl; +http://www.semrush.com/bot.html)"
85.208.96.204 - - [28/Apr/2025:01:53:39 -0400] "GET /db.php/games/entertainment-cards/13290361906765.shtml HTTP/1.1" 200 0 "-" "Mozilla/5.0 (compatible; SemrushBot/7~bl; +http://www.semrush.com/bot.html)"
40.77.167.48 - - [28/Apr/2025:01:53:43 -0400] "GET /tv-zoom-lens-1q60i HTTP/1.1" 200 21794 "-" "Mozilla/5.0 AppleWebKit/537.36 (KHTML, like Gecko; compatible; bingbot/2.0; +http://www.bing.com/bingbot.htm) Chrome/116.0.1938.76 Safari/537.36"
85.208.96.208 - - [28/Apr/2025:01:53:51 -0400] "GET /db.php/tops/blouses/20440270728361.shtml HTTP/1.1" 200 0 "-" "Mozilla/5.0 (compatible; SemrushBot/7~bl; +http://www.semrush.com/bot.html)"
185.191.171.14 - - [28/Apr/2025:01:54:00 -0400] "GET /db.php/tops/shirts/20440313316877.shtml HTTP/1.1" 200 0 "-" "Mozilla/5.0 (compatible; SemrushBot/7~bl; +http://www.semrush.com/bot.html)"
185.191.171.6 - - [28/Apr/2025:01:54:02 -0400] "GET /db.php/audio/digital-cameras/14470171876710.shtml HTTP/1.1" 200 0 "-" "Mozilla/5.0 (compatible; SemrushBot/7~bl; +http://www.semrush.com/bot.html)"
207.46.13.111 - - [28/Apr/2025:01:54:14 -0400] "GET /cds-music-ryqq HTTP/1.1" 200 21134 "-" "Mozilla/5.0 AppleWebKit/537.36 (KHTML, like Gecko; compatible; bingbot/2.0; +http://www.bing.com/bingbot.htm) Chrome/116.0.1938.76 Safari/537.36"
185.191.171.17 - - [28/Apr/2025:01:54:17 -0400] "GET /db.php/tv/projectors/14630573648872.shtml HTTP/1.1" 200 0 "-" "Mozilla/5.0 (compatible; SemrushBot/7~bl; +http://www.semrush.com/bot.html)"
85.208.96.202 - - [28/Apr/2025:01:54:38 -0400] "GET /db.php/cds/music/15020350971704.shtml HTTP/1.1" 200 0 "-" "Mozilla/5.0 (compatible; SemrushBot/7~bl; +http://www.semrush.com/bot.html)"
207.46.13.111 - - [28/Apr/2025:01:54:43 -0400] "GET /sports-clubs-2chpk HTTP/1.1" 200 21142 "-" "Mozilla/5.0 AppleWebKit/537.36 (KHTML, like Gecko; compatible; bingbot/2.0; +http://www.bing.com/bingbot.htm) Chrome/116.0.1938.76 Safari/537.36"
185.191.171.18 - - [28/Apr/2025:01:54:48 -0400] "GET /db.php/games/others/14450583586722.shtml HTTP/1.1" 200 0 "-" "Mozilla/5.0 (compatible; SemrushBot/7~bl; +http://www.semrush.com/bot.html)"
85.208.96.197 - - [28/Apr/2025:01:54:51 -0400] "GET /db.php/furniture/kotatsu/4090431107681.shtml HTTP/1.1" 200 0 "-" "Mozilla/5.0 (compatible; SemrushBot/7~bl; +http://www.semrush.com/bot.html)"
40.77.167.48 - - [28/Apr/2025:01:54:54 -0400] "GET /gardening-lawn-mowers-1mfp4 HTTP/1.1" 200 20829 "-" "Mozilla/5.0 AppleWebKit/537.36 (KHTML, like Gecko; compatible; bingbot/2.0; +http://www.bing.com/bingbot.htm) Chrome/116.0.1938.76 Safari/537.36"
185.191.171.1 - - [28/Apr/2025:01:54:59 -0400] "GET /db.php/tickets/shopping/8310563361367.shtml HTTP/1.1" 200 0 "-" "Mozilla/5.0 (compatible; SemrushBot/7~bl; +http://www.semrush.com/bot.html)"
185.191.171.8 - - [28/Apr/2025:01:55:04 -0400] "GET /db.php/books/qualifications/16760271727731.shtml HTTP/1.1" 200 0 "-" "Mozilla/5.0 (compatible; SemrushBot/7~bl; +http://www.semrush.com/bot.html)"
85.208.96.212 - - [28/Apr/2025:01:55:14 -0400] "GET /db.php/fashion/jackets/9720512420106.shtml HTTP/1.1" 200 0 "-" "Mozilla/5.0 (compatible; SemrushBot/7~bl; +http://www.semrush.com/bot.html)"
85.208.96.202 - - [28/Apr/2025:01:55:24 -0400] "GET /db.php/tools/level-checkers/5550241531281.shtml HTTP/1.1" 200 0 "-" "Mozilla/5.0 (compatible; SemrushBot/7~bl; +http://www.semrush.com/bot.html)"
185.191.171.13 - - [28/Apr/2025:01:55:26 -0400] "GET /db.php/fashion/hats/9880412142198.shtml HTTP/1.1" 200 0 "-" "Mozilla/5.0 (compatible; SemrushBot/7~bl; +http://www.semrush.com/bot.html)"
185.191.171.10 - - [28/Apr/2025:01:55:27 -0400] "GET /db.php/daily-necessities/buddhist-altars/15290073046442.shtml HTTP/1.1" 200 0 "-" "Mozilla/5.0 (compatible; SemrushBot/7~bl; +http://www.semrush.com/bot.html)"
66.249.68.68 - - [28/Apr/2025:01:55:41 -0400] "GET /magazines/illustration-collections/16940510426599 HTTP/1.1" 200 21105 "-" "Mozilla/5.0 (Linux; Android 6.0.1; Nexus 5X Build/MMB29P) AppleWebKit/537.36 (KHTML, like Gecko) Chrome/135.0.7049.95 Mobile Safari/537.36 (compatible; GoogleOther)"
40.77.167.68 - - [28/Apr/2025:01:55:43 -0400] "GET /tickets-japanese-artists-1fna1 HTTP/1.1" 200 22458 "-" "Mozilla/5.0 AppleWebKit/537.36 (KHTML, like Gecko; compatible; bingbot/2.0; +http://www.bing.com/bingbot.htm) Chrome/116.0.1938.76 Safari/537.36"
66.249.68.66 - - [28/Apr/2025:01:55:45 -0400] "POST /get-message-notify HTTP/1.1" 200 20744 "http://rupalake.org.np/magazines/illustration-collections/16940510426599" "Mozilla/5.0 (Linux; Android 6.0.1; Nexus 5X Build/MMB29P) AppleWebKit/537.36 (KHTML, like Gecko) Chrome/134.0.6998.165 Mobile Safari/537.36 (compatible; Googlebot/2.1; +http://www.google.com/bot.html)"
85.208.96.212 - - [28/Apr/2025:01:55:56 -0400] "GET /db.php/handmade/tops/11110193541148.shtml HTTP/1.1" 200 0 "-" "Mozilla/5.0 (compatible; SemrushBot/7~bl; +http://www.semrush.com/bot.html)"
85.208.96.193 - - [28/Apr/2025:01:56:09 -0400] "GET /db.php/beauty/serums/17230444071078.shtml HTTP/1.1" 200 0 "-" "Mozilla/5.0 (compatible; SemrushBot/7~bl; +http://www.semrush.com/bot.html)"
85.208.96.207 - - [28/Apr/2025:01:56:20 -0400] "GET /db.php/fashion/bags/9750361271209.shtml HTTP/1.1" 200 0 "-" "Mozilla/5.0 (compatible; SemrushBot/7~bl; +http://www.semrush.com/bot.html)"
207.46.13.111 - - [28/Apr/2025:01:56:22 -0400] "GET /gardening-houseplants-20hcy HTTP/1.1" 200 21680 "-" "Mozilla/5.0 AppleWebKit/537.36 (KHTML, like Gecko; compatible; bingbot/2.0; +http://www.bing.com/bingbot.htm) Chrome/116.0.1938.76 Safari/537.36"
185.191.171.18 - - [28/Apr/2025:01:56:29 -0400] "GET /db.php/goods/party/14040190381831.shtml HTTP/1.1" 200 0 "-" "Mozilla/5.0 (compatible; SemrushBot/7~bl; +http://www.semrush.com/bot.html)"
40.77.167.48 - - [28/Apr/2025:01:56:53 -0400] "GET /travel-supplies-tents-1pnew HTTP/1.1" 200 20891 "-" "Mozilla/5.0 AppleWebKit/537.36 (KHTML, like Gecko; compatible; bingbot/2.0; +http://www.bing.com/bingbot.htm) Chrome/116.0.1938.76 Safari/537.36"
207.46.13.111 - - [28/Apr/2025:01:56:58 -0400] "GET /sports-clubs-1u83n HTTP/1.1" 200 20846 "-" "Mozilla/5.0 AppleWebKit/537.36 (KHTML, like Gecko; compatible; bingbot/2.0; +http://www.bing.com/bingbot.htm) Chrome/116.0.1938.76 Safari/537.36"
207.46.13.111 - - [28/Apr/2025:01:57:00 -0400] "GET /food-others-pb9p HTTP/1.1" 200 22030 "-" "Mozilla/5.0 AppleWebKit/537.36 (KHTML, like Gecko; compatible; bingbot/2.0; +http://www.bing.com/bingbot.htm) Chrome/116.0.1938.76 Safari/537.36"
85.208.96.212 - - [28/Apr/2025:01:57:07 -0400] "GET /db.php/cameras/other/14850243453393.shtml HTTP/1.1" 200 0 "-" "Mozilla/5.0 (compatible; SemrushBot/7~bl; +http://www.semrush.com/bot.html)"
4.227.36.22 - - [28/Apr/2025:01:57:07 -0400] "GET /robots.txt HTTP/1.1" 200 158 "-" "Mozilla/5.0 AppleWebKit/537.36 (KHTML, like Gecko; compatible; GPTBot/1.2; +https://openai.com/gptbot)"
207.46.13.111 - - [28/Apr/2025:01:57:14 -0400] "GET /sports-clubs-yls7 HTTP/1.1" 200 20367 "-" "Mozilla/5.0 AppleWebKit/537.36 (KHTML, like Gecko; compatible; bingbot/2.0; +http://www.bing.com/bingbot.htm) Chrome/116.0.1938.76 Safari/537.36"
199.188.205.55 - - [28/Apr/2025:01:57:22 -0400] "POST /wp-cron.php?doing_wp_cron=1745819842.3294279575347900390625 HTTP/1.1" 200 0 "-" "WordPress/6.2.6; http://rupalake.org.np"
40.77.167.68 - - [28/Apr/2025:01:57:22 -0400] "GET /home-appliances-sewing-machines-fdxb HTTP/1.1" 200 21303 "-" "Mozilla/5.0 AppleWebKit/537.36 (KHTML, like Gecko; compatible; bingbot/2.0; +http://www.bing.com/bingbot.htm) Chrome/116.0.1938.76 Safari/537.36"
51.222.253.15 - - [28/Apr/2025:01:57:21 -0400] "GET /books/sports/17100221602536 HTTP/1.1" 404 7439 "-" "Mozilla/5.0 (compatible; AhrefsBot/7.0; +http://ahrefs.com/robot/)"
85.208.96.212 - - [28/Apr/2025:01:57:38 -0400] "GET /db.php/motorcycles/car-navigation-systems/18290182263123.shtml HTTP/1.1" 200 0 "-" "Mozilla/5.0 (compatible; SemrushBot/7~bl; +http://www.semrush.com/bot.html)"
85.208.96.203 - - [28/Apr/2025:01:57:39 -0400] "GET /db.php/fashion/accessories/9770181341297.shtml HTTP/1.1" 200 0 "-" "Mozilla/5.0 (compatible; SemrushBot/7~bl; +http://www.semrush.com/bot.html)"
85.208.96.201 - - [28/Apr/2025:01:57:40 -0400] "GET /db.php/fashion/outerwear/9720180471274.shtml HTTP/1.1" 200 0 "-" "Mozilla/5.0 (compatible; SemrushBot/7~bl; +http://www.semrush.com/bot.html)"
66.249.68.68 - - [28/Apr/2025:01:58:01 -0400] "GET /beauty/coloring/17440151143476 HTTP/1.1" 200 20606 "-" "Mozilla/5.0 (Linux; Android 6.0.1; Nexus 5X Build/MMB29P) AppleWebKit/537.36 (KHTML, like Gecko) Chrome/135.0.7049.95 Mobile Safari/537.36 (compatible; GoogleOther)"
66.249.68.66 - - [28/Apr/2025:01:58:03 -0400] "POST /get-message-notify HTTP/1.1" 200 20889 "http://rupalake.org.np/beauty/coloring/17440151143476" "Mozilla/5.0 (Linux; Android 6.0.1; Nexus 5X Build/MMB29P) AppleWebKit/537.36 (KHTML, like Gecko) Chrome/134.0.6998.165 Mobile Safari/537.36 (compatible; Googlebot/2.1; +http://www.google.com/bot.html)"
185.191.171.4 - - [28/Apr/2025:01:58:07 -0400] "GET /db.php/cosmetics/others/18210413245408.shtml HTTP/1.1" 200 0 "-" "Mozilla/5.0 (compatible; SemrushBot/7~bl; +http://www.semrush.com/bot.html)"
185.191.171.5 - - [28/Apr/2025:01:58:08 -0400] "GET /db.php/motorcycles/security/18320300874756.shtml HTTP/1.1" 200 0 "-" "Mozilla/5.0 (compatible; SemrushBot/7~bl; +http://www.semrush.com/bot.html)"
85.208.96.197 - - [28/Apr/2025:01:58:20 -0400] "GET /db.php/outdoor/chairs/8810423979282.shtml HTTP/1.1" 200 0 "-" "Mozilla/5.0 (compatible; SemrushBot/7~bl; +http://www.semrush.com/bot.html)"
207.46.13.111 - - [28/Apr/2025:01:58:22 -0400] "GET /books-study-guides-1rq7l HTTP/1.1" 200 20698 "-" "Mozilla/5.0 AppleWebKit/537.36 (KHTML, like Gecko; compatible; bingbot/2.0; +http://www.bing.com/bingbot.htm) Chrome/116.0.1938.76 Safari/537.36"
85.208.96.201 - - [28/Apr/2025:01:58:29 -0400] "GET /db.php/audio/camera-accessories/14570183119226.shtml HTTP/1.1" 200 0 "-" "Mozilla/5.0 (compatible; SemrushBot/7~bl; +http://www.semrush.com/bot.html)"
185.191.171.11 - - [28/Apr/2025:01:58:40 -0400] "GET /robots.txt HTTP/1.1" 200 236 "-" "Mozilla/5.0 (compatible; SemrushBot/7~bl; +http://www.semrush.com/bot.html)"
185.191.171.11 - - [28/Apr/2025:01:58:40 -0400] "GET /db.php/outdoor/outdoor-shoes/8820333114926.shtml HTTP/1.1" 200 0 "-" "Mozilla/5.0 (compatible; SemrushBot/7~bl; +http://www.semrush.com/bot.html)"
85.208.96.196 - - [28/Apr/2025:01:58:47 -0400] "GET /db.php/audio/headphones/14650552794150.shtml HTTP/1.1" 200 0 "-" "Mozilla/5.0 (compatible; SemrushBot/7~bl; +http://www.semrush.com/bot.html)"
85.208.96.201 - - [28/Apr/2025:01:58:56 -0400] "GET /db.php/fashion/dresses/9810463391488.shtml HTTP/1.1" 200 0 "-" "Mozilla/5.0 (compatible; SemrushBot/7~bl; +http://www.semrush.com/bot.html)"
85.208.96.193 - - [28/Apr/2025:01:59:04 -0400] "GET /db.php/cameras/other/14850312178184.shtml HTTP/1.1" 200 0 "-" "Mozilla/5.0 (compatible; SemrushBot/7~bl; +http://www.semrush.com/bot.html)"
185.191.171.6 - - [28/Apr/2025:01:59:26 -0400] "GET /db.php/diy/paints/5810591564434.shtml HTTP/1.1" 200 0 "-" "Mozilla/5.0 (compatible; SemrushBot/7~bl; +http://www.semrush.com/bot.html)"
207.46.13.153 - - [28/Apr/2025:01:59:35 -0400] "GET /diy-cutting-machines-1fcgu HTTP/1.1" 200 21204 "-" "Mozilla/5.0 AppleWebKit/537.36 (KHTML, like Gecko; compatible; bingbot/2.0; +http://www.bing.com/bingbot.htm) Chrome/116.0.1938.76 Safari/537.36"
85.208.96.193 - - [28/Apr/2025:01:59:39 -0400] "GET /db.php/fashion/tops/9730191758412.shtml HTTP/1.1" 200 0 "-" "Mozilla/5.0 (compatible; SemrushBot/7~bl; +http://www.semrush.com/bot.html)"
85.208.96.207 - - [28/Apr/2025:01:59:42 -0400] "GET /db.php/computers/smartphones/680363101139.shtml HTTP/1.1" 200 0 "-" "Mozilla/5.0 (compatible; SemrushBot/7~bl; +http://www.semrush.com/bot.html)"
85.208.96.205 - - [28/Apr/2025:01:59:45 -0400] "GET /db.php/furniture/computer-desks/4340402973900.shtml HTTP/1.1" 200 0 "-" "Mozilla/5.0 (compatible; SemrushBot/7~bl; +http://www.semrush.com/bot.html)"
85.208.96.193 - - [28/Apr/2025:02:00:01 -0400] "GET /db.php/tickets/golf/8540362290618.shtml HTTP/1.1" 200 0 "-" "Mozilla/5.0 (compatible; SemrushBot/7~bl; +http://www.semrush.com/bot.html)"
85.208.96.210 - - [28/Apr/2025:02:00:16 -0400] "GET /db.php/fashion/bags/9750311085516.shtml HTTP/1.1" 200 0 "-" "Mozilla/5.0 (compatible; SemrushBot/7~bl; +http://www.semrush.com/bot.html)"
207.46.13.153 - - [28/Apr/2025:02:00:16 -0400] "GET /flowers-cacti-10t1f HTTP/1.1" 200 20930 "-" "Mozilla/5.0 AppleWebKit/537.36 (KHTML, like Gecko; compatible; bingbot/2.0; +http://www.bing.com/bingbot.htm) Chrome/116.0.1938.76 Safari/537.36"
85.208.96.195 - - [28/Apr/2025:02:00:20 -0400] "GET /db.php/toys/sports-cards/13420600867164.shtml HTTP/1.1" 200 0 "-" "Mozilla/5.0 (compatible; SemrushBot/7~bl; +http://www.semrush.com/bot.html)"
66.249.68.68 - - [28/Apr/2025:02:00:40 -0400] "GET /flowers/cut-flowers/3560143271104 HTTP/1.1" 200 20515 "-" "Mozilla/5.0 (Linux; Android 6.0.1; Nexus 5X Build/MMB29P) AppleWebKit/537.36 (KHTML, like Gecko) Chrome/135.0.7049.95 Mobile Safari/537.36 (compatible; GoogleOther)"
40.77.167.68 - - [28/Apr/2025:02:00:41 -0400] "GET /tickets-korean-wave-2aipo HTTP/1.1" 200 20719 "-" "Mozilla/5.0 AppleWebKit/537.36 (KHTML, like Gecko; compatible; bingbot/2.0; +http://www.bing.com/bingbot.htm) Chrome/116.0.1938.76 Safari/537.36"
185.191.171.4 - - [28/Apr/2025:02:00:52 -0400] "GET /db.php/food/whiskey/9160543638446.shtml HTTP/1.1" 200 0 "-" "Mozilla/5.0 (compatible; SemrushBot/7~bl; +http://www.semrush.com/bot.html)"
85.208.96.207 - - [28/Apr/2025:02:01:07 -0400] "GET /db.php/air-conditioning/vacuum-cleaners/9500311061752.shtml HTTP/1.1" 200 0 "-" "Mozilla/5.0 (compatible; SemrushBot/7~bl; +http://www.semrush.com/bot.html)"
66.249.68.67 - - [28/Apr/2025:02:01:13 -0400] "POST /get-message-notify HTTP/1.1" 200 20847 "http://rupalake.org.np/flowers/cut-flowers/3560143271104" "Mozilla/5.0 (Linux; Android 6.0.1; Nexus 5X Build/MMB29P) AppleWebKit/537.36 (KHTML, like Gecko) Chrome/134.0.6998.165 Mobile Safari/537.36 (compatible; Googlebot/2.1; +http://www.google.com/bot.html)"
40.77.167.68 - - [28/Apr/2025:02:01:23 -0400] "GET /air-conditioning-air-purifiers-2fhqm HTTP/1.1" 200 20989 "-" "Mozilla/5.0 AppleWebKit/537.36 (KHTML, like Gecko; compatible; bingbot/2.0; +http://www.bing.com/bingbot.htm) Chrome/116.0.1938.76 Safari/537.36"
85.208.96.208 - - [28/Apr/2025:02:01:38 -0400] "GET /db.php/health/safety-shoes/10200020246212.shtml HTTP/1.1" 200 0 "-" "Mozilla/5.0 (compatible; SemrushBot/7~bl; +http://www.semrush.com/bot.html)"
185.191.171.4 - - [28/Apr/2025:02:01:40 -0400] "GET /db.php/etc./bulk-sales/15210181827844.shtml HTTP/1.1" 200 0 "-" "Mozilla/5.0 (compatible; SemrushBot/7~bl; +http://www.semrush.com/bot.html)"
207.46.13.153 - - [28/Apr/2025:02:01:43 -0400] "GET /diy-cutting-tools-1j9mo HTTP/1.1" 200 21128 "-" "Mozilla/5.0 AppleWebKit/537.36 (KHTML, like Gecko; compatible; bingbot/2.0; +http://www.bing.com/bingbot.htm) Chrome/116.0.1938.76 Safari/537.36"
85.208.96.210 - - [28/Apr/2025:02:01:54 -0400] "GET /db.php/health/candles/10730313277698.shtml HTTP/1.1" 200 0 "-" "Mozilla/5.0 (compatible; SemrushBot/7~bl; +http://www.semrush.com/bot.html)"
199.188.205.55 - - [28/Apr/2025:02:01:58 -0400] "POST /wp-cron.php?doing_wp_cron=1745820118.0048170089721679687500 HTTP/1.1" 200 0 "-" "WordPress/6.2.6; http://rupalake.org.np"
51.222.253.9 - - [28/Apr/2025:02:01:57 -0400] "GET /decor/blankets/3880023314080 HTTP/1.1" 404 7439 "-" "Mozilla/5.0 (compatible; AhrefsBot/7.0; +http://ahrefs.com/robot/)"
185.191.171.8 - - [28/Apr/2025:02:02:08 -0400] "GET /db.php/air-conditioning/washing-machines/9490483674457.shtml HTTP/1.1" 200 0 "-" "Mozilla/5.0 (compatible; SemrushBot/7~bl; +http://www.semrush.com/bot.html)"
85.208.96.212 - - [28/Apr/2025:02:02:09 -0400] "GET /db.php/kitchen/writing-implements/15130262858555.shtml HTTP/1.1" 200 0 "-" "Mozilla/5.0 (compatible; SemrushBot/7~bl; +http://www.semrush.com/bot.html)"
185.191.171.9 - - [28/Apr/2025:02:02:21 -0400] "GET /db.php/fashion/bags/9750033645001.shtml HTTP/1.1" 200 0 "-" "Mozilla/5.0 (compatible; SemrushBot/7~bl; +http://www.semrush.com/bot.html)"
40.77.167.68 - - [28/Apr/2025:02:02:24 -0400] "GET /health-auxiliary-belts-1cl55 HTTP/1.1" 200 21742 "-" "Mozilla/5.0 AppleWebKit/537.36 (KHTML, like Gecko; compatible; bingbot/2.0; +http://www.bing.com/bingbot.htm) Chrome/116.0.1938.76 Safari/537.36"
85.208.96.200 - - [28/Apr/2025:02:02:47 -0400] "GET /db.php/cds/musicals/15030043817087.shtml HTTP/1.1" 200 0 "-" "Mozilla/5.0 (compatible; SemrushBot/7~bl; +http://www.semrush.com/bot.html)"
85.208.96.208 - - [28/Apr/2025:02:02:54 -0400] "GET /db.php/fishing/mountain-climbing/8830062754022.shtml HTTP/1.1" 200 0 "-" "Mozilla/5.0 (compatible; SemrushBot/7~bl; +http://www.semrush.com/bot.html)"
66.249.68.68 - - [28/Apr/2025:02:03:00 -0400] "GET /art/brass-instruments/18500232212300 HTTP/1.1" 200 20799 "-" "Mozilla/5.0 (Linux; Android 6.0.1; Nexus 5X Build/MMB29P) AppleWebKit/537.36 (KHTML, like Gecko) Chrome/135.0.7049.95 Mobile Safari/537.36 (compatible; GoogleOther)"
85.208.96.212 - - [28/Apr/2025:02:03:01 -0400] "GET /db.php/travel-supplies/rods/8880341058214.shtml HTTP/1.1" 200 0 "-" "Mozilla/5.0 (compatible; SemrushBot/7~bl; +http://www.semrush.com/bot.html)"
85.208.96.195 - - [28/Apr/2025:02:03:02 -0400] "GET /db.php/fashion/tops/9730160275930.shtml HTTP/1.1" 200 0 "-" "Mozilla/5.0 (compatible; SemrushBot/7~bl; +http://www.semrush.com/bot.html)"
85.208.96.211 - - [28/Apr/2025:02:03:04 -0400] "GET /db.php/flowers/others/3840400255014.shtml HTTP/1.1" 200 0 "-" "Mozilla/5.0 (compatible; SemrushBot/7~bl; +http://www.semrush.com/bot.html)"
66.249.68.67 - - [28/Apr/2025:02:03:05 -0400] "POST /get-message-notify HTTP/1.1" 200 20915 "http://rupalake.org.np/art/brass-instruments/18500232212300" "Mozilla/5.0 (Linux; Android 6.0.1; Nexus 5X Build/MMB29P) AppleWebKit/537.36 (KHTML, like Gecko) Chrome/134.0.6998.165 Mobile Safari/537.36 (compatible; Googlebot/2.1; +http://www.google.com/bot.html)"
185.191.171.15 - - [28/Apr/2025:02:03:26 -0400] "GET /db.php/art/others/19070570305615.shtml HTTP/1.1" 200 0 "-" "Mozilla/5.0 (compatible; SemrushBot/7~bl; +http://www.semrush.com/bot.html)"
40.77.167.68 - - [28/Apr/2025:02:03:35 -0400] "GET /home-appliances-ion-generators-1bkes HTTP/1.1" 200 21451 "-" "Mozilla/5.0 AppleWebKit/537.36 (KHTML, like Gecko; compatible; bingbot/2.0; +http://www.bing.com/bingbot.htm) Chrome/116.0.1938.76 Safari/537.36"
185.191.171.7 - - [28/Apr/2025:02:03:46 -0400] "GET /db.php/musical-instruments/guitars/18390083162505.shtml HTTP/1.1" 200 0 "-" "Mozilla/5.0 (compatible; SemrushBot/7~bl; +http://www.semrush.com/bot.html)"
185.191.171.18 - - [28/Apr/2025:02:03:52 -0400] "GET /db.php/outdoor/tents/8780491046244.shtml HTTP/1.1" 200 0 "-" "Mozilla/5.0 (compatible; SemrushBot/7~bl; +http://www.semrush.com/bot.html)"
85.208.96.207 - - [28/Apr/2025:02:04:00 -0400] "GET /db.php/art/cosplay-costumes/18670333177688.shtml HTTP/1.1" 200 0 "-" "Mozilla/5.0 (compatible; SemrushBot/7~bl; +http://www.semrush.com/bot.html)"
85.208.96.210 - - [28/Apr/2025:02:04:07 -0400] "GET /db.php/sports/golf-bags/1670143753430.shtml HTTP/1.1" 200 0 "-" "Mozilla/5.0 (compatible; SemrushBot/7~bl; +http://www.semrush.com/bot.html)"
85.208.96.195 - - [28/Apr/2025:02:04:20 -0400] "GET /db.php/fashion/hats/9880290752202.shtml HTTP/1.1" 200 0 "-" "Mozilla/5.0 (compatible; SemrushBot/7~bl; +http://www.semrush.com/bot.html)"
40.77.167.68 - - [28/Apr/2025:02:04:43 -0400] "GET /home-appliances-refrigerator-22fob HTTP/1.1" 200 21318 "-" "Mozilla/5.0 AppleWebKit/537.36 (KHTML, like Gecko; compatible; bingbot/2.0; +http://www.bing.com/bingbot.htm) Chrome/116.0.1938.76 Safari/537.36"
85.208.96.200 - - [28/Apr/2025:02:04:52 -0400] "GET /db.php/furniture/chairs/3990232609583.shtml HTTP/1.1" 200 0 "-" "Mozilla/5.0 (compatible; SemrushBot/7~bl; +http://www.semrush.com/bot.html)"
207.46.13.153 - - [28/Apr/2025:02:04:55 -0400] "GET /home-appliances-vacuum-cleaners-2383m HTTP/1.1" 200 21214 "-" "Mozilla/5.0 AppleWebKit/537.36 (KHTML, like Gecko; compatible; bingbot/2.0; +http://www.bing.com/bingbot.htm) Chrome/116.0.1938.76 Safari/537.36"
185.191.171.17 - - [28/Apr/2025:02:05:07 -0400] "GET /db.php/beauty/hair-dryers/17280341914381.shtml HTTP/1.1" 200 0 "-" "Mozilla/5.0 (compatible; SemrushBot/7~bl; +http://www.semrush.com/bot.html)"
85.208.96.203 - - [28/Apr/2025:02:05:23 -0400] "GET /db.php/goods/sports-cards/13420382535273.shtml HTTP/1.1" 200 0 "-" "Mozilla/5.0 (compatible; SemrushBot/7~bl; +http://www.semrush.com/bot.html)"
40.77.167.77 - - [28/Apr/2025:02:05:35 -0400] "GET /furniture-others-196an HTTP/1.1" 200 21393 "-" "Mozilla/5.0 AppleWebKit/537.36 (KHTML, like Gecko; compatible; bingbot/2.0; +http://www.bing.com/bingbot.htm) Chrome/116.0.1938.76 Safari/537.36"
66.249.68.67 - - [28/Apr/2025:02:05:39 -0400] "GET /art/characters/18740512632925 HTTP/1.1" 200 20794 "-" "Mozilla/5.0 (Linux; Android 6.0.1; Nexus 5X Build/MMB29P) AppleWebKit/537.36 (KHTML, like Gecko) Chrome/135.0.7049.95 Mobile Safari/537.36 (compatible; GoogleOther)"
85.208.96.194 - - [28/Apr/2025:02:05:41 -0400] "GET /db.php/toys/pokemon-card-games/13260173513432.shtml HTTP/1.1" 200 0 "-" "Mozilla/5.0 (compatible; SemrushBot/7~bl; +http://www.semrush.com/bot.html)"
66.249.68.68 - - [28/Apr/2025:02:05:42 -0400] "POST /get-message-notify HTTP/1.1" 200 20888 "http://rupalake.org.np/art/characters/18740512632925" "Mozilla/5.0 (Linux; Android 6.0.1; Nexus 5X Build/MMB29P) AppleWebKit/537.36 (KHTML, like Gecko) Chrome/134.0.6998.165 Mobile Safari/537.36 (compatible; Googlebot/2.1; +http://www.google.com/bot.html)"
185.191.171.4 - - [28/Apr/2025:02:05:48 -0400] "GET /db.php/tops/blouses/20440260332657.shtml HTTP/1.1" 200 0 "-" "Mozilla/5.0 (compatible; SemrushBot/7~bl; +http://www.semrush.com/bot.html)"
85.208.96.202 - - [28/Apr/2025:02:06:10 -0400] "GET /db.php/dvds/western-music/14950243879303.shtml HTTP/1.1" 200 0 "-" "Mozilla/5.0 (compatible; SemrushBot/7~bl; +http://www.semrush.com/bot.html)"
85.208.96.204 - - [28/Apr/2025:02:06:12 -0400] "GET /db.php/handmade/materials/11210272939439.shtml HTTP/1.1" 200 0 "-" "Mozilla/5.0 (compatible; SemrushBot/7~bl; +http://www.semrush.com/bot.html)"
185.191.171.12 - - [28/Apr/2025:02:06:13 -0400] "GET /db.php/cds/western-music/14950412494735.shtml HTTP/1.1" 200 0 "-" "Mozilla/5.0 (compatible; SemrushBot/7~bl; +http://www.semrush.com/bot.html)"
185.191.171.5 - - [28/Apr/2025:02:06:31 -0400] "GET /db.php/fishing/tarps/8780102663071.shtml HTTP/1.1" 200 0 "-" "Mozilla/5.0 (compatible; SemrushBot/7~bl; +http://www.semrush.com/bot.html)"
85.208.96.203 - - [28/Apr/2025:02:06:41 -0400] "GET /db.php/tablets/smartphones/680343822560.shtml HTTP/1.1" 200 0 "-" "Mozilla/5.0 (compatible; SemrushBot/7~bl; +http://www.semrush.com/bot.html)"
185.191.171.1 - - [28/Apr/2025:02:06:51 -0400] "GET /db.php/cosmetics/bath-salts/17600131181392.shtml HTTP/1.1" 200 0 "-" "Mozilla/5.0 (compatible; SemrushBot/7~bl; +http://www.semrush.com/bot.html)"
185.191.171.5 - - [28/Apr/2025:02:06:57 -0400] "GET /db.php/tv/other/14850392230458.shtml HTTP/1.1" 200 0 "-" "Mozilla/5.0 (compatible; SemrushBot/7~bl; +http://www.semrush.com/bot.html)"
185.191.171.2 - - [28/Apr/2025:02:06:59 -0400] "GET /db.php/hobbies/crafts/18440021582355.shtml HTTP/1.1" 200 0 "-" "Mozilla/5.0 (compatible; SemrushBot/7~bl; +http://www.semrush.com/bot.html)"
52.167.144.207 - - [28/Apr/2025:02:07:02 -0400] "GET /diy-screwdrivers-sw3x HTTP/1.1" 200 20658 "-" "Mozilla/5.0 AppleWebKit/537.36 (KHTML, like Gecko; compatible; bingbot/2.0; +http://www.bing.com/bingbot.htm) Chrome/116.0.1938.76 Safari/537.36"
85.208.96.211 - - [28/Apr/2025:02:07:08 -0400] "GET /db.php/etc./masking-tape/15410570563521.shtml HTTP/1.1" 200 0 "-" "Mozilla/5.0 (compatible; SemrushBot/7~bl; +http://www.semrush.com/bot.html)"
52.167.144.207 - - [28/Apr/2025:02:07:23 -0400] "GET /musical-instruments-guitars-1xxmd HTTP/1.1" 200 21223 "-" "Mozilla/5.0 AppleWebKit/537.36 (KHTML, like Gecko; compatible; bingbot/2.0; +http://www.bing.com/bingbot.htm) Chrome/116.0.1938.76 Safari/537.36"
85.208.96.199 - - [28/Apr/2025:02:07:35 -0400] "GET /db.php/home-appliances/washing-machines/9490080582994.shtml HTTP/1.1" 200 0 "-" "Mozilla/5.0 (compatible; SemrushBot/7~bl; +http://www.semrush.com/bot.html)"
85.208.96.199 - - [28/Apr/2025:02:07:51 -0400] "GET /db.php/tv/digital-cameras/14470340902354.shtml HTTP/1.1" 200 0 "-" "Mozilla/5.0 (compatible; SemrushBot/7~bl; +http://www.semrush.com/bot.html)"
85.208.96.201 - - [28/Apr/2025:02:07:54 -0400] "GET /db.php/gardening/others/3840573195604.shtml HTTP/1.1" 200 0 "-" "Mozilla/5.0 (compatible; SemrushBot/7~bl; +http://www.semrush.com/bot.html)"
199.188.205.55 - - [28/Apr/2025:02:07:59 -0400] "POST /wp-cron.php?doing_wp_cron=1745820479.1053609848022460937500 HTTP/1.1" 200 0 "-" "WordPress/6.2.6; http://rupalake.org.np"
85.208.96.204 - - [28/Apr/2025:02:08:00 -0400] "GET /db.php/fashion/kimono/9790522307626.shtml HTTP/1.1" 200 0 "-" "Mozilla/5.0 (compatible; SemrushBot/7~bl; +http://www.semrush.com/bot.html)"
51.222.253.9 - - [28/Apr/2025:02:07:57 -0400] "GET /diy/air-tools/5290542747243 HTTP/1.1" 404 7439 "-" "Mozilla/5.0 (compatible; AhrefsBot/7.0; +http://ahrefs.com/robot/)"
66.249.68.68 - - [28/Apr/2025:02:08:02 -0400] "GET /art/characters/18740571914010 HTTP/1.1" 200 21795 "-" "Mozilla/5.0 (Linux; Android 6.0.1; Nexus 5X Build/MMB29P) AppleWebKit/537.36 (KHTML, like Gecko) Chrome/135.0.7049.95 Mobile Safari/537.36 (compatible; GoogleOther)"
85.208.96.197 - - [28/Apr/2025:02:08:16 -0400] "GET /db.php/art/slot-machines/18720090124972.shtml HTTP/1.1" 200 0 "-" "Mozilla/5.0 (compatible; SemrushBot/7~bl; +http://www.semrush.com/bot.html)"
85.208.96.200 - - [28/Apr/2025:02:08:21 -0400] "GET /db.php/tools/air-tools/5290500125447.shtml HTTP/1.1" 200 0 "-" "Mozilla/5.0 (compatible; SemrushBot/7~bl; +http://www.semrush.com/bot.html)"
66.249.68.67 - - [28/Apr/2025:02:08:26 -0400] "POST /get-message-notify HTTP/1.1" 200 20881 "http://rupalake.org.np/art/characters/18740571914010" "Mozilla/5.0 (Linux; Android 6.0.1; Nexus 5X Build/MMB29P) AppleWebKit/537.36 (KHTML, like Gecko) Chrome/134.0.6998.165 Mobile Safari/537.36 (compatible; Googlebot/2.1; +http://www.google.com/bot.html)"
207.46.13.153 - - [28/Apr/2025:02:08:45 -0400] "GET /furniture-desk-chairs-1fkxc HTTP/1.1" 200 20843 "-" "Mozilla/5.0 AppleWebKit/537.36 (KHTML, like Gecko; compatible; bingbot/2.0; +http://www.bing.com/bingbot.htm) Chrome/116.0.1938.76 Safari/537.36"
85.208.96.212 - - [28/Apr/2025:02:08:55 -0400] "GET /db.php/health/royal-jelly/10420133637722.shtml HTTP/1.1" 200 0 "-" "Mozilla/5.0 (compatible; SemrushBot/7~bl; +http://www.semrush.com/bot.html)"
85.208.96.207 - - [28/Apr/2025:02:09:07 -0400] "GET /db.php/tops/bolero/20330033024245.shtml HTTP/1.1" 200 0 "-" "Mozilla/5.0 (compatible; SemrushBot/7~bl; +http://www.semrush.com/bot.html)"
185.191.171.12 - - [28/Apr/2025:02:09:11 -0400] "GET /db.php/furniture/office-chairs/4050052270136.shtml HTTP/1.1" 200 0 "-" "Mozilla/5.0 (compatible; SemrushBot/7~bl; +http://www.semrush.com/bot.html)"
185.191.171.16 - - [28/Apr/2025:02:09:41 -0400] "GET /db.php/diet/yeast/10260581813866.shtml HTTP/1.1" 200 0 "-" "Mozilla/5.0 (compatible; SemrushBot/7~bl; +http://www.semrush.com/bot.html)"
40.77.167.77 - - [28/Apr/2025:02:09:45 -0400] "GET /audio-woofers-2a7b3 HTTP/1.1" 200 21488 "-" "Mozilla/5.0 AppleWebKit/537.36 (KHTML, like Gecko; compatible; bingbot/2.0; +http://www.bing.com/bingbot.htm) Chrome/116.0.1938.76 Safari/537.36"
85.208.96.205 - - [28/Apr/2025:02:09:54 -0400] "GET /db.php/magazines/complete-sets/16770092427107.shtml HTTP/1.1" 200 0 "-" "Mozilla/5.0 (compatible; SemrushBot/7~bl; +http://www.semrush.com/bot.html)"
185.191.171.6 - - [28/Apr/2025:02:10:12 -0400] "GET /db.php/fashion/tops/9730081250524.shtml HTTP/1.1" 200 0 "-" "Mozilla/5.0 (compatible; SemrushBot/7~bl; +http://www.semrush.com/bot.html)"
85.208.96.201 - - [28/Apr/2025:02:10:14 -0400] "GET /db.php/sports/wear/1660180620687.shtml HTTP/1.1" 200 0 "-" "Mozilla/5.0 (compatible; SemrushBot/7~bl; +http://www.semrush.com/bot.html)"
52.167.144.207 - - [28/Apr/2025:02:10:23 -0400] "GET /drinks-wine-2ha0a HTTP/1.1" 200 21240 "-" "Mozilla/5.0 AppleWebKit/537.36 (KHTML, like Gecko; compatible; bingbot/2.0; +http://www.bing.com/bingbot.htm) Chrome/116.0.1938.76 Safari/537.36"
66.249.68.68 - - [28/Apr/2025:02:10:33 -0400] "GET /cosmetics/coloring/17440110371643 HTTP/1.1" 200 20954 "-" "Mozilla/5.0 (Linux; Android 6.0.1; Nexus 5X Build/MMB29P) AppleWebKit/537.36 (KHTML, like Gecko) Chrome/135.0.7049.95 Mobile Safari/537.36 (compatible; GoogleOther)"
85.208.96.204 - - [28/Apr/2025:02:10:36 -0400] "GET /db.php/audio/amplifiers/14500132979894.shtml HTTP/1.1" 200 0 "-" "Mozilla/5.0 (compatible; SemrushBot/7~bl; +http://www.semrush.com/bot.html)"
85.208.96.194 - - [28/Apr/2025:02:10:41 -0400] "GET /db.php/art/cosplay-costumes/18670360709651.shtml HTTP/1.1" 200 0 "-" "Mozilla/5.0 (compatible; SemrushBot/7~bl; +http://www.semrush.com/bot.html)"
185.191.171.16 - - [28/Apr/2025:02:10:44 -0400] "GET /db.php/fashion/jackets/9720110685347.shtml HTTP/1.1" 200 0 "-" "Mozilla/5.0 (compatible; SemrushBot/7~bl; +http://www.semrush.com/bot.html)"
157.55.39.55 - - [28/Apr/2025:02:10:56 -0400] "GET /toys-game-characters-w1c3 HTTP/1.1" 200 21001 "-" "Mozilla/5.0 AppleWebKit/537.36 (KHTML, like Gecko; compatible; bingbot/2.0; +http://www.bing.com/bingbot.htm) Chrome/116.0.1938.76 Safari/537.36"
185.191.171.4 - - [28/Apr/2025:02:10:59 -0400] "GET /db.php/cameras/woofers/14550302033987.shtml HTTP/1.1" 200 0 "-" "Mozilla/5.0 (compatible; SemrushBot/7~bl; +http://www.semrush.com/bot.html)"
85.208.96.193 - - [28/Apr/2025:02:11:02 -0400] "GET /db.php/travel-supplies/reels/8770472271390.shtml HTTP/1.1" 200 0 "-" "Mozilla/5.0 (compatible; SemrushBot/7~bl; +http://www.semrush.com/bot.html)"
66.249.68.67 - - [28/Apr/2025:02:11:09 -0400] "POST /get-message-notify HTTP/1.1" 200 20855 "http://rupalake.org.np/cosmetics/coloring/17440110371643" "Mozilla/5.0 (Linux; Android 6.0.1; Nexus 5X Build/MMB29P) AppleWebKit/537.36 (KHTML, like Gecko) Chrome/134.0.6998.165 Mobile Safari/537.36 (compatible; Googlebot/2.1; +http://www.google.com/bot.html)"
85.208.96.210 - - [28/Apr/2025:02:11:11 -0400] "GET /db.php/flowers/ficus/3510582300437.shtml HTTP/1.1" 200 0 "-" "Mozilla/5.0 (compatible; SemrushBot/7~bl; +http://www.semrush.com/bot.html)"
85.208.96.211 - - [28/Apr/2025:02:11:17 -0400] "GET /db.php/smartphones/memory/1120300259454.shtml HTTP/1.1" 200 0 "-" "Mozilla/5.0 (compatible; SemrushBot/7~bl; +http://www.semrush.com/bot.html)"
85.208.96.193 - - [28/Apr/2025:02:11:27 -0400] "GET /db.php/cosmetics/face-masks/17310523910177.shtml HTTP/1.1" 200 0 "-" "Mozilla/5.0 (compatible; SemrushBot/7~bl; +http://www.semrush.com/bot.html)"
85.208.96.202 - - [28/Apr/2025:02:11:53 -0400] "GET /db.php/goods/others/14450010381631.shtml HTTP/1.1" 200 0 "-" "Mozilla/5.0 (compatible; SemrushBot/7~bl; +http://www.semrush.com/bot.html)"
85.208.96.193 - - [28/Apr/2025:02:12:03 -0400] "GET /db.php/pants/pants/20280452084125.shtml HTTP/1.1" 200 0 "-" "Mozilla/5.0 (compatible; SemrushBot/7~bl; +http://www.semrush.com/bot.html)"
185.191.171.18 - - [28/Apr/2025:02:12:09 -0400] "GET /db.php/pet-supplies/dog-food/7380310651634.shtml HTTP/1.1" 200 0 "-" "Mozilla/5.0 (compatible; SemrushBot/7~bl; +http://www.semrush.com/bot.html)"
85.208.96.212 - - [28/Apr/2025:02:12:23 -0400] "GET /db.php/fashion/shoes/9740211608838.shtml HTTP/1.1" 200 0 "-" "Mozilla/5.0 (compatible; SemrushBot/7~bl; +http://www.semrush.com/bot.html)"
85.208.96.208 - - [28/Apr/2025:02:12:26 -0400] "GET /db.php/etc./cups/15190020961402.shtml HTTP/1.1" 200 0 "-" "Mozilla/5.0 (compatible; SemrushBot/7~bl; +http://www.semrush.com/bot.html)"
199.188.205.55 - - [28/Apr/2025:02:12:32 -0400] "POST /wp-cron.php?doing_wp_cron=1745820752.1015179157257080078125 HTTP/1.1" 200 0 "-" "WordPress/6.2.6; http://rupalake.org.np"
51.222.253.15 - - [28/Apr/2025:02:12:31 -0400] "GET /diy/standards/5750081249397 HTTP/1.1" 404 7439 "-" "Mozilla/5.0 (compatible; AhrefsBot/7.0; +http://ahrefs.com/robot/)"
185.191.171.12 - - [28/Apr/2025:02:12:44 -0400] "GET /db.php/fashion/pants/9780071544745.shtml HTTP/1.1" 200 0 "-" "Mozilla/5.0 (compatible; SemrushBot/7~bl; +http://www.semrush.com/bot.html)"
185.191.171.9 - - [28/Apr/2025:02:12:55 -0400] "GET /db.php/sports/snowboard/1620182938411.shtml HTTP/1.1" 200 0 "-" "Mozilla/5.0 (compatible; SemrushBot/7~bl; +http://www.semrush.com/bot.html)"
66.249.68.67 - - [28/Apr/2025:02:13:05 -0400] "GET /art/characters/18740103199190 HTTP/1.1" 200 20572 "-" "Mozilla/5.0 (Linux; Android 6.0.1; Nexus 5X Build/MMB29P) AppleWebKit/537.36 (KHTML, like Gecko) Chrome/135.0.7049.95 Mobile Safari/537.36 (compatible; GoogleOther)"
85.208.96.209 - - [28/Apr/2025:02:13:08 -0400] "GET /db.php/toys/sports/14350030650323.shtml HTTP/1.1" 200 0 "-" "Mozilla/5.0 (compatible; SemrushBot/7~bl; +http://www.semrush.com/bot.html)"
66.249.68.67 - - [28/Apr/2025:02:13:11 -0400] "POST /get-message-notify HTTP/1.1" 200 20956 "http://rupalake.org.np/art/characters/18740103199190" "Mozilla/5.0 (Linux; Android 6.0.1; Nexus 5X Build/MMB29P) AppleWebKit/537.36 (KHTML, like Gecko) Chrome/134.0.6998.165 Mobile Safari/537.36 (compatible; Googlebot/2.1; +http://www.google.com/bot.html)"
52.167.144.195 - - [28/Apr/2025:02:13:33 -0400] "GET /audio-action-cameras-cxdh HTTP/1.1" 200 20915 "-" "Mozilla/5.0 AppleWebKit/537.36 (KHTML, like Gecko; compatible; bingbot/2.0; +http://www.bing.com/bingbot.htm) Chrome/116.0.1938.76 Safari/537.36"
157.55.39.55 - - [28/Apr/2025:02:13:38 -0400] "GET /air-conditioning-air-conditioners-xkxe HTTP/1.1" 200 21380 "-" "Mozilla/5.0 AppleWebKit/537.36 (KHTML, like Gecko; compatible; bingbot/2.0; +http://www.bing.com/bingbot.htm) Chrome/116.0.1938.76 Safari/537.36"
157.55.39.55 - - [28/Apr/2025:02:13:39 -0400] "GET /home-appliances-freezer-vpit HTTP/1.1" 200 20808 "-" "Mozilla/5.0 AppleWebKit/537.36 (KHTML, like Gecko; compatible; bingbot/2.0; +http://www.bing.com/bingbot.htm) Chrome/116.0.1938.76 Safari/537.36"
185.191.171.11 - - [28/Apr/2025:02:13:44 -0400] "GET /db.php/sports/snowboard/1620573357703.shtml HTTP/1.1" 200 0 "-" "Mozilla/5.0 (compatible; SemrushBot/7~bl; +http://www.semrush.com/bot.html)"
185.191.171.15 - - [28/Apr/2025:02:13:59 -0400] "GET /db.php/etc./bulk-sales/15210282167200.shtml HTTP/1.1" 200 0 "-" "Mozilla/5.0 (compatible; SemrushBot/7~bl; +http://www.semrush.com/bot.html)"
185.191.171.7 - - [28/Apr/2025:02:14:10 -0400] "GET /db.php/pet-supplies/other/7370460118836.shtml HTTP/1.1" 200 0 "-" "Mozilla/5.0 (compatible; SemrushBot/7~bl; +http://www.semrush.com/bot.html)"
85.208.96.205 - - [28/Apr/2025:02:14:16 -0400] "GET /db.php/flowers/moss-balls/3530302110155.shtml HTTP/1.1" 200 0 "-" "Mozilla/5.0 (compatible; SemrushBot/7~bl; +http://www.semrush.com/bot.html)"
185.191.171.9 - - [28/Apr/2025:02:14:22 -0400] "GET /db.php/fashion/pants/9780343294520.shtml HTTP/1.1" 200 0 "-" "Mozilla/5.0 (compatible; SemrushBot/7~bl; +http://www.semrush.com/bot.html)"
85.208.96.209 - - [28/Apr/2025:02:14:43 -0400] "GET /db.php/gardening/others/3840402415964.shtml HTTP/1.1" 200 0 "-" "Mozilla/5.0 (compatible; SemrushBot/7~bl; +http://www.semrush.com/bot.html)"
185.191.171.9 - - [28/Apr/2025:02:14:46 -0400] "GET /db.php/bicycles/tires/18250231697747.shtml HTTP/1.1" 200 0 "-" "Mozilla/5.0 (compatible; SemrushBot/7~bl; +http://www.semrush.com/bot.html)"
