185.191.171.1 - - [27/Apr/2025:10:18:41 -0400] "GET /db.php/sports/men-shoes/1840321677409.shtml HTTP/1.1" 200 0 "-" "Mozilla/5.0 (compatible; SemrushBot/7~bl; +http://www.semrush.com/bot.html)"
85.208.96.210 - - [27/Apr/2025:10:18:42 -0400] "GET /db.php/goods/sports-cards/13420211528275.shtml HTTP/1.1" 200 0 "-" "Mozilla/5.0 (compatible; SemrushBot/7~bl; +http://www.semrush.com/bot.html)"
185.191.171.5 - - [27/Apr/2025:10:18:47 -0400] "GET /db.php/sports/men-wear/1940552488984.shtml HTTP/1.1" 200 0 "-" "Mozilla/5.0 (compatible; SemrushBot/7~bl; +http://www.semrush.com/bot.html)"
207.46.13.18 - - [27/Apr/2025:10:18:53 -0400] "GET /furniture/dining-chairs/4070222677988 HTTP/1.1" 200 21540 "-" "Mozilla/5.0 AppleWebKit/537.36 (KHTML, like Gecko; compatible; bingbot/2.0; +http://www.bing.com/bingbot.htm) Chrome/116.0.1938.76 Safari/537.36"
185.191.171.11 - - [27/Apr/2025:10:19:03 -0400] "GET /db.php/travel-supplies/reels/8770142655420.shtml HTTP/1.1" 200 0 "-" "Mozilla/5.0 (compatible; SemrushBot/7~bl; +http://www.semrush.com/bot.html)"
185.191.171.4 - - [27/Apr/2025:10:19:05 -0400] "GET /db.php/fashion/accessories/9770013680589.shtml HTTP/1.1" 200 0 "-" "Mozilla/5.0 (compatible; SemrushBot/7~bl; +http://www.semrush.com/bot.html)"
185.191.171.6 - - [27/Apr/2025:10:19:09 -0400] "GET /db.php/decor/table-lights/4020340416967.shtml HTTP/1.1" 200 0 "-" "Mozilla/5.0 (compatible; SemrushBot/7~bl; +http://www.semrush.com/bot.html)"
207.46.13.18 - - [27/Apr/2025:10:19:14 -0400] "GET /air-conditioning/vacuum-cleaners/9500102258815 HTTP/1.1" 200 21098 "-" "Mozilla/5.0 AppleWebKit/537.36 (KHTML, like Gecko; compatible; bingbot/2.0; +http://www.bing.com/bingbot.htm) Chrome/116.0.1938.76 Safari/537.36"
185.191.171.19 - - [27/Apr/2025:10:19:21 -0400] "GET /db.php/drinks/wine/9170171158882.shtml HTTP/1.1" 200 0 "-" "Mozilla/5.0 (compatible; SemrushBot/7~bl; +http://www.semrush.com/bot.html)"
52.167.144.176 - - [27/Apr/2025:10:19:37 -0400] "GET /fashion-bags-2de1f HTTP/1.1" 200 21071 "-" "Mozilla/5.0 AppleWebKit/537.36 (KHTML, like Gecko; compatible; bingbot/2.0; +http://www.bing.com/bingbot.htm) Chrome/116.0.1938.76 Safari/537.36"
85.208.96.197 - - [27/Apr/2025:10:19:39 -0400] "GET /db.php/computers/pen-tablets/1110291994885.shtml HTTP/1.1" 200 0 "-" "Mozilla/5.0 (compatible; SemrushBot/7~bl; +http://www.semrush.com/bot.html)"
85.208.96.206 - - [27/Apr/2025:10:19:41 -0400] "GET /db.php/home-appliances/sewing-machines/9570062762163.shtml HTTP/1.1" 200 0 "-" "Mozilla/5.0 (compatible; SemrushBot/7~bl; +http://www.semrush.com/bot.html)"
85.208.96.203 - - [27/Apr/2025:10:19:43 -0400] "GET /db.php/daily-necessities/bulk-sales/15210580443265.shtml HTTP/1.1" 200 0 "-" "Mozilla/5.0 (compatible; SemrushBot/7~bl; +http://www.semrush.com/bot.html)"
185.191.171.1 - - [27/Apr/2025:10:20:20 -0400] "GET /db.php/sports/snowboard/1620222651388.shtml HTTP/1.1" 200 0 "-" "Mozilla/5.0 (compatible; SemrushBot/7~bl; +http://www.semrush.com/bot.html)"
185.191.171.4 - - [27/Apr/2025:10:20:22 -0400] "GET /db.php/cars/parts/18220271203589.shtml HTTP/1.1" 200 0 "-" "Mozilla/5.0 (compatible; SemrushBot/7~bl; +http://www.semrush.com/bot.html)"
66.249.68.67 - - [27/Apr/2025:10:20:30 -0400] "GET /hobbies/painting-brushes/19010230643508 HTTP/1.1" 200 21247 "-" "Mozilla/5.0 (Linux; Android 6.0.1; Nexus 5X Build/MMB29P) AppleWebKit/537.36 (KHTML, like Gecko) Chrome/135.0.7049.95 Mobile Safari/537.36 (compatible; GoogleOther)"
66.249.68.67 - - [27/Apr/2025:10:20:46 -0400] "POST /get-message-notify HTTP/1.1" 200 20995 "http://rupalake.org.np/hobbies/painting-brushes/19010230643508" "Mozilla/5.0 (Linux; Android 6.0.1; Nexus 5X Build/MMB29P) AppleWebKit/537.36 (KHTML, like Gecko) Chrome/134.0.6998.165 Mobile Safari/537.36 (compatible; Googlebot/2.1; +http://www.google.com/bot.html)"
52.167.144.166 - - [27/Apr/2025:10:20:56 -0400] "GET /air-conditioning-fan-heaters-iedx HTTP/1.1" 200 21769 "-" "Mozilla/5.0 AppleWebKit/537.36 (KHTML, like Gecko; compatible; bingbot/2.0; +http://www.bing.com/bingbot.htm) Chrome/116.0.1938.76 Safari/537.36"
185.191.171.10 - - [27/Apr/2025:10:21:04 -0400] "GET /db.php/shoes/sneakers/19960301912806.shtml HTTP/1.1" 200 0 "-" "Mozilla/5.0 (compatible; SemrushBot/7~bl; +http://www.semrush.com/bot.html)"
85.208.96.200 - - [27/Apr/2025:10:21:06 -0400] "GET /db.php/fashion/bags/9750321240755.shtml HTTP/1.1" 200 0 "-" "Mozilla/5.0 (compatible; SemrushBot/7~bl; +http://www.semrush.com/bot.html)"
185.191.171.4 - - [27/Apr/2025:10:21:21 -0400] "GET /db.php/fashion/jackets/9720020638107.shtml HTTP/1.1" 200 0 "-" "Mozilla/5.0 (compatible; SemrushBot/7~bl; +http://www.semrush.com/bot.html)"
185.191.171.3 - - [27/Apr/2025:10:21:23 -0400] "GET /db.php/fashion/accessories/9770162167984.shtml HTTP/1.1" 200 0 "-" "Mozilla/5.0 (compatible; SemrushBot/7~bl; +http://www.semrush.com/bot.html)"
185.191.171.18 - - [27/Apr/2025:10:21:29 -0400] "GET /db.php/beauty/body/17220393411156.shtml HTTP/1.1" 200 0 "-" "Mozilla/5.0 (compatible; SemrushBot/7~bl; +http://www.semrush.com/bot.html)"
52.167.144.166 - - [27/Apr/2025:10:21:35 -0400] "GET /tv-camera-accessories-1swc9 HTTP/1.1" 200 20896 "-" "Mozilla/5.0 AppleWebKit/537.36 (KHTML, like Gecko; compatible; bingbot/2.0; +http://www.bing.com/bingbot.htm) Chrome/116.0.1938.76 Safari/537.36"
85.208.96.200 - - [27/Apr/2025:10:21:55 -0400] "GET /db.php/fashion/bags/9750383670799.shtml HTTP/1.1" 200 0 "-" "Mozilla/5.0 (compatible; SemrushBot/7~bl; +http://www.semrush.com/bot.html)"
20.15.133.175 - - [27/Apr/2025:10:21:59 -0400] "GET /flowers-codex-lyll HTTP/1.1" 200 22101 "-" "Mozilla/5.0 AppleWebKit/537.36 (KHTML, like Gecko; compatible; bingbot/2.0; +http://www.bing.com/bingbot.htm) Chrome/116.0.1938.76 Safari/537.36"
85.208.96.198 - - [27/Apr/2025:10:22:07 -0400] "GET /db.php/outdoor/reels/8770493976714.shtml HTTP/1.1" 200 0 "-" "Mozilla/5.0 (compatible; SemrushBot/7~bl; +http://www.semrush.com/bot.html)"
20.15.133.175 - - [27/Apr/2025:10:22:14 -0400] "GET /fashion-tops-20mis HTTP/1.1" 200 20898 "-" "Mozilla/5.0 AppleWebKit/537.36 (KHTML, like Gecko; compatible; bingbot/2.0; +http://www.bing.com/bingbot.htm) Chrome/116.0.1938.76 Safari/537.36"
207.46.13.18 - - [27/Apr/2025:10:22:23 -0400] "GET /interior-others-21eoa HTTP/1.1" 200 21204 "-" "Mozilla/5.0 AppleWebKit/537.36 (KHTML, like Gecko; compatible; bingbot/2.0; +http://www.bing.com/bingbot.htm) Chrome/116.0.1938.76 Safari/537.36"
199.188.205.55 - - [27/Apr/2025:10:22:28 -0400] "POST /wp-cron.php?doing_wp_cron=1745763748.6941580772399902343750 HTTP/1.1" 200 0 "-" "WordPress/6.2.6; http://rupalake.org.np"
51.222.253.6 - - [27/Apr/2025:10:22:28 -0400] "GET /cosmetics/body/17220100735315 HTTP/1.1" 404 7439 "-" "Mozilla/5.0 (compatible; AhrefsBot/7.0; +http://ahrefs.com/robot/)"
85.208.96.202 - - [27/Apr/2025:10:22:37 -0400] "GET /db.php/handicrafts/knitting-tools/11390350200902.shtml HTTP/1.1" 200 0 "-" "Mozilla/5.0 (compatible; SemrushBot/7~bl; +http://www.semrush.com/bot.html)"
85.208.96.206 - - [27/Apr/2025:10:22:38 -0400] "GET /db.php/health/heat-countermeasures/10060162852194.shtml HTTP/1.1" 200 0 "-" "Mozilla/5.0 (compatible; SemrushBot/7~bl; +http://www.semrush.com/bot.html)"
186.179.63.224 - - [27/Apr/2025:10:22:37 -0400] "GET / HTTP/1.1" 200 11463 "-" "Mozilla/5.0 (Windows NT 10.0; Win64; x64) AppleWebKit/537.36 (KHTML, like Gecko) Chrome/134.0.0.0 Safari/537.36"
85.208.96.204 - - [27/Apr/2025:10:22:42 -0400] "GET /db.php/sports/snowboard/1620433169999.shtml HTTP/1.1" 200 0 "-" "Mozilla/5.0 (compatible; SemrushBot/7~bl; +http://www.semrush.com/bot.html)"
85.208.96.194 - - [27/Apr/2025:10:22:45 -0400] "GET /db.php/tablets/smartphones/680331764594.shtml HTTP/1.1" 200 0 "-" "Mozilla/5.0 (compatible; SemrushBot/7~bl; +http://www.semrush.com/bot.html)"
85.208.96.196 - - [27/Apr/2025:10:22:48 -0400] "GET /db.php/shoes/shoes/19830083151312.shtml HTTP/1.1" 200 0 "-" "Mozilla/5.0 (compatible; SemrushBot/7~bl; +http://www.semrush.com/bot.html)"
186.179.63.224 - - [27/Apr/2025:10:22:52 -0400] "GET /turning-conflict-into-collaboration-in-managing-commons-a-case-of-rupa-lake-watershed-nepal/ HTTP/1.1" 200 11624 "-" "Mozilla/5.0 (Windows NT 10.0; Win64; x64) AppleWebKit/537.36 (KHTML, like Gecko) Chrome/134.0.0.0 Safari/537.36"
85.208.96.212 - - [27/Apr/2025:10:23:03 -0400] "GET /db.php/diet/hygiene/10330183239128.shtml HTTP/1.1" 200 0 "-" "Mozilla/5.0 (compatible; SemrushBot/7~bl; +http://www.semrush.com/bot.html)"
185.191.171.16 - - [27/Apr/2025:10:23:06 -0400] "GET /db.php/bags/shoulder-bags/20180123678343.shtml HTTP/1.1" 200 0 "-" "Mozilla/5.0 (compatible; SemrushBot/7~bl; +http://www.semrush.com/bot.html)"
52.167.144.176 - - [27/Apr/2025:10:23:06 -0400] "GET /health-taurine-y8bn HTTP/1.1" 200 20885 "-" "Mozilla/5.0 AppleWebKit/537.36 (KHTML, like Gecko; compatible; bingbot/2.0; +http://www.bing.com/bingbot.htm) Chrome/116.0.1938.76 Safari/537.36"
85.208.96.197 - - [27/Apr/2025:10:23:12 -0400] "GET /db.php/tablets/multifunction-devices/770182221094.shtml HTTP/1.1" 200 0 "-" "Mozilla/5.0 (compatible; SemrushBot/7~bl; +http://www.semrush.com/bot.html)"
52.167.144.166 - - [27/Apr/2025:10:23:35 -0400] "GET /smartphones-macbooks-vgh3 HTTP/1.1" 200 21031 "-" "Mozilla/5.0 AppleWebKit/537.36 (KHTML, like Gecko; compatible; bingbot/2.0; +http://www.bing.com/bingbot.htm) Chrome/116.0.1938.76 Safari/537.36"
52.167.144.176 - - [27/Apr/2025:10:23:40 -0400] "GET /diy-electrical-tools-29yg HTTP/1.1" 200 20831 "-" "Mozilla/5.0 AppleWebKit/537.36 (KHTML, like Gecko; compatible; bingbot/2.0; +http://www.bing.com/bingbot.htm) Chrome/116.0.1938.76 Safari/537.36"
185.191.171.4 - - [27/Apr/2025:10:23:41 -0400] "GET /db.php/tickets/theme-parks/8370203826618.shtml HTTP/1.1" 200 0 "-" "Mozilla/5.0 (compatible; SemrushBot/7~bl; +http://www.semrush.com/bot.html)"
85.208.96.199 - - [27/Apr/2025:10:23:48 -0400] "GET /db.php/fashion/tops/9730521043987.shtml HTTP/1.1" 200 0 "-" "Mozilla/5.0 (compatible; SemrushBot/7~bl; +http://www.semrush.com/bot.html)"
85.208.96.207 - - [27/Apr/2025:10:23:50 -0400] "GET /db.php/fashion/shoes/9740460618391.shtml HTTP/1.1" 200 0 "-" "Mozilla/5.0 (compatible; SemrushBot/7~bl; +http://www.semrush.com/bot.html)"
85.208.96.212 - - [27/Apr/2025:10:24:21 -0400] "GET /db.php/home-appliances/electric-fans/9430402851317.shtml HTTP/1.1" 200 0 "-" "Mozilla/5.0 (compatible; SemrushBot/7~bl; +http://www.semrush.com/bot.html)"
85.208.96.210 - - [27/Apr/2025:10:24:31 -0400] "GET /db.php/fashion/bags/9750130622875.shtml HTTP/1.1" 200 0 "-" "Mozilla/5.0 (compatible; SemrushBot/7~bl; +http://www.semrush.com/bot.html)"
52.167.144.21 - - [27/Apr/2025:10:25:02 -0400] "GET /air-conditioning-clothing-care-appliances-kjw5 HTTP/1.1" 200 22022 "-" "Mozilla/5.0 AppleWebKit/537.36 (KHTML, like Gecko; compatible; bingbot/2.0; +http://www.bing.com/bingbot.htm) Chrome/116.0.1938.76 Safari/537.36"
185.191.171.16 - - [27/Apr/2025:10:25:10 -0400] "GET /db.php/outdoor/outdoor-heaters/8970442837106.shtml HTTP/1.1" 200 0 "-" "Mozilla/5.0 (compatible; SemrushBot/7~bl; +http://www.semrush.com/bot.html)"
85.208.96.207 - - [27/Apr/2025:10:25:12 -0400] "GET /db.php/health/cooling/10060211141489.shtml HTTP/1.1" 200 0 "-" "Mozilla/5.0 (compatible; SemrushBot/7~bl; +http://www.semrush.com/bot.html)"
85.208.96.206 - - [27/Apr/2025:10:25:14 -0400] "GET /db.php/sports/shuttlecocks/1870201094130.shtml HTTP/1.1" 200 0 "-" "Mozilla/5.0 (compatible; SemrushBot/7~bl; +http://www.semrush.com/bot.html)"
185.191.171.3 - - [27/Apr/2025:10:25:25 -0400] "GET /db.php/fishing/backpacks/8800143228976.shtml HTTP/1.1" 200 0 "-" "Mozilla/5.0 (compatible; SemrushBot/7~bl; +http://www.semrush.com/bot.html)"
85.208.96.207 - - [27/Apr/2025:10:25:27 -0400] "GET /db.php/outerwear/nylon-jacket/20620030966387.shtml HTTP/1.1" 200 0 "-" "Mozilla/5.0 (compatible; SemrushBot/7~bl; +http://www.semrush.com/bot.html)"
199.188.205.55 - - [27/Apr/2025:10:25:32 -0400] "POST /wp-cron.php?doing_wp_cron=1745763932.1834440231323242187500 HTTP/1.1" 200 0 "-" "WordPress/6.2.6; http://rupalake.org.np"
34.9.177.115 - - [27/Apr/2025:10:25:31 -0400] "GET /media/system/js/core.js HTTP/1.1" 404 8372 "-" "Mozilla/5.0 (Macintosh; Intel Mac OS X 10_10_1) AppleWebKit/537.36 (KHTML, like Gecko) Chrome/39.0.2171.95 Safari/537.36"
185.191.171.11 - - [27/Apr/2025:10:25:40 -0400] "GET /db.php/fashion/accessories/9760553435540.shtml HTTP/1.1" 200 0 "-" "Mozilla/5.0 (compatible; SemrushBot/7~bl; +http://www.semrush.com/bot.html)"
207.46.13.92 - - [27/Apr/2025:10:25:44 -0400] "GET /handmade-accessory-tools-mmtv HTTP/1.1" 200 21461 "-" "Mozilla/5.0 AppleWebKit/537.36 (KHTML, like Gecko; compatible; bingbot/2.0; +http://www.bing.com/bingbot.htm) Chrome/116.0.1938.76 Safari/537.36"
85.208.96.203 - - [27/Apr/2025:10:26:13 -0400] "GET /db.php/pet-supplies/carrying-bags/7880420395123.shtml HTTP/1.1" 200 0 "-" "Mozilla/5.0 (compatible; SemrushBot/7~bl; +http://www.semrush.com/bot.html)"
52.167.144.166 - - [27/Apr/2025:10:26:45 -0400] "GET /handmade-skirts-1yyoj HTTP/1.1" 200 21191 "-" "Mozilla/5.0 AppleWebKit/537.36 (KHTML, like Gecko; compatible; bingbot/2.0; +http://www.bing.com/bingbot.htm) Chrome/116.0.1938.76 Safari/537.36"
85.208.96.210 - - [27/Apr/2025:10:26:47 -0400] "GET /db.php/travel-supplies/clothing/9140481619083.shtml HTTP/1.1" 200 0 "-" "Mozilla/5.0 (compatible; SemrushBot/7~bl; +http://www.semrush.com/bot.html)"
185.191.171.10 - - [27/Apr/2025:10:26:48 -0400] "GET /db.php/cameras/amplifiers/14500093579566.shtml HTTP/1.1" 200 0 "-" "Mozilla/5.0 (compatible; SemrushBot/7~bl; +http://www.semrush.com/bot.html)"
85.208.96.207 - - [27/Apr/2025:10:26:50 -0400] "GET /db.php/health/enzymes/10260483906531.shtml HTTP/1.1" 200 0 "-" "Mozilla/5.0 (compatible; SemrushBot/7~bl; +http://www.semrush.com/bot.html)"
52.167.144.21 - - [27/Apr/2025:10:26:50 -0400] "GET /home-appliances-ion-generators-y9x1 HTTP/1.1" 200 21558 "-" "Mozilla/5.0 AppleWebKit/537.36 (KHTML, like Gecko; compatible; bingbot/2.0; +http://www.bing.com/bingbot.htm) Chrome/116.0.1938.76 Safari/537.36"
85.208.96.208 - - [27/Apr/2025:10:27:08 -0400] "GET /db.php/sports/bags/2950522240234.shtml HTTP/1.1" 200 0 "-" "Mozilla/5.0 (compatible; SemrushBot/7~bl; +http://www.semrush.com/bot.html)"
85.208.96.196 - - [27/Apr/2025:10:27:10 -0400] "GET /db.php/smartphones/laptop-body/790230323386.shtml HTTP/1.1" 200 0 "-" "Mozilla/5.0 (compatible; SemrushBot/7~bl; +http://www.semrush.com/bot.html)"
199.188.205.55 - - [27/Apr/2025:10:27:20 -0400] "POST /wp-cron.php?doing_wp_cron=1745764040.3663809299468994140625 HTTP/1.1" 200 0 "-" "WordPress/6.2.6; http://rupalake.org.np"
51.222.253.3 - - [27/Apr/2025:10:27:19 -0400] "GET /drinks/grains/9210491030075 HTTP/1.1" 404 7439 "-" "Mozilla/5.0 (compatible; AhrefsBot/7.0; +http://ahrefs.com/robot/)"
85.208.96.208 - - [27/Apr/2025:10:27:21 -0400] "GET /db.php/beauty/depilation/17260252914694.shtml HTTP/1.1" 200 0 "-" "Mozilla/5.0 (compatible; SemrushBot/7~bl; +http://www.semrush.com/bot.html)"
85.208.96.208 - - [27/Apr/2025:10:27:23 -0400] "GET /db.php/hobbies/picture-frames/18710321386666.shtml HTTP/1.1" 200 0 "-" "Mozilla/5.0 (compatible; SemrushBot/7~bl; +http://www.semrush.com/bot.html)"
85.208.96.207 - - [27/Apr/2025:10:27:25 -0400] "GET /db.php/fishing/rods/8880231742430.shtml HTTP/1.1" 200 0 "-" "Mozilla/5.0 (compatible; SemrushBot/7~bl; +http://www.semrush.com/bot.html)"
85.208.96.208 - - [27/Apr/2025:10:27:41 -0400] "GET /db.php/games/playstation5/13580130892258.shtml HTTP/1.1" 200 0 "-" "Mozilla/5.0 (compatible; SemrushBot/7~bl; +http://www.semrush.com/bot.html)"
207.46.13.92 - - [27/Apr/2025:10:27:44 -0400] "GET /tablets/macbooks/720352494312 HTTP/1.1" 200 21029 "-" "Mozilla/5.0 AppleWebKit/537.36 (KHTML, like Gecko; compatible; bingbot/2.0; +http://www.bing.com/bingbot.htm) Chrome/116.0.1938.76 Safari/537.36"
85.208.96.200 - - [27/Apr/2025:10:27:52 -0400] "GET /db.php/fashion/accessories/9770400831943.shtml HTTP/1.1" 200 0 "-" "Mozilla/5.0 (compatible; SemrushBot/7~bl; +http://www.semrush.com/bot.html)"
52.167.144.166 - - [27/Apr/2025:10:27:54 -0400] "GET /home-appliances-food-waste-processors-1pxxi HTTP/1.1" 200 21197 "-" "Mozilla/5.0 AppleWebKit/537.36 (KHTML, like Gecko; compatible; bingbot/2.0; +http://www.bing.com/bingbot.htm) Chrome/116.0.1938.76 Safari/537.36"
85.208.96.212 - - [27/Apr/2025:10:27:57 -0400] "GET /db.php/fashion/jackets/9720483697989.shtml HTTP/1.1" 200 0 "-" "Mozilla/5.0 (compatible; SemrushBot/7~bl; +http://www.semrush.com/bot.html)"
207.46.13.92 - - [27/Apr/2025:10:28:04 -0400] "GET /health-maca-wd7s HTTP/1.1" 200 21180 "-" "Mozilla/5.0 AppleWebKit/537.36 (KHTML, like Gecko; compatible; bingbot/2.0; +http://www.bing.com/bingbot.htm) Chrome/116.0.1938.76 Safari/537.36"
207.46.13.92 - - [27/Apr/2025:10:28:06 -0400] "GET /cds-asia-2iwhb HTTP/1.1" 200 21950 "-" "Mozilla/5.0 AppleWebKit/537.36 (KHTML, like Gecko; compatible; bingbot/2.0; +http://www.bing.com/bingbot.htm) Chrome/116.0.1938.76 Safari/537.36"
85.208.96.207 - - [27/Apr/2025:10:28:21 -0400] "GET /db.php/fashion/outerwear/9720520539560.shtml HTTP/1.1" 200 0 "-" "Mozilla/5.0 (compatible; SemrushBot/7~bl; +http://www.semrush.com/bot.html)"
185.191.171.16 - - [27/Apr/2025:10:28:37 -0400] "GET /db.php/fashion/kimono/9790100273460.shtml HTTP/1.1" 200 0 "-" "Mozilla/5.0 (compatible; SemrushBot/7~bl; +http://www.semrush.com/bot.html)"
207.46.13.92 - - [27/Apr/2025:10:29:13 -0400] "GET /air-conditioning-air-purifiers-ob85 HTTP/1.1" 200 21107 "-" "Mozilla/5.0 AppleWebKit/537.36 (KHTML, like Gecko; compatible; bingbot/2.0; +http://www.bing.com/bingbot.htm) Chrome/116.0.1938.76 Safari/537.36"
185.191.171.4 - - [27/Apr/2025:10:29:13 -0400] "GET /db.php/motorcycles/parts/18220440204117.shtml HTTP/1.1" 200 0 "-" "Mozilla/5.0 (compatible; SemrushBot/7~bl; +http://www.semrush.com/bot.html)"
185.191.171.19 - - [27/Apr/2025:10:29:18 -0400] "GET /db.php/alcohol/fruit/9270553154679.shtml HTTP/1.1" 200 0 "-" "Mozilla/5.0 (compatible; SemrushBot/7~bl; +http://www.semrush.com/bot.html)"
185.191.171.9 - - [27/Apr/2025:10:29:19 -0400] "GET /db.php/games/sports/14350533329982.shtml HTTP/1.1" 200 0 "-" "Mozilla/5.0 (compatible; SemrushBot/7~bl; +http://www.semrush.com/bot.html)"
52.167.144.166 - - [27/Apr/2025:10:29:25 -0400] "GET /sports-clubs-2kvrr HTTP/1.1" 200 20910 "-" "Mozilla/5.0 AppleWebKit/537.36 (KHTML, like Gecko; compatible; bingbot/2.0; +http://www.bing.com/bingbot.htm) Chrome/116.0.1938.76 Safari/537.36"
185.191.171.13 - - [27/Apr/2025:10:29:25 -0400] "GET /db.php/sports/clubs/1610472462204.shtml HTTP/1.1" 200 0 "-" "Mozilla/5.0 (compatible; SemrushBot/7~bl; +http://www.semrush.com/bot.html)"
185.191.171.9 - - [27/Apr/2025:10:29:27 -0400] "GET /db.php/fashion/accessories/9770410474224.shtml HTTP/1.1" 200 0 "-" "Mozilla/5.0 (compatible; SemrushBot/7~bl; +http://www.semrush.com/bot.html)"
52.167.144.21 - - [27/Apr/2025:10:29:38 -0400] "GET /kitchen-cups-102vw HTTP/1.1" 200 21706 "-" "Mozilla/5.0 AppleWebKit/537.36 (KHTML, like Gecko; compatible; bingbot/2.0; +http://www.bing.com/bingbot.htm) Chrome/116.0.1938.76 Safari/537.36"
85.208.96.206 - - [27/Apr/2025:10:29:41 -0400] "GET /db.php/bicycles/parts/18220251831684.shtml HTTP/1.1" 200 0 "-" "Mozilla/5.0 (compatible; SemrushBot/7~bl; +http://www.semrush.com/bot.html)"
207.46.13.92 - - [27/Apr/2025:10:29:55 -0400] "GET /home-appliances-kitchen-appliances-1rdko HTTP/1.1" 200 20644 "-" "Mozilla/5.0 AppleWebKit/537.36 (KHTML, like Gecko; compatible; bingbot/2.0; +http://www.bing.com/bingbot.htm) Chrome/116.0.1938.76 Safari/537.36"
52.167.144.166 - - [27/Apr/2025:10:30:05 -0400] "GET /fashion-pants-7e3q HTTP/1.1" 200 21477 "-" "Mozilla/5.0 AppleWebKit/537.36 (KHTML, like Gecko; compatible; bingbot/2.0; +http://www.bing.com/bingbot.htm) Chrome/116.0.1938.76 Safari/537.36"
185.191.171.3 - - [27/Apr/2025:10:30:30 -0400] "GET /db.php/fishing/reels/8770281004005.shtml HTTP/1.1" 200 0 "-" "Mozilla/5.0 (compatible; SemrushBot/7~bl; +http://www.semrush.com/bot.html)"
185.191.171.18 - - [27/Apr/2025:10:30:52 -0400] "GET /db.php/cars/tires/18250560320207.shtml HTTP/1.1" 200 0 "-" "Mozilla/5.0 (compatible; SemrushBot/7~bl; +http://www.semrush.com/bot.html)"
52.167.144.21 - - [27/Apr/2025:10:30:52 -0400] "GET /tools-paint-can-ygmg HTTP/1.1" 200 20663 "-" "Mozilla/5.0 AppleWebKit/537.36 (KHTML, like Gecko; compatible; bingbot/2.0; +http://www.bing.com/bingbot.htm) Chrome/116.0.1938.76 Safari/537.36"
85.208.96.201 - - [27/Apr/2025:10:30:54 -0400] "GET /db.php/tickets/others/8750031468544.shtml HTTP/1.1" 200 0 "-" "Mozilla/5.0 (compatible; SemrushBot/7~bl; +http://www.semrush.com/bot.html)"
52.167.144.21 - - [27/Apr/2025:10:30:54 -0400] "GET /tickets-shopping-11m4h HTTP/1.1" 200 21804 "-" "Mozilla/5.0 AppleWebKit/537.36 (KHTML, like Gecko; compatible; bingbot/2.0; +http://www.bing.com/bingbot.htm) Chrome/116.0.1938.76 Safari/537.36"
85.208.96.212 - - [27/Apr/2025:10:31:07 -0400] "GET /db.php/cds/japanese-music/14980100218880.shtml HTTP/1.1" 200 0 "-" "Mozilla/5.0 (compatible; SemrushBot/7~bl; +http://www.semrush.com/bot.html)"
185.191.171.17 - - [27/Apr/2025:10:31:08 -0400] "GET /db.php/games/others/14450060281349.shtml HTTP/1.1" 200 0 "-" "Mozilla/5.0 (compatible; SemrushBot/7~bl; +http://www.semrush.com/bot.html)"
85.208.96.212 - - [27/Apr/2025:10:31:24 -0400] "GET /db.php/art/antique/18640232374249.shtml HTTP/1.1" 200 0 "-" "Mozilla/5.0 (compatible; SemrushBot/7~bl; +http://www.semrush.com/bot.html)"
85.208.96.212 - - [27/Apr/2025:10:31:26 -0400] "GET /db.php/handicrafts/ornaments/11490061798232.shtml HTTP/1.1" 200 0 "-" "Mozilla/5.0 (compatible; SemrushBot/7~bl; +http://www.semrush.com/bot.html)"
85.208.96.208 - - [27/Apr/2025:10:31:42 -0400] "GET /db.php/interior/chairs/3990511636530.shtml HTTP/1.1" 200 0 "-" "Mozilla/5.0 (compatible; SemrushBot/7~bl; +http://www.semrush.com/bot.html)"
85.208.96.195 - - [27/Apr/2025:10:31:45 -0400] "GET /db.php/fashion/pants/9780220263477.shtml HTTP/1.1" 200 0 "-" "Mozilla/5.0 (compatible; SemrushBot/7~bl; +http://www.semrush.com/bot.html)"
52.167.144.169 - - [27/Apr/2025:10:31:46 -0400] "GET /sports-wear-9a5o HTTP/1.1" 200 21700 "-" "Mozilla/5.0 AppleWebKit/537.36 (KHTML, like Gecko; compatible; bingbot/2.0; +http://www.bing.com/bingbot.htm) Chrome/116.0.1938.76 Safari/537.36"
52.167.144.169 - - [27/Apr/2025:10:31:47 -0400] "GET /health-reading-glasses-2e5n9 HTTP/1.1" 200 21123 "-" "Mozilla/5.0 AppleWebKit/537.36 (KHTML, like Gecko; compatible; bingbot/2.0; +http://www.bing.com/bingbot.htm) Chrome/116.0.1938.76 Safari/537.36"
185.191.171.13 - - [27/Apr/2025:10:31:57 -0400] "GET /db.php/smartphones/graphics-cards/710152916067.shtml HTTP/1.1" 200 0 "-" "Mozilla/5.0 (compatible; SemrushBot/7~bl; +http://www.semrush.com/bot.html)"
185.191.171.13 - - [27/Apr/2025:10:32:00 -0400] "GET /db.php/diet/whey-protein/10640411804623.shtml HTTP/1.1" 200 0 "-" "Mozilla/5.0 (compatible; SemrushBot/7~bl; +http://www.semrush.com/bot.html)"
199.188.205.55 - - [27/Apr/2025:10:32:07 -0400] "POST /wp-cron.php?doing_wp_cron=1745764327.8479230403900146484375 HTTP/1.1" 200 0 "-" "WordPress/6.2.6; http://rupalake.org.np"
51.222.253.13 - - [27/Apr/2025:10:32:07 -0400] "GET /drinks/sweets/9180373738870 HTTP/1.1" 404 7439 "-" "Mozilla/5.0 (compatible; AhrefsBot/7.0; +http://ahrefs.com/robot/)"
185.191.171.14 - - [27/Apr/2025:10:32:21 -0400] "GET /db.php/art/crafts/18440241082254.shtml HTTP/1.1" 200 0 "-" "Mozilla/5.0 (compatible; SemrushBot/7~bl; +http://www.semrush.com/bot.html)"
185.191.171.3 - - [27/Apr/2025:10:32:29 -0400] "GET /db.php/fashion/outerwear/9720013301567.shtml HTTP/1.1" 200 0 "-" "Mozilla/5.0 (compatible; SemrushBot/7~bl; +http://www.semrush.com/bot.html)"
185.191.171.12 - - [27/Apr/2025:10:32:39 -0400] "GET /db.php/fashion/shoes/9740043679263.shtml HTTP/1.1" 200 0 "-" "Mozilla/5.0 (compatible; SemrushBot/7~bl; +http://www.semrush.com/bot.html)"
185.191.171.2 - - [27/Apr/2025:10:33:13 -0400] "GET /db.php/games/sports/14350011155764.shtml HTTP/1.1" 200 0 "-" "Mozilla/5.0 (compatible; SemrushBot/7~bl; +http://www.semrush.com/bot.html)"
185.191.171.18 - - [27/Apr/2025:10:33:17 -0400] "GET /db.php/fashion/outerwear/9720203425624.shtml HTTP/1.1" 200 0 "-" "Mozilla/5.0 (compatible; SemrushBot/7~bl; +http://www.semrush.com/bot.html)"
185.191.171.7 - - [27/Apr/2025:10:33:26 -0400] "GET /db.php/fashion/outerwear/9720521472987.shtml HTTP/1.1" 200 0 "-" "Mozilla/5.0 (compatible; SemrushBot/7~bl; +http://www.semrush.com/bot.html)"
85.208.96.207 - - [27/Apr/2025:10:33:33 -0400] "GET /db.php/sports/clubs/1610402087758.shtml HTTP/1.1" 200 0 "-" "Mozilla/5.0 (compatible; SemrushBot/7~bl; +http://www.semrush.com/bot.html)"
85.208.96.199 - - [27/Apr/2025:10:33:37 -0400] "GET /db.php/cosmetics/milk/17580390514218.shtml HTTP/1.1" 200 0 "-" "Mozilla/5.0 (compatible; SemrushBot/7~bl; +http://www.semrush.com/bot.html)"
185.191.171.19 - - [27/Apr/2025:10:33:41 -0400] "GET /db.php/motorcycles/safety/18320273190344.shtml HTTP/1.1" 200 0 "-" "Mozilla/5.0 (compatible; SemrushBot/7~bl; +http://www.semrush.com/bot.html)"
52.167.144.21 - - [27/Apr/2025:10:34:11 -0400] "GET /magazines-entertainment-2hl23 HTTP/1.1" 200 20910 "-" "Mozilla/5.0 AppleWebKit/537.36 (KHTML, like Gecko; compatible; bingbot/2.0; +http://www.bing.com/bingbot.htm) Chrome/116.0.1938.76 Safari/537.36"
85.208.96.202 - - [27/Apr/2025:10:34:49 -0400] "GET /db.php/sports/fitness-machines/2050463964333.shtml HTTP/1.1" 200 0 "-" "Mozilla/5.0 (compatible; SemrushBot/7~bl; +http://www.semrush.com/bot.html)"
85.208.96.209 - - [27/Apr/2025:10:34:50 -0400] "GET /db.php/beauty/hair-removal/17420321118823.shtml HTTP/1.1" 200 0 "-" "Mozilla/5.0 (compatible; SemrushBot/7~bl; +http://www.semrush.com/bot.html)"
85.208.96.197 - - [27/Apr/2025:10:34:59 -0400] "GET /db.php/fashion/jackets/9720141680320.shtml HTTP/1.1" 200 0 "-" "Mozilla/5.0 (compatible; SemrushBot/7~bl; +http://www.semrush.com/bot.html)"
85.208.96.210 - - [27/Apr/2025:10:35:03 -0400] "GET /db.php/blu-ray/anime/14940061787147.shtml HTTP/1.1" 200 0 "-" "Mozilla/5.0 (compatible; SemrushBot/7~bl; +http://www.semrush.com/bot.html)"
185.191.171.16 - - [27/Apr/2025:10:35:09 -0400] "GET /db.php/kitchen/bulk-sales/15210040926915.shtml HTTP/1.1" 200 0 "-" "Mozilla/5.0 (compatible; SemrushBot/7~bl; +http://www.semrush.com/bot.html)"
185.191.171.14 - - [27/Apr/2025:10:35:26 -0400] "GET /db.php/bicycles/wheels/18250472482423.shtml HTTP/1.1" 200 0 "-" "Mozilla/5.0 (compatible; SemrushBot/7~bl; +http://www.semrush.com/bot.html)"
207.46.13.87 - - [27/Apr/2025:10:35:35 -0400] "GET /audio-amplifiers-1vfwr HTTP/1.1" 200 21053 "-" "Mozilla/5.0 AppleWebKit/537.36 (KHTML, like Gecko; compatible; bingbot/2.0; +http://www.bing.com/bingbot.htm) Chrome/116.0.1938.76 Safari/537.36"
185.191.171.13 - - [27/Apr/2025:10:35:38 -0400] "GET /db.php/travel-supplies/rods/8880313580339.shtml HTTP/1.1" 200 0 "-" "Mozilla/5.0 (compatible; SemrushBot/7~bl; +http://www.semrush.com/bot.html)"
185.191.171.8 - - [27/Apr/2025:10:35:44 -0400] "GET /db.php/food/vegetables/9250283972512.shtml HTTP/1.1" 200 0 "-" "Mozilla/5.0 (compatible; SemrushBot/7~bl; +http://www.semrush.com/bot.html)"
85.208.96.210 - - [27/Apr/2025:10:35:46 -0400] "GET /db.php/tablets/printers/770021963856.shtml HTTP/1.1" 200 0 "-" "Mozilla/5.0 (compatible; SemrushBot/7~bl; +http://www.semrush.com/bot.html)"
66.249.68.66 - - [27/Apr/2025:10:35:54 -0400] "GET /flowers/flowers/3250571807934 HTTP/1.1" 200 22184 "-" "Mozilla/5.0 (Linux; Android 6.0.1; Nexus 5X Build/MMB29P) AppleWebKit/537.36 (KHTML, like Gecko) Chrome/135.0.7049.95 Mobile Safari/537.36 (compatible; GoogleOther)"
185.191.171.16 - - [27/Apr/2025:10:35:57 -0400] "GET /db.php/fashion/shoes/9740102350444.shtml HTTP/1.1" 200 0 "-" "Mozilla/5.0 (compatible; SemrushBot/7~bl; +http://www.semrush.com/bot.html)"
66.249.68.68 - - [27/Apr/2025:10:35:58 -0400] "POST /get-message-notify HTTP/1.1" 200 20916 "http://rupalake.org.np/flowers/flowers/3250571807934" "Mozilla/5.0 (Linux; Android 6.0.1; Nexus 5X Build/MMB29P) AppleWebKit/537.36 (KHTML, like Gecko) Chrome/134.0.6998.165 Mobile Safari/537.36 (compatible; Googlebot/2.1; +http://www.google.com/bot.html)"
85.208.96.197 - - [27/Apr/2025:10:36:05 -0400] "GET /db.php/fashion/jackets/9720053496266.shtml HTTP/1.1" 200 0 "-" "Mozilla/5.0 (compatible; SemrushBot/7~bl; +http://www.semrush.com/bot.html)"
52.167.144.169 - - [27/Apr/2025:10:36:07 -0400] "GET /home-appliances-freezer-2ebbg HTTP/1.1" 200 21096 "-" "Mozilla/5.0 AppleWebKit/537.36 (KHTML, like Gecko; compatible; bingbot/2.0; +http://www.bing.com/bingbot.htm) Chrome/116.0.1938.76 Safari/537.36"
85.208.96.210 - - [27/Apr/2025:10:36:24 -0400] "GET /db.php/outerwear/peacoat/20470231879778.shtml HTTP/1.1" 200 0 "-" "Mozilla/5.0 (compatible; SemrushBot/7~bl; +http://www.semrush.com/bot.html)"
185.191.171.14 - - [27/Apr/2025:10:36:26 -0400] "GET /db.php/tops/blouses/20440253669800.shtml HTTP/1.1" 200 0 "-" "Mozilla/5.0 (compatible; SemrushBot/7~bl; +http://www.semrush.com/bot.html)"
85.208.96.212 - - [27/Apr/2025:10:36:39 -0400] "GET /db.php/games/one-piece-card-games/13230473505811.shtml HTTP/1.1" 200 0 "-" "Mozilla/5.0 (compatible; SemrushBot/7~bl; +http://www.semrush.com/bot.html)"
85.208.96.205 - - [27/Apr/2025:10:37:17 -0400] "GET /db.php/fashion/outerwear/9720581189108.shtml HTTP/1.1" 200 0 "-" "Mozilla/5.0 (compatible; SemrushBot/7~bl; +http://www.semrush.com/bot.html)"
85.208.96.197 - - [27/Apr/2025:10:37:31 -0400] "GET /db.php/gardening/flowers/3250493575432.shtml HTTP/1.1" 200 0 "-" "Mozilla/5.0 (compatible; SemrushBot/7~bl; +http://www.semrush.com/bot.html)"
85.208.96.198 - - [27/Apr/2025:10:37:32 -0400] "GET /db.php/pet-supplies/healthcare/7730151099517.shtml HTTP/1.1" 200 0 "-" "Mozilla/5.0 (compatible; SemrushBot/7~bl; +http://www.semrush.com/bot.html)"
185.191.171.8 - - [27/Apr/2025:10:37:41 -0400] "GET /db.php/games/pin-badges/13430602088518.shtml HTTP/1.1" 200 0 "-" "Mozilla/5.0 (compatible; SemrushBot/7~bl; +http://www.semrush.com/bot.html)"
185.191.171.8 - - [27/Apr/2025:10:37:44 -0400] "GET /robots.txt HTTP/1.1" 200 236 "-" "Mozilla/5.0 (compatible; SemrushBot/7~bl; +http://www.semrush.com/bot.html)"
85.208.96.198 - - [27/Apr/2025:10:37:44 -0400] "GET /db.php/magazines/humanities/16740021426124.shtml HTTP/1.1" 200 0 "-" "Mozilla/5.0 (compatible; SemrushBot/7~bl; +http://www.semrush.com/bot.html)"
85.208.96.199 - - [27/Apr/2025:10:37:56 -0400] "GET /db.php/art/bass/18540393424096.shtml HTTP/1.1" 200 0 "-" "Mozilla/5.0 (compatible; SemrushBot/7~bl; +http://www.semrush.com/bot.html)"
52.167.144.206 - - [27/Apr/2025:10:37:59 -0400] "GET /motorcycles-accessories-3gw9 HTTP/1.1" 200 20660 "-" "Mozilla/5.0 AppleWebKit/537.36 (KHTML, like Gecko; compatible; bingbot/2.0; +http://www.bing.com/bingbot.htm) Chrome/116.0.1938.76 Safari/537.36"
207.46.13.87 - - [27/Apr/2025:10:38:28 -0400] "GET /home-appliances-vacuum-cleaners-28rf1 HTTP/1.1" 200 20832 "-" "Mozilla/5.0 AppleWebKit/537.36 (KHTML, like Gecko; compatible; bingbot/2.0; +http://www.bing.com/bingbot.htm) Chrome/116.0.1938.76 Safari/537.36"
207.46.13.87 - - [27/Apr/2025:10:38:29 -0400] "GET /cars-wheels-l1hc HTTP/1.1" 200 20676 "-" "Mozilla/5.0 AppleWebKit/537.36 (KHTML, like Gecko; compatible; bingbot/2.0; +http://www.bing.com/bingbot.htm) Chrome/116.0.1938.76 Safari/537.36"
185.191.171.4 - - [27/Apr/2025:10:38:50 -0400] "GET /db.php/fashion/suits/9820152806674.shtml HTTP/1.1" 200 0 "-" "Mozilla/5.0 (compatible; SemrushBot/7~bl; +http://www.semrush.com/bot.html)"
185.191.171.4 - - [27/Apr/2025:10:39:17 -0400] "GET /db.php/daily-necessities/others/16720113564255.shtml HTTP/1.1" 200 0 "-" "Mozilla/5.0 (compatible; SemrushBot/7~bl; +http://www.semrush.com/bot.html)"
51.222.253.13 - - [27/Apr/2025:10:39:23 -0400] "GET /fashion/belts/20870401812483 HTTP/1.1" 404 7439 "-" "Mozilla/5.0 (compatible; AhrefsBot/7.0; +http://ahrefs.com/robot/)"
185.191.171.12 - - [27/Apr/2025:10:39:28 -0400] "GET /db.php/fashion/roomwear/9950131127851.shtml HTTP/1.1" 200 0 "-" "Mozilla/5.0 (compatible; SemrushBot/7~bl; +http://www.semrush.com/bot.html)"
85.208.96.211 - - [27/Apr/2025:10:39:39 -0400] "GET /db.php/fashion/leg-wear/9940541790760.shtml HTTP/1.1" 200 0 "-" "Mozilla/5.0 (compatible; SemrushBot/7~bl; +http://www.semrush.com/bot.html)"
85.208.96.201 - - [27/Apr/2025:10:39:47 -0400] "GET /db.php/tickets/japanese-artists/8480350348773.shtml HTTP/1.1" 200 0 "-" "Mozilla/5.0 (compatible; SemrushBot/7~bl; +http://www.semrush.com/bot.html)"
85.208.96.195 - - [27/Apr/2025:10:39:56 -0400] "GET /db.php/fashion/shoes/9740321085594.shtml HTTP/1.1" 200 0 "-" "Mozilla/5.0 (compatible; SemrushBot/7~bl; +http://www.semrush.com/bot.html)"
185.191.171.16 - - [27/Apr/2025:10:40:05 -0400] "GET /db.php/fashion/outerwear/9720590359874.shtml HTTP/1.1" 200 0 "-" "Mozilla/5.0 (compatible; SemrushBot/7~bl; +http://www.semrush.com/bot.html)"
52.167.144.169 - - [27/Apr/2025:10:40:11 -0400] "GET /manga-complete-sets-1y7gn HTTP/1.1" 200 20846 "-" "Mozilla/5.0 AppleWebKit/537.36 (KHTML, like Gecko; compatible; bingbot/2.0; +http://www.bing.com/bingbot.htm) Chrome/116.0.1938.76 Safari/537.36"
185.191.171.5 - - [27/Apr/2025:10:40:11 -0400] "GET /db.php/hobbies/paintings/18480523147915.shtml HTTP/1.1" 200 0 "-" "Mozilla/5.0 (compatible; SemrushBot/7~bl; +http://www.semrush.com/bot.html)"
185.191.171.13 - - [27/Apr/2025:10:40:15 -0400] "GET /db.php/fishing/reels/8770310673979.shtml HTTP/1.1" 200 0 "-" "Mozilla/5.0 (compatible; SemrushBot/7~bl; +http://www.semrush.com/bot.html)"
185.191.171.5 - - [27/Apr/2025:10:40:18 -0400] "GET /db.php/fashion/tops/9730043784535.shtml HTTP/1.1" 200 0 "-" "Mozilla/5.0 (compatible; SemrushBot/7~bl; +http://www.semrush.com/bot.html)"
85.208.96.210 - - [27/Apr/2025:10:40:22 -0400] "GET /db.php/computers/ipads/700253768541.shtml HTTP/1.1" 200 0 "-" "Mozilla/5.0 (compatible; SemrushBot/7~bl; +http://www.semrush.com/bot.html)"
85.208.96.206 - - [27/Apr/2025:10:40:25 -0400] "GET /db.php/alcohol/whiskey/9160580930119.shtml HTTP/1.1" 200 0 "-" "Mozilla/5.0 (compatible; SemrushBot/7~bl; +http://www.semrush.com/bot.html)"
185.191.171.12 - - [27/Apr/2025:10:40:28 -0400] "GET /db.php/bicycles/accessories/18370410256428.shtml HTTP/1.1" 200 0 "-" "Mozilla/5.0 (compatible; SemrushBot/7~bl; +http://www.semrush.com/bot.html)"
85.208.96.198 - - [27/Apr/2025:10:40:39 -0400] "GET /db.php/tools/others/7360380089855.shtml HTTP/1.1" 200 0 "-" "Mozilla/5.0 (compatible; SemrushBot/7~bl; +http://www.semrush.com/bot.html)"
207.46.13.87 - - [27/Apr/2025:10:40:46 -0400] "GET /tv-player-2arjk HTTP/1.1" 200 21140 "-" "Mozilla/5.0 AppleWebKit/537.36 (KHTML, like Gecko; compatible; bingbot/2.0; +http://www.bing.com/bingbot.htm) Chrome/116.0.1938.76 Safari/537.36"
52.167.144.206 - - [27/Apr/2025:10:41:06 -0400] "GET /goods-pin-badges-2co1g HTTP/1.1" 200 21768 "-" "Mozilla/5.0 AppleWebKit/537.36 (KHTML, like Gecko; compatible; bingbot/2.0; +http://www.bing.com/bingbot.htm) Chrome/116.0.1938.76 Safari/537.36"
85.208.96.212 - - [27/Apr/2025:10:41:19 -0400] "GET /db.php/handmade/shoulder-bags/11180172253618.shtml HTTP/1.1" 200 0 "-" "Mozilla/5.0 (compatible; SemrushBot/7~bl; +http://www.semrush.com/bot.html)"
185.191.171.18 - - [27/Apr/2025:10:41:35 -0400] "GET /db.php/travel-supplies/bags/8800272271910.shtml HTTP/1.1" 200 0 "-" "Mozilla/5.0 (compatible; SemrushBot/7~bl; +http://www.semrush.com/bot.html)"
85.208.96.208 - - [27/Apr/2025:10:41:37 -0400] "GET /db.php/flowers/flowers/3250132758323.shtml HTTP/1.1" 200 0 "-" "Mozilla/5.0 (compatible; SemrushBot/7~bl; +http://www.semrush.com/bot.html)"
85.208.96.212 - - [27/Apr/2025:10:41:45 -0400] "GET /db.php/fishing/reels/8770041903178.shtml HTTP/1.1" 200 0 "-" "Mozilla/5.0 (compatible; SemrushBot/7~bl; +http://www.semrush.com/bot.html)"
185.191.171.2 - - [27/Apr/2025:10:41:46 -0400] "GET /db.php/fashion/others/9990040791606.shtml HTTP/1.1" 200 0 "-" "Mozilla/5.0 (compatible; SemrushBot/7~bl; +http://www.semrush.com/bot.html)"
85.208.96.193 - - [27/Apr/2025:10:42:14 -0400] "GET /db.php/computers/windows-notebooks/740220692016.shtml HTTP/1.1" 200 0 "-" "Mozilla/5.0 (compatible; SemrushBot/7~bl; +http://www.semrush.com/bot.html)"
185.191.171.13 - - [27/Apr/2025:10:42:53 -0400] "GET /db.php/bicycles/accessories/18370052726640.shtml HTTP/1.1" 200 0 "-" "Mozilla/5.0 (compatible; SemrushBot/7~bl; +http://www.semrush.com/bot.html)"
85.208.96.201 - - [27/Apr/2025:10:43:04 -0400] "GET /db.php/furniture/curtains/4430031166618.shtml HTTP/1.1" 200 0 "-" "Mozilla/5.0 (compatible; SemrushBot/7~bl; +http://www.semrush.com/bot.html)"
185.191.171.1 - - [27/Apr/2025:10:43:09 -0400] "GET /db.php/sports/weight-training/1750400763590.shtml HTTP/1.1" 200 0 "-" "Mozilla/5.0 (compatible; SemrushBot/7~bl; +http://www.semrush.com/bot.html)"
85.208.96.203 - - [27/Apr/2025:10:43:10 -0400] "GET /db.php/dvds/japanese-music/14980052367889.shtml HTTP/1.1" 200 0 "-" "Mozilla/5.0 (compatible; SemrushBot/7~bl; +http://www.semrush.com/bot.html)"
207.46.13.87 - - [27/Apr/2025:10:43:27 -0400] "GET /tablets-others-2llw7 HTTP/1.1" 200 21683 "-" "Mozilla/5.0 AppleWebKit/537.36 (KHTML, like Gecko; compatible; bingbot/2.0; +http://www.bing.com/bingbot.htm) Chrome/116.0.1938.76 Safari/537.36"
85.208.96.203 - - [27/Apr/2025:10:43:27 -0400] "GET /db.php/sports/snowboard/1620301647080.shtml HTTP/1.1" 200 0 "-" "Mozilla/5.0 (compatible; SemrushBot/7~bl; +http://www.semrush.com/bot.html)"
85.208.96.195 - - [27/Apr/2025:10:43:29 -0400] "GET /db.php/fashion/pants/9780071309286.shtml HTTP/1.1" 200 0 "-" "Mozilla/5.0 (compatible; SemrushBot/7~bl; +http://www.semrush.com/bot.html)"
199.188.205.55 - - [27/Apr/2025:10:43:41 -0400] "POST /wp-cron.php?doing_wp_cron=1745765021.6948719024658203125000 HTTP/1.1" 200 0 "-" "WordPress/6.2.6; http://rupalake.org.np"
51.222.253.11 - - [27/Apr/2025:10:43:41 -0400] "GET /fashion/jackets/9720024032373 HTTP/1.1" 404 7439 "-" "Mozilla/5.0 (compatible; AhrefsBot/7.0; +http://ahrefs.com/robot/)"
85.208.96.206 - - [27/Apr/2025:10:43:44 -0400] "GET /db.php/goods/sports/14350522070865.shtml HTTP/1.1" 200 0 "-" "Mozilla/5.0 (compatible; SemrushBot/7~bl; +http://www.semrush.com/bot.html)"
185.191.171.16 - - [27/Apr/2025:10:44:01 -0400] "GET /db.php/sports/men-shoes/1840363423139.shtml HTTP/1.1" 200 0 "-" "Mozilla/5.0 (compatible; SemrushBot/7~bl; +http://www.semrush.com/bot.html)"
85.208.96.197 - - [27/Apr/2025:10:44:02 -0400] "GET /db.php/alcohol/whiskey/9160311683967.shtml HTTP/1.1" 200 0 "-" "Mozilla/5.0 (compatible; SemrushBot/7~bl; +http://www.semrush.com/bot.html)"
185.191.171.16 - - [27/Apr/2025:10:44:04 -0400] "GET /db.php/travel-supplies/rods/8880331633331.shtml HTTP/1.1" 200 0 "-" "Mozilla/5.0 (compatible; SemrushBot/7~bl; +http://www.semrush.com/bot.html)"
85.208.96.195 - - [27/Apr/2025:10:44:08 -0400] "GET /db.php/watches/digital-watch/20730043005262.shtml HTTP/1.1" 200 0 "-" "Mozilla/5.0 (compatible; SemrushBot/7~bl; +http://www.semrush.com/bot.html)"
52.167.144.206 - - [27/Apr/2025:10:44:18 -0400] "GET /fishing-mountain-climbing-x2s8 HTTP/1.1" 200 21212 "-" "Mozilla/5.0 AppleWebKit/537.36 (KHTML, like Gecko; compatible; bingbot/2.0; +http://www.bing.com/bingbot.htm) Chrome/116.0.1938.76 Safari/537.36"
185.191.171.13 - - [27/Apr/2025:10:44:22 -0400] "GET /db.php/fashion/jackets/9720192041843.shtml HTTP/1.1" 200 0 "-" "Mozilla/5.0 (compatible; SemrushBot/7~bl; +http://www.semrush.com/bot.html)"
185.191.171.6 - - [27/Apr/2025:10:44:36 -0400] "GET /db.php/audio/earphones/14530353568138.shtml HTTP/1.1" 200 0 "-" "Mozilla/5.0 (compatible; SemrushBot/7~bl; +http://www.semrush.com/bot.html)"
52.167.144.187 - - [27/Apr/2025:10:44:37 -0400] "GET /computers-multifunction-devices-2mvir HTTP/1.1" 200 20581 "-" "Mozilla/5.0 AppleWebKit/537.36 (KHTML, like Gecko; compatible; bingbot/2.0; +http://www.bing.com/bingbot.htm) Chrome/116.0.1938.76 Safari/537.36"
85.208.96.195 - - [27/Apr/2025:10:44:39 -0400] "GET /db.php/bicycles/tires/18250082480409.shtml HTTP/1.1" 200 0 "-" "Mozilla/5.0 (compatible; SemrushBot/7~bl; +http://www.semrush.com/bot.html)"
52.167.144.187 - - [27/Apr/2025:10:44:48 -0400] "GET /air-conditioning-air-purifiers-2e2i2 HTTP/1.1" 200 21542 "-" "Mozilla/5.0 AppleWebKit/537.36 (KHTML, like Gecko; compatible; bingbot/2.0; +http://www.bing.com/bingbot.htm) Chrome/116.0.1938.76 Safari/537.36"
85.208.96.207 - - [27/Apr/2025:10:45:20 -0400] "GET /db.php/fashion/tops/9730521991112.shtml HTTP/1.1" 200 0 "-" "Mozilla/5.0 (compatible; SemrushBot/7~bl; +http://www.semrush.com/bot.html)"
85.208.96.202 - - [27/Apr/2025:10:45:45 -0400] "GET /db.php/tv/other/14850243144639.shtml HTTP/1.1" 200 0 "-" "Mozilla/5.0 (compatible; SemrushBot/7~bl; +http://www.semrush.com/bot.html)"
85.208.96.195 - - [27/Apr/2025:10:45:53 -0400] "GET /db.php/tickets/accommodation-tickets/8330262026612.shtml HTTP/1.1" 200 0 "-" "Mozilla/5.0 (compatible; SemrushBot/7~bl; +http://www.semrush.com/bot.html)"
85.208.96.193 - - [27/Apr/2025:10:46:01 -0400] "GET /db.php/air-conditioning/air-conditioners/9510371837380.shtml HTTP/1.1" 200 0 "-" "Mozilla/5.0 (compatible; SemrushBot/7~bl; +http://www.semrush.com/bot.html)"
85.208.96.208 - - [27/Apr/2025:10:46:05 -0400] "GET /db.php/outdoor/rods/8880360174106.shtml HTTP/1.1" 200 0 "-" "Mozilla/5.0 (compatible; SemrushBot/7~bl; +http://www.semrush.com/bot.html)"
85.208.96.204 - - [27/Apr/2025:10:46:32 -0400] "GET /db.php/alcohol/grains/9210292956938.shtml HTTP/1.1" 200 0 "-" "Mozilla/5.0 (compatible; SemrushBot/7~bl; +http://www.semrush.com/bot.html)"
52.167.144.187 - - [27/Apr/2025:10:46:37 -0400] "GET /tools-cutting-tools-tbyi HTTP/1.1" 200 21414 "-" "Mozilla/5.0 AppleWebKit/537.36 (KHTML, like Gecko; compatible; bingbot/2.0; +http://www.bing.com/bingbot.htm) Chrome/116.0.1938.76 Safari/537.36"
185.191.171.8 - - [27/Apr/2025:10:47:00 -0400] "GET /db.php/fashion/accessories/9770480579551.shtml HTTP/1.1" 200 0 "-" "Mozilla/5.0 (compatible; SemrushBot/7~bl; +http://www.semrush.com/bot.html)"
85.208.96.206 - - [27/Apr/2025:10:47:03 -0400] "GET /db.php/interior/ornaments/3980333695969.shtml HTTP/1.1" 200 0 "-" "Mozilla/5.0 (compatible; SemrushBot/7~bl; +http://www.semrush.com/bot.html)"
185.191.171.4 - - [27/Apr/2025:10:47:09 -0400] "GET /db.php/decor/interior-clocks/3890461987700.shtml HTTP/1.1" 200 0 "-" "Mozilla/5.0 (compatible; SemrushBot/7~bl; +http://www.semrush.com/bot.html)"
85.208.96.200 - - [27/Apr/2025:10:47:31 -0400] "GET /db.php/beauty/hair-removal/17260212095684.shtml HTTP/1.1" 200 0 "-" "Mozilla/5.0 (compatible; SemrushBot/7~bl; +http://www.semrush.com/bot.html)"
185.191.171.2 - - [27/Apr/2025:10:47:33 -0400] "GET /db.php/bicycles/parts/18220080897510.shtml HTTP/1.1" 200 0 "-" "Mozilla/5.0 (compatible; SemrushBot/7~bl; +http://www.semrush.com/bot.html)"
52.167.144.187 - - [27/Apr/2025:10:47:38 -0400] "GET /home-appliances-espresso-machines-lpvy HTTP/1.1" 200 20751 "-" "Mozilla/5.0 AppleWebKit/537.36 (KHTML, like Gecko; compatible; bingbot/2.0; +http://www.bing.com/bingbot.htm) Chrome/116.0.1938.76 Safari/537.36"
185.191.171.17 - - [27/Apr/2025:10:47:44 -0400] "GET /db.php/cosmetics/face-roller/17680522255995.shtml HTTP/1.1" 200 0 "-" "Mozilla/5.0 (compatible; SemrushBot/7~bl; +http://www.semrush.com/bot.html)"
85.208.96.197 - - [27/Apr/2025:10:47:45 -0400] "GET /db.php/beauty/serums/17230333405860.shtml HTTP/1.1" 200 0 "-" "Mozilla/5.0 (compatible; SemrushBot/7~bl; +http://www.semrush.com/bot.html)"
85.208.96.197 - - [27/Apr/2025:10:47:58 -0400] "GET /db.php/alcohol/whiskey/9160013900125.shtml HTTP/1.1" 200 0 "-" "Mozilla/5.0 (compatible; SemrushBot/7~bl; +http://www.semrush.com/bot.html)"
85.208.96.200 - - [27/Apr/2025:10:48:00 -0400] "GET /db.php/computers/windows-notebooks/740451302508.shtml HTTP/1.1" 200 0 "-" "Mozilla/5.0 (compatible; SemrushBot/7~bl; +http://www.semrush.com/bot.html)"
85.208.96.207 - - [27/Apr/2025:10:48:03 -0400] "GET /db.php/air-conditioning/freezer/9450273688175.shtml HTTP/1.1" 200 0 "-" "Mozilla/5.0 (compatible; SemrushBot/7~bl; +http://www.semrush.com/bot.html)"
185.191.171.14 - - [27/Apr/2025:10:48:11 -0400] "GET /db.php/dvds/western-music/14950172933667.shtml HTTP/1.1" 200 0 "-" "Mozilla/5.0 (compatible; SemrushBot/7~bl; +http://www.semrush.com/bot.html)"
199.188.205.55 - - [27/Apr/2025:10:48:18 -0400] "POST /wp-cron.php?doing_wp_cron=1745765298.2942481040954589843750 HTTP/1.1" 200 0 "-" "WordPress/6.2.6; http://rupalake.org.np"
51.222.253.19 - - [27/Apr/2025:10:48:18 -0400] "GET /fashion/shoes/9740153777986 HTTP/1.1" 404 7439 "-" "Mozilla/5.0 (compatible; AhrefsBot/7.0; +http://ahrefs.com/robot/)"
85.208.96.210 - - [27/Apr/2025:10:48:26 -0400] "GET /db.php/flowers/others/3840482510519.shtml HTTP/1.1" 200 0 "-" "Mozilla/5.0 (compatible; SemrushBot/7~bl; +http://www.semrush.com/bot.html)"
40.77.167.17 - - [27/Apr/2025:10:48:28 -0400] "GET /travel-supplies-water-activities-kahg HTTP/1.1" 200 21544 "-" "Mozilla/5.0 AppleWebKit/537.36 (KHTML, like Gecko; compatible; bingbot/2.0; +http://www.bing.com/bingbot.htm) Chrome/116.0.1938.76 Safari/537.36"
185.191.171.1 - - [27/Apr/2025:10:48:37 -0400] "GET /db.php/health/others/11100131046441.shtml HTTP/1.1" 200 0 "-" "Mozilla/5.0 (compatible; SemrushBot/7~bl; +http://www.semrush.com/bot.html)"
85.208.96.200 - - [27/Apr/2025:10:48:41 -0400] "GET /db.php/audio/digital-cameras/14470470957398.shtml HTTP/1.1" 200 0 "-" "Mozilla/5.0 (compatible; SemrushBot/7~bl; +http://www.semrush.com/bot.html)"
85.208.96.206 - - [27/Apr/2025:10:49:15 -0400] "GET /db.php/home-appliances/washing-machines/9490330597470.shtml HTTP/1.1" 200 0 "-" "Mozilla/5.0 (compatible; SemrushBot/7~bl; +http://www.semrush.com/bot.html)"
85.208.96.210 - - [27/Apr/2025:10:49:21 -0400] "GET /db.php/sports/others/1930470730806.shtml HTTP/1.1" 200 0 "-" "Mozilla/5.0 (compatible; SemrushBot/7~bl; +http://www.semrush.com/bot.html)"
185.191.171.17 - - [27/Apr/2025:10:49:53 -0400] "GET /db.php/blu-ray/western-music/14950551944102.shtml HTTP/1.1" 200 0 "-" "Mozilla/5.0 (compatible; SemrushBot/7~bl; +http://www.semrush.com/bot.html)"
185.191.171.8 - - [27/Apr/2025:10:50:20 -0400] "GET /db.php/books/art/16780111072753.shtml HTTP/1.1" 200 0 "-" "Mozilla/5.0 (compatible; SemrushBot/7~bl; +http://www.semrush.com/bot.html)"
85.208.96.206 - - [27/Apr/2025:10:50:23 -0400] "GET /db.php/goods/anime/13250050799677.shtml HTTP/1.1" 200 0 "-" "Mozilla/5.0 (compatible; SemrushBot/7~bl; +http://www.semrush.com/bot.html)"
85.208.96.204 - - [27/Apr/2025:10:50:42 -0400] "GET /db.php/travel-supplies/tools/8940442579922.shtml HTTP/1.1" 200 0 "-" "Mozilla/5.0 (compatible; SemrushBot/7~bl; +http://www.semrush.com/bot.html)"
207.46.13.160 - - [27/Apr/2025:10:50:50 -0400] "GET /home-appliances-sewing-machines-36n0 HTTP/1.1" 200 20953 "-" "Mozilla/5.0 AppleWebKit/537.36 (KHTML, like Gecko; compatible; bingbot/2.0; +http://www.bing.com/bingbot.htm) Chrome/116.0.1938.76 Safari/537.36"
52.167.144.187 - - [27/Apr/2025:10:51:00 -0400] "GET /home-appliances-kitchen-appliances-1i842 HTTP/1.1" 200 21454 "-" "Mozilla/5.0 AppleWebKit/537.36 (KHTML, like Gecko; compatible; bingbot/2.0; +http://www.bing.com/bingbot.htm) Chrome/116.0.1938.76 Safari/537.36"
85.208.96.212 - - [27/Apr/2025:10:51:08 -0400] "GET /db.php/cars/clothing/18380292597932.shtml HTTP/1.1" 200 0 "-" "Mozilla/5.0 (compatible; SemrushBot/7~bl; +http://www.semrush.com/bot.html)"
185.191.171.2 - - [27/Apr/2025:10:51:11 -0400] "GET /db.php/tv/zoom-lens/14480452104376.shtml HTTP/1.1" 200 0 "-" "Mozilla/5.0 (compatible; SemrushBot/7~bl; +http://www.semrush.com/bot.html)"
185.191.171.15 - - [27/Apr/2025:10:51:13 -0400] "GET /db.php/cds/japanese-music/14980051566061.shtml HTTP/1.1" 200 0 "-" "Mozilla/5.0 (compatible; SemrushBot/7~bl; +http://www.semrush.com/bot.html)"
85.208.96.200 - - [27/Apr/2025:10:51:32 -0400] "GET /db.php/diet/auxiliary-belts/10040112020708.shtml HTTP/1.1" 200 0 "-" "Mozilla/5.0 (compatible; SemrushBot/7~bl; +http://www.semrush.com/bot.html)"
85.208.96.209 - - [27/Apr/2025:10:51:39 -0400] "GET /db.php/travel-supplies/outdoor-wear/8830022346325.shtml HTTP/1.1" 200 0 "-" "Mozilla/5.0 (compatible; SemrushBot/7~bl; +http://www.semrush.com/bot.html)"
85.208.96.197 - - [27/Apr/2025:10:51:47 -0400] "GET /db.php/fashion/jackets/9720371083676.shtml HTTP/1.1" 200 0 "-" "Mozilla/5.0 (compatible; SemrushBot/7~bl; +http://www.semrush.com/bot.html)"
185.191.171.8 - - [27/Apr/2025:10:52:02 -0400] "GET /db.php/art/streaming/18550581299776.shtml HTTP/1.1" 200 0 "-" "Mozilla/5.0 (compatible; SemrushBot/7~bl; +http://www.semrush.com/bot.html)"
40.77.167.17 - - [27/Apr/2025:10:52:03 -0400] "GET /tv-digital-cameras-25ad0 HTTP/1.1" 200 21036 "-" "Mozilla/5.0 AppleWebKit/537.36 (KHTML, like Gecko; compatible; bingbot/2.0; +http://www.bing.com/bingbot.htm) Chrome/116.0.1938.76 Safari/537.36"
85.208.96.204 - - [27/Apr/2025:10:52:04 -0400] "GET /db.php/furniture/ornaments/3980013398830.shtml HTTP/1.1" 200 0 "-" "Mozilla/5.0 (compatible; SemrushBot/7~bl; +http://www.semrush.com/bot.html)"
85.208.96.205 - - [27/Apr/2025:10:52:05 -0400] "GET /db.php/sports/fitness-machines/2050351965647.shtml HTTP/1.1" 200 0 "-" "Mozilla/5.0 (compatible; SemrushBot/7~bl; +http://www.semrush.com/bot.html)"
185.191.171.4 - - [27/Apr/2025:10:52:10 -0400] "GET /db.php/diy/saws/5760071062726.shtml HTTP/1.1" 200 0 "-" "Mozilla/5.0 (compatible; SemrushBot/7~bl; +http://www.semrush.com/bot.html)"
85.208.96.200 - - [27/Apr/2025:10:52:16 -0400] "GET /db.php/tablets/external-hard-disk-drives/960342730262.shtml HTTP/1.1" 200 0 "-" "Mozilla/5.0 (compatible; SemrushBot/7~bl; +http://www.semrush.com/bot.html)"
20.15.133.174 - - [27/Apr/2025:10:52:16 -0400] "GET /air-conditioning-lighters-13d0m HTTP/1.1" 200 21048 "-" "Mozilla/5.0 AppleWebKit/537.36 (KHTML, like Gecko; compatible; bingbot/2.0; +http://www.bing.com/bingbot.htm) Chrome/116.0.1938.76 Safari/537.36"
85.208.96.212 - - [27/Apr/2025:10:52:26 -0400] "GET /db.php/tablets/multifunction-devices/770600087428.shtml HTTP/1.1" 200 0 "-" "Mozilla/5.0 (compatible; SemrushBot/7~bl; +http://www.semrush.com/bot.html)"
199.188.205.55 - - [27/Apr/2025:10:52:27 -0400] "POST /wp-cron.php?doing_wp_cron=1745765547.2972729206085205078125 HTTP/1.1" 200 0 "-" "WordPress/6.2.6; http://rupalake.org.np"
