185.191.171.14 - - [28/Apr/2025:00:06:00 -0400] "GET /db.php/furniture/desk-chairs/4010393664651.shtml HTTP/1.1" 200 0 "-" "Mozilla/5.0 (compatible; SemrushBot/7~bl; +http://www.semrush.com/bot.html)"
157.55.39.63 - - [28/Apr/2025:00:06:34 -0400] "GET /cameras-components-15c7s HTTP/1.1" 200 21250 "-" "Mozilla/5.0 AppleWebKit/537.36 (KHTML, like Gecko; compatible; bingbot/2.0; +http://www.bing.com/bingbot.htm) Chrome/116.0.1938.76 Safari/537.36"
52.167.144.176 - - [28/Apr/2025:00:06:53 -0400] "GET /furniture-office-chairs-14b59 HTTP/1.1" 200 20940 "-" "Mozilla/5.0 AppleWebKit/537.36 (KHTML, like Gecko; compatible; bingbot/2.0; +http://www.bing.com/bingbot.htm) Chrome/116.0.1938.76 Safari/537.36"
185.191.171.10 - - [28/Apr/2025:00:06:53 -0400] "GET /db.php/fashion/bags/9750560585199.shtml HTTP/1.1" 200 0 "-" "Mozilla/5.0 (compatible; SemrushBot/7~bl; +http://www.semrush.com/bot.html)"
85.208.96.195 - - [28/Apr/2025:00:07:17 -0400] "GET /db.php/travel-supplies/barbecues/8860493025257.shtml HTTP/1.1" 200 0 "-" "Mozilla/5.0 (compatible; SemrushBot/7~bl; +http://www.semrush.com/bot.html)"
199.188.205.55 - - [28/Apr/2025:00:07:24 -0400] "POST /wp-cron.php?doing_wp_cron=1745813244.5278151035308837890625 HTTP/1.1" 200 0 "-" "WordPress/6.2.6; http://rupalake.org.np"
34.235.114.98 - - [28/Apr/2025:00:07:24 -0400] "HEAD /wordpress HTTP/1.1" 301 0 "-" "Mozilla/5.0 (Windows NT 10.0; Win64; x64) AppleWebKit/537.36 (KHTML, like Gecko) Chrome/74.0.3729.169 Safari/537.36"
34.235.114.98 - - [28/Apr/2025:00:07:25 -0400] "HEAD /wordpress HTTP/1.1" 404 0 "http://www.rupalake.org.np/wordpress" "Mozilla/5.0 (Windows NT 10.0; Win64; x64) AppleWebKit/537.36 (KHTML, like Gecko) Chrome/74.0.3729.169 Safari/537.36"
34.235.114.98 - - [28/Apr/2025:00:07:25 -0400] "HEAD / HTTP/1.1" 301 0 "-" "Mozilla/5.0 (Windows NT 10.0; Win64; x64) AppleWebKit/537.36 (KHTML, like Gecko) Chrome/74.0.3729.169 Safari/537.36"
34.235.114.98 - - [28/Apr/2025:00:07:26 -0400] "HEAD / HTTP/1.1" 200 0 "http://www.rupalake.org.np/" "Mozilla/5.0 (Windows NT 10.0; Win64; x64) AppleWebKit/537.36 (KHTML, like Gecko) Chrome/74.0.3729.169 Safari/537.36"
34.235.114.98 - - [28/Apr/2025:00:07:26 -0400] "HEAD /wp HTTP/1.1" 301 0 "-" "Mozilla/5.0 (Windows NT 10.0; Win64; x64) AppleWebKit/537.36 (KHTML, like Gecko) Chrome/74.0.3729.169 Safari/537.36"
34.235.114.98 - - [28/Apr/2025:00:07:27 -0400] "HEAD /wp HTTP/1.1" 404 0 "http://www.rupalake.org.np/wp" "Mozilla/5.0 (Windows NT 10.0; Win64; x64) AppleWebKit/537.36 (KHTML, like Gecko) Chrome/74.0.3729.169 Safari/537.36"
34.235.114.98 - - [28/Apr/2025:00:07:28 -0400] "HEAD /bc HTTP/1.1" 301 0 "-" "Mozilla/5.0 (Windows NT 10.0; Win64; x64) AppleWebKit/537.36 (KHTML, like Gecko) Chrome/74.0.3729.169 Safari/537.36"
34.235.114.98 - - [28/Apr/2025:00:07:28 -0400] "HEAD /bc HTTP/1.1" 404 0 "http://www.rupalake.org.np/bc" "Mozilla/5.0 (Windows NT 10.0; Win64; x64) AppleWebKit/537.36 (KHTML, like Gecko) Chrome/74.0.3729.169 Safari/537.36"
34.235.114.98 - - [28/Apr/2025:00:07:28 -0400] "HEAD /bk HTTP/1.1" 301 0 "-" "Mozilla/5.0 (Windows NT 10.0; Win64; x64) AppleWebKit/537.36 (KHTML, like Gecko) Chrome/74.0.3729.169 Safari/537.36"
34.235.114.98 - - [28/Apr/2025:00:07:29 -0400] "HEAD /bk HTTP/1.1" 404 0 "http://www.rupalake.org.np/bk" "Mozilla/5.0 (Windows NT 10.0; Win64; x64) AppleWebKit/537.36 (KHTML, like Gecko) Chrome/74.0.3729.169 Safari/537.36"
34.235.114.98 - - [28/Apr/2025:00:07:29 -0400] "HEAD /backup HTTP/1.1" 301 0 "-" "Mozilla/5.0 (Windows NT 10.0; Win64; x64) AppleWebKit/537.36 (KHTML, like Gecko) Chrome/74.0.3729.169 Safari/537.36"
34.235.114.98 - - [28/Apr/2025:00:07:30 -0400] "HEAD /backup HTTP/1.1" 404 0 "http://www.rupalake.org.np/backup" "Mozilla/5.0 (Windows NT 10.0; Win64; x64) AppleWebKit/537.36 (KHTML, like Gecko) Chrome/74.0.3729.169 Safari/537.36"
52.167.144.202 - - [28/Apr/2025:00:07:30 -0400] "GET /pants/pants/20280541800018 HTTP/1.1" 200 21523 "-" "Mozilla/5.0 AppleWebKit/537.36 (KHTML, like Gecko; compatible; bingbot/2.0; +http://www.bing.com/bingbot.htm) Chrome/116.0.1938.76 Safari/537.36"
34.235.114.98 - - [28/Apr/2025:00:07:30 -0400] "HEAD /old HTTP/1.1" 301 0 "-" "Mozilla/5.0 (Windows NT 10.0; Win64; x64) AppleWebKit/537.36 (KHTML, like Gecko) Chrome/74.0.3729.169 Safari/537.36"
34.235.114.98 - - [28/Apr/2025:00:07:31 -0400] "HEAD /old HTTP/1.1" 404 0 "http://www.rupalake.org.np/old" "Mozilla/5.0 (Windows NT 10.0; Win64; x64) AppleWebKit/537.36 (KHTML, like Gecko) Chrome/74.0.3729.169 Safari/537.36"
34.235.114.98 - - [28/Apr/2025:00:07:31 -0400] "HEAD /new HTTP/1.1" 301 0 "-" "Mozilla/5.0 (Windows NT 10.0; Win64; x64) AppleWebKit/537.36 (KHTML, like Gecko) Chrome/74.0.3729.169 Safari/537.36"
34.235.114.98 - - [28/Apr/2025:00:07:32 -0400] "HEAD /new HTTP/1.1" 404 0 "http://www.rupalake.org.np/new" "Mozilla/5.0 (Windows NT 10.0; Win64; x64) AppleWebKit/537.36 (KHTML, like Gecko) Chrome/74.0.3729.169 Safari/537.36"
34.235.114.98 - - [28/Apr/2025:00:07:32 -0400] "HEAD /main HTTP/1.1" 301 0 "-" "Mozilla/5.0 (Windows NT 10.0; Win64; x64) AppleWebKit/537.36 (KHTML, like Gecko) Chrome/74.0.3729.169 Safari/537.36"
34.235.114.98 - - [28/Apr/2025:00:07:33 -0400] "HEAD /main HTTP/1.1" 404 0 "http://www.rupalake.org.np/main" "Mozilla/5.0 (Windows NT 10.0; Win64; x64) AppleWebKit/537.36 (KHTML, like Gecko) Chrome/74.0.3729.169 Safari/537.36"
34.235.114.98 - - [28/Apr/2025:00:07:33 -0400] "HEAD /home HTTP/1.1" 301 0 "-" "Mozilla/5.0 (Windows NT 10.0; Win64; x64) AppleWebKit/537.36 (KHTML, like Gecko) Chrome/74.0.3729.169 Safari/537.36"
34.235.114.98 - - [28/Apr/2025:00:07:33 -0400] "HEAD / HTTP/1.1" 200 0 "http://www.rupalake.org.np/home" "Mozilla/5.0 (Windows NT 10.0; Win64; x64) AppleWebKit/537.36 (KHTML, like Gecko) Chrome/74.0.3729.169 Safari/537.36"
185.191.171.11 - - [28/Apr/2025:00:07:41 -0400] "GET /db.php/blu-ray/japanese-music/14980022031711.shtml HTTP/1.1" 200 0 "-" "Mozilla/5.0 (compatible; SemrushBot/7~bl; +http://www.semrush.com/bot.html)"
85.208.96.207 - - [28/Apr/2025:00:07:48 -0400] "GET /db.php/tickets/drink-tickets/8350193589441.shtml HTTP/1.1" 200 0 "-" "Mozilla/5.0 (compatible; SemrushBot/7~bl; +http://www.semrush.com/bot.html)"
85.208.96.212 - - [28/Apr/2025:00:07:55 -0400] "GET /db.php/games/game-characters/13360343915136.shtml HTTP/1.1" 200 0 "-" "Mozilla/5.0 (compatible; SemrushBot/7~bl; +http://www.semrush.com/bot.html)"
206.206.95.210 - - [28/Apr/2025:00:07:59 -0400] "GET /audit-report-2074-rupatal/ HTTP/1.1" 200 42669 "http://rupalake.org.np/audit-report-2074-rupatal/" "Mozilla/5.0 (Windows NT 10.0; Win64; x64) AppleWebKit/537.36 (KHTML, like Gecko) Chrome/130.0.0.0 Safari/537.36 CCleaner/130.0.0.0"
85.208.96.196 - - [28/Apr/2025:00:08:01 -0400] "GET /db.php/smartphones/windows-notebooks/740281205683.shtml HTTP/1.1" 200 0 "-" "Mozilla/5.0 (compatible; SemrushBot/7~bl; +http://www.semrush.com/bot.html)"
199.188.205.55 - - [28/Apr/2025:00:08:01 -0400] "POST /wp-cron.php?doing_wp_cron=1745813281.5458269119262695312500 HTTP/1.1" 200 0 "-" "WordPress/6.2.6; http://rupalake.org.np"
206.206.95.210 - - [28/Apr/2025:00:08:01 -0400] "GET /wp-login.php?action=register HTTP/1.1" 302 0 "http://rupalake.org.np/wp-login.php?action=register" "Mozilla/5.0 (Windows NT 10.0; Win64; x64) AppleWebKit/537.36 (KHTML, like Gecko) Chrome/130.0.0.0 Safari/537.36 CCleaner/130.0.0.0"
199.188.205.55 - - [28/Apr/2025:00:08:02 -0400] "POST /wp-cron.php?doing_wp_cron=1745813282.7371890544891357421875 HTTP/1.1" 200 0 "-" "WordPress/6.2.6; http://rupalake.org.np"
206.206.95.210 - - [28/Apr/2025:00:08:02 -0400] "GET /wp-login.php?registration=disabled HTTP/1.1" 200 6326 "http://rupalake.org.np/wp-login.php?registration=disabled" "Mozilla/5.0 (Windows NT 10.0; Win64; x64) AppleWebKit/537.36 (KHTML, like Gecko) Chrome/130.0.0.0 Safari/537.36 CCleaner/130.0.0.0"
185.191.171.11 - - [28/Apr/2025:00:08:05 -0400] "GET /db.php/audio/other/14850160449478.shtml HTTP/1.1" 200 0 "-" "Mozilla/5.0 (compatible; SemrushBot/7~bl; +http://www.semrush.com/bot.html)"
185.191.171.10 - - [28/Apr/2025:00:08:21 -0400] "GET /db.php/health/beauty/10080013784616.shtml HTTP/1.1" 200 0 "-" "Mozilla/5.0 (compatible; SemrushBot/7~bl; +http://www.semrush.com/bot.html)"
157.55.39.63 - - [28/Apr/2025:00:08:22 -0400] "GET /tickets-japanese-movies-1kb8s HTTP/1.1" 200 21327 "-" "Mozilla/5.0 AppleWebKit/537.36 (KHTML, like Gecko; compatible; bingbot/2.0; +http://www.bing.com/bingbot.htm) Chrome/116.0.1938.76 Safari/537.36"
157.55.39.63 - - [28/Apr/2025:00:08:24 -0400] "GET /air-conditioning-washing-machines-8yrg HTTP/1.1" 200 20793 "-" "Mozilla/5.0 AppleWebKit/537.36 (KHTML, like Gecko; compatible; bingbot/2.0; +http://www.bing.com/bingbot.htm) Chrome/116.0.1938.76 Safari/537.36"
85.208.96.198 - - [28/Apr/2025:00:08:32 -0400] "GET /db.php/sports/skateboards/1680532380247.shtml HTTP/1.1" 200 0 "-" "Mozilla/5.0 (compatible; SemrushBot/7~bl; +http://www.semrush.com/bot.html)"
85.208.96.207 - - [28/Apr/2025:00:08:34 -0400] "GET /db.php/fashion/outerwear/9720031559691.shtml HTTP/1.1" 200 0 "-" "Mozilla/5.0 (compatible; SemrushBot/7~bl; +http://www.semrush.com/bot.html)"
85.208.96.206 - - [28/Apr/2025:00:08:50 -0400] "GET /db.php/alcohol/others/9360520730915.shtml HTTP/1.1" 200 0 "-" "Mozilla/5.0 (compatible; SemrushBot/7~bl; +http://www.semrush.com/bot.html)"
85.208.96.208 - - [28/Apr/2025:00:08:55 -0400] "GET /db.php/diet/toilet-related/10120082584064.shtml HTTP/1.1" 200 0 "-" "Mozilla/5.0 (compatible; SemrushBot/7~bl; +http://www.semrush.com/bot.html)"
185.191.171.8 - - [28/Apr/2025:00:08:57 -0400] "GET /db.php/tops/knitwear/20450161493909.shtml HTTP/1.1" 200 0 "-" "Mozilla/5.0 (compatible; SemrushBot/7~bl; +http://www.semrush.com/bot.html)"
85.208.96.208 - - [28/Apr/2025:00:08:58 -0400] "GET /db.php/sports/snowboard/1620520798817.shtml HTTP/1.1" 200 0 "-" "Mozilla/5.0 (compatible; SemrushBot/7~bl; +http://www.semrush.com/bot.html)"
207.46.13.107 - - [28/Apr/2025:00:09:08 -0400] "GET /tickets-amusement-parks-2k7nc HTTP/1.1" 200 21159 "-" "Mozilla/5.0 AppleWebKit/537.36 (KHTML, like Gecko; compatible; bingbot/2.0; +http://www.bing.com/bingbot.htm) Chrome/116.0.1938.76 Safari/537.36"
85.208.96.197 - - [28/Apr/2025:00:09:13 -0400] "GET /db.php/bicycles/parts/18220502565024.shtml HTTP/1.1" 200 0 "-" "Mozilla/5.0 (compatible; SemrushBot/7~bl; +http://www.semrush.com/bot.html)"
85.208.96.202 - - [28/Apr/2025:00:09:17 -0400] "GET /db.php/cameras/amplifiers/14500221097190.shtml HTTP/1.1" 200 0 "-" "Mozilla/5.0 (compatible; SemrushBot/7~bl; +http://www.semrush.com/bot.html)"
85.208.96.208 - - [28/Apr/2025:00:09:33 -0400] "GET /db.php/art/others/19070563231654.shtml HTTP/1.1" 200 0 "-" "Mozilla/5.0 (compatible; SemrushBot/7~bl; +http://www.semrush.com/bot.html)"
185.191.171.9 - - [28/Apr/2025:00:09:50 -0400] "GET /db.php/handmade/calligraphy/11800552801110.shtml HTTP/1.1" 200 0 "-" "Mozilla/5.0 (compatible; SemrushBot/7~bl; +http://www.semrush.com/bot.html)"
185.191.171.11 - - [28/Apr/2025:00:09:52 -0400] "GET /db.php/cosmetics/hair-dryers/17280260898869.shtml HTTP/1.1" 200 0 "-" "Mozilla/5.0 (compatible; SemrushBot/7~bl; +http://www.semrush.com/bot.html)"
185.191.171.10 - - [28/Apr/2025:00:10:04 -0400] "GET /db.php/art/pachinko/18720240650456.shtml HTTP/1.1" 200 0 "-" "Mozilla/5.0 (compatible; SemrushBot/7~bl; +http://www.semrush.com/bot.html)"
52.167.144.176 - - [28/Apr/2025:00:10:16 -0400] "GET /bicycles-wheels-f0u2 HTTP/1.1" 200 21179 "-" "Mozilla/5.0 AppleWebKit/537.36 (KHTML, like Gecko; compatible; bingbot/2.0; +http://www.bing.com/bingbot.htm) Chrome/116.0.1938.76 Safari/537.36"
199.188.205.55 - - [28/Apr/2025:00:10:20 -0400] "POST /wp-cron.php?doing_wp_cron=1745813420.4139089584350585937500 HTTP/1.1" 200 0 "-" "WordPress/6.2.6; http://rupalake.org.np"
51.222.253.5 - - [28/Apr/2025:00:10:19 -0400] "GET /fashion/tops/9730512526865 HTTP/1.1" 404 7439 "-" "Mozilla/5.0 (compatible; AhrefsBot/7.0; +http://ahrefs.com/robot/)"
85.208.96.207 - - [28/Apr/2025:00:10:53 -0400] "GET /db.php/bicycles/parts/18220572439958.shtml HTTP/1.1" 200 0 "-" "Mozilla/5.0 (compatible; SemrushBot/7~bl; +http://www.semrush.com/bot.html)"
185.191.171.6 - - [28/Apr/2025:00:11:19 -0400] "GET /db.php/hobbies/others/19070571637735.shtml HTTP/1.1" 200 0 "-" "Mozilla/5.0 (compatible; SemrushBot/7~bl; +http://www.semrush.com/bot.html)"
185.191.171.10 - - [28/Apr/2025:00:11:49 -0400] "GET /db.php/outdoor/reels/8770471503506.shtml HTTP/1.1" 200 0 "-" "Mozilla/5.0 (compatible; SemrushBot/7~bl; +http://www.semrush.com/bot.html)"
185.191.171.11 - - [28/Apr/2025:00:11:50 -0400] "GET /db.php/toys/others/14450111313091.shtml HTTP/1.1" 200 0 "-" "Mozilla/5.0 (compatible; SemrushBot/7~bl; +http://www.semrush.com/bot.html)"
52.167.144.202 - - [28/Apr/2025:00:11:52 -0400] "GET /furniture-store-supplies-104fp HTTP/1.1" 200 21809 "-" "Mozilla/5.0 AppleWebKit/537.36 (KHTML, like Gecko; compatible; bingbot/2.0; +http://www.bing.com/bingbot.htm) Chrome/116.0.1938.76 Safari/537.36"
85.208.96.196 - - [28/Apr/2025:00:12:00 -0400] "GET /db.php/tv/digital-cameras/14470141800728.shtml HTTP/1.1" 200 0 "-" "Mozilla/5.0 (compatible; SemrushBot/7~bl; +http://www.semrush.com/bot.html)"
185.191.171.15 - - [28/Apr/2025:00:12:02 -0400] "GET /db.php/beauty/serums/17230481514493.shtml HTTP/1.1" 200 0 "-" "Mozilla/5.0 (compatible; SemrushBot/7~bl; +http://www.semrush.com/bot.html)"
185.191.171.14 - - [28/Apr/2025:00:12:04 -0400] "GET /db.php/smartphones/mobile-phones/730363274107.shtml HTTP/1.1" 200 0 "-" "Mozilla/5.0 (compatible; SemrushBot/7~bl; +http://www.semrush.com/bot.html)"
185.191.171.14 - - [28/Apr/2025:00:12:23 -0400] "GET /db.php/sports/shoes/1980502830445.shtml HTTP/1.1" 200 0 "-" "Mozilla/5.0 (compatible; SemrushBot/7~bl; +http://www.semrush.com/bot.html)"
185.191.171.13 - - [28/Apr/2025:00:12:35 -0400] "GET /db.php/alcohol/whiskey/9160321549260.shtml HTTP/1.1" 200 0 "-" "Mozilla/5.0 (compatible; SemrushBot/7~bl; +http://www.semrush.com/bot.html)"
185.191.171.7 - - [28/Apr/2025:00:12:44 -0400] "GET /db.php/handicrafts/rings/11280380634056.shtml HTTP/1.1" 200 0 "-" "Mozilla/5.0 (compatible; SemrushBot/7~bl; +http://www.semrush.com/bot.html)"
85.208.96.194 - - [28/Apr/2025:00:12:52 -0400] "GET /db.php/sports/snowboard/1620320719563.shtml HTTP/1.1" 200 0 "-" "Mozilla/5.0 (compatible; SemrushBot/7~bl; +http://www.semrush.com/bot.html)"
185.191.171.11 - - [28/Apr/2025:00:13:05 -0400] "GET /db.php/musical-instruments/cosplay-costumes/18670160100826.shtml HTTP/1.1" 200 0 "-" "Mozilla/5.0 (compatible; SemrushBot/7~bl; +http://www.semrush.com/bot.html)"
85.208.96.210 - - [28/Apr/2025:00:13:13 -0400] "GET /db.php/art/guitars/18390050797714.shtml HTTP/1.1" 200 0 "-" "Mozilla/5.0 (compatible; SemrushBot/7~bl; +http://www.semrush.com/bot.html)"
207.46.13.107 - - [28/Apr/2025:00:13:14 -0400] "GET /fashion-formal-wear-1ugo8 HTTP/1.1" 200 21479 "-" "Mozilla/5.0 AppleWebKit/537.36 (KHTML, like Gecko; compatible; bingbot/2.0; +http://www.bing.com/bingbot.htm) Chrome/116.0.1938.76 Safari/537.36"
85.208.96.200 - - [28/Apr/2025:00:13:15 -0400] "GET /db.php/bicycles/wheels/18250031366973.shtml HTTP/1.1" 200 0 "-" "Mozilla/5.0 (compatible; SemrushBot/7~bl; +http://www.semrush.com/bot.html)"
85.208.96.200 - - [28/Apr/2025:00:13:16 -0400] "GET /db.php/cameras/video-cameras/14510200552472.shtml HTTP/1.1" 200 0 "-" "Mozilla/5.0 (compatible; SemrushBot/7~bl; +http://www.semrush.com/bot.html)"
85.208.96.204 - - [28/Apr/2025:00:13:25 -0400] "GET /robots.txt HTTP/1.1" 200 236 "-" "Mozilla/5.0 (compatible; SemrushBot/7~bl; +http://www.semrush.com/bot.html)"
185.191.171.7 - - [28/Apr/2025:00:13:25 -0400] "GET /db.php/fishing/chairs/8810232534524.shtml HTTP/1.1" 200 0 "-" "Mozilla/5.0 (compatible; SemrushBot/7~bl; +http://www.semrush.com/bot.html)"
85.208.96.195 - - [28/Apr/2025:00:13:32 -0400] "GET /db.php/audio/earphones/14530723051331.shtml HTTP/1.1" 200 0 "-" "Mozilla/5.0 (compatible; SemrushBot/7~bl; +http://www.semrush.com/bot.html)"
85.208.96.212 - - [28/Apr/2025:00:13:34 -0400] "GET /db.php/motorcycles/maintenance/18260300649670.shtml HTTP/1.1" 200 0 "-" "Mozilla/5.0 (compatible; SemrushBot/7~bl; +http://www.semrush.com/bot.html)"
52.167.144.176 - - [28/Apr/2025:00:13:34 -0400] "GET /beauty-body-dtt0 HTTP/1.1" 200 20832 "-" "Mozilla/5.0 AppleWebKit/537.36 (KHTML, like Gecko; compatible; bingbot/2.0; +http://www.bing.com/bingbot.htm) Chrome/116.0.1938.76 Safari/537.36"
85.208.96.195 - - [28/Apr/2025:00:13:51 -0400] "GET /db.php/toys/posters/13280541262929.shtml HTTP/1.1" 200 0 "-" "Mozilla/5.0 (compatible; SemrushBot/7~bl; +http://www.semrush.com/bot.html)"
185.191.171.6 - - [28/Apr/2025:00:13:56 -0400] "GET /db.php/shoes/loafers/19920573074172.shtml HTTP/1.1" 200 0 "-" "Mozilla/5.0 (compatible; SemrushBot/7~bl; +http://www.semrush.com/bot.html)"
52.167.144.176 - - [28/Apr/2025:00:14:45 -0400] "GET /handicrafts-bags-19n2o HTTP/1.1" 200 20862 "-" "Mozilla/5.0 AppleWebKit/537.36 (KHTML, like Gecko; compatible; bingbot/2.0; +http://www.bing.com/bingbot.htm) Chrome/116.0.1938.76 Safari/537.36"
52.167.144.202 - - [28/Apr/2025:00:14:52 -0400] "GET /manga-celebrity-photo-books-1lk6q HTTP/1.1" 200 21512 "-" "Mozilla/5.0 AppleWebKit/537.36 (KHTML, like Gecko; compatible; bingbot/2.0; +http://www.bing.com/bingbot.htm) Chrome/116.0.1938.76 Safari/537.36"
185.191.171.16 - - [28/Apr/2025:00:15:06 -0400] "GET /db.php/sports/snowboard/1620170833412.shtml HTTP/1.1" 200 0 "-" "Mozilla/5.0 (compatible; SemrushBot/7~bl; +http://www.semrush.com/bot.html)"
52.167.144.176 - - [28/Apr/2025:00:15:06 -0400] "GET /blu-ray-japanese-movies-176oh HTTP/1.1" 200 22343 "-" "Mozilla/5.0 AppleWebKit/537.36 (KHTML, like Gecko; compatible; bingbot/2.0; +http://www.bing.com/bingbot.htm) Chrome/116.0.1938.76 Safari/537.36"
52.167.144.176 - - [28/Apr/2025:00:15:07 -0400] "GET /handmade-tops-2e993 HTTP/1.1" 200 21223 "-" "Mozilla/5.0 AppleWebKit/537.36 (KHTML, like Gecko; compatible; bingbot/2.0; +http://www.bing.com/bingbot.htm) Chrome/116.0.1938.76 Safari/537.36"
199.188.205.55 - - [28/Apr/2025:00:15:19 -0400] "POST /wp-cron.php?doing_wp_cron=1745813719.5707149505615234375000 HTTP/1.1" 200 0 "-" "WordPress/6.2.6; http://rupalake.org.np"
51.222.253.8 - - [28/Apr/2025:00:15:18 -0400] "GET /flowers/cacti/3030024071302 HTTP/1.1" 404 7439 "-" "Mozilla/5.0 (compatible; AhrefsBot/7.0; +http://ahrefs.com/robot/)"
52.167.144.203 - - [28/Apr/2025:00:15:33 -0400] "GET /beauty-lotion-efkg HTTP/1.1" 200 21223 "-" "Mozilla/5.0 AppleWebKit/537.36 (KHTML, like Gecko; compatible; bingbot/2.0; +http://www.bing.com/bingbot.htm) Chrome/116.0.1938.76 Safari/537.36"
85.208.96.204 - - [28/Apr/2025:00:15:39 -0400] "GET /db.php/cameras/digital-cameras/14470132724977.shtml HTTP/1.1" 200 0 "-" "Mozilla/5.0 (compatible; SemrushBot/7~bl; +http://www.semrush.com/bot.html)"
85.208.96.203 - - [28/Apr/2025:00:15:51 -0400] "GET /db.php/fashion/shoes/9740591232588.shtml HTTP/1.1" 200 0 "-" "Mozilla/5.0 (compatible; SemrushBot/7~bl; +http://www.semrush.com/bot.html)"
85.208.96.208 - - [28/Apr/2025:00:16:06 -0400] "GET /db.php/tablets/windows-notebooks/740150558671.shtml HTTP/1.1" 200 0 "-" "Mozilla/5.0 (compatible; SemrushBot/7~bl; +http://www.semrush.com/bot.html)"
85.208.96.209 - - [28/Apr/2025:00:16:07 -0400] "GET /db.php/musical-instruments/robots/18460383701580.shtml HTTP/1.1" 200 0 "-" "Mozilla/5.0 (compatible; SemrushBot/7~bl; +http://www.semrush.com/bot.html)"
85.208.96.203 - - [28/Apr/2025:00:16:19 -0400] "GET /db.php/sports/pilates/1920403881875.shtml HTTP/1.1" 200 0 "-" "Mozilla/5.0 (compatible; SemrushBot/7~bl; +http://www.semrush.com/bot.html)"
185.191.171.9 - - [28/Apr/2025:00:16:32 -0400] "GET /db.php/tv/zoom-lens/14480050537050.shtml HTTP/1.1" 200 0 "-" "Mozilla/5.0 (compatible; SemrushBot/7~bl; +http://www.semrush.com/bot.html)"
185.191.171.3 - - [28/Apr/2025:00:16:37 -0400] "GET /db.php/furniture/corner-sofas/4220142050144.shtml HTTP/1.1" 200 0 "-" "Mozilla/5.0 (compatible; SemrushBot/7~bl; +http://www.semrush.com/bot.html)"
85.208.96.195 - - [28/Apr/2025:00:16:43 -0400] "GET /db.php/fashion/accessories/9770512925640.shtml HTTP/1.1" 200 0 "-" "Mozilla/5.0 (compatible; SemrushBot/7~bl; +http://www.semrush.com/bot.html)"
185.191.171.15 - - [28/Apr/2025:00:16:46 -0400] "GET /db.php/furniture/dining-chairs/4070392202562.shtml HTTP/1.1" 200 0 "-" "Mozilla/5.0 (compatible; SemrushBot/7~bl; +http://www.semrush.com/bot.html)"
185.191.171.13 - - [28/Apr/2025:00:16:54 -0400] "GET /db.php/wiscellaneous/wallets/20020630513749.shtml HTTP/1.1" 200 0 "-" "Mozilla/5.0 (compatible; SemrushBot/7~bl; +http://www.semrush.com/bot.html)"
207.46.13.107 - - [28/Apr/2025:00:17:07 -0400] "GET /audio-recorders-29uf9 HTTP/1.1" 200 21752 "-" "Mozilla/5.0 AppleWebKit/537.36 (KHTML, like Gecko; compatible; bingbot/2.0; +http://www.bing.com/bingbot.htm) Chrome/116.0.1938.76 Safari/537.36"
185.191.171.13 - - [28/Apr/2025:00:17:10 -0400] "GET /db.php/fashion/outerwear/9720532851758.shtml HTTP/1.1" 200 0 "-" "Mozilla/5.0 (compatible; SemrushBot/7~bl; +http://www.semrush.com/bot.html)"
185.191.171.16 - - [28/Apr/2025:00:17:16 -0400] "GET /db.php/cosmetics/unisex-perfumes/17290282362916.shtml HTTP/1.1" 200 0 "-" "Mozilla/5.0 (compatible; SemrushBot/7~bl; +http://www.semrush.com/bot.html)"
199.188.205.55 - - [28/Apr/2025:00:17:22 -0400] "POST /wp-cron.php?doing_wp_cron=1745813842.8618400096893310546875 HTTP/1.1" 200 0 "-" "WordPress/6.2.6; http://rupalake.org.np"
193.176.23.38 - - [28/Apr/2025:00:17:22 -0400] "GET / HTTP/1.0" 200 46422 "http://rupalake.org.np/" "Mozilla/5.0 (Windows NT 10.0; Win64; x64) AppleWebKit/537.36 (KHTML, like Gecko) Chrome/129.0.0.0 Safari/537.36"
193.176.23.38 - - [28/Apr/2025:00:17:25 -0400] "GET /contact-us/ HTTP/1.0" 200 34462 "http://rupalake.org.np/contact-us/" "Mozilla/5.0 (Windows NT 10.0; Win64; x64) AppleWebKit/537.36 (KHTML, like Gecko) Chrome/129.0.0.0 Safari/537.36"
185.191.171.4 - - [28/Apr/2025:00:17:32 -0400] "GET /db.php/fashion/hair-accessories/9910311466161.shtml HTTP/1.1" 200 0 "-" "Mozilla/5.0 (compatible; SemrushBot/7~bl; +http://www.semrush.com/bot.html)"
85.208.96.204 - - [28/Apr/2025:00:17:36 -0400] "GET /db.php/fashion/kimono/9790201883564.shtml HTTP/1.1" 200 0 "-" "Mozilla/5.0 (compatible; SemrushBot/7~bl; +http://www.semrush.com/bot.html)"
185.191.171.15 - - [28/Apr/2025:00:17:39 -0400] "GET /db.php/sports/snowboard/1620440425397.shtml HTTP/1.1" 200 0 "-" "Mozilla/5.0 (compatible; SemrushBot/7~bl; +http://www.semrush.com/bot.html)"
85.208.96.196 - - [28/Apr/2025:00:17:41 -0400] "GET /db.php/handicrafts/others/13180370087140.shtml HTTP/1.1" 200 0 "-" "Mozilla/5.0 (compatible; SemrushBot/7~bl; +http://www.semrush.com/bot.html)"
85.208.96.194 - - [28/Apr/2025:00:17:50 -0400] "GET /db.php/pants/pants/20280483422220.shtml HTTP/1.1" 200 0 "-" "Mozilla/5.0 (compatible; SemrushBot/7~bl; +http://www.semrush.com/bot.html)"
52.167.144.203 - - [28/Apr/2025:00:17:53 -0400] "GET /hobbies-collections-18qj1 HTTP/1.1" 200 20567 "-" "Mozilla/5.0 AppleWebKit/537.36 (KHTML, like Gecko; compatible; bingbot/2.0; +http://www.bing.com/bingbot.htm) Chrome/116.0.1938.76 Safari/537.36"
85.208.96.200 - - [28/Apr/2025:00:17:56 -0400] "GET /db.php/fishing/reels/8770091293779.shtml HTTP/1.1" 200 0 "-" "Mozilla/5.0 (compatible; SemrushBot/7~bl; +http://www.semrush.com/bot.html)"
185.191.171.9 - - [28/Apr/2025:00:18:12 -0400] "GET /db.php/sports/shoes/1630450903032.shtml HTTP/1.1" 200 0 "-" "Mozilla/5.0 (compatible; SemrushBot/7~bl; +http://www.semrush.com/bot.html)"
52.167.144.176 - - [28/Apr/2025:00:18:44 -0400] "GET /wp-content/uploads/2021/09/Rupalake-2021-Pics-20.jpg HTTP/1.1" 200 173772 "-" "Mozilla/5.0 AppleWebKit/537.36 (KHTML, like Gecko; compatible; bingbot/2.0; +http://www.bing.com/bingbot.htm) Chrome/116.0.1938.76 Safari/537.36"
52.167.144.176 - - [28/Apr/2025:00:18:45 -0400] "GET /air-conditioning-stoves-g9oi HTTP/1.1" 200 21505 "-" "Mozilla/5.0 AppleWebKit/537.36 (KHTML, like Gecko; compatible; bingbot/2.0; +http://www.bing.com/bingbot.htm) Chrome/116.0.1938.76 Safari/537.36"
185.191.171.15 - - [28/Apr/2025:00:19:11 -0400] "GET /db.php/beauty/unisex-perfumes/17290603174085.shtml HTTP/1.1" 200 0 "-" "Mozilla/5.0 (compatible; SemrushBot/7~bl; +http://www.semrush.com/bot.html)"
52.167.144.203 - - [28/Apr/2025:00:19:15 -0400] "GET /flowers-houseplants-2geds HTTP/1.1" 200 21729 "-" "Mozilla/5.0 AppleWebKit/537.36 (KHTML, like Gecko; compatible; bingbot/2.0; +http://www.bing.com/bingbot.htm) Chrome/116.0.1938.76 Safari/537.36"
52.167.144.176 - - [28/Apr/2025:00:19:23 -0400] "GET /manga-music-a5o1 HTTP/1.1" 200 21653 "-" "Mozilla/5.0 AppleWebKit/537.36 (KHTML, like Gecko; compatible; bingbot/2.0; +http://www.bing.com/bingbot.htm) Chrome/116.0.1938.76 Safari/537.36"
185.191.171.11 - - [28/Apr/2025:00:19:37 -0400] "GET /db.php/flowers/branch-cutters/3420210138412.shtml HTTP/1.1" 200 0 "-" "Mozilla/5.0 (compatible; SemrushBot/7~bl; +http://www.semrush.com/bot.html)"
199.188.205.55 - - [28/Apr/2025:00:19:39 -0400] "POST /wp-cron.php?doing_wp_cron=1745813979.8955469131469726562500 HTTP/1.1" 200 0 "-" "WordPress/6.2.6; http://rupalake.org.np"
51.222.253.20 - - [28/Apr/2025:00:19:39 -0400] "GET /goods/sports/14350101627460 HTTP/1.1" 404 7439 "-" "Mozilla/5.0 (compatible; AhrefsBot/7.0; +http://ahrefs.com/robot/)"
185.191.171.3 - - [28/Apr/2025:00:19:56 -0400] "GET /db.php/diy/screwdrivers/5230103821525.shtml HTTP/1.1" 200 0 "-" "Mozilla/5.0 (compatible; SemrushBot/7~bl; +http://www.semrush.com/bot.html)"
185.191.171.3 - - [28/Apr/2025:00:20:05 -0400] "GET /db.php/computers/power-supply-units/1070523391283.shtml HTTP/1.1" 200 0 "-" "Mozilla/5.0 (compatible; SemrushBot/7~bl; +http://www.semrush.com/bot.html)"
85.208.96.208 - - [28/Apr/2025:00:20:06 -0400] "GET /db.php/kitchen/coffee/15150601615956.shtml HTTP/1.1" 200 0 "-" "Mozilla/5.0 (compatible; SemrushBot/7~bl; +http://www.semrush.com/bot.html)"
185.191.171.16 - - [28/Apr/2025:00:20:23 -0400] "GET /db.php/cds/japanese-movies/15000093129116.shtml HTTP/1.1" 200 0 "-" "Mozilla/5.0 (compatible; SemrushBot/7~bl; +http://www.semrush.com/bot.html)"
85.208.96.203 - - [28/Apr/2025:00:20:36 -0400] "GET /db.php/audio/digital-cameras/14470523918596.shtml HTTP/1.1" 200 0 "-" "Mozilla/5.0 (compatible; SemrushBot/7~bl; +http://www.semrush.com/bot.html)"
185.191.171.5 - - [28/Apr/2025:00:20:48 -0400] "GET /db.php/blu-ray/western-music/14950580490804.shtml HTTP/1.1" 200 0 "-" "Mozilla/5.0 (compatible; SemrushBot/7~bl; +http://www.semrush.com/bot.html)"
185.191.171.11 - - [28/Apr/2025:00:20:50 -0400] "GET /db.php/alcohol/whiskey/9160430679201.shtml HTTP/1.1" 200 0 "-" "Mozilla/5.0 (compatible; SemrushBot/7~bl; +http://www.semrush.com/bot.html)"
157.55.39.193 - - [28/Apr/2025:00:20:51 -0400] "GET /diy-others-1vqci HTTP/1.1" 200 20578 "-" "Mozilla/5.0 AppleWebKit/537.36 (KHTML, like Gecko; compatible; bingbot/2.0; +http://www.bing.com/bingbot.htm) Chrome/116.0.1938.76 Safari/537.36"
185.191.171.4 - - [28/Apr/2025:00:20:56 -0400] "GET /db.php/toys/pin-badges/13430072252433.shtml HTTP/1.1" 200 0 "-" "Mozilla/5.0 (compatible; SemrushBot/7~bl; +http://www.semrush.com/bot.html)"
85.208.96.204 - - [28/Apr/2025:00:21:11 -0400] "GET /db.php/bicycles/security/18320223179940.shtml HTTP/1.1" 200 0 "-" "Mozilla/5.0 (compatible; SemrushBot/7~bl; +http://www.semrush.com/bot.html)"
85.208.96.210 - - [28/Apr/2025:00:21:12 -0400] "GET /db.php/tops/sweatshirt/20320240237805.shtml HTTP/1.1" 200 0 "-" "Mozilla/5.0 (compatible; SemrushBot/7~bl; +http://www.semrush.com/bot.html)"
185.191.171.16 - - [28/Apr/2025:00:21:15 -0400] "GET /db.php/tops/cut-sew/20410484050617.shtml HTTP/1.1" 200 0 "-" "Mozilla/5.0 (compatible; SemrushBot/7~bl; +http://www.semrush.com/bot.html)"
85.208.96.195 - - [28/Apr/2025:00:21:25 -0400] "GET /db.php/travel-supplies/rods/8880393729659.shtml HTTP/1.1" 200 0 "-" "Mozilla/5.0 (compatible; SemrushBot/7~bl; +http://www.semrush.com/bot.html)"
185.191.171.9 - - [28/Apr/2025:00:21:41 -0400] "GET /db.php/alcohol/brandy/9220060366492.shtml HTTP/1.1" 200 0 "-" "Mozilla/5.0 (compatible; SemrushBot/7~bl; +http://www.semrush.com/bot.html)"
157.55.39.193 - - [28/Apr/2025:00:21:49 -0400] "GET /pet-supplies-aquarium-supplies-uc6m HTTP/1.1" 200 21575 "-" "Mozilla/5.0 AppleWebKit/537.36 (KHTML, like Gecko; compatible; bingbot/2.0; +http://www.bing.com/bingbot.htm) Chrome/116.0.1938.76 Safari/537.36"
157.55.39.193 - - [28/Apr/2025:00:21:50 -0400] "GET /air-conditioning-circulators-4cox HTTP/1.1" 200 21283 "-" "Mozilla/5.0 AppleWebKit/537.36 (KHTML, like Gecko; compatible; bingbot/2.0; +http://www.bing.com/bingbot.htm) Chrome/116.0.1938.76 Safari/537.36"
185.191.171.19 - - [28/Apr/2025:00:21:54 -0400] "GET /db.php/motorcycles/tires/18250091639484.shtml HTTP/1.1" 200 0 "-" "Mozilla/5.0 (compatible; SemrushBot/7~bl; +http://www.semrush.com/bot.html)"
52.167.144.203 - - [28/Apr/2025:00:21:55 -0400] "GET /etc.-buddhist-implements-10gai HTTP/1.1" 200 21060 "-" "Mozilla/5.0 AppleWebKit/537.36 (KHTML, like Gecko; compatible; bingbot/2.0; +http://www.bing.com/bingbot.htm) Chrome/116.0.1938.76 Safari/537.36"
185.191.171.11 - - [28/Apr/2025:00:22:00 -0400] "GET /db.php/decor/music-boxes/4410293506509.shtml HTTP/1.1" 200 0 "-" "Mozilla/5.0 (compatible; SemrushBot/7~bl; +http://www.semrush.com/bot.html)"
185.191.171.19 - - [28/Apr/2025:00:22:02 -0400] "GET /db.php/fishing/tarps/8780402973146.shtml HTTP/1.1" 200 0 "-" "Mozilla/5.0 (compatible; SemrushBot/7~bl; +http://www.semrush.com/bot.html)"
185.191.171.7 - - [28/Apr/2025:00:22:13 -0400] "GET /db.php/computers/smartphones/680540482384.shtml HTTP/1.1" 200 0 "-" "Mozilla/5.0 (compatible; SemrushBot/7~bl; +http://www.semrush.com/bot.html)"
85.208.96.206 - - [28/Apr/2025:00:22:28 -0400] "GET /db.php/fashion/jackets/9720580933667.shtml HTTP/1.1" 200 0 "-" "Mozilla/5.0 (compatible; SemrushBot/7~bl; +http://www.semrush.com/bot.html)"
52.167.144.209 - - [28/Apr/2025:00:22:53 -0400] "GET /fishing-reels-117gt HTTP/1.1" 200 22283 "-" "Mozilla/5.0 AppleWebKit/537.36 (KHTML, like Gecko; compatible; bingbot/2.0; +http://www.bing.com/bingbot.htm) Chrome/116.0.1938.76 Safari/537.36"
185.191.171.7 - - [28/Apr/2025:00:23:15 -0400] "GET /db.php/furniture/store-supplies/3930523043529.shtml HTTP/1.1" 200 0 "-" "Mozilla/5.0 (compatible; SemrushBot/7~bl; +http://www.semrush.com/bot.html)"
157.55.39.193 - - [28/Apr/2025:00:23:30 -0400] "GET /health-healthy-tea-17vux HTTP/1.1" 200 20672 "-" "Mozilla/5.0 AppleWebKit/537.36 (KHTML, like Gecko; compatible; bingbot/2.0; +http://www.bing.com/bingbot.htm) Chrome/116.0.1938.76 Safari/537.36"
185.191.171.14 - - [28/Apr/2025:00:23:49 -0400] "GET /db.php/health/health/10430381040100.shtml HTTP/1.1" 200 0 "-" "Mozilla/5.0 (compatible; SemrushBot/7~bl; +http://www.semrush.com/bot.html)"
85.208.96.209 - - [28/Apr/2025:00:23:55 -0400] "GET /db.php/diy/drivers/5370473190555.shtml HTTP/1.1" 200 0 "-" "Mozilla/5.0 (compatible; SemrushBot/7~bl; +http://www.semrush.com/bot.html)"
185.191.171.2 - - [28/Apr/2025:00:24:11 -0400] "GET /db.php/fashion/bags/9750013297151.shtml HTTP/1.1" 200 0 "-" "Mozilla/5.0 (compatible; SemrushBot/7~bl; +http://www.semrush.com/bot.html)"
85.208.96.207 - - [28/Apr/2025:00:24:12 -0400] "GET /db.php/fashion/outerwear/9720131997734.shtml HTTP/1.1" 200 0 "-" "Mozilla/5.0 (compatible; SemrushBot/7~bl; +http://www.semrush.com/bot.html)"
85.208.96.193 - - [28/Apr/2025:00:24:14 -0400] "GET /db.php/travel-supplies/outdoor-wear/8830093487764.shtml HTTP/1.1" 200 0 "-" "Mozilla/5.0 (compatible; SemrushBot/7~bl; +http://www.semrush.com/bot.html)"
199.188.205.55 - - [28/Apr/2025:00:24:16 -0400] "POST /wp-cron.php?doing_wp_cron=1745814255.8905758857727050781250 HTTP/1.1" 200 0 "-" "WordPress/6.2.6; http://rupalake.org.np"
51.222.253.13 - - [28/Apr/2025:00:24:14 -0400] "GET /jackets/sets/20710252430000 HTTP/1.1" 404 7439 "-" "Mozilla/5.0 (compatible; AhrefsBot/7.0; +http://ahrefs.com/robot/)"
52.167.144.203 - - [28/Apr/2025:00:24:24 -0400] "GET /furniture-seater-sofas-pucf HTTP/1.1" 200 21418 "-" "Mozilla/5.0 AppleWebKit/537.36 (KHTML, like Gecko; compatible; bingbot/2.0; +http://www.bing.com/bingbot.htm) Chrome/116.0.1938.76 Safari/537.36"
185.191.171.4 - - [28/Apr/2025:00:24:49 -0400] "GET /db.php/outdoor/tackle-supplies/9040053902562.shtml HTTP/1.1" 200 0 "-" "Mozilla/5.0 (compatible; SemrushBot/7~bl; +http://www.semrush.com/bot.html)"
85.208.96.195 - - [28/Apr/2025:00:24:55 -0400] "GET /db.php/interior/slatted-beds/4100200939422.shtml HTTP/1.1" 200 0 "-" "Mozilla/5.0 (compatible; SemrushBot/7~bl; +http://www.semrush.com/bot.html)"
157.55.39.193 - - [28/Apr/2025:00:24:57 -0400] "GET /etc.-others-w3nv HTTP/1.1" 200 21855 "-" "Mozilla/5.0 AppleWebKit/537.36 (KHTML, like Gecko; compatible; bingbot/2.0; +http://www.bing.com/bingbot.htm) Chrome/116.0.1938.76 Safari/537.36"
185.191.171.1 - - [28/Apr/2025:00:24:58 -0400] "GET /db.php/kitchen/bulk-sales/15210241111102.shtml HTTP/1.1" 200 0 "-" "Mozilla/5.0 (compatible; SemrushBot/7~bl; +http://www.semrush.com/bot.html)"
66.249.68.68 - - [28/Apr/2025:00:24:58 -0400] "GET /musical-instruments/japanese-painting-supplies/18890492833243 HTTP/1.1" 200 20872 "-" "Mozilla/5.0 (Linux; Android 6.0.1; Nexus 5X Build/MMB29P) AppleWebKit/537.36 (KHTML, like Gecko) Chrome/135.0.7049.95 Mobile Safari/537.36 (compatible; GoogleOther)"
66.249.68.66 - - [28/Apr/2025:00:25:03 -0400] "POST /get-message-notify HTTP/1.1" 200 20961 "http://rupalake.org.np/musical-instruments/japanese-painting-supplies/18890492833243" "Mozilla/5.0 (Linux; Android 6.0.1; Nexus 5X Build/MMB29P) AppleWebKit/537.36 (KHTML, like Gecko) Chrome/134.0.6998.165 Mobile Safari/537.36 (compatible; Googlebot/2.1; +http://www.google.com/bot.html)"
185.191.171.1 - - [28/Apr/2025:00:25:12 -0400] "GET /db.php/tools/sharpeners/6390522702654.shtml HTTP/1.1" 200 0 "-" "Mozilla/5.0 (compatible; SemrushBot/7~bl; +http://www.semrush.com/bot.html)"
85.208.96.201 - - [28/Apr/2025:00:25:14 -0400] "GET /db.php/sports/hard-rackets/1910092249433.shtml HTTP/1.1" 200 0 "-" "Mozilla/5.0 (compatible; SemrushBot/7~bl; +http://www.semrush.com/bot.html)"
52.167.144.209 - - [28/Apr/2025:00:25:14 -0400] "GET /fashion-formal-wear-22247 HTTP/1.1" 200 21196 "-" "Mozilla/5.0 AppleWebKit/537.36 (KHTML, like Gecko; compatible; bingbot/2.0; +http://www.bing.com/bingbot.htm) Chrome/116.0.1938.76 Safari/537.36"
185.191.171.2 - - [28/Apr/2025:00:25:18 -0400] "GET /db.php/tv/television/14620312402540.shtml HTTP/1.1" 200 0 "-" "Mozilla/5.0 (compatible; SemrushBot/7~bl; +http://www.semrush.com/bot.html)"
185.191.171.19 - - [28/Apr/2025:00:25:20 -0400] "GET /db.php/fashion/watches/9800193336423.shtml HTTP/1.1" 200 0 "-" "Mozilla/5.0 (compatible; SemrushBot/7~bl; +http://www.semrush.com/bot.html)"
85.208.96.208 - - [28/Apr/2025:00:25:21 -0400] "GET /db.php/sports/snowboard/1620451839642.shtml HTTP/1.1" 200 0 "-" "Mozilla/5.0 (compatible; SemrushBot/7~bl; +http://www.semrush.com/bot.html)"
185.191.171.13 - - [28/Apr/2025:00:25:47 -0400] "GET /db.php/cosmetics/shampoo/17530493013490.shtml HTTP/1.1" 200 0 "-" "Mozilla/5.0 (compatible; SemrushBot/7~bl; +http://www.semrush.com/bot.html)"
157.55.39.193 - - [28/Apr/2025:00:25:51 -0400] "GET /fashion-pants-1w8hw HTTP/1.1" 200 21281 "-" "Mozilla/5.0 AppleWebKit/537.36 (KHTML, like Gecko; compatible; bingbot/2.0; +http://www.bing.com/bingbot.htm) Chrome/116.0.1938.76 Safari/537.36"
52.167.144.209 - - [28/Apr/2025:00:25:55 -0400] "GET /fashion-watches-s2un HTTP/1.1" 200 20940 "-" "Mozilla/5.0 AppleWebKit/537.36 (KHTML, like Gecko; compatible; bingbot/2.0; +http://www.bing.com/bingbot.htm) Chrome/116.0.1938.76 Safari/537.36"
85.208.96.211 - - [28/Apr/2025:00:26:01 -0400] "GET /db.php/diy/cutting-tools/5220452250654.shtml HTTP/1.1" 200 0 "-" "Mozilla/5.0 (compatible; SemrushBot/7~bl; +http://www.semrush.com/bot.html)"
185.191.171.7 - - [28/Apr/2025:00:26:06 -0400] "GET /db.php/etc./bulk-sales/15210173404097.shtml HTTP/1.1" 200 0 "-" "Mozilla/5.0 (compatible; SemrushBot/7~bl; +http://www.semrush.com/bot.html)"
85.208.96.193 - - [28/Apr/2025:00:26:11 -0400] "GET /db.php/books/music/16780553116408.shtml HTTP/1.1" 200 0 "-" "Mozilla/5.0 (compatible; SemrushBot/7~bl; +http://www.semrush.com/bot.html)"
85.208.96.196 - - [28/Apr/2025:00:26:28 -0400] "GET /db.php/motorcycles/parts/18220433906236.shtml HTTP/1.1" 200 0 "-" "Mozilla/5.0 (compatible; SemrushBot/7~bl; +http://www.semrush.com/bot.html)"
185.191.171.16 - - [28/Apr/2025:00:26:31 -0400] "GET /db.php/fashion/tops/9730173415925.shtml HTTP/1.1" 200 0 "-" "Mozilla/5.0 (compatible; SemrushBot/7~bl; +http://www.semrush.com/bot.html)"
52.167.144.146 - - [28/Apr/2025:00:26:45 -0400] "GET /fashion-accessories-2hjm1 HTTP/1.1" 200 20598 "-" "Mozilla/5.0 AppleWebKit/537.36 (KHTML, like Gecko; compatible; bingbot/2.0; +http://www.bing.com/bingbot.htm) Chrome/116.0.1938.76 Safari/537.36"
157.55.39.193 - - [28/Apr/2025:00:27:02 -0400] "GET /diy-cutters-27cjq HTTP/1.1" 200 21407 "-" "Mozilla/5.0 AppleWebKit/537.36 (KHTML, like Gecko; compatible; bingbot/2.0; +http://www.bing.com/bingbot.htm) Chrome/116.0.1938.76 Safari/537.36"
157.55.39.193 - - [28/Apr/2025:00:27:03 -0400] "GET /fishing-reels-1degq HTTP/1.1" 200 20597 "-" "Mozilla/5.0 AppleWebKit/537.36 (KHTML, like Gecko; compatible; bingbot/2.0; +http://www.bing.com/bingbot.htm) Chrome/116.0.1938.76 Safari/537.36"
52.167.144.146 - - [28/Apr/2025:00:27:06 -0400] "GET /handmade-snoods-6vm1 HTTP/1.1" 200 21402 "-" "Mozilla/5.0 AppleWebKit/537.36 (KHTML, like Gecko; compatible; bingbot/2.0; +http://www.bing.com/bingbot.htm) Chrome/116.0.1938.76 Safari/537.36"
85.208.96.204 - - [28/Apr/2025:00:27:27 -0400] "GET /db.php/cds/asia/15010293449616.shtml HTTP/1.1" 200 0 "-" "Mozilla/5.0 (compatible; SemrushBot/7~bl; +http://www.semrush.com/bot.html)"
85.208.96.206 - - [28/Apr/2025:00:27:39 -0400] "GET /db.php/fashion/accessories/9760090624057.shtml HTTP/1.1" 200 0 "-" "Mozilla/5.0 (compatible; SemrushBot/7~bl; +http://www.semrush.com/bot.html)"
157.55.39.193 - - [28/Apr/2025:00:27:46 -0400] "GET /hobbies-automobiles-e0ew HTTP/1.1" 200 20715 "-" "Mozilla/5.0 AppleWebKit/537.36 (KHTML, like Gecko; compatible; bingbot/2.0; +http://www.bing.com/bingbot.htm) Chrome/116.0.1938.76 Safari/537.36"
85.208.96.206 - - [28/Apr/2025:00:27:55 -0400] "GET /db.php/fashion/shoes/9740382069428.shtml HTTP/1.1" 200 0 "-" "Mozilla/5.0 (compatible; SemrushBot/7~bl; +http://www.semrush.com/bot.html)"
85.208.96.206 - - [28/Apr/2025:00:28:08 -0400] "GET /db.php/toys/sports-cards/13420130598573.shtml HTTP/1.1" 200 0 "-" "Mozilla/5.0 (compatible; SemrushBot/7~bl; +http://www.semrush.com/bot.html)"
85.208.96.205 - - [28/Apr/2025:00:28:17 -0400] "GET /db.php/cosmetics/face-creams/17240334079764.shtml HTTP/1.1" 200 0 "-" "Mozilla/5.0 (compatible; SemrushBot/7~bl; +http://www.semrush.com/bot.html)"
185.191.171.12 - - [28/Apr/2025:00:28:25 -0400] "GET /db.php/handicrafts/tops/11110480223870.shtml HTTP/1.1" 200 0 "-" "Mozilla/5.0 (compatible; SemrushBot/7~bl; +http://www.semrush.com/bot.html)"
199.188.205.55 - - [28/Apr/2025:00:28:39 -0400] "POST /wp-cron.php?doing_wp_cron=1745814519.4745628833770751953125 HTTP/1.1" 200 0 "-" "WordPress/6.2.6; http://rupalake.org.np"
51.222.253.1 - - [28/Apr/2025:00:28:37 -0400] "GET /outdoor/flies/8790472272128 HTTP/1.1" 404 7439 "-" "Mozilla/5.0 (compatible; AhrefsBot/7.0; +http://ahrefs.com/robot/)"
85.208.96.209 - - [28/Apr/2025:00:28:56 -0400] "GET /db.php/computers/ipads/700023792653.shtml HTTP/1.1" 200 0 "-" "Mozilla/5.0 (compatible; SemrushBot/7~bl; +http://www.semrush.com/bot.html)"
52.167.144.146 - - [28/Apr/2025:00:28:56 -0400] "GET /bicycles-parts-tngp HTTP/1.1" 200 20855 "-" "Mozilla/5.0 AppleWebKit/537.36 (KHTML, like Gecko; compatible; bingbot/2.0; +http://www.bing.com/bingbot.htm) Chrome/116.0.1938.76 Safari/537.36"
85.208.96.195 - - [28/Apr/2025:00:29:00 -0400] "GET /db.php/air-conditioning/dryers/9590583904182.shtml HTTP/1.1" 200 0 "-" "Mozilla/5.0 (compatible; SemrushBot/7~bl; +http://www.semrush.com/bot.html)"
185.191.171.13 - - [28/Apr/2025:00:29:04 -0400] "GET /db.php/sports/snowboard/1620500965260.shtml HTTP/1.1" 200 0 "-" "Mozilla/5.0 (compatible; SemrushBot/7~bl; +http://www.semrush.com/bot.html)"
185.191.171.7 - - [28/Apr/2025:00:29:14 -0400] "GET /db.php/fashion/hats/9880163011833.shtml HTTP/1.1" 200 0 "-" "Mozilla/5.0 (compatible; SemrushBot/7~bl; +http://www.semrush.com/bot.html)"
185.191.171.19 - - [28/Apr/2025:00:29:16 -0400] "GET /db.php/kitchen/bulk-sales/15210601953123.shtml HTTP/1.1" 200 0 "-" "Mozilla/5.0 (compatible; SemrushBot/7~bl; +http://www.semrush.com/bot.html)"
85.208.96.208 - - [28/Apr/2025:00:29:22 -0400] "GET /db.php/fashion/accessories/9770583561560.shtml HTTP/1.1" 200 0 "-" "Mozilla/5.0 (compatible; SemrushBot/7~bl; +http://www.semrush.com/bot.html)"
85.208.96.198 - - [28/Apr/2025:00:29:25 -0400] "GET /db.php/health/health-accessories/10090502435249.shtml HTTP/1.1" 200 0 "-" "Mozilla/5.0 (compatible; SemrushBot/7~bl; +http://www.semrush.com/bot.html)"
66.249.68.68 - - [28/Apr/2025:00:29:25 -0400] "GET /art/oil-painting-supplies/19000053087848 HTTP/1.1" 200 20302 "-" "Mozilla/5.0 (Linux; Android 6.0.1; Nexus 5X Build/MMB29P) AppleWebKit/537.36 (KHTML, like Gecko) Chrome/135.0.7049.95 Mobile Safari/537.36 (compatible; GoogleOther)"
185.191.171.19 - - [28/Apr/2025:00:29:35 -0400] "GET /db.php/hobbies/crafts/18440560950120.shtml HTTP/1.1" 200 0 "-" "Mozilla/5.0 (compatible; SemrushBot/7~bl; +http://www.semrush.com/bot.html)"
66.249.68.66 - - [28/Apr/2025:00:29:34 -0400] "POST /get-message-notify HTTP/1.1" 200 20699 "http://rupalake.org.np/art/oil-painting-supplies/19000053087848" "Mozilla/5.0 (Linux; Android 6.0.1; Nexus 5X Build/MMB29P) AppleWebKit/537.36 (KHTML, like Gecko) Chrome/134.0.6998.165 Mobile Safari/537.36 (compatible; Googlebot/2.1; +http://www.google.com/bot.html)"
85.208.96.209 - - [28/Apr/2025:00:29:55 -0400] "GET /db.php/etc./bulk-sales/15210501133020.shtml HTTP/1.1" 200 0 "-" "Mozilla/5.0 (compatible; SemrushBot/7~bl; +http://www.semrush.com/bot.html)"
185.191.171.12 - - [28/Apr/2025:00:30:06 -0400] "GET /db.php/fashion/dresses/9810372926573.shtml HTTP/1.1" 200 0 "-" "Mozilla/5.0 (compatible; SemrushBot/7~bl; +http://www.semrush.com/bot.html)"
185.191.171.15 - - [28/Apr/2025:00:30:08 -0400] "GET /db.php/fashion/bags/9750542204456.shtml HTTP/1.1" 200 0 "-" "Mozilla/5.0 (compatible; SemrushBot/7~bl; +http://www.semrush.com/bot.html)"
85.208.96.199 - - [28/Apr/2025:00:30:10 -0400] "GET /db.php/gardening/planters/3010590210965.shtml HTTP/1.1" 200 0 "-" "Mozilla/5.0 (compatible; SemrushBot/7~bl; +http://www.semrush.com/bot.html)"
85.208.96.198 - - [28/Apr/2025:00:30:29 -0400] "GET /db.php/fashion/dresses/9810203673022.shtml HTTP/1.1" 200 0 "-" "Mozilla/5.0 (compatible; SemrushBot/7~bl; +http://www.semrush.com/bot.html)"
85.208.96.197 - - [28/Apr/2025:00:30:33 -0400] "GET /db.php/sports/round-equipment/1780593365612.shtml HTTP/1.1" 200 0 "-" "Mozilla/5.0 (compatible; SemrushBot/7~bl; +http://www.semrush.com/bot.html)"
85.208.96.200 - - [28/Apr/2025:00:31:32 -0400] "GET /db.php/bicycles/clothing/18380221335162.shtml HTTP/1.1" 200 0 "-" "Mozilla/5.0 (compatible; SemrushBot/7~bl; +http://www.semrush.com/bot.html)"
157.55.39.55 - - [28/Apr/2025:00:31:34 -0400] "GET /db.php/cosmetics/sa-simple/17300563510840.shtml HTTP/1.1" 200 21133 "-" "Mozilla/5.0 AppleWebKit/537.36 (KHTML, like Gecko; compatible; bingbot/2.0; +http://www.bing.com/bingbot.htm) Chrome/116.0.1938.76 Safari/537.36"
185.191.171.12 - - [28/Apr/2025:00:31:42 -0400] "GET /db.php/etc./hina-dolls/15300440141114.shtml HTTP/1.1" 200 0 "-" "Mozilla/5.0 (compatible; SemrushBot/7~bl; +http://www.semrush.com/bot.html)"
185.191.171.11 - - [28/Apr/2025:00:31:56 -0400] "GET /db.php/diet/beauty/10080264002359.shtml HTTP/1.1" 200 0 "-" "Mozilla/5.0 (compatible; SemrushBot/7~bl; +http://www.semrush.com/bot.html)"
52.167.144.232 - - [28/Apr/2025:00:31:56 -0400] "GET /tickets-theme-parks-1qccx HTTP/1.1" 200 22612 "-" "Mozilla/5.0 AppleWebKit/537.36 (KHTML, like Gecko; compatible; bingbot/2.0; +http://www.bing.com/bingbot.htm) Chrome/116.0.1938.76 Safari/537.36"
85.208.96.196 - - [28/Apr/2025:00:32:14 -0400] "GET /db.php/home-appliances/lighters/9370162125695.shtml HTTP/1.1" 200 0 "-" "Mozilla/5.0 (compatible; SemrushBot/7~bl; +http://www.semrush.com/bot.html)"
85.208.96.201 - - [28/Apr/2025:00:32:26 -0400] "GET /db.php/daily-necessities/tableware/15180070118217.shtml HTTP/1.1" 200 0 "-" "Mozilla/5.0 (compatible; SemrushBot/7~bl; +http://www.semrush.com/bot.html)"
85.208.96.204 - - [28/Apr/2025:00:32:45 -0400] "GET /db.php/cosmetics/nail-polish/17710043047957.shtml HTTP/1.1" 200 0 "-" "Mozilla/5.0 (compatible; SemrushBot/7~bl; +http://www.semrush.com/bot.html)"
85.208.96.194 - - [28/Apr/2025:00:33:09 -0400] "GET /db.php/fashion/tops/9730511781665.shtml HTTP/1.1" 200 0 "-" "Mozilla/5.0 (compatible; SemrushBot/7~bl; +http://www.semrush.com/bot.html)"
85.208.96.195 - - [28/Apr/2025:00:33:10 -0400] "GET /db.php/blu-ray/western-music/14950381808204.shtml HTTP/1.1" 200 0 "-" "Mozilla/5.0 (compatible; SemrushBot/7~bl; +http://www.semrush.com/bot.html)"
185.191.171.15 - - [28/Apr/2025:00:33:12 -0400] "GET /db.php/cosmetics/face-creams/17240194072236.shtml HTTP/1.1" 200 0 "-" "Mozilla/5.0 (compatible; SemrushBot/7~bl; +http://www.semrush.com/bot.html)"
199.188.205.55 - - [28/Apr/2025:00:33:12 -0400] "POST /wp-cron.php?doing_wp_cron=1745814792.7187509536743164062500 HTTP/1.1" 200 0 "-" "WordPress/6.2.6; http://rupalake.org.np"
51.222.253.2 - - [28/Apr/2025:00:33:11 -0400] "GET /pants/pants/20280490236758 HTTP/1.1" 404 7439 "-" "Mozilla/5.0 (compatible; AhrefsBot/7.0; +http://ahrefs.com/robot/)"
185.191.171.16 - - [28/Apr/2025:00:33:14 -0400] "GET /db.php/musical-instruments/guitars/18390412182967.shtml HTTP/1.1" 200 0 "-" "Mozilla/5.0 (compatible; SemrushBot/7~bl; +http://www.semrush.com/bot.html)"
85.208.96.205 - - [28/Apr/2025:00:33:16 -0400] "GET /db.php/cars/tires/18250480533495.shtml HTTP/1.1" 200 0 "-" "Mozilla/5.0 (compatible; SemrushBot/7~bl; +http://www.semrush.com/bot.html)"
85.208.96.205 - - [28/Apr/2025:00:33:21 -0400] "GET /db.php/handicrafts/tops/11110220140652.shtml HTTP/1.1" 200 0 "-" "Mozilla/5.0 (compatible; SemrushBot/7~bl; +http://www.semrush.com/bot.html)"
85.208.96.200 - - [28/Apr/2025:00:33:54 -0400] "GET /db.php/hobbies/pa/18550072522984.shtml HTTP/1.1" 200 0 "-" "Mozilla/5.0 (compatible; SemrushBot/7~bl; +http://www.semrush.com/bot.html)"
85.208.96.207 - - [28/Apr/2025:00:33:57 -0400] "GET /db.php/sports/others/1930400898547.shtml HTTP/1.1" 200 0 "-" "Mozilla/5.0 (compatible; SemrushBot/7~bl; +http://www.semrush.com/bot.html)"
185.191.171.3 - - [28/Apr/2025:00:34:09 -0400] "GET /db.php/handmade/dress-up-clothes/11260311059545.shtml HTTP/1.1" 200 0 "-" "Mozilla/5.0 (compatible; SemrushBot/7~bl; +http://www.semrush.com/bot.html)"
185.191.171.3 - - [28/Apr/2025:00:34:11 -0400] "GET /db.php/home-appliances/smoking-accessories/9370211442259.shtml HTTP/1.1" 200 0 "-" "Mozilla/5.0 (compatible; SemrushBot/7~bl; +http://www.semrush.com/bot.html)"
185.191.171.16 - - [28/Apr/2025:00:34:13 -0400] "GET /db.php/beauty/women-perfume/17370322451895.shtml HTTP/1.1" 200 0 "-" "Mozilla/5.0 (compatible; SemrushBot/7~bl; +http://www.semrush.com/bot.html)"
85.208.96.203 - - [28/Apr/2025:00:34:15 -0400] "GET /robots.txt HTTP/1.1" 200 236 "-" "Mozilla/5.0 (compatible; SemrushBot/7~bl; +http://www.semrush.com/bot.html)"
185.191.171.18 - - [28/Apr/2025:00:34:16 -0400] "GET /db.php/fashion/tops/9730532661826.shtml HTTP/1.1" 200 0 "-" "Mozilla/5.0 (compatible; SemrushBot/7~bl; +http://www.semrush.com/bot.html)"
185.191.171.7 - - [28/Apr/2025:00:34:26 -0400] "GET /db.php/cars/equipment/18310490484976.shtml HTTP/1.1" 200 0 "-" "Mozilla/5.0 (compatible; SemrushBot/7~bl; +http://www.semrush.com/bot.html)"
66.249.68.67 - - [28/Apr/2025:00:34:34 -0400] "GET /hobbies/oil-painting-supplies/19000130327933 HTTP/1.1" 200 20899 "-" "Mozilla/5.0 (Linux; Android 6.0.1; Nexus 5X Build/MMB29P) AppleWebKit/537.36 (KHTML, like Gecko) Chrome/135.0.7049.95 Mobile Safari/537.36 (compatible; GoogleOther)"
52.167.144.232 - - [28/Apr/2025:00:34:37 -0400] "GET /tablets-ipads-2y0m HTTP/1.1" 200 21890 "-" "Mozilla/5.0 AppleWebKit/537.36 (KHTML, like Gecko; compatible; bingbot/2.0; +http://www.bing.com/bingbot.htm) Chrome/116.0.1938.76 Safari/537.36"
52.167.144.146 - - [28/Apr/2025:00:34:46 -0400] "GET /kitchen-bulk-sales-8wby HTTP/1.1" 200 21464 "-" "Mozilla/5.0 AppleWebKit/537.36 (KHTML, like Gecko; compatible; bingbot/2.0; +http://www.bing.com/bingbot.htm) Chrome/116.0.1938.76 Safari/537.36"
85.208.96.209 - - [28/Apr/2025:00:34:49 -0400] "GET /db.php/bicycles/wheels/18250323819270.shtml HTTP/1.1" 200 0 "-" "Mozilla/5.0 (compatible; SemrushBot/7~bl; +http://www.semrush.com/bot.html)"
52.167.144.146 - - [28/Apr/2025:00:35:06 -0400] "GET /home-appliances-lighters-1crpk HTTP/1.1" 200 21826 "-" "Mozilla/5.0 AppleWebKit/537.36 (KHTML, like Gecko; compatible; bingbot/2.0; +http://www.bing.com/bingbot.htm) Chrome/116.0.1938.76 Safari/537.36"
157.55.39.55 - - [28/Apr/2025:00:35:10 -0400] "GET /cars-clothing-2433c HTTP/1.1" 200 20424 "-" "Mozilla/5.0 AppleWebKit/537.36 (KHTML, like Gecko; compatible; bingbot/2.0; +http://www.bing.com/bingbot.htm) Chrome/116.0.1938.76 Safari/537.36"
66.249.68.68 - - [28/Apr/2025:00:35:21 -0400] "POST /get-message-notify HTTP/1.1" 200 20777 "http://rupalake.org.np/hobbies/oil-painting-supplies/19000130327933" "Mozilla/5.0 (Linux; Android 6.0.1; Nexus 5X Build/MMB29P) AppleWebKit/537.36 (KHTML, like Gecko) Chrome/134.0.6998.165 Mobile Safari/537.36 (compatible; Googlebot/2.1; +http://www.google.com/bot.html)"
185.191.171.7 - - [28/Apr/2025:00:35:34 -0400] "GET /db.php/beauty/grooming-tools/17320243157492.shtml HTTP/1.1" 200 0 "-" "Mozilla/5.0 (compatible; SemrushBot/7~bl; +http://www.semrush.com/bot.html)"
52.167.144.232 - - [28/Apr/2025:00:35:36 -0400] "GET /home-appliances-kitchen-appliances-1t76r HTTP/1.1" 200 21657 "-" "Mozilla/5.0 AppleWebKit/537.36 (KHTML, like Gecko; compatible; bingbot/2.0; +http://www.bing.com/bingbot.htm) Chrome/116.0.1938.76 Safari/537.36"
