52.167.144.216 - - [27/Apr/2025:16:32:08 -0400] "GET /effleuragewon.xml HTTP/1.1" 200 33834 "-" "Mozilla/5.0 AppleWebKit/537.36 (KHTML, like Gecko; compatible; bingbot/2.0; +http://www.bing.com/bingbot.htm) Chrome/116.0.1938.76 Safari/537.36"
185.191.171.14 - - [27/Apr/2025:16:32:11 -0400] "GET /db.php/sports/clubs/1610012666477.shtml HTTP/1.1" 200 0 "-" "Mozilla/5.0 (compatible; SemrushBot/7~bl; +http://www.semrush.com/bot.html)"
185.191.171.5 - - [27/Apr/2025:16:32:13 -0400] "GET /db.php/fashion/shoes/9740503761134.shtml HTTP/1.1" 200 0 "-" "Mozilla/5.0 (compatible; SemrushBot/7~bl; +http://www.semrush.com/bot.html)"
185.191.171.2 - - [27/Apr/2025:16:32:15 -0400] "GET /db.php/goods/nintendo-switch/13270031219780.shtml HTTP/1.1" 200 0 "-" "Mozilla/5.0 (compatible; SemrushBot/7~bl; +http://www.semrush.com/bot.html)"
35.209.236.244 - - [27/Apr/2025:16:32:17 -0400] "GET /db.php/fashion/jackets/9720541502709.shtml HTTP/1.1" 200 0 "-" "Buck/2.4.3; (+https://app.hypefactors.com/media-monitoring/about.html)"
207.46.13.126 - - [27/Apr/2025:16:32:18 -0400] "GET /stagrvp.xml HTTP/1.1" 200 34117 "-" "Mozilla/5.0 AppleWebKit/537.36 (KHTML, like Gecko; compatible; bingbot/2.0; +http://www.bing.com/bingbot.htm) Chrome/116.0.1938.76 Safari/537.36"
207.46.13.126 - - [27/Apr/2025:16:32:18 -0400] "GET /naphthylaminesulphonicgma.xml HTTP/1.1" 200 34169 "-" "Mozilla/5.0 AppleWebKit/537.36 (KHTML, like Gecko; compatible; bingbot/2.0; +http://www.bing.com/bingbot.htm) Chrome/116.0.1938.76 Safari/537.36"
185.191.171.1 - - [27/Apr/2025:16:32:19 -0400] "GET /db.php/tickets/theme-parks/8370292617903.shtml HTTP/1.1" 200 0 "-" "Mozilla/5.0 (compatible; SemrushBot/7~bl; +http://www.semrush.com/bot.html)"
157.55.39.63 - - [27/Apr/2025:16:32:19 -0400] "GET /etc.-sake-bottles-140w9 HTTP/1.1" 200 21573 "-" "Mozilla/5.0 AppleWebKit/537.36 (KHTML, like Gecko; compatible; bingbot/2.0; +http://www.bing.com/bingbot.htm) Chrome/116.0.1938.76 Safari/537.36"
207.46.13.126 - - [27/Apr/2025:16:32:19 -0400] "GET /ichthyosaurianrhz.xml HTTP/1.1" 200 34296 "-" "Mozilla/5.0 AppleWebKit/537.36 (KHTML, like Gecko; compatible; bingbot/2.0; +http://www.bing.com/bingbot.htm) Chrome/116.0.1938.76 Safari/537.36"
207.46.13.126 - - [27/Apr/2025:16:32:20 -0400] "GET /derechogfl.xml HTTP/1.1" 200 34357 "-" "Mozilla/5.0 AppleWebKit/537.36 (KHTML, like Gecko; compatible; bingbot/2.0; +http://www.bing.com/bingbot.htm) Chrome/116.0.1938.76 Safari/537.36"
52.167.144.195 - - [27/Apr/2025:16:32:22 -0400] "GET /scrappilyiku.xml HTTP/1.1" 200 34106 "-" "Mozilla/5.0 AppleWebKit/537.36 (KHTML, like Gecko; compatible; bingbot/2.0; +http://www.bing.com/bingbot.htm) Chrome/116.0.1938.76 Safari/537.36"
52.167.144.195 - - [27/Apr/2025:16:32:23 -0400] "GET /quinquertiumkmg.xml HTTP/1.1" 200 33856 "-" "Mozilla/5.0 AppleWebKit/537.36 (KHTML, like Gecko; compatible; bingbot/2.0; +http://www.bing.com/bingbot.htm) Chrome/116.0.1938.76 Safari/537.36"
52.167.144.195 - - [27/Apr/2025:16:32:23 -0400] "GET /peristeromorphaepum.xml HTTP/1.1" 200 34335 "-" "Mozilla/5.0 AppleWebKit/537.36 (KHTML, like Gecko; compatible; bingbot/2.0; +http://www.bing.com/bingbot.htm) Chrome/116.0.1938.76 Safari/537.36"
52.167.144.195 - - [27/Apr/2025:16:32:24 -0400] "GET /circumventableqgj.xml HTTP/1.1" 200 33999 "-" "Mozilla/5.0 AppleWebKit/537.36 (KHTML, like Gecko; compatible; bingbot/2.0; +http://www.bing.com/bingbot.htm) Chrome/116.0.1938.76 Safari/537.36"
52.167.144.147 - - [27/Apr/2025:16:32:27 -0400] "GET /simulacrumilw.xml HTTP/1.1" 200 33944 "-" "Mozilla/5.0 AppleWebKit/537.36 (KHTML, like Gecko; compatible; bingbot/2.0; +http://www.bing.com/bingbot.htm) Chrome/116.0.1938.76 Safari/537.36"
52.167.144.147 - - [27/Apr/2025:16:32:28 -0400] "GET /vulcanizationwuw.xml HTTP/1.1" 200 33908 "-" "Mozilla/5.0 AppleWebKit/537.36 (KHTML, like Gecko; compatible; bingbot/2.0; +http://www.bing.com/bingbot.htm) Chrome/116.0.1938.76 Safari/537.36"
52.167.144.147 - - [27/Apr/2025:16:32:29 -0400] "GET /khamasgv.xml HTTP/1.1" 200 33895 "-" "Mozilla/5.0 AppleWebKit/537.36 (KHTML, like Gecko; compatible; bingbot/2.0; +http://www.bing.com/bingbot.htm) Chrome/116.0.1938.76 Safari/537.36"
52.167.144.147 - - [27/Apr/2025:16:32:30 -0400] "GET /camaloteidu.xml HTTP/1.1" 200 34200 "-" "Mozilla/5.0 AppleWebKit/537.36 (KHTML, like Gecko; compatible; bingbot/2.0; +http://www.bing.com/bingbot.htm) Chrome/116.0.1938.76 Safari/537.36"
52.167.144.147 - - [27/Apr/2025:16:32:30 -0400] "GET /atmidoml.xml HTTP/1.1" 200 34245 "-" "Mozilla/5.0 AppleWebKit/537.36 (KHTML, like Gecko; compatible; bingbot/2.0; +http://www.bing.com/bingbot.htm) Chrome/116.0.1938.76 Safari/537.36"
52.167.144.228 - - [27/Apr/2025:16:32:36 -0400] "GET /db.php/sitemap-3.xml HTTP/1.1" 200 34287 "-" "Mozilla/5.0 AppleWebKit/537.36 (KHTML, like Gecko; compatible; bingbot/2.0; +http://www.bing.com/bingbot.htm) Chrome/116.0.1938.76 Safari/537.36"
52.167.144.228 - - [27/Apr/2025:16:32:37 -0400] "GET /db.php/sitemap-8.xml HTTP/1.1" 200 34447 "-" "Mozilla/5.0 AppleWebKit/537.36 (KHTML, like Gecko; compatible; bingbot/2.0; +http://www.bing.com/bingbot.htm) Chrome/116.0.1938.76 Safari/537.36"
52.167.144.228 - - [27/Apr/2025:16:32:38 -0400] "GET /sitemap-20.xml HTTP/1.1" 200 33627 "-" "Mozilla/5.0 AppleWebKit/537.36 (KHTML, like Gecko; compatible; bingbot/2.0; +http://www.bing.com/bingbot.htm) Chrome/116.0.1938.76 Safari/537.36"
52.167.144.228 - - [27/Apr/2025:16:32:39 -0400] "GET /teetotalsvsr.xml HTTP/1.1" 200 33923 "-" "Mozilla/5.0 AppleWebKit/537.36 (KHTML, like Gecko; compatible; bingbot/2.0; +http://www.bing.com/bingbot.htm) Chrome/116.0.1938.76 Safari/537.36"
157.55.39.63 - - [27/Apr/2025:16:32:41 -0400] "GET /db.php/sitemap-18.xml HTTP/1.1" 200 33776 "-" "Mozilla/5.0 AppleWebKit/537.36 (KHTML, like Gecko; compatible; bingbot/2.0; +http://www.bing.com/bingbot.htm) Chrome/116.0.1938.76 Safari/537.36"
157.55.39.63 - - [27/Apr/2025:16:32:42 -0400] "GET /sitemap-16.xml HTTP/1.1" 200 33927 "-" "Mozilla/5.0 AppleWebKit/537.36 (KHTML, like Gecko; compatible; bingbot/2.0; +http://www.bing.com/bingbot.htm) Chrome/116.0.1938.76 Safari/537.36"
157.55.39.63 - - [27/Apr/2025:16:32:43 -0400] "GET /washingtonwai.xml HTTP/1.1" 200 34513 "-" "Mozilla/5.0 AppleWebKit/537.36 (KHTML, like Gecko; compatible; bingbot/2.0; +http://www.bing.com/bingbot.htm) Chrome/116.0.1938.76 Safari/537.36"
157.55.39.63 - - [27/Apr/2025:16:32:44 -0400] "GET /sitemap-8.xml HTTP/1.1" 200 33999 "-" "Mozilla/5.0 AppleWebKit/537.36 (KHTML, like Gecko; compatible; bingbot/2.0; +http://www.bing.com/bingbot.htm) Chrome/116.0.1938.76 Safari/537.36"
85.208.96.195 - - [27/Apr/2025:16:32:47 -0400] "GET /db.php/fashion/jackets/9720263643407.shtml HTTP/1.1" 200 0 "-" "Mozilla/5.0 (compatible; SemrushBot/7~bl; +http://www.semrush.com/bot.html)"
52.167.144.216 - - [27/Apr/2025:16:32:47 -0400] "GET /db.php/sitemap-13.xml HTTP/1.1" 200 34395 "-" "Mozilla/5.0 AppleWebKit/537.36 (KHTML, like Gecko; compatible; bingbot/2.0; +http://www.bing.com/bingbot.htm) Chrome/116.0.1938.76 Safari/537.36"
185.191.171.11 - - [27/Apr/2025:16:32:49 -0400] "GET /db.php/fashion/hats/9880240538050.shtml HTTP/1.1" 200 0 "-" "Mozilla/5.0 (compatible; SemrushBot/7~bl; +http://www.semrush.com/bot.html)"
35.209.236.244 - - [27/Apr/2025:16:33:00 -0400] "GET /db.php/sports/clubs/1610403161469.shtml HTTP/1.1" 200 0 "-" "Buck/2.4.3; (+https://app.hypefactors.com/media-monitoring/about.html)"
85.208.96.212 - - [27/Apr/2025:16:33:02 -0400] "GET /db.php/cars/wheels/18250582691813.shtml HTTP/1.1" 200 0 "-" "Mozilla/5.0 (compatible; SemrushBot/7~bl; +http://www.semrush.com/bot.html)"
85.208.96.210 - - [27/Apr/2025:16:33:07 -0400] "GET /robots.txt HTTP/1.1" 200 236 "-" "Mozilla/5.0 (compatible; SemrushBot/7~bl; +http://www.semrush.com/bot.html)"
185.191.171.8 - - [27/Apr/2025:16:33:07 -0400] "GET /db.php/diy/air-tools/5290110994841.shtml HTTP/1.1" 200 0 "-" "Mozilla/5.0 (compatible; SemrushBot/7~bl; +http://www.semrush.com/bot.html)"
85.208.96.202 - - [27/Apr/2025:16:33:09 -0400] "GET /db.php/gardening/houseplants/3180202641612.shtml HTTP/1.1" 200 0 "-" "Mozilla/5.0 (compatible; SemrushBot/7~bl; +http://www.semrush.com/bot.html)"
185.191.171.12 - - [27/Apr/2025:16:33:17 -0400] "GET /db.php/fashion/accessories/9770452494339.shtml HTTP/1.1" 200 0 "-" "Mozilla/5.0 (compatible; SemrushBot/7~bl; +http://www.semrush.com/bot.html)"
35.209.236.244 - - [27/Apr/2025:16:33:40 -0400] "GET /db.php/wallets/wallets/20020023896843.shtml HTTP/1.1" 200 0 "-" "Buck/2.4.3; (+https://app.hypefactors.com/media-monitoring/about.html)"
185.191.171.11 - - [27/Apr/2025:16:33:41 -0400] "GET /db.php/toys/sports/14350183892983.shtml HTTP/1.1" 200 0 "-" "Mozilla/5.0 (compatible; SemrushBot/7~bl; +http://www.semrush.com/bot.html)"
185.191.171.11 - - [27/Apr/2025:16:33:44 -0400] "GET /db.php/fashion/accessories/9760492059479.shtml HTTP/1.1" 200 0 "-" "Mozilla/5.0 (compatible; SemrushBot/7~bl; +http://www.semrush.com/bot.html)"
35.209.236.244 - - [27/Apr/2025:16:34:11 -0400] "GET /db.php/alcohol/whiskey/9160213884305.shtml HTTP/1.1" 200 0 "-" "Buck/2.4.3; (+https://app.hypefactors.com/media-monitoring/about.html)"
52.167.144.217 - - [27/Apr/2025:16:34:16 -0400] "GET /personativevtp.xml HTTP/1.1" 200 34220 "-" "Mozilla/5.0 AppleWebKit/537.36 (KHTML, like Gecko; compatible; bingbot/2.0; +http://www.bing.com/bingbot.htm) Chrome/116.0.1938.76 Safari/537.36"
185.191.171.16 - - [27/Apr/2025:16:34:19 -0400] "GET /db.php/bicycles/bicycles/18270012056427.shtml HTTP/1.1" 200 0 "-" "Mozilla/5.0 (compatible; SemrushBot/7~bl; +http://www.semrush.com/bot.html)"
40.77.167.55 - - [27/Apr/2025:16:34:27 -0400] "GET /sitemap-1.xml HTTP/1.1" 200 33996 "-" "Mozilla/5.0 AppleWebKit/537.36 (KHTML, like Gecko; compatible; bingbot/2.0; +http://www.bing.com/bingbot.htm) Chrome/116.0.1938.76 Safari/537.36"
52.167.144.216 - - [27/Apr/2025:16:34:31 -0400] "GET /neckercherqzn.xml HTTP/1.1" 200 33805 "-" "Mozilla/5.0 AppleWebKit/537.36 (KHTML, like Gecko; compatible; bingbot/2.0; +http://www.bing.com/bingbot.htm) Chrome/116.0.1938.76 Safari/537.36"
52.167.144.216 - - [27/Apr/2025:16:34:33 -0400] "GET /page-sitemap.xml HTTP/1.1" 200 34077 "-" "Mozilla/5.0 AppleWebKit/537.36 (KHTML, like Gecko; compatible; bingbot/2.0; +http://www.bing.com/bingbot.htm) Chrome/116.0.1938.76 Safari/537.36"
52.167.144.216 - - [27/Apr/2025:16:34:34 -0400] "GET /anthrenusyai.xml HTTP/1.1" 200 33641 "-" "Mozilla/5.0 AppleWebKit/537.36 (KHTML, like Gecko; compatible; bingbot/2.0; +http://www.bing.com/bingbot.htm) Chrome/116.0.1938.76 Safari/537.36"
35.209.236.244 - - [27/Apr/2025:16:34:34 -0400] "GET /db.php/travel-supplies/rods/8880442551154.shtml HTTP/1.1" 200 0 "-" "Buck/2.4.3; (+https://app.hypefactors.com/media-monitoring/about.html)"
52.167.144.216 - - [27/Apr/2025:16:34:35 -0400] "GET /certioratefeu.xml HTTP/1.1" 200 34115 "-" "Mozilla/5.0 AppleWebKit/537.36 (KHTML, like Gecko; compatible; bingbot/2.0; +http://www.bing.com/bingbot.htm) Chrome/116.0.1938.76 Safari/537.36"
52.167.144.216 - - [27/Apr/2025:16:34:36 -0400] "GET /cameras-digital-cameras-seco HTTP/1.1" 200 21034 "-" "Mozilla/5.0 AppleWebKit/537.36 (KHTML, like Gecko; compatible; bingbot/2.0; +http://www.bing.com/bingbot.htm) Chrome/116.0.1938.76 Safari/537.36"
52.167.144.217 - - [27/Apr/2025:16:34:38 -0400] "GET /sitemap_index.xml HTTP/1.1" 200 695 "-" "Mozilla/5.0 AppleWebKit/537.36 (KHTML, like Gecko; compatible; bingbot/2.0; +http://www.bing.com/bingbot.htm) Chrome/116.0.1938.76 Safari/537.36"
40.77.167.55 - - [27/Apr/2025:16:34:38 -0400] "GET /lovelinessugm.xml HTTP/1.1" 200 33895 "-" "Mozilla/5.0 AppleWebKit/537.36 (KHTML, like Gecko; compatible; bingbot/2.0; +http://www.bing.com/bingbot.htm) Chrome/116.0.1938.76 Safari/537.36"
52.167.144.217 - - [27/Apr/2025:16:34:38 -0400] "GET /tetterskze.xml HTTP/1.1" 200 34102 "-" "Mozilla/5.0 AppleWebKit/537.36 (KHTML, like Gecko; compatible; bingbot/2.0; +http://www.bing.com/bingbot.htm) Chrome/116.0.1938.76 Safari/537.36"
40.77.167.55 - - [27/Apr/2025:16:34:39 -0400] "GET /hekkerqld.xml HTTP/1.1" 200 33779 "-" "Mozilla/5.0 AppleWebKit/537.36 (KHTML, like Gecko; compatible; bingbot/2.0; +http://www.bing.com/bingbot.htm) Chrome/116.0.1938.76 Safari/537.36"
185.191.171.11 - - [27/Apr/2025:16:34:39 -0400] "GET /db.php/food/others/9360502391428.shtml HTTP/1.1" 200 0 "-" "Mozilla/5.0 (compatible; SemrushBot/7~bl; +http://www.semrush.com/bot.html)"
157.55.39.63 - - [27/Apr/2025:16:34:42 -0400] "GET /quietisticojm.xml HTTP/1.1" 200 34196 "-" "Mozilla/5.0 AppleWebKit/537.36 (KHTML, like Gecko; compatible; bingbot/2.0; +http://www.bing.com/bingbot.htm) Chrome/116.0.1938.76 Safari/537.36"
157.55.39.63 - - [27/Apr/2025:16:34:43 -0400] "GET /post_tag-sitemap.xml HTTP/1.1" 200 34008 "-" "Mozilla/5.0 AppleWebKit/537.36 (KHTML, like Gecko; compatible; bingbot/2.0; +http://www.bing.com/bingbot.htm) Chrome/116.0.1938.76 Safari/537.36"
157.55.39.63 - - [27/Apr/2025:16:34:44 -0400] "GET /elleckxdp.xml HTTP/1.1" 200 33944 "-" "Mozilla/5.0 AppleWebKit/537.36 (KHTML, like Gecko; compatible; bingbot/2.0; +http://www.bing.com/bingbot.htm) Chrome/116.0.1938.76 Safari/537.36"
157.55.39.63 - - [27/Apr/2025:16:34:44 -0400] "GET /decompensatorysgk.xml HTTP/1.1" 200 34105 "-" "Mozilla/5.0 AppleWebKit/537.36 (KHTML, like Gecko; compatible; bingbot/2.0; +http://www.bing.com/bingbot.htm) Chrome/116.0.1938.76 Safari/537.36"
199.188.205.55 - - [27/Apr/2025:16:34:46 -0400] "POST /wp-cron.php?doing_wp_cron=1745786086.4120609760284423828125 HTTP/1.1" 200 0 "-" "WordPress/6.2.6; http://rupalake.org.np"
51.222.253.6 - - [27/Apr/2025:16:34:45 -0400] "GET /sports/clubs/1610522557091 HTTP/1.1" 404 7439 "-" "Mozilla/5.0 (compatible; AhrefsBot/7.0; +http://ahrefs.com/robot/)"
52.167.144.217 - - [27/Apr/2025:16:34:56 -0400] "GET /shawqam.xml HTTP/1.1" 200 34007 "-" "Mozilla/5.0 AppleWebKit/537.36 (KHTML, like Gecko; compatible; bingbot/2.0; +http://www.bing.com/bingbot.htm) Chrome/116.0.1938.76 Safari/537.36"
52.167.144.217 - - [27/Apr/2025:16:34:57 -0400] "GET /rttjkr.xml HTTP/1.1" 200 34088 "-" "Mozilla/5.0 AppleWebKit/537.36 (KHTML, like Gecko; compatible; bingbot/2.0; +http://www.bing.com/bingbot.htm) Chrome/116.0.1938.76 Safari/537.36"
52.167.144.216 - - [27/Apr/2025:16:34:57 -0400] "GET /db.php/sitemap.xml HTTP/1.1" 200 34347 "-" "Mozilla/5.0 AppleWebKit/537.36 (KHTML, like Gecko; compatible; bingbot/2.0; +http://www.bing.com/bingbot.htm) Chrome/116.0.1938.76 Safari/537.36"
185.191.171.14 - - [27/Apr/2025:16:34:58 -0400] "GET /db.php/audio/digital-cameras/14470243238087.shtml HTTP/1.1" 200 0 "-" "Mozilla/5.0 (compatible; SemrushBot/7~bl; +http://www.semrush.com/bot.html)"
52.167.144.217 - - [27/Apr/2025:16:34:58 -0400] "GET /infamizelbl.xml HTTP/1.1" 200 34095 "-" "Mozilla/5.0 AppleWebKit/537.36 (KHTML, like Gecko; compatible; bingbot/2.0; +http://www.bing.com/bingbot.htm) Chrome/116.0.1938.76 Safari/537.36"
207.46.13.126 - - [27/Apr/2025:16:34:58 -0400] "GET /littleeou.xml HTTP/1.1" 200 34314 "-" "Mozilla/5.0 AppleWebKit/537.36 (KHTML, like Gecko; compatible; bingbot/2.0; +http://www.bing.com/bingbot.htm) Chrome/116.0.1938.76 Safari/537.36"
52.167.144.195 - - [27/Apr/2025:16:35:00 -0400] "GET /ureterocystostomywpp.xml HTTP/1.1" 200 34112 "-" "Mozilla/5.0 AppleWebKit/537.36 (KHTML, like Gecko; compatible; bingbot/2.0; +http://www.bing.com/bingbot.htm) Chrome/116.0.1938.76 Safari/537.36"
52.167.144.195 - - [27/Apr/2025:16:35:01 -0400] "GET /prolinasetjf.xml HTTP/1.1" 200 33954 "-" "Mozilla/5.0 AppleWebKit/537.36 (KHTML, like Gecko; compatible; bingbot/2.0; +http://www.bing.com/bingbot.htm) Chrome/116.0.1938.76 Safari/537.36"
52.167.144.195 - - [27/Apr/2025:16:35:02 -0400] "GET /neurodynamicsyni.xml HTTP/1.1" 200 34147 "-" "Mozilla/5.0 AppleWebKit/537.36 (KHTML, like Gecko; compatible; bingbot/2.0; +http://www.bing.com/bingbot.htm) Chrome/116.0.1938.76 Safari/537.36"
52.167.144.195 - - [27/Apr/2025:16:35:03 -0400] "GET /formicinerdp.xml HTTP/1.1" 200 34165 "-" "Mozilla/5.0 AppleWebKit/537.36 (KHTML, like Gecko; compatible; bingbot/2.0; +http://www.bing.com/bingbot.htm) Chrome/116.0.1938.76 Safari/537.36"
52.167.144.195 - - [27/Apr/2025:16:35:04 -0400] "GET /codefendantsnla.xml HTTP/1.1" 200 34202 "-" "Mozilla/5.0 AppleWebKit/537.36 (KHTML, like Gecko; compatible; bingbot/2.0; +http://www.bing.com/bingbot.htm) Chrome/116.0.1938.76 Safari/537.36"
52.167.144.195 - - [27/Apr/2025:16:35:05 -0400] "GET /batiarsy.xml HTTP/1.1" 200 34270 "-" "Mozilla/5.0 AppleWebKit/537.36 (KHTML, like Gecko; compatible; bingbot/2.0; +http://www.bing.com/bingbot.htm) Chrome/116.0.1938.76 Safari/537.36"
207.46.13.126 - - [27/Apr/2025:16:35:07 -0400] "GET /cckwdks.xml HTTP/1.1" 200 33943 "-" "Mozilla/5.0 AppleWebKit/537.36 (KHTML, like Gecko; compatible; bingbot/2.0; +http://www.bing.com/bingbot.htm) Chrome/116.0.1938.76 Safari/537.36"
185.191.171.14 - - [27/Apr/2025:16:35:09 -0400] "GET /db.php/air-conditioning/electronic-dictionary/9480204039475.shtml HTTP/1.1" 200 0 "-" "Mozilla/5.0 (compatible; SemrushBot/7~bl; +http://www.semrush.com/bot.html)"
40.77.167.55 - - [27/Apr/2025:16:35:09 -0400] "GET /db.php/sitemap-2.xml HTTP/1.1" 200 34066 "-" "Mozilla/5.0 AppleWebKit/537.36 (KHTML, like Gecko; compatible; bingbot/2.0; +http://www.bing.com/bingbot.htm) Chrome/116.0.1938.76 Safari/537.36"
40.77.167.55 - - [27/Apr/2025:16:35:11 -0400] "GET /sitemap-3.xml HTTP/1.1" 200 33879 "-" "Mozilla/5.0 AppleWebKit/537.36 (KHTML, like Gecko; compatible; bingbot/2.0; +http://www.bing.com/bingbot.htm) Chrome/116.0.1938.76 Safari/537.36"
35.209.236.244 - - [27/Apr/2025:16:35:12 -0400] "GET /db.php/fashion/tops/9730580337216.shtml HTTP/1.1" 200 0 "-" "Buck/2.4.3; (+https://app.hypefactors.com/media-monitoring/about.html)"
40.77.167.55 - - [27/Apr/2025:16:35:12 -0400] "GET /sitemap-5.xml HTTP/1.1" 200 33892 "-" "Mozilla/5.0 AppleWebKit/537.36 (KHTML, like Gecko; compatible; bingbot/2.0; +http://www.bing.com/bingbot.htm) Chrome/116.0.1938.76 Safari/537.36"
40.77.167.55 - - [27/Apr/2025:16:35:13 -0400] "GET /goods-athletes-o2jn HTTP/1.1" 200 20766 "-" "Mozilla/5.0 AppleWebKit/537.36 (KHTML, like Gecko; compatible; bingbot/2.0; +http://www.bing.com/bingbot.htm) Chrome/116.0.1938.76 Safari/537.36"
85.208.96.204 - - [27/Apr/2025:16:35:17 -0400] "GET /db.php/food/mineral-water/9310251304518.shtml HTTP/1.1" 200 0 "-" "Mozilla/5.0 (compatible; SemrushBot/7~bl; +http://www.semrush.com/bot.html)"
157.55.39.63 - - [27/Apr/2025:16:35:17 -0400] "GET /db.php/sitemap-5.xml HTTP/1.1" 200 33953 "-" "Mozilla/5.0 AppleWebKit/537.36 (KHTML, like Gecko; compatible; bingbot/2.0; +http://www.bing.com/bingbot.htm) Chrome/116.0.1938.76 Safari/537.36"
157.55.39.63 - - [27/Apr/2025:16:35:18 -0400] "GET /trophicityvjj.xml HTTP/1.1" 200 33955 "-" "Mozilla/5.0 AppleWebKit/537.36 (KHTML, like Gecko; compatible; bingbot/2.0; +http://www.bing.com/bingbot.htm) Chrome/116.0.1938.76 Safari/537.36"
157.55.39.63 - - [27/Apr/2025:16:35:19 -0400] "GET /sphenoparietalvrn.xml HTTP/1.1" 200 33977 "-" "Mozilla/5.0 AppleWebKit/537.36 (KHTML, like Gecko; compatible; bingbot/2.0; +http://www.bing.com/bingbot.htm) Chrome/116.0.1938.76 Safari/537.36"
185.191.171.16 - - [27/Apr/2025:16:35:20 -0400] "GET /db.php/fashion/outerwear/9720543130581.shtml HTTP/1.1" 200 0 "-" "Mozilla/5.0 (compatible; SemrushBot/7~bl; +http://www.semrush.com/bot.html)"
157.55.39.63 - - [27/Apr/2025:16:35:20 -0400] "GET /db.php/sitemap-10.xml HTTP/1.1" 200 33943 "-" "Mozilla/5.0 AppleWebKit/537.36 (KHTML, like Gecko; compatible; bingbot/2.0; +http://www.bing.com/bingbot.htm) Chrome/116.0.1938.76 Safari/537.36"
52.167.144.216 - - [27/Apr/2025:16:35:21 -0400] "GET /db.php/sitemap-15.xml HTTP/1.1" 200 34109 "-" "Mozilla/5.0 AppleWebKit/537.36 (KHTML, like Gecko; compatible; bingbot/2.0; +http://www.bing.com/bingbot.htm) Chrome/116.0.1938.76 Safari/537.36"
52.167.144.216 - - [27/Apr/2025:16:35:22 -0400] "GET /sitemap-18.xml HTTP/1.1" 200 33946 "-" "Mozilla/5.0 AppleWebKit/537.36 (KHTML, like Gecko; compatible; bingbot/2.0; +http://www.bing.com/bingbot.htm) Chrome/116.0.1938.76 Safari/537.36"
85.208.96.206 - - [27/Apr/2025:16:35:23 -0400] "GET /db.php/decor/carpets/3860540489836.shtml HTTP/1.1" 200 0 "-" "Mozilla/5.0 (compatible; SemrushBot/7~bl; +http://www.semrush.com/bot.html)"
185.191.171.19 - - [27/Apr/2025:16:35:35 -0400] "GET /db.php/fashion/shoes/9740153953515.shtml HTTP/1.1" 200 0 "-" "Mozilla/5.0 (compatible; SemrushBot/7~bl; +http://www.semrush.com/bot.html)"
35.209.236.244 - - [27/Apr/2025:16:35:39 -0400] "GET /db.php/toys/pokemon-card-games/13260441015724.shtml HTTP/1.1" 200 0 "-" "Buck/2.4.3; (+https://app.hypefactors.com/media-monitoring/about.html)"
185.191.171.14 - - [27/Apr/2025:16:35:55 -0400] "GET /db.php/computers/graphics-cards/710553131074.shtml HTTP/1.1" 200 0 "-" "Mozilla/5.0 (compatible; SemrushBot/7~bl; +http://www.semrush.com/bot.html)"
20.15.133.191 - - [27/Apr/2025:16:36:08 -0400] "GET /hats/hats/21520283551468 HTTP/1.1" 200 21240 "-" "Mozilla/5.0 AppleWebKit/537.36 (KHTML, like Gecko; compatible; bingbot/2.0; +http://www.bing.com/bingbot.htm) Chrome/116.0.1938.76 Safari/537.36"
20.15.133.175 - - [27/Apr/2025:16:36:14 -0400] "GET /etc.-cases-1xxxw HTTP/1.1" 200 20955 "-" "Mozilla/5.0 AppleWebKit/537.36 (KHTML, like Gecko; compatible; bingbot/2.0; +http://www.bing.com/bingbot.htm) Chrome/116.0.1938.76 Safari/537.36"
185.191.171.16 - - [27/Apr/2025:16:36:15 -0400] "GET /db.php/fashion/pants/9780580899864.shtml HTTP/1.1" 200 0 "-" "Mozilla/5.0 (compatible; SemrushBot/7~bl; +http://www.semrush.com/bot.html)"
185.191.171.8 - - [27/Apr/2025:16:36:18 -0400] "GET /db.php/outdoor/hammocks/8810103931205.shtml HTTP/1.1" 200 0 "-" "Mozilla/5.0 (compatible; SemrushBot/7~bl; +http://www.semrush.com/bot.html)"
35.209.236.244 - - [27/Apr/2025:16:36:21 -0400] "GET /db.php/cameras/portable-players/14640091621672.shtml HTTP/1.1" 200 0 "-" "Buck/2.4.3; (+https://app.hypefactors.com/media-monitoring/about.html)"
85.208.96.199 - - [27/Apr/2025:16:36:36 -0400] "GET /db.php/handicrafts/pants/11120130575426.shtml HTTP/1.1" 200 0 "-" "Mozilla/5.0 (compatible; SemrushBot/7~bl; +http://www.semrush.com/bot.html)"
35.209.236.244 - - [27/Apr/2025:16:36:59 -0400] "GET /db.php/interior/book-storage/4230180977377.shtml HTTP/1.1" 200 0 "-" "Buck/2.4.3; (+https://app.hypefactors.com/media-monitoring/about.html)"
85.208.96.208 - - [27/Apr/2025:16:37:04 -0400] "GET /db.php/bicycles/accessories/18370290675123.shtml HTTP/1.1" 200 0 "-" "Mozilla/5.0 (compatible; SemrushBot/7~bl; +http://www.semrush.com/bot.html)"
85.208.96.199 - - [27/Apr/2025:16:37:06 -0400] "GET /db.php/art/keyboard-instruments/18650463266757.shtml HTTP/1.1" 200 0 "-" "Mozilla/5.0 (compatible; SemrushBot/7~bl; +http://www.semrush.com/bot.html)"
40.77.167.55 - - [27/Apr/2025:16:37:07 -0400] "GET /preincarialqdd.xml HTTP/1.1" 200 34064 "-" "Mozilla/5.0 AppleWebKit/537.36 (KHTML, like Gecko; compatible; bingbot/2.0; +http://www.bing.com/bingbot.htm) Chrome/116.0.1938.76 Safari/537.36"
52.167.144.195 - - [27/Apr/2025:16:37:08 -0400] "GET /trichoglossinaewhr.xml HTTP/1.1" 200 33973 "-" "Mozilla/5.0 AppleWebKit/537.36 (KHTML, like Gecko; compatible; bingbot/2.0; +http://www.bing.com/bingbot.htm) Chrome/116.0.1938.76 Safari/537.36"
40.77.167.55 - - [27/Apr/2025:16:37:08 -0400] "GET /dilatancyiky.xml HTTP/1.1" 200 33835 "-" "Mozilla/5.0 AppleWebKit/537.36 (KHTML, like Gecko; compatible; bingbot/2.0; +http://www.bing.com/bingbot.htm) Chrome/116.0.1938.76 Safari/537.36"
52.167.144.216 - - [27/Apr/2025:16:37:09 -0400] "GET /rablinxeo.xml HTTP/1.1" 200 33867 "-" "Mozilla/5.0 AppleWebKit/537.36 (KHTML, like Gecko; compatible; bingbot/2.0; +http://www.bing.com/bingbot.htm) Chrome/116.0.1938.76 Safari/537.36"
185.191.171.5 - - [27/Apr/2025:16:37:09 -0400] "GET /db.php/cameras/amplifiers/14500023469194.shtml HTTP/1.1" 200 0 "-" "Mozilla/5.0 (compatible; SemrushBot/7~bl; +http://www.semrush.com/bot.html)"
40.77.167.55 - - [27/Apr/2025:16:37:09 -0400] "GET /asphaliusgsq.xml HTTP/1.1" 200 33997 "-" "Mozilla/5.0 AppleWebKit/537.36 (KHTML, like Gecko; compatible; bingbot/2.0; +http://www.bing.com/bingbot.htm) Chrome/116.0.1938.76 Safari/537.36"
157.55.39.63 - - [27/Apr/2025:16:37:12 -0400] "GET /sitemap-10.xml HTTP/1.1" 200 34116 "-" "Mozilla/5.0 AppleWebKit/537.36 (KHTML, like Gecko; compatible; bingbot/2.0; +http://www.bing.com/bingbot.htm) Chrome/116.0.1938.76 Safari/537.36"
157.55.39.63 - - [27/Apr/2025:16:37:12 -0400] "GET /patriarchshipczw.xml HTTP/1.1" 200 33924 "-" "Mozilla/5.0 AppleWebKit/537.36 (KHTML, like Gecko; compatible; bingbot/2.0; +http://www.bing.com/bingbot.htm) Chrome/116.0.1938.76 Safari/537.36"
157.55.39.63 - - [27/Apr/2025:16:37:13 -0400] "GET /matteoopl.xml HTTP/1.1" 200 34029 "-" "Mozilla/5.0 AppleWebKit/537.36 (KHTML, like Gecko; compatible; bingbot/2.0; +http://www.bing.com/bingbot.htm) Chrome/116.0.1938.76 Safari/537.36"
157.55.39.63 - - [27/Apr/2025:16:37:14 -0400] "GET /nittiestyly.xml HTTP/1.1" 200 33888 "-" "Mozilla/5.0 AppleWebKit/537.36 (KHTML, like Gecko; compatible; bingbot/2.0; +http://www.bing.com/bingbot.htm) Chrome/116.0.1938.76 Safari/537.36"
157.55.39.63 - - [27/Apr/2025:16:37:15 -0400] "GET /hrutherfordedf.xml HTTP/1.1" 200 34034 "-" "Mozilla/5.0 AppleWebKit/537.36 (KHTML, like Gecko; compatible; bingbot/2.0; +http://www.bing.com/bingbot.htm) Chrome/116.0.1938.76 Safari/537.36"
157.55.39.63 - - [27/Apr/2025:16:37:16 -0400] "GET /condignesstcy.xml HTTP/1.1" 200 33583 "-" "Mozilla/5.0 AppleWebKit/537.36 (KHTML, like Gecko; compatible; bingbot/2.0; +http://www.bing.com/bingbot.htm) Chrome/116.0.1938.76 Safari/537.36"
185.191.171.10 - - [27/Apr/2025:16:37:18 -0400] "GET /db.php/interior/pillows/4560323190739.shtml HTTP/1.1" 200 0 "-" "Mozilla/5.0 (compatible; SemrushBot/7~bl; +http://www.semrush.com/bot.html)"
52.167.144.216 - - [27/Apr/2025:16:37:18 -0400] "GET /enchequermom.xml HTTP/1.1" 200 33661 "-" "Mozilla/5.0 AppleWebKit/537.36 (KHTML, like Gecko; compatible; bingbot/2.0; +http://www.bing.com/bingbot.htm) Chrome/116.0.1938.76 Safari/537.36"
185.191.171.17 - - [27/Apr/2025:16:37:20 -0400] "GET /db.php/handicrafts/paintings/12410302617915.shtml HTTP/1.1" 200 0 "-" "Mozilla/5.0 (compatible; SemrushBot/7~bl; +http://www.semrush.com/bot.html)"
85.208.96.208 - - [27/Apr/2025:16:37:23 -0400] "GET /db.php/fashion/skirts/9840371357799.shtml HTTP/1.1" 200 0 "-" "Mozilla/5.0 (compatible; SemrushBot/7~bl; +http://www.semrush.com/bot.html)"
52.167.144.217 - - [27/Apr/2025:16:37:26 -0400] "GET /salamoyqq.xml HTTP/1.1" 200 33921 "-" "Mozilla/5.0 AppleWebKit/537.36 (KHTML, like Gecko; compatible; bingbot/2.0; +http://www.bing.com/bingbot.htm) Chrome/116.0.1938.76 Safari/537.36"
207.46.13.116 - - [27/Apr/2025:16:37:31 -0400] "GET /sitemaps.xml HTTP/1.1" 200 33947 "-" "Mozilla/5.0 AppleWebKit/537.36 (KHTML, like Gecko; compatible; bingbot/2.0; +http://www.bing.com/bingbot.htm) Chrome/116.0.1938.76 Safari/537.36"
207.46.13.116 - - [27/Apr/2025:16:37:32 -0400] "GET /proverblzu.xml HTTP/1.1" 200 34348 "-" "Mozilla/5.0 AppleWebKit/537.36 (KHTML, like Gecko; compatible; bingbot/2.0; +http://www.bing.com/bingbot.htm) Chrome/116.0.1938.76 Safari/537.36"
35.209.236.244 - - [27/Apr/2025:16:37:32 -0400] "GET /db.php/fashion/outerwear/9720603694619.shtml HTTP/1.1" 200 0 "-" "Buck/2.4.3; (+https://app.hypefactors.com/media-monitoring/about.html)"
207.46.13.116 - - [27/Apr/2025:16:37:32 -0400] "GET /sheareruaa.xml HTTP/1.1" 200 33725 "-" "Mozilla/5.0 AppleWebKit/537.36 (KHTML, like Gecko; compatible; bingbot/2.0; +http://www.bing.com/bingbot.htm) Chrome/116.0.1938.76 Safari/537.36"
207.46.13.116 - - [27/Apr/2025:16:37:33 -0400] "GET /millstreamsfjs.xml HTTP/1.1" 200 34045 "-" "Mozilla/5.0 AppleWebKit/537.36 (KHTML, like Gecko; compatible; bingbot/2.0; +http://www.bing.com/bingbot.htm) Chrome/116.0.1938.76 Safari/537.36"
207.46.13.116 - - [27/Apr/2025:16:37:34 -0400] "GET /chlormequatwkx.xml HTTP/1.1" 200 33967 "-" "Mozilla/5.0 AppleWebKit/537.36 (KHTML, like Gecko; compatible; bingbot/2.0; +http://www.bing.com/bingbot.htm) Chrome/116.0.1938.76 Safari/537.36"
207.46.13.116 - - [27/Apr/2025:16:37:35 -0400] "GET /acutilinguaeapy.xml HTTP/1.1" 200 34435 "-" "Mozilla/5.0 AppleWebKit/537.36 (KHTML, like Gecko; compatible; bingbot/2.0; +http://www.bing.com/bingbot.htm) Chrome/116.0.1938.76 Safari/537.36"
52.167.144.195 - - [27/Apr/2025:16:37:38 -0400] "GET /organisticavw.xml HTTP/1.1" 200 34347 "-" "Mozilla/5.0 AppleWebKit/537.36 (KHTML, like Gecko; compatible; bingbot/2.0; +http://www.bing.com/bingbot.htm) Chrome/116.0.1938.76 Safari/537.36"
52.167.144.195 - - [27/Apr/2025:16:37:38 -0400] "GET /ydarekjw.xml HTTP/1.1" 200 34058 "-" "Mozilla/5.0 AppleWebKit/537.36 (KHTML, like Gecko; compatible; bingbot/2.0; +http://www.bing.com/bingbot.htm) Chrome/116.0.1938.76 Safari/537.36"
52.167.144.195 - - [27/Apr/2025:16:37:39 -0400] "GET /commensuratedfzx.xml HTTP/1.1" 200 34131 "-" "Mozilla/5.0 AppleWebKit/537.36 (KHTML, like Gecko; compatible; bingbot/2.0; +http://www.bing.com/bingbot.htm) Chrome/116.0.1938.76 Safari/537.36"
52.167.144.195 - - [27/Apr/2025:16:37:40 -0400] "GET /isodimorphousqvs.xml HTTP/1.1" 200 34339 "-" "Mozilla/5.0 AppleWebKit/537.36 (KHTML, like Gecko; compatible; bingbot/2.0; +http://www.bing.com/bingbot.htm) Chrome/116.0.1938.76 Safari/537.36"
52.167.144.195 - - [27/Apr/2025:16:37:40 -0400] "GET /gerontocracyktz.xml HTTP/1.1" 200 34327 "-" "Mozilla/5.0 AppleWebKit/537.36 (KHTML, like Gecko; compatible; bingbot/2.0; +http://www.bing.com/bingbot.htm) Chrome/116.0.1938.76 Safari/537.36"
52.167.144.195 - - [27/Apr/2025:16:37:41 -0400] "GET /bulteryvak.xml HTTP/1.1" 200 33861 "-" "Mozilla/5.0 AppleWebKit/537.36 (KHTML, like Gecko; compatible; bingbot/2.0; +http://www.bing.com/bingbot.htm) Chrome/116.0.1938.76 Safari/537.36"
85.208.96.208 - - [27/Apr/2025:16:37:43 -0400] "GET /db.php/drinks/whiskey/9160493315054.shtml HTTP/1.1" 200 0 "-" "Mozilla/5.0 (compatible; SemrushBot/7~bl; +http://www.semrush.com/bot.html)"
52.167.144.217 - - [27/Apr/2025:16:37:47 -0400] "GET /ungroupcxb.xml HTTP/1.1" 200 33815 "-" "Mozilla/5.0 AppleWebKit/537.36 (KHTML, like Gecko; compatible; bingbot/2.0; +http://www.bing.com/bingbot.htm) Chrome/116.0.1938.76 Safari/537.36"
40.77.167.55 - - [27/Apr/2025:16:37:48 -0400] "GET /unrefutablyqls.xml HTTP/1.1" 200 34028 "-" "Mozilla/5.0 AppleWebKit/537.36 (KHTML, like Gecko; compatible; bingbot/2.0; +http://www.bing.com/bingbot.htm) Chrome/116.0.1938.76 Safari/537.36"
85.208.96.207 - - [27/Apr/2025:16:37:48 -0400] "GET /db.php/fashion/bags/9750170575836.shtml HTTP/1.1" 200 0 "-" "Mozilla/5.0 (compatible; SemrushBot/7~bl; +http://www.semrush.com/bot.html)"
52.167.144.216 - - [27/Apr/2025:16:37:48 -0400] "GET /db.php/sitemap-11.xml HTTP/1.1" 200 33987 "-" "Mozilla/5.0 AppleWebKit/537.36 (KHTML, like Gecko; compatible; bingbot/2.0; +http://www.bing.com/bingbot.htm) Chrome/116.0.1938.76 Safari/537.36"
40.77.167.55 - - [27/Apr/2025:16:37:49 -0400] "GET /sitemap-6.xml HTTP/1.1" 200 33803 "-" "Mozilla/5.0 AppleWebKit/537.36 (KHTML, like Gecko; compatible; bingbot/2.0; +http://www.bing.com/bingbot.htm) Chrome/116.0.1938.76 Safari/537.36"
157.55.39.62 - - [27/Apr/2025:16:37:51 -0400] "GET /db.php/sitemap-20.xml HTTP/1.1" 200 33889 "-" "Mozilla/5.0 AppleWebKit/537.36 (KHTML, like Gecko; compatible; bingbot/2.0; +http://www.bing.com/bingbot.htm) Chrome/116.0.1938.76 Safari/537.36"
157.55.39.62 - - [27/Apr/2025:16:37:52 -0400] "GET /db.php/sitemap-6.xml HTTP/1.1" 200 34023 "-" "Mozilla/5.0 AppleWebKit/537.36 (KHTML, like Gecko; compatible; bingbot/2.0; +http://www.bing.com/bingbot.htm) Chrome/116.0.1938.76 Safari/537.36"
157.55.39.62 - - [27/Apr/2025:16:37:54 -0400] "GET /db.php/sitemap-16.xml HTTP/1.1" 200 33951 "-" "Mozilla/5.0 AppleWebKit/537.36 (KHTML, like Gecko; compatible; bingbot/2.0; +http://www.bing.com/bingbot.htm) Chrome/116.0.1938.76 Safari/537.36"
157.55.39.62 - - [27/Apr/2025:16:37:56 -0400] "GET /surfrappeglx.xml HTTP/1.1" 200 34004 "-" "Mozilla/5.0 AppleWebKit/537.36 (KHTML, like Gecko; compatible; bingbot/2.0; +http://www.bing.com/bingbot.htm) Chrome/116.0.1938.76 Safari/537.36"
52.167.144.216 - - [27/Apr/2025:16:37:58 -0400] "GET /sitemap-19.xml HTTP/1.1" 200 33866 "-" "Mozilla/5.0 AppleWebKit/537.36 (KHTML, like Gecko; compatible; bingbot/2.0; +http://www.bing.com/bingbot.htm) Chrome/116.0.1938.76 Safari/537.36"
35.209.236.244 - - [27/Apr/2025:16:38:17 -0400] "GET /db.php/fashion/dresses/9810421410606.shtml HTTP/1.1" 200 0 "-" "Buck/2.4.3; (+https://app.hypefactors.com/media-monitoring/about.html)"
185.191.171.14 - - [27/Apr/2025:16:38:20 -0400] "GET /db.php/daily-necessities/writing-implements/15130483844262.shtml HTTP/1.1" 200 0 "-" "Mozilla/5.0 (compatible; SemrushBot/7~bl; +http://www.semrush.com/bot.html)"
35.209.236.244 - - [27/Apr/2025:16:38:43 -0400] "GET /db.php/beauty/serums/17230380145172.shtml HTTP/1.1" 200 0 "-" "Buck/2.4.3; (+https://app.hypefactors.com/media-monitoring/about.html)"
199.188.205.55 - - [27/Apr/2025:16:38:45 -0400] "POST /wp-cron.php?doing_wp_cron=1745786324.9657070636749267578125 HTTP/1.1" 200 0 "-" "WordPress/6.2.6; http://rupalake.org.np"
51.222.253.13 - - [27/Apr/2025:16:38:44 -0400] "GET /tops/shirts/20440100534026 HTTP/1.1" 404 7439 "-" "Mozilla/5.0 (compatible; AhrefsBot/7.0; +http://ahrefs.com/robot/)"
85.208.96.211 - - [27/Apr/2025:16:38:52 -0400] "GET /db.php/smartphones/apple-watches/760320641464.shtml HTTP/1.1" 200 0 "-" "Mozilla/5.0 (compatible; SemrushBot/7~bl; +http://www.semrush.com/bot.html)"
185.191.171.11 - - [27/Apr/2025:16:38:58 -0400] "GET /db.php/fashion/bags/9750171344919.shtml HTTP/1.1" 200 0 "-" "Mozilla/5.0 (compatible; SemrushBot/7~bl; +http://www.semrush.com/bot.html)"
185.191.171.10 - - [27/Apr/2025:16:39:05 -0400] "GET /db.php/fishing/lures/8790283452588.shtml HTTP/1.1" 200 0 "-" "Mozilla/5.0 (compatible; SemrushBot/7~bl; +http://www.semrush.com/bot.html)"
35.209.236.244 - - [27/Apr/2025:16:39:10 -0400] "GET /db.php/tablets/macbooks/720392243753.shtml HTTP/1.1" 200 0 "-" "Buck/2.4.3; (+https://app.hypefactors.com/media-monitoring/about.html)"
85.208.96.198 - - [27/Apr/2025:16:39:17 -0400] "GET /db.php/motorcycles/maintenance/18260090719523.shtml HTTP/1.1" 200 0 "-" "Mozilla/5.0 (compatible; SemrushBot/7~bl; +http://www.semrush.com/bot.html)"
85.208.96.210 - - [27/Apr/2025:16:39:21 -0400] "GET /db.php/fashion/jackets/9720540144231.shtml HTTP/1.1" 200 0 "-" "Mozilla/5.0 (compatible; SemrushBot/7~bl; +http://www.semrush.com/bot.html)"
52.167.144.22 - - [27/Apr/2025:16:39:21 -0400] "GET /outdoor-water-activities-1dn16 HTTP/1.1" 200 20933 "-" "Mozilla/5.0 AppleWebKit/537.36 (KHTML, like Gecko; compatible; bingbot/2.0; +http://www.bing.com/bingbot.htm) Chrome/116.0.1938.76 Safari/537.36"
185.191.171.16 - - [27/Apr/2025:16:39:24 -0400] "GET /db.php/fashion/watches/9800243759514.shtml HTTP/1.1" 200 0 "-" "Mozilla/5.0 (compatible; SemrushBot/7~bl; +http://www.semrush.com/bot.html)"
185.191.171.19 - - [27/Apr/2025:16:39:36 -0400] "GET /db.php/blu-ray/plays/15030123417441.shtml HTTP/1.1" 200 0 "-" "Mozilla/5.0 (compatible; SemrushBot/7~bl; +http://www.semrush.com/bot.html)"
35.209.236.244 - - [27/Apr/2025:16:39:48 -0400] "GET /db.php/sports/snowboard/1620123059957.shtml HTTP/1.1" 200 0 "-" "Buck/2.4.3; (+https://app.hypefactors.com/media-monitoring/about.html)"
185.191.171.2 - - [27/Apr/2025:16:40:10 -0400] "GET /db.php/sports/others/1930071467142.shtml HTTP/1.1" 200 0 "-" "Mozilla/5.0 (compatible; SemrushBot/7~bl; +http://www.semrush.com/bot.html)"
35.209.236.244 - - [27/Apr/2025:16:40:12 -0400] "GET /db.php/motorcycles/car-navigation-systems/18290463372795.shtml HTTP/1.1" 200 0 "-" "Buck/2.4.3; (+https://app.hypefactors.com/media-monitoring/about.html)"
85.208.96.194 - - [27/Apr/2025:16:40:23 -0400] "GET /db.php/gardening/sedum/3080253953961.shtml HTTP/1.1" 200 0 "-" "Mozilla/5.0 (compatible; SemrushBot/7~bl; +http://www.semrush.com/bot.html)"
85.208.96.210 - - [27/Apr/2025:16:40:26 -0400] "GET /db.php/fashion/outerwear/9720560974849.shtml HTTP/1.1" 200 0 "-" "Mozilla/5.0 (compatible; SemrushBot/7~bl; +http://www.semrush.com/bot.html)"
157.55.39.62 - - [27/Apr/2025:16:40:30 -0400] "GET /diet-health-management-1pu8a HTTP/1.1" 200 22452 "-" "Mozilla/5.0 AppleWebKit/537.36 (KHTML, like Gecko; compatible; bingbot/2.0; +http://www.bing.com/bingbot.htm) Chrome/116.0.1938.76 Safari/537.36"
185.191.171.12 - - [27/Apr/2025:16:40:38 -0400] "GET /db.php/goods/sports/14350120223369.shtml HTTP/1.1" 200 0 "-" "Mozilla/5.0 (compatible; SemrushBot/7~bl; +http://www.semrush.com/bot.html)"
35.209.236.244 - - [27/Apr/2025:16:40:45 -0400] "GET /db.php/interior/covers/4210593381976.shtml HTTP/1.1" 200 0 "-" "Buck/2.4.3; (+https://app.hypefactors.com/media-monitoring/about.html)"
40.77.167.55 - - [27/Apr/2025:16:40:59 -0400] "GET /cameras-single-focus-1anbp HTTP/1.1" 200 20795 "-" "Mozilla/5.0 AppleWebKit/537.36 (KHTML, like Gecko; compatible; bingbot/2.0; +http://www.bing.com/bingbot.htm) Chrome/116.0.1938.76 Safari/537.36"
40.77.167.55 - - [27/Apr/2025:16:41:00 -0400] "GET /motorcycles-parts-ojst HTTP/1.1" 200 21103 "-" "Mozilla/5.0 AppleWebKit/537.36 (KHTML, like Gecko; compatible; bingbot/2.0; +http://www.bing.com/bingbot.htm) Chrome/116.0.1938.76 Safari/537.36"
157.55.39.62 - - [27/Apr/2025:16:41:03 -0400] "GET /tools-screwdrivers-9wki HTTP/1.1" 200 21618 "-" "Mozilla/5.0 AppleWebKit/537.36 (KHTML, like Gecko; compatible; bingbot/2.0; +http://www.bing.com/bingbot.htm) Chrome/116.0.1938.76 Safari/537.36"
185.191.171.17 - - [27/Apr/2025:16:41:06 -0400] "GET /db.php/interior/trash-cans/4670593449110.shtml HTTP/1.1" 200 0 "-" "Mozilla/5.0 (compatible; SemrushBot/7~bl; +http://www.semrush.com/bot.html)"
185.191.171.4 - - [27/Apr/2025:16:41:09 -0400] "GET /db.php/audio/earphones/14530601734602.shtml HTTP/1.1" 200 0 "-" "Mozilla/5.0 (compatible; SemrushBot/7~bl; +http://www.semrush.com/bot.html)"
85.208.96.211 - - [27/Apr/2025:16:41:10 -0400] "GET /db.php/fishing/rods/8880390804101.shtml HTTP/1.1" 200 0 "-" "Mozilla/5.0 (compatible; SemrushBot/7~bl; +http://www.semrush.com/bot.html)"
35.209.236.244 - - [27/Apr/2025:16:41:11 -0400] "GET /db.php/audio/headphones/14650553855158.shtml HTTP/1.1" 200 0 "-" "Buck/2.4.3; (+https://app.hypefactors.com/media-monitoring/about.html)"
85.208.96.202 - - [27/Apr/2025:16:41:18 -0400] "GET /db.php/dresses/dresses/20940083318750.shtml HTTP/1.1" 200 0 "-" "Mozilla/5.0 (compatible; SemrushBot/7~bl; +http://www.semrush.com/bot.html)"
185.191.171.17 - - [27/Apr/2025:16:41:31 -0400] "GET /db.php/motorcycles/wheels/18250043402250.shtml HTTP/1.1" 200 0 "-" "Mozilla/5.0 (compatible; SemrushBot/7~bl; +http://www.semrush.com/bot.html)"
35.209.236.244 - - [27/Apr/2025:16:41:52 -0400] "GET /db.php/handicrafts/bracelets/11250263477166.shtml HTTP/1.1" 200 0 "-" "Buck/2.4.3; (+https://app.hypefactors.com/media-monitoring/about.html)"
185.191.171.2 - - [27/Apr/2025:16:41:54 -0400] "GET /db.php/fashion/jackets/9720091498756.shtml HTTP/1.1" 200 0 "-" "Mozilla/5.0 (compatible; SemrushBot/7~bl; +http://www.semrush.com/bot.html)"
85.208.96.201 - - [27/Apr/2025:16:41:56 -0400] "GET /db.php/fashion/tops/9730042004878.shtml HTTP/1.1" 200 0 "-" "Mozilla/5.0 (compatible; SemrushBot/7~bl; +http://www.semrush.com/bot.html)"
185.191.171.16 - - [27/Apr/2025:16:42:09 -0400] "GET /db.php/cosmetics/face-creams/17240243654477.shtml HTTP/1.1" 200 0 "-" "Mozilla/5.0 (compatible; SemrushBot/7~bl; +http://www.semrush.com/bot.html)"
35.209.236.244 - - [27/Apr/2025:16:42:16 -0400] "GET /db.php/cds/japanese-movies/15000013703313.shtml HTTP/1.1" 200 0 "-" "Buck/2.4.3; (+https://app.hypefactors.com/media-monitoring/about.html)"
185.191.171.16 - - [27/Apr/2025:16:42:23 -0400] "GET /db.php/fashion/dresses/9810581670918.shtml HTTP/1.1" 200 0 "-" "Mozilla/5.0 (compatible; SemrushBot/7~bl; +http://www.semrush.com/bot.html)"
52.167.144.22 - - [27/Apr/2025:16:42:30 -0400] "GET /pet-supplies-accessories-1o0m3 HTTP/1.1" 200 21587 "-" "Mozilla/5.0 AppleWebKit/537.36 (KHTML, like Gecko; compatible; bingbot/2.0; +http://www.bing.com/bingbot.htm) Chrome/116.0.1938.76 Safari/537.36"
185.191.171.5 - - [27/Apr/2025:16:42:40 -0400] "GET /db.php/travel-supplies/flies/8790513477849.shtml HTTP/1.1" 200 0 "-" "Mozilla/5.0 (compatible; SemrushBot/7~bl; +http://www.semrush.com/bot.html)"
35.209.236.244 - - [27/Apr/2025:16:42:47 -0400] "GET /db.php/sports/snowboard/1620593511325.shtml HTTP/1.1" 200 0 "-" "Buck/2.4.3; (+https://app.hypefactors.com/media-monitoring/about.html)"
199.188.205.55 - - [27/Apr/2025:16:42:55 -0400] "POST /wp-cron.php?doing_wp_cron=1745786575.1575810909271240234375 HTTP/1.1" 200 0 "-" "WordPress/6.2.6; http://rupalake.org.np"
51.222.253.1 - - [27/Apr/2025:16:42:54 -0400] "GET /tops/sweaters/20450331030219 HTTP/1.1" 404 7439 "-" "Mozilla/5.0 (compatible; AhrefsBot/7.0; +http://ahrefs.com/robot/)"
40.77.167.55 - - [27/Apr/2025:16:42:57 -0400] "GET /premetallictvy.xml HTTP/1.1" 200 33788 "-" "Mozilla/5.0 AppleWebKit/537.36 (KHTML, like Gecko; compatible; bingbot/2.0; +http://www.bing.com/bingbot.htm) Chrome/116.0.1938.76 Safari/537.36"
40.77.167.55 - - [27/Apr/2025:16:42:58 -0400] "GET /ethenyledf.xml HTTP/1.1" 200 34005 "-" "Mozilla/5.0 AppleWebKit/537.36 (KHTML, like Gecko; compatible; bingbot/2.0; +http://www.bing.com/bingbot.htm) Chrome/116.0.1938.76 Safari/537.36"
52.167.144.194 - - [27/Apr/2025:16:42:59 -0400] "GET /unexpensivelysrx.xml HTTP/1.1" 200 34063 "-" "Mozilla/5.0 AppleWebKit/537.36 (KHTML, like Gecko; compatible; bingbot/2.0; +http://www.bing.com/bingbot.htm) Chrome/116.0.1938.76 Safari/537.36"
40.77.167.55 - - [27/Apr/2025:16:42:59 -0400] "GET /icebergobq.xml HTTP/1.1" 200 34086 "-" "Mozilla/5.0 AppleWebKit/537.36 (KHTML, like Gecko; compatible; bingbot/2.0; +http://www.bing.com/bingbot.htm) Chrome/116.0.1938.76 Safari/537.36"
52.167.144.22 - - [27/Apr/2025:16:43:00 -0400] "GET /sitemap-11.xml HTTP/1.1" 200 34077 "-" "Mozilla/5.0 AppleWebKit/537.36 (KHTML, like Gecko; compatible; bingbot/2.0; +http://www.bing.com/bingbot.htm) Chrome/116.0.1938.76 Safari/537.36"
157.55.39.62 - - [27/Apr/2025:16:43:00 -0400] "GET /phacometermni.xml HTTP/1.1" 200 34053 "-" "Mozilla/5.0 AppleWebKit/537.36 (KHTML, like Gecko; compatible; bingbot/2.0; +http://www.bing.com/bingbot.htm) Chrome/116.0.1938.76 Safari/537.36"
185.191.171.2 - - [27/Apr/2025:16:43:02 -0400] "GET /db.php/sports/snowboard-accessories/1990313882007.shtml HTTP/1.1" 200 0 "-" "Mozilla/5.0 (compatible; SemrushBot/7~bl; +http://www.semrush.com/bot.html)"
157.55.39.62 - - [27/Apr/2025:16:43:02 -0400] "GET /microanalyticiap.xml HTTP/1.1" 200 34140 "-" "Mozilla/5.0 AppleWebKit/537.36 (KHTML, like Gecko; compatible; bingbot/2.0; +http://www.bing.com/bingbot.htm) Chrome/116.0.1938.76 Safari/537.36"
157.55.39.62 - - [27/Apr/2025:16:43:03 -0400] "GET /olantaryj.xml HTTP/1.1" 200 34072 "-" "Mozilla/5.0 AppleWebKit/537.36 (KHTML, like Gecko; compatible; bingbot/2.0; +http://www.bing.com/bingbot.htm) Chrome/116.0.1938.76 Safari/537.36"
157.55.39.62 - - [27/Apr/2025:16:43:04 -0400] "GET /author-sitemap.xml HTTP/1.1" 200 34080 "-" "Mozilla/5.0 AppleWebKit/537.36 (KHTML, like Gecko; compatible; bingbot/2.0; +http://www.bing.com/bingbot.htm) Chrome/116.0.1938.76 Safari/537.36"
157.55.39.62 - - [27/Apr/2025:16:43:05 -0400] "GET /tickets-amusement-parks-1p0w0 HTTP/1.1" 200 21012 "-" "Mozilla/5.0 AppleWebKit/537.36 (KHTML, like Gecko; compatible; bingbot/2.0; +http://www.bing.com/bingbot.htm) Chrome/116.0.1938.76 Safari/537.36"
52.167.144.217 - - [27/Apr/2025:16:43:08 -0400] "GET /spumoidvwq.xml HTTP/1.1" 200 34347 "-" "Mozilla/5.0 AppleWebKit/537.36 (KHTML, like Gecko; compatible; bingbot/2.0; +http://www.bing.com/bingbot.htm) Chrome/116.0.1938.76 Safari/537.36"
85.208.96.199 - - [27/Apr/2025:16:43:09 -0400] "GET /db.php/toys/sports/14350383335407.shtml HTTP/1.1" 200 0 "-" "Mozilla/5.0 (compatible; SemrushBot/7~bl; +http://www.semrush.com/bot.html)"
52.167.144.22 - - [27/Apr/2025:16:43:09 -0400] "GET /simoneiia.xml HTTP/1.1" 200 33708 "-" "Mozilla/5.0 AppleWebKit/537.36 (KHTML, like Gecko; compatible; bingbot/2.0; +http://www.bing.com/bingbot.htm) Chrome/116.0.1938.76 Safari/537.36"
52.167.144.22 - - [27/Apr/2025:16:43:09 -0400] "GET /coprisonershll.xml HTTP/1.1" 200 34329 "-" "Mozilla/5.0 AppleWebKit/537.36 (KHTML, like Gecko; compatible; bingbot/2.0; +http://www.bing.com/bingbot.htm) Chrome/116.0.1938.76 Safari/537.36"
52.167.144.22 - - [27/Apr/2025:16:43:10 -0400] "GET /duddenkdc.xml HTTP/1.1" 200 34130 "-" "Mozilla/5.0 AppleWebKit/537.36 (KHTML, like Gecko; compatible; bingbot/2.0; +http://www.bing.com/bingbot.htm) Chrome/116.0.1938.76 Safari/537.36"
85.208.96.206 - - [27/Apr/2025:16:43:17 -0400] "GET /db.php/fashion/pants/9780572224375.shtml HTTP/1.1" 200 0 "-" "Mozilla/5.0 (compatible; SemrushBot/7~bl; +http://www.semrush.com/bot.html)"
52.167.144.217 - - [27/Apr/2025:16:43:17 -0400] "GET /salvedwqo.xml HTTP/1.1" 200 34024 "-" "Mozilla/5.0 AppleWebKit/537.36 (KHTML, like Gecko; compatible; bingbot/2.0; +http://www.bing.com/bingbot.htm) Chrome/116.0.1938.76 Safari/537.36"
52.167.144.217 - - [27/Apr/2025:16:43:18 -0400] "GET /judezmoplr.xml HTTP/1.1" 200 33932 "-" "Mozilla/5.0 AppleWebKit/537.36 (KHTML, like Gecko; compatible; bingbot/2.0; +http://www.bing.com/bingbot.htm) Chrome/116.0.1938.76 Safari/537.36"
52.167.144.217 - - [27/Apr/2025:16:43:18 -0400] "GET /corrosibilityret.xml HTTP/1.1" 200 34295 "-" "Mozilla/5.0 AppleWebKit/537.36 (KHTML, like Gecko; compatible; bingbot/2.0; +http://www.bing.com/bingbot.htm) Chrome/116.0.1938.76 Safari/537.36"
52.167.144.194 - - [27/Apr/2025:16:43:19 -0400] "GET /prowaterpowerzzn.xml HTTP/1.1" 200 34224 "-" "Mozilla/5.0 AppleWebKit/537.36 (KHTML, like Gecko; compatible; bingbot/2.0; +http://www.bing.com/bingbot.htm) Chrome/116.0.1938.76 Safari/537.36"
52.167.144.217 - - [27/Apr/2025:16:43:19 -0400] "GET /periodontistihf.xml HTTP/1.1" 200 34075 "-" "Mozilla/5.0 AppleWebKit/537.36 (KHTML, like Gecko; compatible; bingbot/2.0; +http://www.bing.com/bingbot.htm) Chrome/116.0.1938.76 Safari/537.36"
52.167.144.217 - - [27/Apr/2025:16:43:20 -0400] "GET /adweschdzy.xml HTTP/1.1" 200 33741 "-" "Mozilla/5.0 AppleWebKit/537.36 (KHTML, like Gecko; compatible; bingbot/2.0; +http://www.bing.com/bingbot.htm) Chrome/116.0.1938.76 Safari/537.36"
207.46.13.116 - - [27/Apr/2025:16:43:21 -0400] "GET /unthrivingnessaol.xml HTTP/1.1" 200 33844 "-" "Mozilla/5.0 AppleWebKit/537.36 (KHTML, like Gecko; compatible; bingbot/2.0; +http://www.bing.com/bingbot.htm) Chrome/116.0.1938.76 Safari/537.36"
207.46.13.116 - - [27/Apr/2025:16:43:22 -0400] "GET /moulinageuko.xml HTTP/1.1" 200 33784 "-" "Mozilla/5.0 AppleWebKit/537.36 (KHTML, like Gecko; compatible; bingbot/2.0; +http://www.bing.com/bingbot.htm) Chrome/116.0.1938.76 Safari/537.36"
207.46.13.116 - - [27/Apr/2025:16:43:22 -0400] "GET /buyidesxcp.xml HTTP/1.1" 200 34438 "-" "Mozilla/5.0 AppleWebKit/537.36 (KHTML, like Gecko; compatible; bingbot/2.0; +http://www.bing.com/bingbot.htm) Chrome/116.0.1938.76 Safari/537.36"
35.209.236.244 - - [27/Apr/2025:16:43:26 -0400] "GET /db.php/kitchen/buddhist-altars/15290112974783.shtml HTTP/1.1" 200 0 "-" "Buck/2.4.3; (+https://app.hypefactors.com/media-monitoring/about.html)"
85.208.96.200 - - [27/Apr/2025:16:43:27 -0400] "GET /db.php/musical-instruments/accessories/19080143518784.shtml HTTP/1.1" 200 0 "-" "Mozilla/5.0 (compatible; SemrushBot/7~bl; +http://www.semrush.com/bot.html)"
40.77.167.55 - - [27/Apr/2025:16:43:27 -0400] "GET /singlehoofedxyq.xml HTTP/1.1" 200 34023 "-" "Mozilla/5.0 AppleWebKit/537.36 (KHTML, like Gecko; compatible; bingbot/2.0; +http://www.bing.com/bingbot.htm) Chrome/116.0.1938.76 Safari/537.36"
40.77.167.55 - - [27/Apr/2025:16:43:28 -0400] "GET /lacquererviv.xml HTTP/1.1" 200 33844 "-" "Mozilla/5.0 AppleWebKit/537.36 (KHTML, like Gecko; compatible; bingbot/2.0; +http://www.bing.com/bingbot.htm) Chrome/116.0.1938.76 Safari/537.36"
52.167.144.194 - - [27/Apr/2025:16:43:28 -0400] "GET /xmurphypas.xml HTTP/1.1" 200 34131 "-" "Mozilla/5.0 AppleWebKit/537.36 (KHTML, like Gecko; compatible; bingbot/2.0; +http://www.bing.com/bingbot.htm) Chrome/116.0.1938.76 Safari/537.36"
157.55.39.62 - - [27/Apr/2025:16:43:29 -0400] "GET /sitemap-13.xml HTTP/1.1" 200 33818 "-" "Mozilla/5.0 AppleWebKit/537.36 (KHTML, like Gecko; compatible; bingbot/2.0; +http://www.bing.com/bingbot.htm) Chrome/116.0.1938.76 Safari/537.36"
40.77.167.55 - - [27/Apr/2025:16:43:30 -0400] "GET /outspeltrrd.xml HTTP/1.1" 200 34084 "-" "Mozilla/5.0 AppleWebKit/537.36 (KHTML, like Gecko; compatible; bingbot/2.0; +http://www.bing.com/bingbot.htm) Chrome/116.0.1938.76 Safari/537.36"
52.167.144.194 - - [27/Apr/2025:16:43:30 -0400] "GET /goliadgvz.xml HTTP/1.1" 200 34476 "-" "Mozilla/5.0 AppleWebKit/537.36 (KHTML, like Gecko; compatible; bingbot/2.0; +http://www.bing.com/bingbot.htm) Chrome/116.0.1938.76 Safari/537.36"
52.167.144.194 - - [27/Apr/2025:16:43:31 -0400] "GET /chuckchiajs.xml HTTP/1.1" 200 33948 "-" "Mozilla/5.0 AppleWebKit/537.36 (KHTML, like Gecko; compatible; bingbot/2.0; +http://www.bing.com/bingbot.htm) Chrome/116.0.1938.76 Safari/537.36"
52.167.144.22 - - [27/Apr/2025:16:43:32 -0400] "GET /post-sitemap.xml HTTP/1.1" 200 33767 "-" "Mozilla/5.0 AppleWebKit/537.36 (KHTML, like Gecko; compatible; bingbot/2.0; +http://www.bing.com/bingbot.htm) Chrome/116.0.1938.76 Safari/537.36"
52.167.144.22 - - [27/Apr/2025:16:43:33 -0400] "GET /guanidopropionicdpm.xml HTTP/1.1" 200 33923 "-" "Mozilla/5.0 AppleWebKit/537.36 (KHTML, like Gecko; compatible; bingbot/2.0; +http://www.bing.com/bingbot.htm) Chrome/116.0.1938.76 Safari/537.36"
52.167.144.22 - - [27/Apr/2025:16:43:33 -0400] "GET /electrogildfuo.xml HTTP/1.1" 200 33888 "-" "Mozilla/5.0 AppleWebKit/537.36 (KHTML, like Gecko; compatible; bingbot/2.0; +http://www.bing.com/bingbot.htm) Chrome/116.0.1938.76 Safari/537.36"
52.167.144.22 - - [27/Apr/2025:16:43:34 -0400] "GET /musclelikedky.xml HTTP/1.1" 200 34231 "-" "Mozilla/5.0 AppleWebKit/537.36 (KHTML, like Gecko; compatible; bingbot/2.0; +http://www.bing.com/bingbot.htm) Chrome/116.0.1938.76 Safari/537.36"
