157.55.39.62 - - [27/Apr/2025:22:19:56 -0400] "GET /fashion-bags-1v80t HTTP/1.1" 200 21661 "-" "Mozilla/5.0 AppleWebKit/537.36 (KHTML, like Gecko; compatible; bingbot/2.0; +http://www.bing.com/bingbot.htm) Chrome/116.0.1938.76 Safari/537.36"
85.208.96.194 - - [27/Apr/2025:22:19:58 -0400] "GET /db.php/cars/parts/18220521791500.shtml HTTP/1.1" 200 0 "-" "Mozilla/5.0 (compatible; SemrushBot/7~bl; +http://www.semrush.com/bot.html)"
185.191.171.16 - - [27/Apr/2025:22:20:14 -0400] "GET /db.php/tablets/macbooks/720560348978.shtml HTTP/1.1" 200 0 "-" "Mozilla/5.0 (compatible; SemrushBot/7~bl; +http://www.semrush.com/bot.html)"
85.208.96.210 - - [27/Apr/2025:22:20:17 -0400] "GET /db.php/handicrafts/cushions/12520233467692.shtml HTTP/1.1" 200 0 "-" "Mozilla/5.0 (compatible; SemrushBot/7~bl; +http://www.semrush.com/bot.html)"
185.191.171.3 - - [27/Apr/2025:22:20:36 -0400] "GET /db.php/smartphones/display/850102817749.shtml HTTP/1.1" 200 0 "-" "Mozilla/5.0 (compatible; SemrushBot/7~bl; +http://www.semrush.com/bot.html)"
185.191.171.7 - - [27/Apr/2025:22:20:38 -0400] "GET /db.php/decor/dining-chairs/4070551532388.shtml HTTP/1.1" 200 0 "-" "Mozilla/5.0 (compatible; SemrushBot/7~bl; +http://www.semrush.com/bot.html)"
85.208.96.200 - - [27/Apr/2025:22:20:52 -0400] "GET /db.php/sports/clubs/1610060874917.shtml HTTP/1.1" 200 0 "-" "Mozilla/5.0 (compatible; SemrushBot/7~bl; +http://www.semrush.com/bot.html)"
85.208.96.193 - - [27/Apr/2025:22:21:03 -0400] "GET /db.php/cameras/earphones/14530440802230.shtml HTTP/1.1" 200 0 "-" "Mozilla/5.0 (compatible; SemrushBot/7~bl; +http://www.semrush.com/bot.html)"
185.191.171.8 - - [27/Apr/2025:22:21:09 -0400] "GET /db.php/fashion/watches/9800201184561.shtml HTTP/1.1" 200 0 "-" "Mozilla/5.0 (compatible; SemrushBot/7~bl; +http://www.semrush.com/bot.html)"
185.191.171.4 - - [27/Apr/2025:22:21:23 -0400] "GET /db.php/etc./coffee/15150211198604.shtml HTTP/1.1" 200 0 "-" "Mozilla/5.0 (compatible; SemrushBot/7~bl; +http://www.semrush.com/bot.html)"
185.191.171.18 - - [27/Apr/2025:22:21:31 -0400] "GET /db.php/fashion/bags/9750132513684.shtml HTTP/1.1" 200 0 "-" "Mozilla/5.0 (compatible; SemrushBot/7~bl; +http://www.semrush.com/bot.html)"
185.191.171.16 - - [27/Apr/2025:22:21:48 -0400] "GET /db.php/handicrafts/tops/11110110265289.shtml HTTP/1.1" 200 0 "-" "Mozilla/5.0 (compatible; SemrushBot/7~bl; +http://www.semrush.com/bot.html)"
199.188.205.55 - - [27/Apr/2025:22:21:48 -0400] "POST /wp-cron.php?doing_wp_cron=1745806908.2712759971618652343750 HTTP/1.1" 200 0 "-" "WordPress/6.2.6; http://rupalake.org.np"
51.222.253.13 - - [27/Apr/2025:22:21:47 -0400] "GET /audio/dac/14600173757256 HTTP/1.1" 404 7439 "-" "Mozilla/5.0 (compatible; AhrefsBot/7.0; +http://ahrefs.com/robot/)"
185.191.171.17 - - [27/Apr/2025:22:22:09 -0400] "GET /db.php/drinks/sake/9240223905703.shtml HTTP/1.1" 200 0 "-" "Mozilla/5.0 (compatible; SemrushBot/7~bl; +http://www.semrush.com/bot.html)"
185.191.171.18 - - [27/Apr/2025:22:22:14 -0400] "GET /db.php/fashion/skirts/9840300850213.shtml HTTP/1.1" 200 0 "-" "Mozilla/5.0 (compatible; SemrushBot/7~bl; +http://www.semrush.com/bot.html)"
185.191.171.5 - - [27/Apr/2025:22:22:26 -0400] "GET /db.php/fashion/kimono/9790203145575.shtml HTTP/1.1" 200 0 "-" "Mozilla/5.0 (compatible; SemrushBot/7~bl; +http://www.semrush.com/bot.html)"
52.167.144.199 - - [27/Apr/2025:22:22:33 -0400] "GET /tickets-amusement-parks-2a94f HTTP/1.1" 200 22197 "-" "Mozilla/5.0 AppleWebKit/537.36 (KHTML, like Gecko; compatible; bingbot/2.0; +http://www.bing.com/bingbot.htm) Chrome/116.0.1938.76 Safari/537.36"
185.191.171.2 - - [27/Apr/2025:22:22:35 -0400] "GET /db.php/outdoor/outdoor-shoes/8820263766912.shtml HTTP/1.1" 200 0 "-" "Mozilla/5.0 (compatible; SemrushBot/7~bl; +http://www.semrush.com/bot.html)"
85.208.96.206 - - [27/Apr/2025:22:22:44 -0400] "GET /db.php/cars/tires/18250382421524.shtml HTTP/1.1" 200 0 "-" "Mozilla/5.0 (compatible; SemrushBot/7~bl; +http://www.semrush.com/bot.html)"
52.167.144.199 - - [27/Apr/2025:22:23:03 -0400] "GET /games-comics-3jge HTTP/1.1" 200 22411 "-" "Mozilla/5.0 AppleWebKit/537.36 (KHTML, like Gecko; compatible; bingbot/2.0; +http://www.bing.com/bingbot.htm) Chrome/116.0.1938.76 Safari/537.36"
185.191.171.4 - - [27/Apr/2025:22:23:12 -0400] "GET /db.php/audio/video-cameras/14510201650537.shtml HTTP/1.1" 200 0 "-" "Mozilla/5.0 (compatible; SemrushBot/7~bl; +http://www.semrush.com/bot.html)"
185.191.171.1 - - [27/Apr/2025:22:23:32 -0400] "GET /db.php/bicycles/accessories/18370170249893.shtml HTTP/1.1" 200 0 "-" "Mozilla/5.0 (compatible; SemrushBot/7~bl; +http://www.semrush.com/bot.html)"
85.208.96.200 - - [27/Apr/2025:22:23:38 -0400] "GET /db.php/beauty/serums/17230173512643.shtml HTTP/1.1" 200 0 "-" "Mozilla/5.0 (compatible; SemrushBot/7~bl; +http://www.semrush.com/bot.html)"
52.167.144.195 - - [27/Apr/2025:22:23:51 -0400] "GET /home-appliances-lighters-29c5n HTTP/1.1" 200 20405 "-" "Mozilla/5.0 AppleWebKit/537.36 (KHTML, like Gecko; compatible; bingbot/2.0; +http://www.bing.com/bingbot.htm) Chrome/116.0.1938.76 Safari/537.36"
85.208.96.200 - - [27/Apr/2025:22:23:59 -0400] "GET /db.php/musical-instruments/guitars/18390062700855.shtml HTTP/1.1" 200 0 "-" "Mozilla/5.0 (compatible; SemrushBot/7~bl; +http://www.semrush.com/bot.html)"
185.191.171.2 - - [27/Apr/2025:22:24:08 -0400] "GET /db.php/cars/wheels/18250512170498.shtml HTTP/1.1" 200 0 "-" "Mozilla/5.0 (compatible; SemrushBot/7~bl; +http://www.semrush.com/bot.html)"
85.208.96.195 - - [27/Apr/2025:22:24:17 -0400] "GET /db.php/audio/lenses/14610171994012.shtml HTTP/1.1" 200 0 "-" "Mozilla/5.0 (compatible; SemrushBot/7~bl; +http://www.semrush.com/bot.html)"
185.191.171.14 - - [27/Apr/2025:22:24:35 -0400] "GET /db.php/fashion/watches/9800452958734.shtml HTTP/1.1" 200 0 "-" "Mozilla/5.0 (compatible; SemrushBot/7~bl; +http://www.semrush.com/bot.html)"
185.191.171.2 - - [27/Apr/2025:22:24:38 -0400] "GET /db.php/outerwear/collarless-jacket/20660520695558.shtml HTTP/1.1" 200 0 "-" "Mozilla/5.0 (compatible; SemrushBot/7~bl; +http://www.semrush.com/bot.html)"
85.208.96.199 - - [27/Apr/2025:22:24:40 -0400] "GET /db.php/fashion/jackets/9720042560898.shtml HTTP/1.1" 200 0 "-" "Mozilla/5.0 (compatible; SemrushBot/7~bl; +http://www.semrush.com/bot.html)"
157.55.39.62 - - [27/Apr/2025:22:24:53 -0400] "GET /home-appliances-washing-machines-ldw0 HTTP/1.1" 200 20800 "-" "Mozilla/5.0 AppleWebKit/537.36 (KHTML, like Gecko; compatible; bingbot/2.0; +http://www.bing.com/bingbot.htm) Chrome/116.0.1938.76 Safari/537.36"
185.191.171.9 - - [27/Apr/2025:22:24:59 -0400] "GET /db.php/travel-supplies/reels/8770313777561.shtml HTTP/1.1" 200 0 "-" "Mozilla/5.0 (compatible; SemrushBot/7~bl; +http://www.semrush.com/bot.html)"
185.191.171.16 - - [27/Apr/2025:22:25:09 -0400] "GET /db.php/fashion/yukata/9790532128216.shtml HTTP/1.1" 200 0 "-" "Mozilla/5.0 (compatible; SemrushBot/7~bl; +http://www.semrush.com/bot.html)"
185.191.171.2 - - [27/Apr/2025:22:25:13 -0400] "GET /db.php/fashion/bags/9750320710737.shtml HTTP/1.1" 200 0 "-" "Mozilla/5.0 (compatible; SemrushBot/7~bl; +http://www.semrush.com/bot.html)"
85.208.96.202 - - [27/Apr/2025:22:25:28 -0400] "GET /db.php/musical-instruments/characters/18740081204993.shtml HTTP/1.1" 200 0 "-" "Mozilla/5.0 (compatible; SemrushBot/7~bl; +http://www.semrush.com/bot.html)"
52.167.144.203 - - [27/Apr/2025:22:25:33 -0400] "GET /blu-ray-japanese-music-1bwfs HTTP/1.1" 200 21418 "-" "Mozilla/5.0 AppleWebKit/537.36 (KHTML, like Gecko; compatible; bingbot/2.0; +http://www.bing.com/bingbot.htm) Chrome/116.0.1938.76 Safari/537.36"
185.191.171.9 - - [27/Apr/2025:22:25:37 -0400] "GET /db.php/alcohol/whiskey/9160140468237.shtml HTTP/1.1" 200 0 "-" "Mozilla/5.0 (compatible; SemrushBot/7~bl; +http://www.semrush.com/bot.html)"
185.191.171.13 - - [27/Apr/2025:22:25:50 -0400] "GET /db.php/outdoor/outdoor-shoes/8820261346935.shtml HTTP/1.1" 200 0 "-" "Mozilla/5.0 (compatible; SemrushBot/7~bl; +http://www.semrush.com/bot.html)"
52.167.144.203 - - [27/Apr/2025:22:25:52 -0400] "GET /fashion-hats-iq4i HTTP/1.1" 200 22009 "-" "Mozilla/5.0 AppleWebKit/537.36 (KHTML, like Gecko; compatible; bingbot/2.0; +http://www.bing.com/bingbot.htm) Chrome/116.0.1938.76 Safari/537.36"
199.188.205.55 - - [27/Apr/2025:22:25:57 -0400] "POST /wp-cron.php?doing_wp_cron=1745807157.2961990833282470703125 HTTP/1.1" 200 0 "-" "WordPress/6.2.6; http://rupalake.org.np"
51.222.253.16 - - [27/Apr/2025:22:25:56 -0400] "GET /diy/drills/5370533268609 HTTP/1.1" 404 7439 "-" "Mozilla/5.0 (compatible; AhrefsBot/7.0; +http://ahrefs.com/robot/)"
185.191.171.4 - - [27/Apr/2025:22:26:14 -0400] "GET /db.php/magazines/qualifications/16760082000543.shtml HTTP/1.1" 200 0 "-" "Mozilla/5.0 (compatible; SemrushBot/7~bl; +http://www.semrush.com/bot.html)"
185.191.171.4 - - [27/Apr/2025:22:26:25 -0400] "GET /db.php/outdoor/rods/8880063291319.shtml HTTP/1.1" 200 0 "-" "Mozilla/5.0 (compatible; SemrushBot/7~bl; +http://www.semrush.com/bot.html)"
185.191.171.10 - - [27/Apr/2025:22:26:35 -0400] "GET /db.php/home-appliances/humidifiers/9410352600147.shtml HTTP/1.1" 200 0 "-" "Mozilla/5.0 (compatible; SemrushBot/7~bl; +http://www.semrush.com/bot.html)"
85.208.96.211 - - [27/Apr/2025:22:26:38 -0400] "GET /db.php/food/vegetables/9250322488486.shtml HTTP/1.1" 200 0 "-" "Mozilla/5.0 (compatible; SemrushBot/7~bl; +http://www.semrush.com/bot.html)"
185.191.171.11 - - [27/Apr/2025:22:26:48 -0400] "GET /db.php/drinks/whiskey/9160220416263.shtml HTTP/1.1" 200 0 "-" "Mozilla/5.0 (compatible; SemrushBot/7~bl; +http://www.semrush.com/bot.html)"
185.191.171.16 - - [27/Apr/2025:22:27:13 -0400] "GET /db.php/smartphones/smartphones/680191394436.shtml HTTP/1.1" 200 0 "-" "Mozilla/5.0 (compatible; SemrushBot/7~bl; +http://www.semrush.com/bot.html)"
157.55.39.62 - - [27/Apr/2025:22:27:23 -0400] "GET /smartphones-video-cards-p883 HTTP/1.1" 200 21640 "-" "Mozilla/5.0 AppleWebKit/537.36 (KHTML, like Gecko; compatible; bingbot/2.0; +http://www.bing.com/bingbot.htm) Chrome/116.0.1938.76 Safari/537.36"
157.55.39.62 - - [27/Apr/2025:22:27:24 -0400] "GET /home-appliances-electric-fans-1q33u HTTP/1.1" 200 21343 "-" "Mozilla/5.0 AppleWebKit/537.36 (KHTML, like Gecko; compatible; bingbot/2.0; +http://www.bing.com/bingbot.htm) Chrome/116.0.1938.76 Safari/537.36"
185.191.171.14 - - [27/Apr/2025:22:27:39 -0400] "GET /db.php/sports/shoes/1630411863441.shtml HTTP/1.1" 200 0 "-" "Mozilla/5.0 (compatible; SemrushBot/7~bl; +http://www.semrush.com/bot.html)"
52.167.144.199 - - [27/Apr/2025:22:27:45 -0400] "GET /tv-zoom-lens-t2uu HTTP/1.1" 200 21097 "-" "Mozilla/5.0 AppleWebKit/537.36 (KHTML, like Gecko; compatible; bingbot/2.0; +http://www.bing.com/bingbot.htm) Chrome/116.0.1938.76 Safari/537.36"
52.167.144.199 - - [27/Apr/2025:22:27:46 -0400] "GET /diy-detectors-ueau HTTP/1.1" 200 21484 "-" "Mozilla/5.0 AppleWebKit/537.36 (KHTML, like Gecko; compatible; bingbot/2.0; +http://www.bing.com/bingbot.htm) Chrome/116.0.1938.76 Safari/537.36"
185.4.176.103 - - [27/Apr/2025:22:27:50 -0400] "GET /robots.txt HTTP/1.1" 200 158 "-" "Mozilla/5.0 (compatible; MJ12bot/v2.0.0; http://mj12bot.com/)"
199.188.205.55 - - [27/Apr/2025:22:27:50 -0400] "POST /wp-cron.php?doing_wp_cron=1745807270.8843998908996582031250 HTTP/1.1" 200 0 "-" "WordPress/6.2.6; http://rupalake.org.np"
185.4.176.103 - - [27/Apr/2025:22:27:50 -0400] "GET / HTTP/1.1" 200 10020 "-" "Mozilla/5.0 (compatible; MJ12bot/v2.0.0; http://mj12bot.com/)"
85.208.96.207 - - [27/Apr/2025:22:27:51 -0400] "GET /db.php/tickets/food/8350292977097.shtml HTTP/1.1" 200 0 "-" "Mozilla/5.0 (compatible; SemrushBot/7~bl; +http://www.semrush.com/bot.html)"
199.188.205.55 - - [27/Apr/2025:22:27:59 -0400] "GET /.well-known/pki-validation/moon.php HTTP/1.1" 404 1251 "-" "Mozilla/5.0 (Windows NT 10.0; Win64; x64; rv:77.0) Gecko/20100101 Firefox/77.0"
85.208.96.212 - - [27/Apr/2025:22:28:01 -0400] "GET /db.php/fashion/bags/9750212832006.shtml HTTP/1.1" 200 0 "-" "Mozilla/5.0 (compatible; SemrushBot/7~bl; +http://www.semrush.com/bot.html)"
199.188.205.55 - - [27/Apr/2025:22:28:07 -0400] "GET /.well-known/pki-validation/eew.php HTTP/1.1" 404 1251 "-" "Mozilla/5.0 (Windows NT 6.1; Win64; x64) AppleWebKit/537.36 (KHTML, like Gecko) Chrome/80.0.3987.149 Safari/537.36"
85.208.96.211 - - [27/Apr/2025:22:28:09 -0400] "GET /db.php/goods/others/14450511362823.shtml HTTP/1.1" 200 0 "-" "Mozilla/5.0 (compatible; SemrushBot/7~bl; +http://www.semrush.com/bot.html)"
85.208.96.208 - - [27/Apr/2025:22:28:18 -0400] "GET /db.php/furniture/seater-sofas/4000281999158.shtml HTTP/1.1" 200 0 "-" "Mozilla/5.0 (compatible; SemrushBot/7~bl; +http://www.semrush.com/bot.html)"
199.188.205.55 - - [27/Apr/2025:22:28:18 -0400] "GET /.well-known/pki-validation/xmrlpc.php HTTP/1.1" 404 1251 "-" "Mozilla/5.0 (Windows NT 10.0; Win64; x64; rv:73.0) Gecko/20100101 Firefox/73.0"
52.167.144.199 - - [27/Apr/2025:22:28:24 -0400] "GET /furniture-low-tables-20eb3 HTTP/1.1" 200 21874 "-" "Mozilla/5.0 AppleWebKit/537.36 (KHTML, like Gecko; compatible; bingbot/2.0; +http://www.bing.com/bingbot.htm) Chrome/116.0.1938.76 Safari/537.36"
199.188.205.55 - - [27/Apr/2025:22:28:27 -0400] "GET /.well-known/pki-validation/.qiodetme.php HTTP/1.1" 404 1251 "-" "Mozilla/5.0 (Windows NT 10.0; Win64; x64) AppleWebKit/537.36 (KHTML, like Gecko) Chrome/77.0.3865.90 Safari/537.36"
185.191.171.15 - - [27/Apr/2025:22:28:38 -0400] "GET /db.php/fashion/bags/9750370313655.shtml HTTP/1.1" 200 0 "-" "Mozilla/5.0 (compatible; SemrushBot/7~bl; +http://www.semrush.com/bot.html)"
85.208.96.201 - - [27/Apr/2025:22:28:39 -0400] "GET /db.php/art/automobiles/18430491246767.shtml HTTP/1.1" 200 0 "-" "Mozilla/5.0 (compatible; SemrushBot/7~bl; +http://www.semrush.com/bot.html)"
199.188.205.55 - - [27/Apr/2025:22:28:43 -0400] "GET /.well-known/pki-validation/ HTTP/1.1" 404 1251 "-" "Mozilla/5.0 (X11; Ubuntu; Linux i686; rv:79.0) Gecko/20100101 Firefox/79.0"
85.208.96.200 - - [27/Apr/2025:22:29:04 -0400] "GET /db.php/audio/amplifiers/14500470649639.shtml HTTP/1.1" 200 0 "-" "Mozilla/5.0 (compatible; SemrushBot/7~bl; +http://www.semrush.com/bot.html)"
185.191.171.14 - - [27/Apr/2025:22:29:16 -0400] "GET /robots.txt HTTP/1.1" 200 236 "-" "Mozilla/5.0 (compatible; SemrushBot/7~bl; +http://www.semrush.com/bot.html)"
185.191.171.16 - - [27/Apr/2025:22:29:16 -0400] "GET /db.php/decor/others/5200511577071.shtml HTTP/1.1" 200 0 "-" "Mozilla/5.0 (compatible; SemrushBot/7~bl; +http://www.semrush.com/bot.html)"
185.191.171.2 - - [27/Apr/2025:22:29:18 -0400] "GET /db.php/fashion/dresses/9810211135122.shtml HTTP/1.1" 200 0 "-" "Mozilla/5.0 (compatible; SemrushBot/7~bl; +http://www.semrush.com/bot.html)"
185.191.171.8 - - [27/Apr/2025:22:29:25 -0400] "GET /db.php/interior/futon/3880213134123.shtml HTTP/1.1" 200 0 "-" "Mozilla/5.0 (compatible; SemrushBot/7~bl; +http://www.semrush.com/bot.html)"
85.208.96.196 - - [27/Apr/2025:22:29:33 -0400] "GET /db.php/food/soft-drinks/9300540541634.shtml HTTP/1.1" 200 0 "-" "Mozilla/5.0 (compatible; SemrushBot/7~bl; +http://www.semrush.com/bot.html)"
185.191.171.8 - - [27/Apr/2025:22:29:47 -0400] "GET /db.php/tv/digital-cameras/14470121922798.shtml HTTP/1.1" 200 0 "-" "Mozilla/5.0 (compatible; SemrushBot/7~bl; +http://www.semrush.com/bot.html)"
52.167.144.203 - - [27/Apr/2025:22:29:52 -0400] "GET /fashion-formal-wear-1c5ci HTTP/1.1" 200 22044 "-" "Mozilla/5.0 AppleWebKit/537.36 (KHTML, like Gecko; compatible; bingbot/2.0; +http://www.bing.com/bingbot.htm) Chrome/116.0.1938.76 Safari/537.36"
85.208.96.198 - - [27/Apr/2025:22:30:10 -0400] "GET /db.php/computers/smartphones/680111342137.shtml HTTP/1.1" 200 0 "-" "Mozilla/5.0 (compatible; SemrushBot/7~bl; +http://www.semrush.com/bot.html)"
85.208.96.202 - - [27/Apr/2025:22:30:21 -0400] "GET /db.php/games/sports/14350332808327.shtml HTTP/1.1" 200 0 "-" "Mozilla/5.0 (compatible; SemrushBot/7~bl; +http://www.semrush.com/bot.html)"
185.191.171.17 - - [27/Apr/2025:22:30:26 -0400] "GET /db.php/fashion/jackets/9720480221627.shtml HTTP/1.1" 200 0 "-" "Mozilla/5.0 (compatible; SemrushBot/7~bl; +http://www.semrush.com/bot.html)"
199.188.205.55 - - [27/Apr/2025:22:30:32 -0400] "POST /wp-cron.php?doing_wp_cron=1745807432.5075590610504150390625 HTTP/1.1" 200 0 "-" "WordPress/6.2.6; http://rupalake.org.np"
51.222.253.12 - - [27/Apr/2025:22:30:31 -0400] "GET /drinks/rice/9210521540121 HTTP/1.1" 404 7439 "-" "Mozilla/5.0 (compatible; AhrefsBot/7.0; +http://ahrefs.com/robot/)"
85.208.96.202 - - [27/Apr/2025:22:30:44 -0400] "GET /db.php/travel-supplies/mountain-climbing/8830484078751.shtml HTTP/1.1" 200 0 "-" "Mozilla/5.0 (compatible; SemrushBot/7~bl; +http://www.semrush.com/bot.html)"
85.208.96.195 - - [27/Apr/2025:22:30:46 -0400] "GET /db.php/air-conditioning/freezer/9450513121531.shtml HTTP/1.1" 200 0 "-" "Mozilla/5.0 (compatible; SemrushBot/7~bl; +http://www.semrush.com/bot.html)"
85.208.96.205 - - [27/Apr/2025:22:30:48 -0400] "GET /db.php/magazines/study-guides/16790031537393.shtml HTTP/1.1" 200 0 "-" "Mozilla/5.0 (compatible; SemrushBot/7~bl; +http://www.semrush.com/bot.html)"
85.208.96.201 - - [27/Apr/2025:22:31:13 -0400] "GET /db.php/blu-ray/music/15020332319484.shtml HTTP/1.1" 200 0 "-" "Mozilla/5.0 (compatible; SemrushBot/7~bl; +http://www.semrush.com/bot.html)"
85.208.96.212 - - [27/Apr/2025:22:31:17 -0400] "GET /db.php/smartphones/apple-watches/760531981574.shtml HTTP/1.1" 200 0 "-" "Mozilla/5.0 (compatible; SemrushBot/7~bl; +http://www.semrush.com/bot.html)"
185.191.171.3 - - [27/Apr/2025:22:31:44 -0400] "GET /db.php/daily-necessities/bulk-sales/15210082537881.shtml HTTP/1.1" 200 0 "-" "Mozilla/5.0 (compatible; SemrushBot/7~bl; +http://www.semrush.com/bot.html)"
85.208.96.202 - - [27/Apr/2025:22:32:00 -0400] "GET /db.php/travel-supplies/fishing-rod-sets/8950063559435.shtml HTTP/1.1" 200 0 "-" "Mozilla/5.0 (compatible; SemrushBot/7~bl; +http://www.semrush.com/bot.html)"
52.167.144.203 - - [27/Apr/2025:22:32:04 -0400] "GET /goods-acrylic-stands-2j2cc HTTP/1.1" 200 21373 "-" "Mozilla/5.0 AppleWebKit/537.36 (KHTML, like Gecko; compatible; bingbot/2.0; +http://www.bing.com/bingbot.htm) Chrome/116.0.1938.76 Safari/537.36"
185.191.171.9 - - [27/Apr/2025:22:32:11 -0400] "GET /db.php/daily-necessities/bulk-sales/15210553540483.shtml HTTP/1.1" 200 0 "-" "Mozilla/5.0 (compatible; SemrushBot/7~bl; +http://www.semrush.com/bot.html)"
185.191.171.11 - - [27/Apr/2025:22:32:21 -0400] "GET /db.php/fashion/tops/9730450365945.shtml HTTP/1.1" 200 0 "-" "Mozilla/5.0 (compatible; SemrushBot/7~bl; +http://www.semrush.com/bot.html)"
85.208.96.200 - - [27/Apr/2025:22:32:40 -0400] "GET /db.php/fashion/tops/9730601918574.shtml HTTP/1.1" 200 0 "-" "Mozilla/5.0 (compatible; SemrushBot/7~bl; +http://www.semrush.com/bot.html)"
85.208.96.210 - - [27/Apr/2025:22:32:42 -0400] "GET /db.php/interior/office-supplies/4280072660379.shtml HTTP/1.1" 200 0 "-" "Mozilla/5.0 (compatible; SemrushBot/7~bl; +http://www.semrush.com/bot.html)"
185.191.171.2 - - [27/Apr/2025:22:33:06 -0400] "GET /db.php/fashion/tops/9730262107867.shtml HTTP/1.1" 200 0 "-" "Mozilla/5.0 (compatible; SemrushBot/7~bl; +http://www.semrush.com/bot.html)"
85.208.96.202 - - [27/Apr/2025:22:33:18 -0400] "GET /db.php/fashion/shoes/9740090174934.shtml HTTP/1.1" 200 0 "-" "Mozilla/5.0 (compatible; SemrushBot/7~bl; +http://www.semrush.com/bot.html)"
85.208.96.210 - - [27/Apr/2025:22:33:29 -0400] "GET /db.php/etc./bulk-sales/15210023547575.shtml HTTP/1.1" 200 0 "-" "Mozilla/5.0 (compatible; SemrushBot/7~bl; +http://www.semrush.com/bot.html)"
185.191.171.1 - - [27/Apr/2025:22:33:33 -0400] "GET /db.php/smartphones/printers/770310607918.shtml HTTP/1.1" 200 0 "-" "Mozilla/5.0 (compatible; SemrushBot/7~bl; +http://www.semrush.com/bot.html)"
185.191.171.1 - - [27/Apr/2025:22:33:45 -0400] "GET /db.php/sports/field-equipment/2220561413367.shtml HTTP/1.1" 200 0 "-" "Mozilla/5.0 (compatible; SemrushBot/7~bl; +http://www.semrush.com/bot.html)"
85.208.96.196 - - [27/Apr/2025:22:33:52 -0400] "GET /db.php/tv/single-focus/14610273208425.shtml HTTP/1.1" 200 0 "-" "Mozilla/5.0 (compatible; SemrushBot/7~bl; +http://www.semrush.com/bot.html)"
85.208.96.201 - - [27/Apr/2025:22:34:09 -0400] "GET /db.php/home-appliances/oil-heaters/9520080617477.shtml HTTP/1.1" 200 0 "-" "Mozilla/5.0 (compatible; SemrushBot/7~bl; +http://www.semrush.com/bot.html)"
207.46.13.150 - - [27/Apr/2025:22:34:16 -0400] "GET /fishing-rods-a17b HTTP/1.1" 200 21629 "-" "Mozilla/5.0 AppleWebKit/537.36 (KHTML, like Gecko; compatible; bingbot/2.0; +http://www.bing.com/bingbot.htm) Chrome/116.0.1938.76 Safari/537.36"
85.208.96.196 - - [27/Apr/2025:22:34:22 -0400] "GET /db.php/fashion/outerwear/9720033384416.shtml HTTP/1.1" 200 0 "-" "Mozilla/5.0 (compatible; SemrushBot/7~bl; +http://www.semrush.com/bot.html)"
85.208.96.210 - - [27/Apr/2025:22:34:28 -0400] "GET /db.php/beauty/hair-growth/17250383557168.shtml HTTP/1.1" 200 0 "-" "Mozilla/5.0 (compatible; SemrushBot/7~bl; +http://www.semrush.com/bot.html)"
85.208.96.212 - - [27/Apr/2025:22:34:47 -0400] "GET /db.php/tv/woofers/14550101920076.shtml HTTP/1.1" 200 0 "-" "Mozilla/5.0 (compatible; SemrushBot/7~bl; +http://www.semrush.com/bot.html)"
199.188.205.55 - - [27/Apr/2025:22:34:55 -0400] "POST /wp-cron.php?doing_wp_cron=1745807695.9185349941253662109375 HTTP/1.1" 200 0 "-" "WordPress/6.2.6; http://rupalake.org.np"
51.222.253.16 - - [27/Apr/2025:22:34:55 -0400] "GET /fashion/pants/9780063118334 HTTP/1.1" 404 7439 "-" "Mozilla/5.0 (compatible; AhrefsBot/7.0; +http://ahrefs.com/robot/)"
185.191.171.15 - - [27/Apr/2025:22:34:58 -0400] "GET /db.php/computers/mobile-phones/730360251884.shtml HTTP/1.1" 200 0 "-" "Mozilla/5.0 (compatible; SemrushBot/7~bl; +http://www.semrush.com/bot.html)"
85.208.96.208 - - [27/Apr/2025:22:35:10 -0400] "GET /db.php/food/whiskey/9160334042498.shtml HTTP/1.1" 200 0 "-" "Mozilla/5.0 (compatible; SemrushBot/7~bl; +http://www.semrush.com/bot.html)"
185.191.171.14 - - [27/Apr/2025:22:35:16 -0400] "GET /db.php/cars/parts/18220340214483.shtml HTTP/1.1" 200 0 "-" "Mozilla/5.0 (compatible; SemrushBot/7~bl; +http://www.semrush.com/bot.html)"
185.191.171.15 - - [27/Apr/2025:22:35:36 -0400] "GET /db.php/drinks/whiskey/9160022849576.shtml HTTP/1.1" 200 0 "-" "Mozilla/5.0 (compatible; SemrushBot/7~bl; +http://www.semrush.com/bot.html)"
185.191.171.15 - - [27/Apr/2025:22:35:41 -0400] "GET /db.php/outdoor/cooking-supplies/8860240575873.shtml HTTP/1.1" 200 0 "-" "Mozilla/5.0 (compatible; SemrushBot/7~bl; +http://www.semrush.com/bot.html)"
85.208.96.211 - - [27/Apr/2025:22:36:01 -0400] "GET /db.php/air-conditioning/air-purifiers/9380403958220.shtml HTTP/1.1" 200 0 "-" "Mozilla/5.0 (compatible; SemrushBot/7~bl; +http://www.semrush.com/bot.html)"
40.77.167.68 - - [27/Apr/2025:22:36:15 -0400] "GET /art-furniture-rbto HTTP/1.1" 200 20613 "-" "Mozilla/5.0 AppleWebKit/537.36 (KHTML, like Gecko; compatible; bingbot/2.0; +http://www.bing.com/bingbot.htm) Chrome/116.0.1938.76 Safari/537.36"
40.77.167.68 - - [27/Apr/2025:22:36:15 -0400] "GET /cosmetics-unisex-perfumes-1ggcf HTTP/1.1" 200 21621 "-" "Mozilla/5.0 AppleWebKit/537.36 (KHTML, like Gecko; compatible; bingbot/2.0; +http://www.bing.com/bingbot.htm) Chrome/116.0.1938.76 Safari/537.36"
185.191.171.14 - - [27/Apr/2025:22:36:26 -0400] "GET /db.php/gardening/others/3840122502780.shtml HTTP/1.1" 200 0 "-" "Mozilla/5.0 (compatible; SemrushBot/7~bl; +http://www.semrush.com/bot.html)"
185.191.171.3 - - [27/Apr/2025:22:36:30 -0400] "GET /db.php/bicycles/tires/18250230413898.shtml HTTP/1.1" 200 0 "-" "Mozilla/5.0 (compatible; SemrushBot/7~bl; +http://www.semrush.com/bot.html)"
185.191.171.19 - - [27/Apr/2025:22:36:40 -0400] "GET /db.php/fishing/backpacks/8800023064738.shtml HTTP/1.1" 200 0 "-" "Mozilla/5.0 (compatible; SemrushBot/7~bl; +http://www.semrush.com/bot.html)"
85.208.96.205 - - [27/Apr/2025:22:37:07 -0400] "GET /db.php/travel-supplies/rods/8880113717395.shtml HTTP/1.1" 200 0 "-" "Mozilla/5.0 (compatible; SemrushBot/7~bl; +http://www.semrush.com/bot.html)"
185.191.171.5 - - [27/Apr/2025:22:37:20 -0400] "GET /db.php/books/complete-sets/16770073008738.shtml HTTP/1.1" 200 0 "-" "Mozilla/5.0 (compatible; SemrushBot/7~bl; +http://www.semrush.com/bot.html)"
40.77.167.68 - - [27/Apr/2025:22:37:24 -0400] "GET /health-aromatherapy-17utf HTTP/1.1" 200 21743 "-" "Mozilla/5.0 AppleWebKit/537.36 (KHTML, like Gecko; compatible; bingbot/2.0; +http://www.bing.com/bingbot.htm) Chrome/116.0.1938.76 Safari/537.36"
185.191.171.18 - - [27/Apr/2025:22:37:34 -0400] "GET /db.php/tools/adhesives/5770093863179.shtml HTTP/1.1" 200 0 "-" "Mozilla/5.0 (compatible; SemrushBot/7~bl; +http://www.semrush.com/bot.html)"
185.191.171.1 - - [27/Apr/2025:22:37:49 -0400] "GET /db.php/fishing/backpacks/8800010246044.shtml HTTP/1.1" 200 0 "-" "Mozilla/5.0 (compatible; SemrushBot/7~bl; +http://www.semrush.com/bot.html)"
185.191.171.10 - - [27/Apr/2025:22:37:58 -0400] "GET /db.php/fashion/bags/9750191111660.shtml HTTP/1.1" 200 0 "-" "Mozilla/5.0 (compatible; SemrushBot/7~bl; +http://www.semrush.com/bot.html)"
185.191.171.3 - - [27/Apr/2025:22:38:05 -0400] "GET /db.php/flowers/other-succulents/3280033150183.shtml HTTP/1.1" 200 0 "-" "Mozilla/5.0 (compatible; SemrushBot/7~bl; +http://www.semrush.com/bot.html)"
85.208.96.205 - - [27/Apr/2025:22:38:10 -0400] "GET /db.php/cars/accessories/18370561180140.shtml HTTP/1.1" 200 0 "-" "Mozilla/5.0 (compatible; SemrushBot/7~bl; +http://www.semrush.com/bot.html)"
85.208.96.203 - - [27/Apr/2025:22:38:14 -0400] "GET /db.php/computers/macbooks/720172166671.shtml HTTP/1.1" 200 0 "-" "Mozilla/5.0 (compatible; SemrushBot/7~bl; +http://www.semrush.com/bot.html)"
185.191.171.3 - - [27/Apr/2025:22:38:31 -0400] "GET /db.php/tops/knitwear/20450141711600.shtml HTTP/1.1" 200 0 "-" "Mozilla/5.0 (compatible; SemrushBot/7~bl; +http://www.semrush.com/bot.html)"
52.167.144.21 - - [27/Apr/2025:22:38:36 -0400] "GET /home-appliances-refrigerator-t37f HTTP/1.1" 200 20990 "-" "Mozilla/5.0 AppleWebKit/537.36 (KHTML, like Gecko; compatible; bingbot/2.0; +http://www.bing.com/bingbot.htm) Chrome/116.0.1938.76 Safari/537.36"
85.208.96.203 - - [27/Apr/2025:22:39:00 -0400] "GET /db.php/cosmetics/face-roller/17680572732335.shtml HTTP/1.1" 200 0 "-" "Mozilla/5.0 (compatible; SemrushBot/7~bl; +http://www.semrush.com/bot.html)"
185.191.171.3 - - [27/Apr/2025:22:39:06 -0400] "GET /db.php/bicycles/car-navigation-systems/18290431154294.shtml HTTP/1.1" 200 0 "-" "Mozilla/5.0 (compatible; SemrushBot/7~bl; +http://www.semrush.com/bot.html)"
185.191.171.5 - - [27/Apr/2025:22:39:08 -0400] "GET /db.php/beauty/body/17220342782457.shtml HTTP/1.1" 200 0 "-" "Mozilla/5.0 (compatible; SemrushBot/7~bl; +http://www.semrush.com/bot.html)"
185.191.171.15 - - [27/Apr/2025:22:39:15 -0400] "GET /db.php/cosmetics/depilation/17260203109777.shtml HTTP/1.1" 200 0 "-" "Mozilla/5.0 (compatible; SemrushBot/7~bl; +http://www.semrush.com/bot.html)"
185.191.171.1 - - [27/Apr/2025:22:39:23 -0400] "GET /db.php/fashion/dresses/9810181758662.shtml HTTP/1.1" 200 0 "-" "Mozilla/5.0 (compatible; SemrushBot/7~bl; +http://www.semrush.com/bot.html)"
52.167.144.21 - - [27/Apr/2025:22:39:24 -0400] "GET /food-shochu-1pent HTTP/1.1" 200 20830 "-" "Mozilla/5.0 AppleWebKit/537.36 (KHTML, like Gecko; compatible; bingbot/2.0; +http://www.bing.com/bingbot.htm) Chrome/116.0.1938.76 Safari/537.36"
185.191.171.19 - - [27/Apr/2025:22:39:41 -0400] "GET /db.php/home-appliances/dryers/9590383242772.shtml HTTP/1.1" 200 0 "-" "Mozilla/5.0 (compatible; SemrushBot/7~bl; +http://www.semrush.com/bot.html)"
85.208.96.203 - - [27/Apr/2025:22:39:45 -0400] "GET /db.php/beauty/hair-removal/17260601158671.shtml HTTP/1.1" 200 0 "-" "Mozilla/5.0 (compatible; SemrushBot/7~bl; +http://www.semrush.com/bot.html)"
85.208.96.207 - - [27/Apr/2025:22:40:02 -0400] "GET /db.php/daily-necessities/bulk-sales/15210532750122.shtml HTTP/1.1" 200 0 "-" "Mozilla/5.0 (compatible; SemrushBot/7~bl; +http://www.semrush.com/bot.html)"
185.191.171.11 - - [27/Apr/2025:22:40:27 -0400] "GET /db.php/bicycles/security/18340161735276.shtml HTTP/1.1" 200 0 "-" "Mozilla/5.0 (compatible; SemrushBot/7~bl; +http://www.semrush.com/bot.html)"
185.191.171.2 - - [27/Apr/2025:22:40:36 -0400] "GET /db.php/toys/sports/14350430674301.shtml HTTP/1.1" 200 0 "-" "Mozilla/5.0 (compatible; SemrushBot/7~bl; +http://www.semrush.com/bot.html)"
85.208.96.199 - - [27/Apr/2025:22:40:39 -0400] "GET /db.php/health/aromatherapy/10050330907343.shtml HTTP/1.1" 200 0 "-" "Mozilla/5.0 (compatible; SemrushBot/7~bl; +http://www.semrush.com/bot.html)"
199.188.205.55 - - [27/Apr/2025:22:40:41 -0400] "POST /wp-cron.php?doing_wp_cron=1745808041.2291491031646728515625 HTTP/1.1" 200 0 "-" "WordPress/6.2.6; http://rupalake.org.np"
51.222.253.8 - - [27/Apr/2025:22:40:40 -0400] "GET /fashion/shoes/9740503414657 HTTP/1.1" 404 7439 "-" "Mozilla/5.0 (compatible; AhrefsBot/7.0; +http://ahrefs.com/robot/)"
207.46.13.150 - - [27/Apr/2025:22:40:47 -0400] "GET /home-appliances-smoking-accessories-umwx HTTP/1.1" 200 22392 "-" "Mozilla/5.0 AppleWebKit/537.36 (KHTML, like Gecko; compatible; bingbot/2.0; +http://www.bing.com/bingbot.htm) Chrome/116.0.1938.76 Safari/537.36"
207.46.13.127 - - [27/Apr/2025:22:40:51 -0400] "GET /air-conditioning-gas-stoves-vbw3 HTTP/1.1" 200 21595 "-" "Mozilla/5.0 AppleWebKit/537.36 (KHTML, like Gecko; compatible; bingbot/2.0; +http://www.bing.com/bingbot.htm) Chrome/116.0.1938.76 Safari/537.36"
185.191.171.1 - - [27/Apr/2025:22:41:18 -0400] "GET /db.php/computers/mini-pc/900351820486.shtml HTTP/1.1" 200 0 "-" "Mozilla/5.0 (compatible; SemrushBot/7~bl; +http://www.semrush.com/bot.html)"
185.191.171.11 - - [27/Apr/2025:22:41:22 -0400] "GET /db.php/fashion/tops/9730271457502.shtml HTTP/1.1" 200 0 "-" "Mozilla/5.0 (compatible; SemrushBot/7~bl; +http://www.semrush.com/bot.html)"
85.208.96.209 - - [27/Apr/2025:22:41:30 -0400] "GET /db.php/outdoor/flies/8790303543716.shtml HTTP/1.1" 200 0 "-" "Mozilla/5.0 (compatible; SemrushBot/7~bl; +http://www.semrush.com/bot.html)"
185.191.171.10 - - [27/Apr/2025:22:44:39 -0400] "GET /db.php/pet-supplies/dog-food/7380021656745.shtml HTTP/1.1" 200 0 "-" "Mozilla/5.0 (compatible; SemrushBot/7~bl; +http://www.semrush.com/bot.html)"
207.46.13.127 - - [27/Apr/2025:22:44:40 -0400] "GET /sports-clubs-h6du HTTP/1.1" 200 20575 "-" "Mozilla/5.0 AppleWebKit/537.36 (KHTML, like Gecko; compatible; bingbot/2.0; +http://www.bing.com/bingbot.htm) Chrome/116.0.1938.76 Safari/537.36"
185.191.171.11 - - [27/Apr/2025:22:44:41 -0400] "GET /db.php/books/entertainment/17050113553902.shtml HTTP/1.1" 200 0 "-" "Mozilla/5.0 (compatible; SemrushBot/7~bl; +http://www.semrush.com/bot.html)"
185.191.171.8 - - [27/Apr/2025:22:44:44 -0400] "GET /db.php/cds/k-pop/15010513698050.shtml HTTP/1.1" 200 0 "-" "Mozilla/5.0 (compatible; SemrushBot/7~bl; +http://www.semrush.com/bot.html)"
52.167.144.21 - - [27/Apr/2025:22:44:55 -0400] "GET /cosmetics-unisex-perfumes-1feun HTTP/1.1" 200 21405 "-" "Mozilla/5.0 AppleWebKit/537.36 (KHTML, like Gecko; compatible; bingbot/2.0; +http://www.bing.com/bingbot.htm) Chrome/116.0.1938.76 Safari/537.36"
207.46.13.127 - - [27/Apr/2025:22:45:15 -0400] "GET /goods-sports-1j4o9 HTTP/1.1" 200 22042 "-" "Mozilla/5.0 AppleWebKit/537.36 (KHTML, like Gecko; compatible; bingbot/2.0; +http://www.bing.com/bingbot.htm) Chrome/116.0.1938.76 Safari/537.36"
185.191.171.19 - - [27/Apr/2025:22:45:21 -0400] "GET /db.php/fashion/outerwear/9720082804655.shtml HTTP/1.1" 200 0 "-" "Mozilla/5.0 (compatible; SemrushBot/7~bl; +http://www.semrush.com/bot.html)"
199.188.205.55 - - [27/Apr/2025:22:45:36 -0400] "POST /wp-cron.php?doing_wp_cron=1745808335.4971950054168701171875 HTTP/1.1" 200 0 "-" "WordPress/6.2.6; http://rupalake.org.np"
51.222.253.4 - - [27/Apr/2025:22:45:34 -0400] "GET /fashion/tops/9730040965794 HTTP/1.1" 404 7439 "-" "Mozilla/5.0 (compatible; AhrefsBot/7.0; +http://ahrefs.com/robot/)"
85.208.96.195 - - [27/Apr/2025:22:45:48 -0400] "GET /db.php/toys/idols/13220183318986.shtml HTTP/1.1" 200 0 "-" "Mozilla/5.0 (compatible; SemrushBot/7~bl; +http://www.semrush.com/bot.html)"
85.208.96.211 - - [27/Apr/2025:22:45:56 -0400] "GET /db.php/cars/car-navigation-systems/18290423596083.shtml HTTP/1.1" 200 0 "-" "Mozilla/5.0 (compatible; SemrushBot/7~bl; +http://www.semrush.com/bot.html)"
52.167.144.21 - - [27/Apr/2025:22:41:34 -0400] "GET /food-whiskey-4hj3 HTTP/1.1" 200 20925 "-" "Mozilla/5.0 AppleWebKit/537.36 (KHTML, like Gecko; compatible; bingbot/2.0; +http://www.bing.com/bingbot.htm) Chrome/116.0.1938.76 Safari/537.36"
52.167.144.21 - - [27/Apr/2025:22:41:35 -0400] "GET /tv-headphones-if4f HTTP/1.1" 200 21562 "-" "Mozilla/5.0 AppleWebKit/537.36 (KHTML, like Gecko; compatible; bingbot/2.0; +http://www.bing.com/bingbot.htm) Chrome/116.0.1938.76 Safari/537.36"
85.208.96.197 - - [27/Apr/2025:22:41:50 -0400] "GET /db.php/handmade/tops/11110511593496.shtml HTTP/1.1" 200 0 "-" "Mozilla/5.0 (compatible; SemrushBot/7~bl; +http://www.semrush.com/bot.html)"
185.191.171.18 - - [27/Apr/2025:22:41:57 -0400] "GET /db.php/dvds/japanese-music/14980071959645.shtml HTTP/1.1" 200 0 "-" "Mozilla/5.0 (compatible; SemrushBot/7~bl; +http://www.semrush.com/bot.html)"
185.191.171.18 - - [27/Apr/2025:22:42:06 -0400] "GET /db.php/handmade/boston-bags/12580571752758.shtml HTTP/1.1" 200 0 "-" "Mozilla/5.0 (compatible; SemrushBot/7~bl; +http://www.semrush.com/bot.html)"
85.208.96.194 - - [27/Apr/2025:22:42:08 -0400] "GET /db.php/bicycles/parts/18220393102566.shtml HTTP/1.1" 200 0 "-" "Mozilla/5.0 (compatible; SemrushBot/7~bl; +http://www.semrush.com/bot.html)"
52.167.144.21 - - [27/Apr/2025:22:42:24 -0400] "GET /furniture-ornaments-1dfla HTTP/1.1" 200 22162 "-" "Mozilla/5.0 AppleWebKit/537.36 (KHTML, like Gecko; compatible; bingbot/2.0; +http://www.bing.com/bingbot.htm) Chrome/116.0.1938.76 Safari/537.36"
85.208.96.201 - - [27/Apr/2025:22:42:30 -0400] "GET /db.php/cosmetics/face-creams/17240253896368.shtml HTTP/1.1" 200 0 "-" "Mozilla/5.0 (compatible; SemrushBot/7~bl; +http://www.semrush.com/bot.html)"
85.208.96.210 - - [27/Apr/2025:22:42:32 -0400] "GET /db.php/games/idols/13220261311248.shtml HTTP/1.1" 200 0 "-" "Mozilla/5.0 (compatible; SemrushBot/7~bl; +http://www.semrush.com/bot.html)"
185.191.171.11 - - [27/Apr/2025:22:43:05 -0400] "GET /db.php/fashion/pants/9780533771146.shtml HTTP/1.1" 200 0 "-" "Mozilla/5.0 (compatible; SemrushBot/7~bl; +http://www.semrush.com/bot.html)"
185.191.171.10 - - [27/Apr/2025:22:43:07 -0400] "GET /db.php/etc./hina-dolls/15300151220156.shtml HTTP/1.1" 200 0 "-" "Mozilla/5.0 (compatible; SemrushBot/7~bl; +http://www.semrush.com/bot.html)"
185.191.171.5 - - [27/Apr/2025:22:43:09 -0400] "GET /db.php/fashion/pants/9780342566391.shtml HTTP/1.1" 200 0 "-" "Mozilla/5.0 (compatible; SemrushBot/7~bl; +http://www.semrush.com/bot.html)"
185.191.171.13 - - [27/Apr/2025:22:43:16 -0400] "GET /db.php/air-conditioning/dryers/9590272324370.shtml HTTP/1.1" 200 0 "-" "Mozilla/5.0 (compatible; SemrushBot/7~bl; +http://www.semrush.com/bot.html)"
185.191.171.13 - - [27/Apr/2025:22:43:25 -0400] "GET /db.php/books/others/17190172681386.shtml HTTP/1.1" 200 0 "-" "Mozilla/5.0 (compatible; SemrushBot/7~bl; +http://www.semrush.com/bot.html)"
207.46.13.127 - - [27/Apr/2025:22:43:30 -0400] "GET /home-appliances-microwaves-1nwww HTTP/1.1" 200 22151 "-" "Mozilla/5.0 AppleWebKit/537.36 (KHTML, like Gecko; compatible; bingbot/2.0; +http://www.bing.com/bingbot.htm) Chrome/116.0.1938.76 Safari/537.36"
85.208.96.206 - - [27/Apr/2025:22:43:55 -0400] "GET /db.php/fashion/outerwear/9720011140027.shtml HTTP/1.1" 200 0 "-" "Mozilla/5.0 (compatible; SemrushBot/7~bl; +http://www.semrush.com/bot.html)"
185.191.171.2 - - [27/Apr/2025:22:44:03 -0400] "GET /db.php/daily-necessities/bulk-sales/15210132026683.shtml HTTP/1.1" 200 0 "-" "Mozilla/5.0 (compatible; SemrushBot/7~bl; +http://www.semrush.com/bot.html)"
85.208.96.203 - - [27/Apr/2025:22:44:07 -0400] "GET /db.php/manga/complete-sets/16770440261288.shtml HTTP/1.1" 200 0 "-" "Mozilla/5.0 (compatible; SemrushBot/7~bl; +http://www.semrush.com/bot.html)"
185.191.171.12 - - [27/Apr/2025:22:44:31 -0400] "GET /db.php/dvds/games/15050150499124.shtml HTTP/1.1" 200 0 "-" "Mozilla/5.0 (compatible; SemrushBot/7~bl; +http://www.semrush.com/bot.html)"
185.191.171.16 - - [27/Apr/2025:22:48:42 -0400] "GET /db.php/etc./tea-utensils/15310431720425.shtml HTTP/1.1" 200 0 "-" "Mozilla/5.0 (compatible; SemrushBot/7~bl; +http://www.semrush.com/bot.html)"
85.208.96.194 - - [27/Apr/2025:22:48:46 -0400] "GET /db.php/etc./water-purifiers/15250343991237.shtml HTTP/1.1" 200 0 "-" "Mozilla/5.0 (compatible; SemrushBot/7~bl; +http://www.semrush.com/bot.html)"
185.191.171.14 - - [27/Apr/2025:22:48:49 -0400] "GET /db.php/tv/lenses/14610290216013.shtml HTTP/1.1" 200 0 "-" "Mozilla/5.0 (compatible; SemrushBot/7~bl; +http://www.semrush.com/bot.html)"
185.191.171.19 - - [27/Apr/2025:22:49:04 -0400] "GET /db.php/bicycles/parts/18220360359712.shtml HTTP/1.1" 200 0 "-" "Mozilla/5.0 (compatible; SemrushBot/7~bl; +http://www.semrush.com/bot.html)"
185.191.171.12 - - [27/Apr/2025:22:49:21 -0400] "GET /db.php/home-appliances/fan-heaters/9530290882615.shtml HTTP/1.1" 200 0 "-" "Mozilla/5.0 (compatible; SemrushBot/7~bl; +http://www.semrush.com/bot.html)"
85.208.96.211 - - [27/Apr/2025:22:49:59 -0400] "GET /db.php/goods/special-effects/13310102975221.shtml HTTP/1.1" 200 0 "-" "Mozilla/5.0 (compatible; SemrushBot/7~bl; +http://www.semrush.com/bot.html)"
199.188.205.55 - - [27/Apr/2025:22:50:06 -0400] "POST /wp-cron.php?doing_wp_cron=1745808605.9718649387359619140625 HTTP/1.1" 200 0 "-" "WordPress/6.2.6; http://rupalake.org.np"
51.222.253.19 - - [27/Apr/2025:22:50:05 -0400] "GET /food/shochu/9200222376986 HTTP/1.1" 404 7439 "-" "Mozilla/5.0 (compatible; AhrefsBot/7.0; +http://ahrefs.com/robot/)"
85.208.96.210 - - [27/Apr/2025:22:50:07 -0400] "GET /db.php/outerwear/down-jacket/20590471470455.shtml HTTP/1.1" 200 0 "-" "Mozilla/5.0 (compatible; SemrushBot/7~bl; +http://www.semrush.com/bot.html)"
43.153.47.201 - - [27/Apr/2025:22:50:13 -0400] "GET / HTTP/1.1" 200 11463 "-" "Mozilla/5.0 (iPhone; CPU iPhone OS 13_2_3 like Mac OS X) AppleWebKit/605.1.15 (KHTML, like Gecko) Version/13.0.3 Mobile/15E148 Safari/604.1"
207.46.13.127 - - [27/Apr/2025:22:50:15 -0400] "GET /health-whey-protein-1boov HTTP/1.1" 200 21690 "-" "Mozilla/5.0 AppleWebKit/537.36 (KHTML, like Gecko; compatible; bingbot/2.0; +http://www.bing.com/bingbot.htm) Chrome/116.0.1938.76 Safari/537.36"
85.208.96.211 - - [27/Apr/2025:22:50:18 -0400] "GET /db.php/hobbies/crafts/18440212828540.shtml HTTP/1.1" 200 0 "-" "Mozilla/5.0 (compatible; SemrushBot/7~bl; +http://www.semrush.com/bot.html)"
185.191.171.16 - - [27/Apr/2025:22:50:39 -0400] "GET /robots.txt HTTP/1.1" 200 236 "-" "Mozilla/5.0 (compatible; SemrushBot/7~bl; +http://www.semrush.com/bot.html)"
185.191.171.7 - - [27/Apr/2025:22:50:40 -0400] "GET /db.php/gardening/others/3840113026062.shtml HTTP/1.1" 200 0 "-" "Mozilla/5.0 (compatible; SemrushBot/7~bl; +http://www.semrush.com/bot.html)"
85.208.96.211 - - [27/Apr/2025:22:50:43 -0400] "GET /db.php/kitchen/bulk-sales/15210022732703.shtml HTTP/1.1" 200 0 "-" "Mozilla/5.0 (compatible; SemrushBot/7~bl; +http://www.semrush.com/bot.html)"
185.191.171.8 - - [27/Apr/2025:22:50:51 -0400] "GET /db.php/bicycles/parts/18220591968604.shtml HTTP/1.1" 200 0 "-" "Mozilla/5.0 (compatible; SemrushBot/7~bl; +http://www.semrush.com/bot.html)"
85.208.96.208 - - [27/Apr/2025:22:50:58 -0400] "GET /db.php/bags/waist-pouches/20120081969777.shtml HTTP/1.1" 200 0 "-" "Mozilla/5.0 (compatible; SemrushBot/7~bl; +http://www.semrush.com/bot.html)"
52.167.144.183 - - [27/Apr/2025:22:51:03 -0400] "GET /home-appliances-sewing-machines-i6i7 HTTP/1.1" 200 20711 "-" "Mozilla/5.0 AppleWebKit/537.36 (KHTML, like Gecko; compatible; bingbot/2.0; +http://www.bing.com/bingbot.htm) Chrome/116.0.1938.76 Safari/537.36"
185.191.171.1 - - [27/Apr/2025:22:51:06 -0400] "GET /db.php/cars/wheels/18250513326146.shtml HTTP/1.1" 200 0 "-" "Mozilla/5.0 (compatible; SemrushBot/7~bl; +http://www.semrush.com/bot.html)"
185.191.171.13 - - [27/Apr/2025:22:51:11 -0400] "GET /db.php/computers/web-cameras/1140552732737.shtml HTTP/1.1" 200 0 "-" "Mozilla/5.0 (compatible; SemrushBot/7~bl; +http://www.semrush.com/bot.html)"
85.208.96.210 - - [27/Apr/2025:22:46:12 -0400] "GET /db.php/fashion/bags/9750020641701.shtml HTTP/1.1" 200 0 "-" "Mozilla/5.0 (compatible; SemrushBot/7~bl; +http://www.semrush.com/bot.html)"
185.191.171.8 - - [27/Apr/2025:22:46:33 -0400] "GET /db.php/fashion/pants/9780521538460.shtml HTTP/1.1" 200 0 "-" "Mozilla/5.0 (compatible; SemrushBot/7~bl; +http://www.semrush.com/bot.html)"
52.167.144.21 - - [27/Apr/2025:22:46:35 -0400] "GET /furniture-futon-ckyu HTTP/1.1" 200 20871 "-" "Mozilla/5.0 AppleWebKit/537.36 (KHTML, like Gecko; compatible; bingbot/2.0; +http://www.bing.com/bingbot.htm) Chrome/116.0.1938.76 Safari/537.36"
85.208.96.203 - - [27/Apr/2025:22:46:36 -0400] "GET /db.php/travel-supplies/outdoor-bedding/8900182506527.shtml HTTP/1.1" 200 0 "-" "Mozilla/5.0 (compatible; SemrushBot/7~bl; +http://www.semrush.com/bot.html)"
185.191.171.1 - - [27/Apr/2025:22:46:48 -0400] "GET /db.php/audio/digital-cameras/14470503922732.shtml HTTP/1.1" 200 0 "-" "Mozilla/5.0 (compatible; SemrushBot/7~bl; +http://www.semrush.com/bot.html)"
185.191.171.5 - - [27/Apr/2025:22:46:51 -0400] "GET /db.php/flowers/houseplants/3180203247370.shtml HTTP/1.1" 200 0 "-" "Mozilla/5.0 (compatible; SemrushBot/7~bl; +http://www.semrush.com/bot.html)"
85.208.96.208 - - [27/Apr/2025:22:46:58 -0400] "GET /db.php/fashion/accessories/9770600242889.shtml HTTP/1.1" 200 0 "-" "Mozilla/5.0 (compatible; SemrushBot/7~bl; +http://www.semrush.com/bot.html)"
185.191.171.7 - - [27/Apr/2025:22:47:07 -0400] "GET /db.php/diy/optical-equipment/5450010813209.shtml HTTP/1.1" 200 0 "-" "Mozilla/5.0 (compatible; SemrushBot/7~bl; +http://www.semrush.com/bot.html)"
185.191.171.12 - - [27/Apr/2025:22:47:10 -0400] "GET /db.php/magazines/children-books/16920023510858.shtml HTTP/1.1" 200 0 "-" "Mozilla/5.0 (compatible; SemrushBot/7~bl; +http://www.semrush.com/bot.html)"
85.208.96.203 - - [27/Apr/2025:22:47:17 -0400] "GET /db.php/smartphones/windows-notebooks/740333709825.shtml HTTP/1.1" 200 0 "-" "Mozilla/5.0 (compatible; SemrushBot/7~bl; +http://www.semrush.com/bot.html)"
85.208.96.194 - - [27/Apr/2025:22:47:25 -0400] "GET /db.php/art/crafts/18440330838698.shtml HTTP/1.1" 200 0 "-" "Mozilla/5.0 (compatible; SemrushBot/7~bl; +http://www.semrush.com/bot.html)"
185.191.171.4 - - [27/Apr/2025:22:47:42 -0400] "GET /db.php/sports/clubs/1610481694403.shtml HTTP/1.1" 200 0 "-" "Mozilla/5.0 (compatible; SemrushBot/7~bl; +http://www.semrush.com/bot.html)"
185.191.171.1 - - [27/Apr/2025:22:47:56 -0400] "GET /db.php/daily-necessities/weddings/15990600648650.shtml HTTP/1.1" 200 0 "-" "Mozilla/5.0 (compatible; SemrushBot/7~bl; +http://www.semrush.com/bot.html)"
185.191.171.6 - - [27/Apr/2025:22:48:05 -0400] "GET /db.php/interior/ceiling-lights/3940143760668.shtml HTTP/1.1" 200 0 "-" "Mozilla/5.0 (compatible; SemrushBot/7~bl; +http://www.semrush.com/bot.html)"
85.208.96.206 - - [27/Apr/2025:22:51:18 -0400] "GET /db.php/sports/others/1930291770147.shtml HTTP/1.1" 200 0 "-" "Mozilla/5.0 (compatible; SemrushBot/7~bl; +http://www.semrush.com/bot.html)"
52.167.144.21 - - [27/Apr/2025:22:51:25 -0400] "GET /air-conditioning-kitchen-appliances-lab8 HTTP/1.1" 200 21149 "-" "Mozilla/5.0 AppleWebKit/537.36 (KHTML, like Gecko; compatible; bingbot/2.0; +http://www.bing.com/bingbot.htm) Chrome/116.0.1938.76 Safari/537.36"
185.191.171.12 - - [27/Apr/2025:22:51:26 -0400] "GET /db.php/cosmetics/hair-dryers/17280103121035.shtml HTTP/1.1" 200 0 "-" "Mozilla/5.0 (compatible; SemrushBot/7~bl; +http://www.semrush.com/bot.html)"
85.208.96.198 - - [27/Apr/2025:22:51:28 -0400] "GET /db.php/handmade/sculptures/11430523928923.shtml HTTP/1.1" 200 0 "-" "Mozilla/5.0 (compatible; SemrushBot/7~bl; +http://www.semrush.com/bot.html)"
52.167.144.21 - - [27/Apr/2025:22:51:45 -0400] "GET /handicrafts-cabinets-29ail HTTP/1.1" 200 21107 "-" "Mozilla/5.0 AppleWebKit/537.36 (KHTML, like Gecko; compatible; bingbot/2.0; +http://www.bing.com/bingbot.htm) Chrome/116.0.1938.76 Safari/537.36"
185.191.171.8 - - [27/Apr/2025:22:51:58 -0400] "GET /db.php/beauty/face-creams/17240023481482.shtml HTTP/1.1" 200 0 "-" "Mozilla/5.0 (compatible; SemrushBot/7~bl; +http://www.semrush.com/bot.html)"
185.191.171.11 - - [27/Apr/2025:22:52:00 -0400] "GET /db.php/outdoor/outdoor-wear/8830230220843.shtml HTTP/1.1" 200 0 "-" "Mozilla/5.0 (compatible; SemrushBot/7~bl; +http://www.semrush.com/bot.html)"
85.208.96.206 - - [27/Apr/2025:22:52:08 -0400] "GET /db.php/fashion/bags/9750423206582.shtml HTTP/1.1" 200 0 "-" "Mozilla/5.0 (compatible; SemrushBot/7~bl; +http://www.semrush.com/bot.html)"
85.208.96.210 - - [27/Apr/2025:22:52:43 -0400] "GET /db.php/cars/wheels/18250581683086.shtml HTTP/1.1" 200 0 "-" "Mozilla/5.0 (compatible; SemrushBot/7~bl; +http://www.semrush.com/bot.html)"
85.208.96.193 - - [27/Apr/2025:22:53:01 -0400] "GET /db.php/musical-instruments/robots/18460491436063.shtml HTTP/1.1" 200 0 "-" "Mozilla/5.0 (compatible; SemrushBot/7~bl; +http://www.semrush.com/bot.html)"
185.191.171.18 - - [27/Apr/2025:22:53:02 -0400] "GET /db.php/books/sports/17100221877413.shtml HTTP/1.1" 200 0 "-" "Mozilla/5.0 (compatible; SemrushBot/7~bl; +http://www.semrush.com/bot.html)"
85.208.96.212 - - [27/Apr/2025:22:53:05 -0400] "GET /db.php/audio/lenses/14610524037849.shtml HTTP/1.1" 200 0 "-" "Mozilla/5.0 (compatible; SemrushBot/7~bl; +http://www.semrush.com/bot.html)"
185.191.171.15 - - [27/Apr/2025:22:53:23 -0400] "GET /db.php/games/plush-toys/14460451999231.shtml HTTP/1.1" 200 0 "-" "Mozilla/5.0 (compatible; SemrushBot/7~bl; +http://www.semrush.com/bot.html)"
185.191.171.7 - - [27/Apr/2025:22:53:49 -0400] "GET /db.php/fashion/outerwear/9720090214636.shtml HTTP/1.1" 200 0 "-" "Mozilla/5.0 (compatible; SemrushBot/7~bl; +http://www.semrush.com/bot.html)"
185.191.171.9 - - [27/Apr/2025:22:54:05 -0400] "GET /db.php/fashion/pants/9780330738042.shtml HTTP/1.1" 200 0 "-" "Mozilla/5.0 (compatible; SemrushBot/7~bl; +http://www.semrush.com/bot.html)"
185.191.171.17 - - [27/Apr/2025:22:54:23 -0400] "GET /db.php/cosmetics/others/18210540468949.shtml HTTP/1.1" 200 0 "-" "Mozilla/5.0 (compatible; SemrushBot/7~bl; +http://www.semrush.com/bot.html)"
185.191.171.6 - - [27/Apr/2025:22:54:24 -0400] "GET /db.php/cars/parts/18220093938279.shtml HTTP/1.1" 200 0 "-" "Mozilla/5.0 (compatible; SemrushBot/7~bl; +http://www.semrush.com/bot.html)"
199.188.205.55 - - [27/Apr/2025:22:54:31 -0400] "POST /wp-cron.php?doing_wp_cron=1745808871.4820768833160400390625 HTTP/1.1" 200 0 "-" "WordPress/6.2.6; http://rupalake.org.np"
51.222.253.17 - - [27/Apr/2025:22:54:31 -0400] "GET /food/wine/9170421709686 HTTP/1.1" 404 7439 "-" "Mozilla/5.0 (compatible; AhrefsBot/7.0; +http://ahrefs.com/robot/)"
52.167.144.183 - - [27/Apr/2025:22:54:34 -0400] "GET /sports-saddles-82mb HTTP/1.1" 200 20867 "-" "Mozilla/5.0 AppleWebKit/537.36 (KHTML, like Gecko; compatible; bingbot/2.0; +http://www.bing.com/bingbot.htm) Chrome/116.0.1938.76 Safari/537.36"
52.167.144.183 - - [27/Apr/2025:22:54:35 -0400] "GET /beauty-unisex-perfumes-7wu1 HTTP/1.1" 200 20817 "-" "Mozilla/5.0 AppleWebKit/537.36 (KHTML, like Gecko; compatible; bingbot/2.0; +http://www.bing.com/bingbot.htm) Chrome/116.0.1938.76 Safari/537.36"
207.46.13.64 - - [27/Apr/2025:22:54:37 -0400] "GET /diy-air-tools-2incj HTTP/1.1" 200 21399 "-" "Mozilla/5.0 AppleWebKit/537.36 (KHTML, like Gecko; compatible; bingbot/2.0; +http://www.bing.com/bingbot.htm) Chrome/116.0.1938.76 Safari/537.36"
185.191.171.8 - - [27/Apr/2025:22:54:57 -0400] "GET /db.php/audio/film-cameras/14520470099029.shtml HTTP/1.1" 200 0 "-" "Mozilla/5.0 (compatible; SemrushBot/7~bl; +http://www.semrush.com/bot.html)"
185.191.171.13 - - [27/Apr/2025:22:55:02 -0400] "GET /db.php/toys/comics/13250322638429.shtml HTTP/1.1" 200 0 "-" "Mozilla/5.0 (compatible; SemrushBot/7~bl; +http://www.semrush.com/bot.html)"
85.208.96.206 - - [27/Apr/2025:22:55:13 -0400] "GET /db.php/cds/japanese-movies/15000092892650.shtml HTTP/1.1" 200 0 "-" "Mozilla/5.0 (compatible; SemrushBot/7~bl; +http://www.semrush.com/bot.html)"
85.208.96.211 - - [27/Apr/2025:22:55:17 -0400] "GET /db.php/fashion/accessories/9770100375653.shtml HTTP/1.1" 200 0 "-" "Mozilla/5.0 (compatible; SemrushBot/7~bl; +http://www.semrush.com/bot.html)"
20.15.133.191 - - [27/Apr/2025:22:55:24 -0400] "GET /bicycles-parts-p32w HTTP/1.1" 200 21054 "-" "Mozilla/5.0 AppleWebKit/537.36 (KHTML, like Gecko; compatible; bingbot/2.0; +http://www.bing.com/bingbot.htm) Chrome/116.0.1938.76 Safari/537.36"
185.191.171.2 - - [27/Apr/2025:22:55:26 -0400] "GET /db.php/manga/complete-sets/16770423411388.shtml HTTP/1.1" 200 0 "-" "Mozilla/5.0 (compatible; SemrushBot/7~bl; +http://www.semrush.com/bot.html)"
185.191.171.13 - - [27/Apr/2025:22:55:28 -0400] "GET /db.php/air-conditioning/humidifiers/9410352548161.shtml HTTP/1.1" 200 0 "-" "Mozilla/5.0 (compatible; SemrushBot/7~bl; +http://www.semrush.com/bot.html)"
185.191.171.10 - - [27/Apr/2025:22:55:34 -0400] "GET /db.php/fashion/accessories/9760102119892.shtml HTTP/1.1" 200 0 "-" "Mozilla/5.0 (compatible; SemrushBot/7~bl; +http://www.semrush.com/bot.html)"
185.191.171.13 - - [27/Apr/2025:22:55:38 -0400] "GET /db.php/fashion/tops/9730491508081.shtml HTTP/1.1" 200 0 "-" "Mozilla/5.0 (compatible; SemrushBot/7~bl; +http://www.semrush.com/bot.html)"
185.191.171.11 - - [27/Apr/2025:22:55:46 -0400] "GET /db.php/travel-supplies/mountain-climbing/8830493826411.shtml HTTP/1.1" 200 0 "-" "Mozilla/5.0 (compatible; SemrushBot/7~bl; +http://www.semrush.com/bot.html)"
185.191.171.16 - - [27/Apr/2025:22:56:03 -0400] "GET /db.php/audio/earphones/14530130287317.shtml HTTP/1.1" 200 0 "-" "Mozilla/5.0 (compatible; SemrushBot/7~bl; +http://www.semrush.com/bot.html)"
185.191.171.11 - - [27/Apr/2025:22:56:08 -0400] "GET /db.php/fashion/tops/9730053598985.shtml HTTP/1.1" 200 0 "-" "Mozilla/5.0 (compatible; SemrushBot/7~bl; +http://www.semrush.com/bot.html)"
