52.164.184.236 - - [27/Apr/2025:16:13:05 -0400] "GET /templates/ja_purity/index.php HTTP/1.1" 301 0 "-" "-"
52.164.184.236 - - [27/Apr/2025:16:13:06 -0400] "GET /templates/ja_purity/ HTTP/1.1" 404 31147 "-" "-"
52.164.184.236 - - [27/Apr/2025:16:13:07 -0400] "GET /templates/rhuk_milkyway/index.php HTTP/1.1" 301 0 "-" "-"
52.164.184.236 - - [27/Apr/2025:16:13:08 -0400] "GET /templates/rhuk_milkyway/ HTTP/1.1" 404 31147 "-" "-"
52.164.184.236 - - [27/Apr/2025:16:13:09 -0400] "GET /templates/+theme+/index.php HTTP/1.1" 301 0 "-" "-"
52.164.184.236 - - [27/Apr/2025:16:13:09 -0400] "GET /templates/+theme+/ HTTP/1.1" 404 31147 "-" "-"
52.164.184.236 - - [27/Apr/2025:16:13:10 -0400] "GET /templates/+theme+/error.php HTTP/1.1" 404 31147 "-" "-"
52.164.184.236 - - [27/Apr/2025:16:13:12 -0400] "GET /templates/beez3/index.php HTTP/1.1" 301 0 "-" "-"
52.164.184.236 - - [27/Apr/2025:16:13:12 -0400] "GET /templates/beez3/ HTTP/1.1" 404 31147 "-" "-"
52.164.184.236 - - [27/Apr/2025:16:13:13 -0400] "GET /templates/beez3/error.php HTTP/1.1" 404 31147 "-" "-"
52.164.184.236 - - [27/Apr/2025:16:13:14 -0400] "GET /templates/beez5/index.php HTTP/1.1" 301 0 "-" "-"
52.164.184.236 - - [27/Apr/2025:16:13:15 -0400] "GET /templates/beez5/ HTTP/1.1" 404 31147 "-" "-"
52.164.184.236 - - [27/Apr/2025:16:13:16 -0400] "GET /templates/beez5/error.php HTTP/1.1" 404 31147 "-" "-"
52.164.184.236 - - [27/Apr/2025:16:13:18 -0400] "GET /templates/beez_20/index.php HTTP/1.1" 301 0 "-" "-"
52.164.184.236 - - [27/Apr/2025:16:13:18 -0400] "GET /templates/beez_20/ HTTP/1.1" 404 31147 "-" "-"
52.164.184.236 - - [27/Apr/2025:16:13:19 -0400] "GET /templates/beez_20/error.php HTTP/1.1" 404 31147 "-" "-"
52.164.184.236 - - [27/Apr/2025:16:13:20 -0400] "GET /templates/protostar/index.php HTTP/1.1" 301 0 "-" "-"
85.208.96.195 - - [27/Apr/2025:16:13:21 -0400] "GET /db.php/sports/others/1930591177184.shtml HTTP/1.1" 200 0 "-" "Mozilla/5.0 (compatible; SemrushBot/7~bl; +http://www.semrush.com/bot.html)"
52.164.184.236 - - [27/Apr/2025:16:13:21 -0400] "GET /templates/protostar/ HTTP/1.1" 404 31147 "-" "-"
85.208.96.197 - - [27/Apr/2025:16:13:22 -0400] "GET /db.php/fashion/dresses/9810482779950.shtml HTTP/1.1" 200 0 "-" "Mozilla/5.0 (compatible; SemrushBot/7~bl; +http://www.semrush.com/bot.html)"
52.164.184.236 - - [27/Apr/2025:16:13:22 -0400] "GET /templates/protostar/error.php HTTP/1.1" 404 31147 "-" "-"
52.164.184.236 - - [27/Apr/2025:16:13:23 -0400] "GET /templates/atomic/index.php HTTP/1.1" 301 0 "-" "-"
52.164.184.236 - - [27/Apr/2025:16:13:24 -0400] "GET /templates/atomic/ HTTP/1.1" 404 31147 "-" "-"
52.164.184.236 - - [27/Apr/2025:16:13:25 -0400] "GET /templates/atomic/error.php HTTP/1.1" 404 31147 "-" "-"
40.77.167.23 - - [27/Apr/2025:16:13:26 -0400] "GET /tickets-others-94wx HTTP/1.1" 200 21467 "-" "Mozilla/5.0 AppleWebKit/537.36 (KHTML, like Gecko; compatible; bingbot/2.0; +http://www.bing.com/bingbot.htm) Chrome/116.0.1938.76 Safari/537.36"
52.164.184.236 - - [27/Apr/2025:16:13:26 -0400] "GET /wp-admin/network/wp-footer.php HTTP/1.1" 404 31147 "-" "-"
52.164.184.236 - - [27/Apr/2025:16:13:28 -0400] "GET /wp-content/vuln.php HTTP/1.1" 404 31147 "-" "-"
52.164.184.236 - - [27/Apr/2025:16:13:29 -0400] "GET /upel.php HTTP/1.1" 404 31147 "-" "-"
52.164.184.236 - - [27/Apr/2025:16:13:30 -0400] "GET /wp-content/uploads/ HTTP/1.1" 200 4977 "-" "-"
35.209.236.244 - - [27/Apr/2025:16:13:31 -0400] "GET /db.php/cars/parts/18220032535615.shtml HTTP/1.1" 200 0 "-" "Buck/2.4.3; (+https://app.hypefactors.com/media-monitoring/about.html)"
52.164.184.236 - - [27/Apr/2025:16:13:31 -0400] "GET /wp-content/uploads/+year+/+month+/ HTTP/1.1" 404 31147 "-" "-"
52.164.184.236 - - [27/Apr/2025:16:13:32 -0400] "GET /license.php HTTP/1.1" 404 31147 "-" "-"
52.164.184.236 - - [27/Apr/2025:16:13:34 -0400] "GET /wp-content/plugins/ppus/up.php HTTP/1.1" 404 31147 "-" "-"
52.164.184.236 - - [27/Apr/2025:16:13:35 -0400] "GET /098.php HTTP/1.1" 404 31147 "-" "-"
52.164.184.236 - - [27/Apr/2025:16:13:36 -0400] "GET /new_license.php HTTP/1.1" 404 31147 "-" "-"
52.164.184.236 - - [27/Apr/2025:16:13:37 -0400] "GET /wp-content/plugins/theme-configurator/mini.php HTTP/1.1" 404 31147 "-" "-"
52.164.184.236 - - [27/Apr/2025:16:13:39 -0400] "GET /wp-content/plugins/widget-logic/mini.php HTTP/1.1" 404 31147 "-" "-"
52.164.184.236 - - [27/Apr/2025:16:13:40 -0400] "GET /wp-admin/css/index.php HTTP/1.1" 301 0 "-" "-"
52.164.184.236 - - [27/Apr/2025:16:13:41 -0400] "GET /wp-admin/css/ HTTP/1.1" 200 29265 "-" "-"
52.164.184.236 - - [27/Apr/2025:16:13:41 -0400] "GET /1975.php HTTP/1.1" 404 31147 "-" "-"
52.164.184.236 - - [27/Apr/2025:16:13:42 -0400] "GET /wp-includes/wp-class.php HTTP/1.1" 404 31147 "-" "-"
52.164.184.236 - - [27/Apr/2025:16:13:44 -0400] "GET /xleet-shell.php HTTP/1.1" 404 31147 "-" "-"
52.164.184.236 - - [27/Apr/2025:16:13:47 -0400] "GET /wp-content/radio.php HTTP/1.1" 404 31147 "-" "-"
52.164.184.236 - - [27/Apr/2025:16:13:48 -0400] "GET /wp-includes/radio.php HTTP/1.1" 404 31147 "-" "-"
52.164.184.236 - - [27/Apr/2025:16:13:49 -0400] "GET /fx.php HTTP/1.1" 404 31147 "-" "-"
52.164.184.236 - - [27/Apr/2025:16:13:50 -0400] "GET /wp-admin/images/atomlib.php HTTP/1.1" 404 31147 "-" "-"
52.164.184.236 - - [27/Apr/2025:16:13:52 -0400] "GET /gel4y.php HTTP/1.1" 404 31147 "-" "-"
85.208.96.210 - - [27/Apr/2025:16:13:53 -0400] "GET /db.php/dresses/dresses/20890520988774.shtml HTTP/1.1" 200 0 "-" "Mozilla/5.0 (compatible; SemrushBot/7~bl; +http://www.semrush.com/bot.html)"
52.164.184.236 - - [27/Apr/2025:16:13:54 -0400] "GET /jindex.php HTTP/1.1" 404 31147 "-" "-"
52.164.184.236 - - [27/Apr/2025:16:13:55 -0400] "GET /wp-content/about.php HTTP/1.1" 404 31147 "-" "-"
52.164.184.236 - - [27/Apr/2025:16:13:56 -0400] "GET /sh.php HTTP/1.1" 404 31147 "-" "-"
52.164.184.236 - - [27/Apr/2025:16:13:58 -0400] "GET /wp-includes/991176.php HTTP/1.1" 404 31147 "-" "-"
52.164.184.236 - - [27/Apr/2025:16:13:59 -0400] "GET /wp-admin/maint/about.php HTTP/1.1" 404 31147 "-" "-"
199.188.205.55 - - [27/Apr/2025:16:14:00 -0400] "POST /wp-cron.php?doing_wp_cron=1745784840.9314739704132080078125 HTTP/1.1" 200 0 "-" "WordPress/6.2.6; http://rupalake.org.np"
52.164.184.236 - - [27/Apr/2025:16:14:00 -0400] "GET /fox.php HTTP/1.1" 404 31147 "-" "-"
199.188.205.55 - - [27/Apr/2025:16:14:02 -0400] "POST /wp-cron.php?doing_wp_cron=1745784842.3364648818969726562500 HTTP/1.1" 200 0 "-" "WordPress/6.2.6; http://rupalake.org.np"
52.164.184.236 - - [27/Apr/2025:16:14:02 -0400] "GET /wp-admin/x.php HTTP/1.1" 404 31147 "-" "-"
52.164.184.236 - - [27/Apr/2025:16:14:03 -0400] "GET /server.php HTTP/1.1" 404 31147 "-" "-"
52.164.184.236 - - [27/Apr/2025:16:14:05 -0400] "GET /wp-includes/fw.php HTTP/1.1" 404 31147 "-" "-"
52.164.184.236 - - [27/Apr/2025:16:14:06 -0400] "GET /4.php HTTP/1.1" 404 31147 "-" "-"
52.164.184.236 - - [27/Apr/2025:16:14:07 -0400] "GET /5.php HTTP/1.1" 404 31147 "-" "-"
52.164.184.236 - - [27/Apr/2025:16:14:08 -0400] "GET /images/about.php HTTP/1.1" 404 31147 "-" "-"
52.164.184.236 - - [27/Apr/2025:16:14:10 -0400] "GET /xmlrpc.php HTTP/1.1" 405 42 "-" "-"
185.191.171.9 - - [27/Apr/2025:16:14:11 -0400] "GET /db.php/fishing/rods/8880020098304.shtml HTTP/1.1" 200 0 "-" "Mozilla/5.0 (compatible; SemrushBot/7~bl; +http://www.semrush.com/bot.html)"
52.164.184.236 - - [27/Apr/2025:16:14:10 -0400] "GET /wp-load.php HTTP/1.1" 200 0 "-" "-"
52.164.184.236 - - [27/Apr/2025:16:14:11 -0400] "GET /wp-login.php HTTP/1.1" 200 6160 "-" "-"
52.164.184.236 - - [27/Apr/2025:16:14:12 -0400] "GET /wp-admin/fw.php HTTP/1.1" 404 31147 "-" "-"
52.164.184.236 - - [27/Apr/2025:16:14:13 -0400] "GET /mari.php HTTP/1.1" 404 31147 "-" "-"
35.209.236.244 - - [27/Apr/2025:16:14:14 -0400] "GET /db.php/tablets/smartphones/680332566337.shtml HTTP/1.1" 200 0 "-" "Buck/2.4.3; (+https://app.hypefactors.com/media-monitoring/about.html)"
52.164.184.236 - - [27/Apr/2025:16:14:15 -0400] "GET /swm.php HTTP/1.1" 404 31147 "-" "-"
52.164.184.236 - - [27/Apr/2025:16:14:16 -0400] "GET /wp-admin/radio.php HTTP/1.1" 404 31147 "-" "-"
52.164.184.236 - - [27/Apr/2025:16:14:18 -0400] "GET /wp-includes/about.php HTTP/1.1" 404 31147 "-" "-"
52.164.184.236 - - [27/Apr/2025:16:14:19 -0400] "GET /wp-content/wso.php HTTP/1.1" 404 31147 "-" "-"
52.164.184.236 - - [27/Apr/2025:16:14:21 -0400] "GET /wp-admin/wso.php HTTP/1.1" 404 31147 "-" "-"
52.164.184.236 - - [27/Apr/2025:16:14:23 -0400] "GET /w3llstore.php HTTP/1.1" 404 31147 "-" "-"
52.164.184.236 - - [27/Apr/2025:16:14:24 -0400] "GET /wp-content/fx.php HTTP/1.1" 404 31147 "-" "-"
52.164.184.236 - - [27/Apr/2025:16:14:26 -0400] "GET /wp-content/x.php HTTP/1.1" 404 31147 "-" "-"
52.164.184.236 - - [27/Apr/2025:16:14:27 -0400] "GET /wp-admin/alfa.php HTTP/1.1" 404 31147 "-" "-"
52.164.184.236 - - [27/Apr/2025:16:14:29 -0400] "GET /gank.php HTTP/1.1" 404 31147 "-" "-"
52.164.184.236 - - [27/Apr/2025:16:14:31 -0400] "GET /style.php HTTP/1.1" 404 31147 "-" "-"
52.164.184.236 - - [27/Apr/2025:16:14:33 -0400] "GET /s_e.php HTTP/1.1" 404 31147 "-" "-"
52.164.184.236 - - [27/Apr/2025:16:14:34 -0400] "GET /s_ne.php HTTP/1.1" 404 31147 "-" "-"
52.164.184.236 - - [27/Apr/2025:16:14:36 -0400] "GET /beence.php HTTP/1.1" 404 31147 "-" "-"
52.164.184.236 - - [27/Apr/2025:16:14:37 -0400] "GET /wp-signin.php HTTP/1.1" 404 31147 "-" "-"
52.164.184.236 - - [27/Apr/2025:16:14:39 -0400] "GET /moduless.php HTTP/1.1" 404 31147 "-" "-"
85.208.96.211 - - [27/Apr/2025:16:14:42 -0400] "GET /db.php/fashion/accessories/9760532702505.shtml HTTP/1.1" 200 0 "-" "Mozilla/5.0 (compatible; SemrushBot/7~bl; +http://www.semrush.com/bot.html)"
52.164.184.236 - - [27/Apr/2025:16:14:42 -0400] "GET /export.php HTTP/1.1" 404 31147 "-" "-"
52.164.184.236 - - [27/Apr/2025:16:14:44 -0400] "GET /legion.php HTTP/1.1" 404 31147 "-" "-"
52.164.184.236 - - [27/Apr/2025:16:14:45 -0400] "GET /system_log.php HTTP/1.1" 404 31147 "-" "-"
52.164.184.236 - - [27/Apr/2025:16:14:47 -0400] "GET /shells.php HTTP/1.1" 404 31147 "-" "-"
40.77.167.23 - - [27/Apr/2025:16:14:48 -0400] "GET /furniture-kotatsu-26v6a HTTP/1.1" 200 20599 "-" "Mozilla/5.0 AppleWebKit/537.36 (KHTML, like Gecko; compatible; bingbot/2.0; +http://www.bing.com/bingbot.htm) Chrome/116.0.1938.76 Safari/537.36"
52.164.184.236 - - [27/Apr/2025:16:14:48 -0400] "GET /wp-content/plugins/ubh/up.php HTTP/1.1" 404 31147 "-" "-"
52.164.184.236 - - [27/Apr/2025:16:14:49 -0400] "GET /wp-content/mu-plugins/db-safe-mode.php HTTP/1.1" 404 31147 "-" "-"
52.164.184.236 - - [27/Apr/2025:16:14:51 -0400] "GET /wp-content/db-cache.php HTTP/1.1" 404 31147 "-" "-"
52.164.184.236 - - [27/Apr/2025:16:14:54 -0400] "GET /wp-content/plugins/backup_index.php HTTP/1.1" 404 31147 "-" "-"
52.164.184.236 - - [27/Apr/2025:16:14:55 -0400] "GET /wp-includes/css/wp-config.php HTTP/1.1" 403 1242 "-" "-"
185.191.171.11 - - [27/Apr/2025:16:14:55 -0400] "GET /db.php/sports/snowboard/1620153482182.shtml HTTP/1.1" 200 0 "-" "Mozilla/5.0 (compatible; SemrushBot/7~bl; +http://www.semrush.com/bot.html)"
52.164.184.236 - - [27/Apr/2025:16:14:56 -0400] "GET /wp-content/themes/config.bak.php HTTP/1.1" 404 31147 "-" "-"
85.208.96.198 - - [27/Apr/2025:16:14:57 -0400] "GET /db.php/daily-necessities/kitchen-storage/15620091308856.shtml HTTP/1.1" 200 0 "-" "Mozilla/5.0 (compatible; SemrushBot/7~bl; +http://www.semrush.com/bot.html)"
52.164.184.236 - - [27/Apr/2025:16:14:57 -0400] "GET /wp-includes/images/css.php HTTP/1.1" 404 31147 "-" "-"
35.209.236.244 - - [27/Apr/2025:16:14:59 -0400] "GET /db.php/motorcycles/parts/18220442424351.shtml HTTP/1.1" 200 0 "-" "Buck/2.4.3; (+https://app.hypefactors.com/media-monitoring/about.html)"
52.164.184.236 - - [27/Apr/2025:16:14:59 -0400] "GET /wp-includes/css/css.php HTTP/1.1" 404 31147 "-" "-"
199.188.205.55 - - [27/Apr/2025:16:15:01 -0400] "POST /wp-cron.php?doing_wp_cron=1745784901.9478540420532226562500 HTTP/1.1" 200 0 "-" "WordPress/6.2.6; http://rupalake.org.np"
52.164.184.236 - - [27/Apr/2025:16:15:01 -0400] "GET /wp-content/uploads/wp-stream.php HTTP/1.1" 404 31147 "-" "-"
51.222.253.6 - - [27/Apr/2025:16:15:01 -0400] "GET /handmade/tops/11110362473354 HTTP/1.1" 404 7439 "-" "Mozilla/5.0 (compatible; AhrefsBot/7.0; +http://ahrefs.com/robot/)"
52.164.184.236 - - [27/Apr/2025:16:15:03 -0400] "GET /wp-beckup.php HTTP/1.1" 404 31147 "-" "-"
185.191.171.18 - - [27/Apr/2025:16:15:04 -0400] "GET /db.php/audio/other/14850041077503.shtml HTTP/1.1" 200 0 "-" "Mozilla/5.0 (compatible; SemrushBot/7~bl; +http://www.semrush.com/bot.html)"
52.164.184.236 - - [27/Apr/2025:16:15:04 -0400] "GET /wp-blog-post.php HTTP/1.1" 404 31147 "-" "-"
52.164.184.236 - - [27/Apr/2025:16:15:06 -0400] "GET /wp-content/uploads/wp-blockdown.php HTTP/1.1" 404 31147 "-" "-"
52.164.184.236 - - [27/Apr/2025:16:15:08 -0400] "GET /wp-admin/includes/class-wp-media-list-data.php HTTP/1.1" 404 31147 "-" "-"
52.164.184.236 - - [27/Apr/2025:16:15:10 -0400] "GET /wp-admin/style.php HTTP/1.1" 404 31147 "-" "-"
52.164.184.236 - - [27/Apr/2025:16:15:11 -0400] "GET /6.php HTTP/1.1" 404 31147 "-" "-"
52.164.184.236 - - [27/Apr/2025:16:15:13 -0400] "GET /7.php HTTP/1.1" 404 31147 "-" "-"
52.164.184.236 - - [27/Apr/2025:16:15:15 -0400] "GET /8.php HTTP/1.1" 404 31147 "-" "-"
52.164.184.236 - - [27/Apr/2025:16:15:18 -0400] "GET /9.php HTTP/1.1" 404 31147 "-" "-"
52.164.184.236 - - [27/Apr/2025:16:15:20 -0400] "GET /10.php HTTP/1.1" 404 31147 "-" "-"
52.164.184.236 - - [27/Apr/2025:16:15:22 -0400] "GET /wp_class_datalib.php HTTP/1.1" 404 31147 "-" "-"
52.164.184.236 - - [27/Apr/2025:16:15:23 -0400] "GET /wp-includes/wp_class_datlib.php HTTP/1.1" 404 31147 "-" "-"
52.164.184.236 - - [27/Apr/2025:16:15:25 -0400] "GET /wp-includes/pomo/wp_class_datalib.php HTTP/1.1" 404 31147 "-" "-"
52.164.184.236 - - [27/Apr/2025:16:15:26 -0400] "GET /01.php HTTP/1.1" 404 31147 "-" "-"
52.164.184.236 - - [27/Apr/2025:16:15:28 -0400] "GET /1xleet.php HTTP/1.1" 404 31147 "-" "-"
52.164.184.236 - - [27/Apr/2025:16:15:29 -0400] "GET /wp-content/shell.php HTTP/1.1" 404 31147 "-" "-"
185.191.171.4 - - [27/Apr/2025:16:15:30 -0400] "GET /db.php/games/others/14450312810145.shtml HTTP/1.1" 200 0 "-" "Mozilla/5.0 (compatible; SemrushBot/7~bl; +http://www.semrush.com/bot.html)"
52.164.184.236 - - [27/Apr/2025:16:15:30 -0400] "GET /wp-admin/shell.php HTTP/1.1" 404 31147 "-" "-"
85.208.96.199 - - [27/Apr/2025:16:15:32 -0400] "GET /db.php/outdoor/cooler-boxes/8910180504510.shtml HTTP/1.1" 200 0 "-" "Mozilla/5.0 (compatible; SemrushBot/7~bl; +http://www.semrush.com/bot.html)"
52.164.184.236 - - [27/Apr/2025:16:15:32 -0400] "GET /wp-admin/wp.php HTTP/1.1" 404 31147 "-" "-"
52.164.184.236 - - [27/Apr/2025:16:15:33 -0400] "GET /4index.php HTTP/1.1" 404 31147 "-" "-"
185.191.171.1 - - [27/Apr/2025:16:15:35 -0400] "GET /db.php/fashion/dresses/9810383567845.shtml HTTP/1.1" 200 0 "-" "Mozilla/5.0 (compatible; SemrushBot/7~bl; +http://www.semrush.com/bot.html)"
52.164.184.236 - - [27/Apr/2025:16:15:34 -0400] "GET /5index.php HTTP/1.1" 404 31147 "-" "-"
52.164.184.236 - - [27/Apr/2025:16:15:35 -0400] "GET /6index.php HTTP/1.1" 404 31147 "-" "-"
185.191.171.5 - - [27/Apr/2025:16:15:37 -0400] "GET /db.php/hobbies/bass/18540460158027.shtml HTTP/1.1" 200 0 "-" "Mozilla/5.0 (compatible; SemrushBot/7~bl; +http://www.semrush.com/bot.html)"
35.209.236.244 - - [27/Apr/2025:16:15:38 -0400] "GET /db.php/handicrafts/watches/11670241047807.shtml HTTP/1.1" 200 0 "-" "Buck/2.4.3; (+https://app.hypefactors.com/media-monitoring/about.html)"
52.164.184.236 - - [27/Apr/2025:16:15:37 -0400] "GET /7index.php HTTP/1.1" 404 31147 "-" "-"
52.164.184.236 - - [27/Apr/2025:16:15:38 -0400] "GET /8index.php HTTP/1.1" 404 31147 "-" "-"
52.164.184.236 - - [27/Apr/2025:16:15:40 -0400] "GET /9index.php HTTP/1.1" 404 31147 "-" "-"
52.164.184.236 - - [27/Apr/2025:16:15:41 -0400] "GET /Leaf.php HTTP/1.1" 404 31147 "-" "-"
52.164.184.236 - - [27/Apr/2025:16:15:43 -0400] "GET /Uploader.php HTTP/1.1" 404 31147 "-" "-"
52.164.184.236 - - [27/Apr/2025:16:15:44 -0400] "GET /wp-includes/wp-red.php HTTP/1.1" 404 31147 "-" "-"
52.164.184.236 - - [27/Apr/2025:16:15:45 -0400] "GET /.well-known/radio.php HTTP/1.1" 404 31147 "-" "-"
52.164.184.236 - - [27/Apr/2025:16:15:47 -0400] "GET /alfashell.php HTTP/1.1" 404 31147 "-" "-"
52.164.184.236 - - [27/Apr/2025:16:15:49 -0400] "GET /am.php HTTP/1.1" 404 31147 "-" "-"
52.164.184.236 - - [27/Apr/2025:16:15:50 -0400] "GET /blog/fw.php HTTP/1.1" 404 31147 "-" "-"
52.164.184.236 - - [27/Apr/2025:16:15:51 -0400] "GET /contacts.php HTTP/1.1" 404 31147 "-" "-"
52.164.184.236 - - [27/Apr/2025:16:15:53 -0400] "GET /demo328/fw.php HTTP/1.1" 404 31147 "-" "-"
52.164.184.236 - - [27/Apr/2025:16:15:54 -0400] "GET /gif.php HTTP/1.1" 404 31147 "-" "-"
52.164.184.236 - - [27/Apr/2025:16:15:56 -0400] "GET /goods.php HTTP/1.1" 404 31147 "-" "-"
52.164.184.236 - - [27/Apr/2025:16:15:57 -0400] "GET /images/sym.php HTTP/1.1" 404 31147 "-" "-"
52.164.184.236 - - [27/Apr/2025:16:15:59 -0400] "GET /lab.php HTTP/1.1" 404 31147 "-" "-"
185.191.171.9 - - [27/Apr/2025:16:16:00 -0400] "GET /db.php/bags/rucksacks/20130513022988.shtml HTTP/1.1" 200 0 "-" "Mozilla/5.0 (compatible; SemrushBot/7~bl; +http://www.semrush.com/bot.html)"
199.188.205.55 - - [27/Apr/2025:16:16:00 -0400] "POST /wp-cron.php?doing_wp_cron=1745784960.6033959388732910156250 HTTP/1.1" 200 0 "-" "WordPress/6.2.6; http://rupalake.org.np"
52.164.184.236 - - [27/Apr/2025:16:16:00 -0400] "GET /leaf_mailer.php HTTP/1.1" 404 31147 "-" "-"
199.188.205.55 - - [27/Apr/2025:16:16:02 -0400] "POST /wp-cron.php?doing_wp_cron=1745784962.3600850105285644531250 HTTP/1.1" 200 0 "-" "WordPress/6.2.6; http://rupalake.org.np"
185.191.171.4 - - [27/Apr/2025:16:16:03 -0400] "GET /db.php/fashion/dresses/9810391169567.shtml HTTP/1.1" 200 0 "-" "Mozilla/5.0 (compatible; SemrushBot/7~bl; +http://www.semrush.com/bot.html)"
52.164.184.236 - - [27/Apr/2025:16:16:02 -0400] "GET /leaf_php.php HTTP/1.1" 404 31147 "-" "-"
52.164.184.236 - - [27/Apr/2025:16:16:04 -0400] "GET /libraries/joomla/jmail.php HTTP/1.1" 404 31147 "-" "-"
52.164.184.236 - - [27/Apr/2025:16:16:05 -0400] "GET /libraries/joomla/jmails.php HTTP/1.1" 404 31147 "-" "-"
52.164.184.236 - - [27/Apr/2025:16:16:07 -0400] "GET /mailer1.php HTTP/1.1" 404 31147 "-" "-"
52.164.184.236 - - [27/Apr/2025:16:16:08 -0400] "GET /ms.php HTTP/1.1" 404 31147 "-" "-"
52.164.184.236 - - [27/Apr/2025:16:16:09 -0400] "GET /rxr.php HTTP/1.1" 404 31147 "-" "-"
52.164.184.236 - - [27/Apr/2025:16:16:10 -0400] "GET /srx.php HTTP/1.1" 404 31147 "-" "-"
52.164.184.236 - - [27/Apr/2025:16:16:11 -0400] "GET /tuco.php HTTP/1.1" 404 31147 "-" "-"
52.164.184.236 - - [27/Apr/2025:16:16:12 -0400] "GET /unix.php HTTP/1.1" 404 31147 "-" "-"
52.164.184.236 - - [27/Apr/2025:16:16:14 -0400] "GET /uploads/up.php HTTP/1.1" 404 31147 "-" "-"
52.164.184.236 - - [27/Apr/2025:16:16:16 -0400] "GET /wp-admin/css/colors/coffee/fw.php HTTP/1.1" 404 31147 "-" "-"
52.164.184.236 - - [27/Apr/2025:16:16:18 -0400] "GET /wp-admin/css/fw.php HTTP/1.1" 404 31147 "-" "-"
52.164.184.236 - - [27/Apr/2025:16:16:19 -0400] "GET /wp-admin/includes/fw.php HTTP/1.1" 404 31147 "-" "-"
35.209.236.244 - - [27/Apr/2025:16:16:21 -0400] "GET /db.php/art/bass/18540551482220.shtml HTTP/1.1" 200 0 "-" "Buck/2.4.3; (+https://app.hypefactors.com/media-monitoring/about.html)"
52.164.184.236 - - [27/Apr/2025:16:16:21 -0400] "GET /wp-admin/maint/fw.php HTTP/1.1" 404 31147 "-" "-"
52.164.184.236 - - [27/Apr/2025:16:16:23 -0400] "GET /wp-admin/setup-config.php HTTP/1.1" 409 2761 "-" "-"
52.164.184.236 - - [27/Apr/2025:16:16:24 -0400] "GET /wp-content/plugins/vwcleanerplugin/bump.php HTTP/1.1" 404 31147 "-" "-"
52.164.184.236 - - [27/Apr/2025:16:16:25 -0400] "GET /wp-content/plugins/xichang/x.php HTTP/1.1" 404 31147 "-" "-"
52.164.184.236 - - [27/Apr/2025:16:16:26 -0400] "GET /wp-content/plugins/zedd/1.php HTTP/1.1" 404 31147 "-" "-"
52.164.184.236 - - [27/Apr/2025:16:16:28 -0400] "GET /wp-content/up.php HTTP/1.1" 404 31147 "-" "-"
52.164.184.236 - - [27/Apr/2025:16:16:29 -0400] "GET /wp-content/wp.php HTTP/1.1" 404 31147 "-" "-"
52.164.184.236 - - [27/Apr/2025:16:16:30 -0400] "GET /wp-mna.php HTTP/1.1" 404 31147 "-" "-"
52.164.184.236 - - [27/Apr/2025:16:16:32 -0400] "GET /uploads/upload.php HTTP/1.1" 404 31147 "-" "-"
52.164.184.236 - - [27/Apr/2025:16:16:33 -0400] "GET /wpx.php HTTP/1.1" 404 31147 "-" "-"
52.164.184.236 - - [27/Apr/2025:16:16:35 -0400] "GET /images/c99.php HTTP/1.1" 404 31147 "-" "-"
52.164.184.236 - - [27/Apr/2025:16:16:36 -0400] "GET /xhell.php HTTP/1.1" 404 31147 "-" "-"
185.191.171.14 - - [27/Apr/2025:16:16:37 -0400] "GET /db.php/fashion/bags/9750112398945.shtml HTTP/1.1" 200 0 "-" "Mozilla/5.0 (compatible; SemrushBot/7~bl; +http://www.semrush.com/bot.html)"
52.164.184.236 - - [27/Apr/2025:16:16:37 -0400] "GET /xmrlpc.php HTTP/1.1" 404 31147 "-" "-"
52.164.184.236 - - [27/Apr/2025:16:16:38 -0400] "GET /xz.php HTTP/1.1" 404 31147 "-" "-"
52.164.184.236 - - [27/Apr/2025:16:16:40 -0400] "GET /yuuki.php HTTP/1.1" 404 31147 "-" "-"
85.208.96.209 - - [27/Apr/2025:16:16:42 -0400] "GET /db.php/magazines/games/16890140745449.shtml HTTP/1.1" 200 0 "-" "Mozilla/5.0 (compatible; SemrushBot/7~bl; +http://www.semrush.com/bot.html)"
52.164.184.236 - - [27/Apr/2025:16:16:41 -0400] "GET /wp-admin/shapes.php HTTP/1.1" 404 31147 "-" "-"
52.164.184.236 - - [27/Apr/2025:16:16:42 -0400] "GET /wp-content/plugins/upspy/con.php HTTP/1.1" 404 31147 "-" "-"
185.191.171.17 - - [27/Apr/2025:16:16:43 -0400] "GET /db.php/motorcycles/wheels/18250011907052.shtml HTTP/1.1" 200 0 "-" "Mozilla/5.0 (compatible; SemrushBot/7~bl; +http://www.semrush.com/bot.html)"
52.164.184.236 - - [27/Apr/2025:16:16:44 -0400] "GET /wp-content/plugins/upspy/up.php HTTP/1.1" 404 31147 "-" "-"
185.191.171.9 - - [27/Apr/2025:16:16:45 -0400] "GET /db.php/sports/clubs/1610581036411.shtml HTTP/1.1" 200 0 "-" "Mozilla/5.0 (compatible; SemrushBot/7~bl; +http://www.semrush.com/bot.html)"
52.164.184.236 - - [27/Apr/2025:16:16:45 -0400] "GET /wp-content/plugins/upspy/sllolx.php HTTP/1.1" 404 31147 "-" "-"
185.191.171.16 - - [27/Apr/2025:16:16:46 -0400] "GET /db.php/tablets/macbooks/720300667380.shtml HTTP/1.1" 200 0 "-" "Mozilla/5.0 (compatible; SemrushBot/7~bl; +http://www.semrush.com/bot.html)"
52.164.184.236 - - [27/Apr/2025:16:16:46 -0400] "GET /database.php HTTP/1.1" 404 31147 "-" "-"
52.164.184.236 - - [27/Apr/2025:16:16:47 -0400] "GET /wp-includes/js/tinymce/plugins/compat3x/css/index.php HTTP/1.1" 301 0 "-" "-"
52.164.184.236 - - [27/Apr/2025:16:16:48 -0400] "GET /wp-includes/js/tinymce/plugins/compat3x/css/ HTTP/1.1" 200 1719 "-" "-"
40.77.167.75 - - [27/Apr/2025:16:16:48 -0400] "GET /home-appliances-kitchen-appliances-1c51a HTTP/1.1" 200 20964 "-" "Mozilla/5.0 AppleWebKit/537.36 (KHTML, like Gecko; compatible; bingbot/2.0; +http://www.bing.com/bingbot.htm) Chrome/116.0.1938.76 Safari/537.36"
52.164.184.236 - - [27/Apr/2025:16:16:48 -0400] "GET /shell20211028.php HTTP/1.1" 404 31147 "-" "-"
35.209.236.244 - - [27/Apr/2025:16:16:49 -0400] "GET /db.php/home-appliances/electronic-dictionary/9480082644041.shtml HTTP/1.1" 200 0 "-" "Buck/2.4.3; (+https://app.hypefactors.com/media-monitoring/about.html)"
52.164.184.236 - - [27/Apr/2025:16:16:49 -0400] "GET /repeater.php HTTP/1.1" 404 31147 "-" "-"
52.164.184.236 - - [27/Apr/2025:16:16:51 -0400] "GET /wp-content/themes/seotheme/db.php?u HTTP/1.1" 404 31147 "-" "-"
185.191.171.9 - - [27/Apr/2025:16:17:03 -0400] "GET /db.php/sports/head-covers/1970563387168.shtml HTTP/1.1" 200 0 "-" "Mozilla/5.0 (compatible; SemrushBot/7~bl; +http://www.semrush.com/bot.html)"
35.209.236.244 - - [27/Apr/2025:16:17:12 -0400] "GET /db.php/smartphones/apple-watches/760423918157.shtml HTTP/1.1" 200 0 "-" "Buck/2.4.3; (+https://app.hypefactors.com/media-monitoring/about.html)"
185.191.171.14 - - [27/Apr/2025:16:17:22 -0400] "GET /db.php/motorcycles/tires/18250200186489.shtml HTTP/1.1" 200 0 "-" "Mozilla/5.0 (compatible; SemrushBot/7~bl; +http://www.semrush.com/bot.html)"
85.208.96.204 - - [27/Apr/2025:16:17:40 -0400] "GET /db.php/audio/other/14850173990019.shtml HTTP/1.1" 200 0 "-" "Mozilla/5.0 (compatible; SemrushBot/7~bl; +http://www.semrush.com/bot.html)"
207.46.13.127 - - [27/Apr/2025:16:17:50 -0400] "GET /daily-necessities-bulk-sales-d97v HTTP/1.1" 200 21162 "-" "Mozilla/5.0 AppleWebKit/537.36 (KHTML, like Gecko; compatible; bingbot/2.0; +http://www.bing.com/bingbot.htm) Chrome/116.0.1938.76 Safari/537.36"
185.191.171.10 - - [27/Apr/2025:16:17:54 -0400] "GET /db.php/skirts/other/21570342329372.shtml HTTP/1.1" 200 0 "-" "Mozilla/5.0 (compatible; SemrushBot/7~bl; +http://www.semrush.com/bot.html)"
35.209.236.244 - - [27/Apr/2025:16:17:55 -0400] "GET /db.php/alcohol/whiskey/9160304027533.shtml HTTP/1.1" 200 0 "-" "Buck/2.4.3; (+https://app.hypefactors.com/media-monitoring/about.html)"
185.191.171.10 - - [27/Apr/2025:16:17:57 -0400] "GET /db.php/gardening/tuberous-plants/3090423170692.shtml HTTP/1.1" 200 0 "-" "Mozilla/5.0 (compatible; SemrushBot/7~bl; +http://www.semrush.com/bot.html)"
35.209.236.244 - - [27/Apr/2025:16:18:23 -0400] "GET /db.php/fashion/bags/9750120834183.shtml HTTP/1.1" 200 0 "-" "Buck/2.4.3; (+https://app.hypefactors.com/media-monitoring/about.html)"
185.191.171.18 - - [27/Apr/2025:16:18:42 -0400] "GET /db.php/cars/tires/18250024016390.shtml HTTP/1.1" 200 0 "-" "Mozilla/5.0 (compatible; SemrushBot/7~bl; +http://www.semrush.com/bot.html)"
40.77.167.23 - - [27/Apr/2025:16:18:49 -0400] "GET /cameras-woofers-cwkw HTTP/1.1" 200 20822 "-" "Mozilla/5.0 AppleWebKit/537.36 (KHTML, like Gecko; compatible; bingbot/2.0; +http://www.bing.com/bingbot.htm) Chrome/116.0.1938.76 Safari/537.36"
199.188.205.55 - - [27/Apr/2025:16:18:54 -0400] "POST /wp-cron.php?doing_wp_cron=1745785134.3601069450378417968750 HTTP/1.1" 200 0 "-" "WordPress/6.2.6; http://rupalake.org.np"
51.222.253.9 - - [27/Apr/2025:16:18:54 -0400] "GET /handmade/tops/11110541914653 HTTP/1.1" 404 7439 "-" "Mozilla/5.0 (compatible; AhrefsBot/7.0; +http://ahrefs.com/robot/)"
35.209.236.244 - - [27/Apr/2025:16:18:58 -0400] "GET /db.php/fashion/shoes/9740120909652.shtml HTTP/1.1" 200 0 "-" "Buck/2.4.3; (+https://app.hypefactors.com/media-monitoring/about.html)"
207.46.13.127 - - [27/Apr/2025:16:18:58 -0400] "GET /sports-others-c7y0 HTTP/1.1" 200 20958 "-" "Mozilla/5.0 AppleWebKit/537.36 (KHTML, like Gecko; compatible; bingbot/2.0; +http://www.bing.com/bingbot.htm) Chrome/116.0.1938.76 Safari/537.36"
85.208.96.197 - - [27/Apr/2025:16:18:59 -0400] "GET /db.php/smartphones/graphics-boards/710303659153.shtml HTTP/1.1" 200 0 "-" "Mozilla/5.0 (compatible; SemrushBot/7~bl; +http://www.semrush.com/bot.html)"
85.208.96.198 - - [27/Apr/2025:16:19:04 -0400] "GET /db.php/motorcycles/parts/18220312860569.shtml HTTP/1.1" 200 0 "-" "Mozilla/5.0 (compatible; SemrushBot/7~bl; +http://www.semrush.com/bot.html)"
185.191.171.19 - - [27/Apr/2025:16:19:06 -0400] "GET /db.php/sports/others/1930253299650.shtml HTTP/1.1" 200 0 "-" "Mozilla/5.0 (compatible; SemrushBot/7~bl; +http://www.semrush.com/bot.html)"
35.209.236.244 - - [27/Apr/2025:16:19:22 -0400] "GET /db.php/magazines/complete-sets/16770383005690.shtml HTTP/1.1" 200 0 "-" "Buck/2.4.3; (+https://app.hypefactors.com/media-monitoring/about.html)"
85.208.96.195 - - [27/Apr/2025:16:19:33 -0400] "GET /db.php/games/others/14450170613693.shtml HTTP/1.1" 200 0 "-" "Mozilla/5.0 (compatible; SemrushBot/7~bl; +http://www.semrush.com/bot.html)"
85.208.96.210 - - [27/Apr/2025:16:19:38 -0400] "GET /db.php/fashion/watches/9800472358214.shtml HTTP/1.1" 200 0 "-" "Mozilla/5.0 (compatible; SemrushBot/7~bl; +http://www.semrush.com/bot.html)"
185.191.171.9 - - [27/Apr/2025:16:19:50 -0400] "GET /db.php/hobbies/cosplay-wigs/18400283467761.shtml HTTP/1.1" 200 0 "-" "Mozilla/5.0 (compatible; SemrushBot/7~bl; +http://www.semrush.com/bot.html)"
85.208.96.208 - - [27/Apr/2025:16:19:52 -0400] "GET /db.php/blu-ray/music/15020570756092.shtml HTTP/1.1" 200 0 "-" "Mozilla/5.0 (compatible; SemrushBot/7~bl; +http://www.semrush.com/bot.html)"
35.209.236.244 - - [27/Apr/2025:16:19:54 -0400] "GET /db.php/fashion/suits/9820160613774.shtml HTTP/1.1" 200 0 "-" "Buck/2.4.3; (+https://app.hypefactors.com/media-monitoring/about.html)"
85.208.96.205 - - [27/Apr/2025:16:20:03 -0400] "GET /db.php/fashion/jackets/9720251534960.shtml HTTP/1.1" 200 0 "-" "Mozilla/5.0 (compatible; SemrushBot/7~bl; +http://www.semrush.com/bot.html)"
185.191.171.17 - - [27/Apr/2025:16:20:06 -0400] "GET /db.php/sports/snowboard/1620470427501.shtml HTTP/1.1" 200 0 "-" "Mozilla/5.0 (compatible; SemrushBot/7~bl; +http://www.semrush.com/bot.html)"
40.77.167.23 - - [27/Apr/2025:16:20:20 -0400] "GET /travel-supplies-tents-1eqdj HTTP/1.1" 200 21587 "-" "Mozilla/5.0 AppleWebKit/537.36 (KHTML, like Gecko; compatible; bingbot/2.0; +http://www.bing.com/bingbot.htm) Chrome/116.0.1938.76 Safari/537.36"
35.209.236.244 - - [27/Apr/2025:16:20:25 -0400] "GET /db.php/bicycles/wheels/18250261750858.shtml HTTP/1.1" 200 0 "-" "Buck/2.4.3; (+https://app.hypefactors.com/media-monitoring/about.html)"
40.77.167.23 - - [27/Apr/2025:16:20:37 -0400] "GET /bicycles-parts-16vs3 HTTP/1.1" 200 20642 "-" "Mozilla/5.0 AppleWebKit/537.36 (KHTML, like Gecko; compatible; bingbot/2.0; +http://www.bing.com/bingbot.htm) Chrome/116.0.1938.76 Safari/537.36"
185.191.171.14 - - [27/Apr/2025:16:20:40 -0400] "GET /db.php/computers/smartphones/680281190671.shtml HTTP/1.1" 200 0 "-" "Mozilla/5.0 (compatible; SemrushBot/7~bl; +http://www.semrush.com/bot.html)"
85.208.96.195 - - [27/Apr/2025:16:20:43 -0400] "GET /db.php/fashion/jackets/9720131043357.shtml HTTP/1.1" 200 0 "-" "Mozilla/5.0 (compatible; SemrushBot/7~bl; +http://www.semrush.com/bot.html)"
85.208.96.195 - - [27/Apr/2025:16:20:45 -0400] "GET /db.php/food/others/9360421927819.shtml HTTP/1.1" 200 0 "-" "Mozilla/5.0 (compatible; SemrushBot/7~bl; +http://www.semrush.com/bot.html)"
185.191.171.14 - - [27/Apr/2025:16:20:47 -0400] "GET /db.php/art/crafts/18440122239101.shtml HTTP/1.1" 200 0 "-" "Mozilla/5.0 (compatible; SemrushBot/7~bl; +http://www.semrush.com/bot.html)"
207.46.13.127 - - [27/Apr/2025:16:20:49 -0400] "GET /drinks-mineral-water-1xxc9 HTTP/1.1" 200 21108 "-" "Mozilla/5.0 AppleWebKit/537.36 (KHTML, like Gecko; compatible; bingbot/2.0; +http://www.bing.com/bingbot.htm) Chrome/116.0.1938.76 Safari/537.36"
35.209.236.244 - - [27/Apr/2025:16:20:54 -0400] "GET /db.php/fashion/jackets/9720541235584.shtml HTTP/1.1" 200 0 "-" "Buck/2.4.3; (+https://app.hypefactors.com/media-monitoring/about.html)"
185.191.171.15 - - [27/Apr/2025:16:21:02 -0400] "GET /db.php/pet-supplies/aquariums/7540562932103.shtml HTTP/1.1" 200 0 "-" "Mozilla/5.0 (compatible; SemrushBot/7~bl; +http://www.semrush.com/bot.html)"
85.208.96.202 - - [27/Apr/2025:16:21:04 -0400] "GET /db.php/travel-supplies/reels/8770103527828.shtml HTTP/1.1" 200 0 "-" "Mozilla/5.0 (compatible; SemrushBot/7~bl; +http://www.semrush.com/bot.html)"
40.77.167.23 - - [27/Apr/2025:16:21:17 -0400] "GET /cameras-zoom-lens-2fqbx HTTP/1.1" 200 22060 "-" "Mozilla/5.0 AppleWebKit/537.36 (KHTML, like Gecko; compatible; bingbot/2.0; +http://www.bing.com/bingbot.htm) Chrome/116.0.1938.76 Safari/537.36"
185.191.171.3 - - [27/Apr/2025:16:21:25 -0400] "GET /db.php/smartphones/smartphones/680500745752.shtml HTTP/1.1" 200 0 "-" "Mozilla/5.0 (compatible; SemrushBot/7~bl; +http://www.semrush.com/bot.html)"
35.209.236.244 - - [27/Apr/2025:16:21:26 -0400] "GET /db.php/kitchen/tableware/15180463595224.shtml HTTP/1.1" 200 0 "-" "Buck/2.4.3; (+https://app.hypefactors.com/media-monitoring/about.html)"
185.191.171.17 - - [27/Apr/2025:16:21:40 -0400] "GET /db.php/fashion/shoes/9740240388243.shtml HTTP/1.1" 200 0 "-" "Mozilla/5.0 (compatible; SemrushBot/7~bl; +http://www.semrush.com/bot.html)"
85.208.96.195 - - [27/Apr/2025:16:21:49 -0400] "GET /db.php/audio/video-cameras/14510173776373.shtml HTTP/1.1" 200 0 "-" "Mozilla/5.0 (compatible; SemrushBot/7~bl; +http://www.semrush.com/bot.html)"
35.209.236.244 - - [27/Apr/2025:16:21:49 -0400] "GET /db.php/fashion/outerwear/9720421347619.shtml HTTP/1.1" 200 0 "-" "Buck/2.4.3; (+https://app.hypefactors.com/media-monitoring/about.html)"
185.191.171.15 - - [27/Apr/2025:16:22:12 -0400] "GET /db.php/fashion/outerwear/9720591472987.shtml HTTP/1.1" 200 0 "-" "Mozilla/5.0 (compatible; SemrushBot/7~bl; +http://www.semrush.com/bot.html)"
35.209.236.244 - - [27/Apr/2025:16:22:14 -0400] "GET /db.php/diet/healthy-tea/10670042472324.shtml HTTP/1.1" 200 0 "-" "Buck/2.4.3; (+https://app.hypefactors.com/media-monitoring/about.html)"
199.188.205.55 - - [27/Apr/2025:16:22:41 -0400] "POST /wp-cron.php?doing_wp_cron=1745785361.8661890029907226562500 HTTP/1.1" 200 0 "-" "WordPress/6.2.6; http://rupalake.org.np"
51.222.253.9 - - [27/Apr/2025:16:22:41 -0400] "GET /jackets/coat/20590511652000 HTTP/1.1" 404 7439 "-" "Mozilla/5.0 (compatible; AhrefsBot/7.0; +http://ahrefs.com/robot/)"
85.208.96.210 - - [27/Apr/2025:16:22:53 -0400] "GET /db.php/manga/sports/17100082183979.shtml HTTP/1.1" 200 0 "-" "Mozilla/5.0 (compatible; SemrushBot/7~bl; +http://www.semrush.com/bot.html)"
35.209.236.244 - - [27/Apr/2025:16:22:55 -0400] "GET /db.php/decor/mirrors/3960543043511.shtml HTTP/1.1" 200 0 "-" "Buck/2.4.3; (+https://app.hypefactors.com/media-monitoring/about.html)"
185.191.171.8 - - [27/Apr/2025:16:23:00 -0400] "GET /db.php/blu-ray/western/14960603647662.shtml HTTP/1.1" 200 0 "-" "Mozilla/5.0 (compatible; SemrushBot/7~bl; +http://www.semrush.com/bot.html)"
185.191.171.14 - - [27/Apr/2025:16:23:07 -0400] "GET /db.php/fashion/accessories/9760050241176.shtml HTTP/1.1" 200 0 "-" "Mozilla/5.0 (compatible; SemrushBot/7~bl; +http://www.semrush.com/bot.html)"
52.167.144.228 - - [27/Apr/2025:16:23:07 -0400] "GET /food-whiskey-3b8t HTTP/1.1" 200 20711 "-" "Mozilla/5.0 AppleWebKit/537.36 (KHTML, like Gecko; compatible; bingbot/2.0; +http://www.bing.com/bingbot.htm) Chrome/116.0.1938.76 Safari/537.36"
185.191.171.15 - - [27/Apr/2025:16:23:10 -0400] "GET /db.php/cars/tires/18250192192943.shtml HTTP/1.1" 200 0 "-" "Mozilla/5.0 (compatible; SemrushBot/7~bl; +http://www.semrush.com/bot.html)"
35.209.236.244 - - [27/Apr/2025:16:23:26 -0400] "GET /db.php/furniture/work-chairs/4050372542741.shtml HTTP/1.1" 200 0 "-" "Buck/2.4.3; (+https://app.hypefactors.com/media-monitoring/about.html)"
40.77.167.75 - - [27/Apr/2025:16:23:29 -0400] "GET /magazines-society-1jmmt HTTP/1.1" 200 21077 "-" "Mozilla/5.0 AppleWebKit/537.36 (KHTML, like Gecko; compatible; bingbot/2.0; +http://www.bing.com/bingbot.htm) Chrome/116.0.1938.76 Safari/537.36"
85.208.96.194 - - [27/Apr/2025:16:23:33 -0400] "GET /db.php/tablets/apple-watch-accessories/820021398686.shtml HTTP/1.1" 200 0 "-" "Mozilla/5.0 (compatible; SemrushBot/7~bl; +http://www.semrush.com/bot.html)"
85.208.96.206 - - [27/Apr/2025:16:23:44 -0400] "GET /db.php/handmade/mobile-phone-accessories/12340592579871.shtml HTTP/1.1" 200 0 "-" "Mozilla/5.0 (compatible; SemrushBot/7~bl; +http://www.semrush.com/bot.html)"
35.209.236.244 - - [27/Apr/2025:16:23:57 -0400] "GET /db.php/fashion/dresses/9820573175864.shtml HTTP/1.1" 200 0 "-" "Buck/2.4.3; (+https://app.hypefactors.com/media-monitoring/about.html)"
185.191.171.17 - - [27/Apr/2025:16:24:03 -0400] "GET /db.php/cars/etc-onboard-units/18360072930463.shtml HTTP/1.1" 200 0 "-" "Mozilla/5.0 (compatible; SemrushBot/7~bl; +http://www.semrush.com/bot.html)"
185.191.171.15 - - [27/Apr/2025:16:24:06 -0400] "GET /db.php/hobbies/crafts/18440132199907.shtml HTTP/1.1" 200 0 "-" "Mozilla/5.0 (compatible; SemrushBot/7~bl; +http://www.semrush.com/bot.html)"
85.208.96.194 - - [27/Apr/2025:16:24:08 -0400] "GET /db.php/computers/smartphones/680133485127.shtml HTTP/1.1" 200 0 "-" "Mozilla/5.0 (compatible; SemrushBot/7~bl; +http://www.semrush.com/bot.html)"
185.191.171.15 - - [27/Apr/2025:16:24:11 -0400] "GET /db.php/bicycles/clothing/18380481807875.shtml HTTP/1.1" 200 0 "-" "Mozilla/5.0 (compatible; SemrushBot/7~bl; +http://www.semrush.com/bot.html)"
35.209.236.244 - - [27/Apr/2025:16:24:26 -0400] "GET /db.php/fashion/bags/9750240648723.shtml HTTP/1.1" 200 0 "-" "Buck/2.4.3; (+https://app.hypefactors.com/media-monitoring/about.html)"
185.191.171.3 - - [27/Apr/2025:16:24:46 -0400] "GET /db.php/fishing/tents/8780542458168.shtml HTTP/1.1" 200 0 "-" "Mozilla/5.0 (compatible; SemrushBot/7~bl; +http://www.semrush.com/bot.html)"
85.208.96.197 - - [27/Apr/2025:16:24:51 -0400] "GET /db.php/fashion/shoes/9740602299511.shtml HTTP/1.1" 200 0 "-" "Mozilla/5.0 (compatible; SemrushBot/7~bl; +http://www.semrush.com/bot.html)"
185.191.171.17 - - [27/Apr/2025:16:24:54 -0400] "GET /db.php/fashion/kimono/9790271790931.shtml HTTP/1.1" 200 0 "-" "Mozilla/5.0 (compatible; SemrushBot/7~bl; +http://www.semrush.com/bot.html)"
85.208.96.209 - - [27/Apr/2025:16:24:56 -0400] "GET /db.php/tickets/accommodation-tickets/8330503563428.shtml HTTP/1.1" 200 0 "-" "Mozilla/5.0 (compatible; SemrushBot/7~bl; +http://www.semrush.com/bot.html)"
185.191.171.2 - - [27/Apr/2025:16:25:06 -0400] "GET /db.php/motorcycles/tires/18250260454402.shtml HTTP/1.1" 200 0 "-" "Mozilla/5.0 (compatible; SemrushBot/7~bl; +http://www.semrush.com/bot.html)"
35.209.236.244 - - [27/Apr/2025:16:25:11 -0400] "GET /db.php/fashion/jackets/9720481580476.shtml HTTP/1.1" 200 0 "-" "Buck/2.4.3; (+https://app.hypefactors.com/media-monitoring/about.html)"
185.191.171.17 - - [27/Apr/2025:16:25:27 -0400] "GET /db.php/cds/asia/15010292281254.shtml HTTP/1.1" 200 0 "-" "Mozilla/5.0 (compatible; SemrushBot/7~bl; +http://www.semrush.com/bot.html)"
85.208.96.197 - - [27/Apr/2025:16:25:41 -0400] "GET /db.php/cars/security/18320250624124.shtml HTTP/1.1" 200 0 "-" "Mozilla/5.0 (compatible; SemrushBot/7~bl; +http://www.semrush.com/bot.html)"
35.209.236.244 - - [27/Apr/2025:16:25:49 -0400] "GET /db.php/audio/other/14850282603293.shtml HTTP/1.1" 200 0 "-" "Buck/2.4.3; (+https://app.hypefactors.com/media-monitoring/about.html)"
40.77.167.75 - - [27/Apr/2025:16:26:00 -0400] "GET /pet-supplies-dog-food-27r40 HTTP/1.1" 200 21122 "-" "Mozilla/5.0 AppleWebKit/537.36 (KHTML, like Gecko; compatible; bingbot/2.0; +http://www.bing.com/bingbot.htm) Chrome/116.0.1938.76 Safari/537.36"
85.208.96.198 - - [27/Apr/2025:16:26:04 -0400] "GET /db.php/outdoor/reels/8770361657562.shtml HTTP/1.1" 200 0 "-" "Mozilla/5.0 (compatible; SemrushBot/7~bl; +http://www.semrush.com/bot.html)"
85.208.96.206 - - [27/Apr/2025:16:26:11 -0400] "GET /db.php/sports/skateboards/1680473381204.shtml HTTP/1.1" 200 0 "-" "Mozilla/5.0 (compatible; SemrushBot/7~bl; +http://www.semrush.com/bot.html)"
85.208.96.206 - - [27/Apr/2025:16:26:20 -0400] "GET /db.php/fashion/shoes/9740300239618.shtml HTTP/1.1" 200 0 "-" "Mozilla/5.0 (compatible; SemrushBot/7~bl; +http://www.semrush.com/bot.html)"
35.209.236.244 - - [27/Apr/2025:16:26:21 -0400] "GET /db.php/fashion/outerwear/9720142487220.shtml HTTP/1.1" 200 0 "-" "Buck/2.4.3; (+https://app.hypefactors.com/media-monitoring/about.html)"
51.222.253.5 - - [27/Apr/2025:16:26:52 -0400] "GET /pants/pants/20280433203784 HTTP/1.1" 404 7439 "-" "Mozilla/5.0 (compatible; AhrefsBot/7.0; +http://ahrefs.com/robot/)"
199.188.205.55 - - [27/Apr/2025:16:26:55 -0400] "POST /wp-cron.php?doing_wp_cron=1745785613.1794300079345703125000 HTTP/1.1" 200 0 "-" "WordPress/6.2.6; http://rupalake.org.np"
85.208.96.198 - - [27/Apr/2025:16:26:55 -0400] "GET /db.php/fashion/pants/9780132119913.shtml HTTP/1.1" 200 0 "-" "Mozilla/5.0 (compatible; SemrushBot/7~bl; +http://www.semrush.com/bot.html)"
35.209.236.244 - - [27/Apr/2025:16:26:55 -0400] "GET /db.php/pet-supplies/dog-food/7380162263989.shtml HTTP/1.1" 200 0 "-" "Buck/2.4.3; (+https://app.hypefactors.com/media-monitoring/about.html)"
185.191.171.18 - - [27/Apr/2025:16:27:02 -0400] "GET /db.php/fashion/outerwear/9720291032913.shtml HTTP/1.1" 200 0 "-" "Mozilla/5.0 (compatible; SemrushBot/7~bl; +http://www.semrush.com/bot.html)"
85.208.96.199 - - [27/Apr/2025:16:27:13 -0400] "GET /db.php/interior/pillows/4560403757389.shtml HTTP/1.1" 200 0 "-" "Mozilla/5.0 (compatible; SemrushBot/7~bl; +http://www.semrush.com/bot.html)"
185.191.171.14 - - [27/Apr/2025:16:27:17 -0400] "GET /db.php/fashion/tops/9730143233099.shtml HTTP/1.1" 200 0 "-" "Mozilla/5.0 (compatible; SemrushBot/7~bl; +http://www.semrush.com/bot.html)"
35.209.236.244 - - [27/Apr/2025:16:27:20 -0400] "GET /db.php/tv/television/14620102970594.shtml HTTP/1.1" 200 0 "-" "Buck/2.4.3; (+https://app.hypefactors.com/media-monitoring/about.html)"
185.191.171.8 - - [27/Apr/2025:16:27:37 -0400] "GET /db.php/fashion/outerwear/9720262262265.shtml HTTP/1.1" 200 0 "-" "Mozilla/5.0 (compatible; SemrushBot/7~bl; +http://www.semrush.com/bot.html)"
205.210.31.136 - - [27/Apr/2025:16:27:46 -0400] "GET / HTTP/1.1" 301 0 "-" "-"
205.210.31.136 - - [27/Apr/2025:16:27:47 -0400] "GET / HTTP/1.1" 200 46422 "http://199.188.205.55:80/" "-"
85.208.96.205 - - [27/Apr/2025:16:27:49 -0400] "GET /db.php/fashion/bags/9750013862535.shtml HTTP/1.1" 200 0 "-" "Mozilla/5.0 (compatible; SemrushBot/7~bl; +http://www.semrush.com/bot.html)"
35.209.236.244 - - [27/Apr/2025:16:27:56 -0400] "GET /db.php/tablets/ipads/700433677863.shtml HTTP/1.1" 200 0 "-" "Buck/2.4.3; (+https://app.hypefactors.com/media-monitoring/about.html)"
52.167.144.228 - - [27/Apr/2025:16:27:59 -0400] "GET /fashion-jackets-16a0j HTTP/1.1" 200 21190 "-" "Mozilla/5.0 AppleWebKit/537.36 (KHTML, like Gecko; compatible; bingbot/2.0; +http://www.bing.com/bingbot.htm) Chrome/116.0.1938.76 Safari/537.36"
185.191.171.18 - - [27/Apr/2025:16:28:03 -0400] "GET /db.php/diy/tip/5600092991513.shtml HTTP/1.1" 200 0 "-" "Mozilla/5.0 (compatible; SemrushBot/7~bl; +http://www.semrush.com/bot.html)"
185.191.171.3 - - [27/Apr/2025:16:28:09 -0400] "GET /db.php/goods/xbox-series/13940090769460.shtml HTTP/1.1" 200 0 "-" "Mozilla/5.0 (compatible; SemrushBot/7~bl; +http://www.semrush.com/bot.html)"
85.208.96.205 - - [27/Apr/2025:16:28:18 -0400] "GET /db.php/sports/shoes/1980460224943.shtml HTTP/1.1" 200 0 "-" "Mozilla/5.0 (compatible; SemrushBot/7~bl; +http://www.semrush.com/bot.html)"
35.209.236.244 - - [27/Apr/2025:16:28:20 -0400] "GET /db.php/fashion/pants/9780060394257.shtml HTTP/1.1" 200 0 "-" "Buck/2.4.3; (+https://app.hypefactors.com/media-monitoring/about.html)"
35.209.236.244 - - [27/Apr/2025:16:28:57 -0400] "GET /db.php/air-conditioning/refrigerator/9450101841417.shtml HTTP/1.1" 200 0 "-" "Buck/2.4.3; (+https://app.hypefactors.com/media-monitoring/about.html)"
52.167.144.228 - - [27/Apr/2025:16:28:58 -0400] "GET /pet-supplies-aeration-kw8a HTTP/1.1" 200 21054 "-" "Mozilla/5.0 AppleWebKit/537.36 (KHTML, like Gecko; compatible; bingbot/2.0; +http://www.bing.com/bingbot.htm) Chrome/116.0.1938.76 Safari/537.36"
85.208.96.206 - - [27/Apr/2025:16:29:02 -0400] "GET /db.php/fashion/outerwear/9720532793596.shtml HTTP/1.1" 200 0 "-" "Mozilla/5.0 (compatible; SemrushBot/7~bl; +http://www.semrush.com/bot.html)"
185.191.171.3 - - [27/Apr/2025:16:29:04 -0400] "GET /db.php/pet-supplies/grooming/7550190517309.shtml HTTP/1.1" 200 0 "-" "Mozilla/5.0 (compatible; SemrushBot/7~bl; +http://www.semrush.com/bot.html)"
85.208.96.212 - - [27/Apr/2025:16:29:05 -0400] "GET /db.php/furniture/blankets/3880122545666.shtml HTTP/1.1" 200 0 "-" "Mozilla/5.0 (compatible; SemrushBot/7~bl; +http://www.semrush.com/bot.html)"
185.191.171.11 - - [27/Apr/2025:16:29:08 -0400] "GET /db.php/fashion/tops/9730502735505.shtml HTTP/1.1" 200 0 "-" "Mozilla/5.0 (compatible; SemrushBot/7~bl; +http://www.semrush.com/bot.html)"
185.191.171.11 - - [27/Apr/2025:16:29:11 -0400] "GET /db.php/magazines/economics/16810213652818.shtml HTTP/1.1" 200 0 "-" "Mozilla/5.0 (compatible; SemrushBot/7~bl; +http://www.semrush.com/bot.html)"
85.208.96.210 - - [27/Apr/2025:16:29:15 -0400] "GET /db.php/fashion/tops/9730533199576.shtml HTTP/1.1" 200 0 "-" "Mozilla/5.0 (compatible; SemrushBot/7~bl; +http://www.semrush.com/bot.html)"
185.191.171.14 - - [27/Apr/2025:16:29:34 -0400] "GET /db.php/cameras/television/14620171455898.shtml HTTP/1.1" 200 0 "-" "Mozilla/5.0 (compatible; SemrushBot/7~bl; +http://www.semrush.com/bot.html)"
35.209.236.244 - - [27/Apr/2025:16:29:36 -0400] "GET /db.php/flowers/agave/2990493478932.shtml HTTP/1.1" 200 0 "-" "Buck/2.4.3; (+https://app.hypefactors.com/media-monitoring/about.html)"
185.191.171.8 - - [27/Apr/2025:16:29:58 -0400] "GET /db.php/furniture/chairs/3990032730131.shtml HTTP/1.1" 200 0 "-" "Mozilla/5.0 (compatible; SemrushBot/7~bl; +http://www.semrush.com/bot.html)"
85.208.96.205 - - [27/Apr/2025:16:30:03 -0400] "GET /db.php/travel-supplies/tarps/8780370234519.shtml HTTP/1.1" 200 0 "-" "Mozilla/5.0 (compatible; SemrushBot/7~bl; +http://www.semrush.com/bot.html)"
35.209.236.244 - - [27/Apr/2025:16:30:20 -0400] "GET /db.php/air-conditioning/electric-fans/9430033734647.shtml HTTP/1.1" 200 0 "-" "Buck/2.4.3; (+https://app.hypefactors.com/media-monitoring/about.html)"
199.188.205.55 - - [27/Apr/2025:16:30:29 -0400] "POST /wp-cron.php?doing_wp_cron=1745785828.9726870059967041015625 HTTP/1.1" 200 0 "-" "WordPress/6.2.6; http://rupalake.org.np"
51.222.253.5 - - [27/Apr/2025:16:30:27 -0400] "GET /pants/slacks/20290472322147 HTTP/1.1" 404 7439 "-" "Mozilla/5.0 (compatible; AhrefsBot/7.0; +http://ahrefs.com/robot/)"
157.55.39.63 - - [27/Apr/2025:16:30:41 -0400] "GET /audio-earphones-2earq HTTP/1.1" 200 20782 "-" "Mozilla/5.0 AppleWebKit/537.36 (KHTML, like Gecko; compatible; bingbot/2.0; +http://www.bing.com/bingbot.htm) Chrome/116.0.1938.76 Safari/537.36"
185.191.171.2 - - [27/Apr/2025:16:30:52 -0400] "GET /db.php/goods/others/14450031292757.shtml HTTP/1.1" 200 0 "-" "Mozilla/5.0 (compatible; SemrushBot/7~bl; +http://www.semrush.com/bot.html)"
185.191.171.8 - - [27/Apr/2025:16:30:55 -0400] "GET /db.php/computers/keyboards/990553550893.shtml HTTP/1.1" 200 0 "-" "Mozilla/5.0 (compatible; SemrushBot/7~bl; +http://www.semrush.com/bot.html)"
85.208.96.210 - - [27/Apr/2025:16:31:04 -0400] "GET /db.php/fashion/shoes/9740551570906.shtml HTTP/1.1" 200 0 "-" "Mozilla/5.0 (compatible; SemrushBot/7~bl; +http://www.semrush.com/bot.html)"
35.209.236.244 - - [27/Apr/2025:16:31:05 -0400] "GET /db.php/manga/boys-manga/16870400963377.shtml HTTP/1.1" 200 0 "-" "Buck/2.4.3; (+https://app.hypefactors.com/media-monitoring/about.html)"
52.167.144.228 - - [27/Apr/2025:16:31:09 -0400] "GET /fashion-watches-subt HTTP/1.1" 200 20874 "-" "Mozilla/5.0 AppleWebKit/537.36 (KHTML, like Gecko; compatible; bingbot/2.0; +http://www.bing.com/bingbot.htm) Chrome/116.0.1938.76 Safari/537.36"
185.191.171.6 - - [27/Apr/2025:16:31:10 -0400] "GET /db.php/furniture/ornaments/3980252261169.shtml HTTP/1.1" 200 0 "-" "Mozilla/5.0 (compatible; SemrushBot/7~bl; +http://www.semrush.com/bot.html)"
185.191.171.9 - - [27/Apr/2025:16:31:16 -0400] "GET /db.php/smartphones/windows-tablet/830601284518.shtml HTTP/1.1" 200 0 "-" "Mozilla/5.0 (compatible; SemrushBot/7~bl; +http://www.semrush.com/bot.html)"
85.208.96.195 - - [27/Apr/2025:16:31:20 -0400] "GET /db.php/sports/hard-rackets/1910332618808.shtml HTTP/1.1" 200 0 "-" "Mozilla/5.0 (compatible; SemrushBot/7~bl; +http://www.semrush.com/bot.html)"
85.208.96.202 - - [27/Apr/2025:16:31:34 -0400] "GET /db.php/fashion/outerwear/9720141588700.shtml HTTP/1.1" 200 0 "-" "Mozilla/5.0 (compatible; SemrushBot/7~bl; +http://www.semrush.com/bot.html)"
35.209.236.244 - - [27/Apr/2025:16:31:45 -0400] "GET /db.php/air-conditioning/others/9710592623810.shtml HTTP/1.1" 200 0 "-" "Buck/2.4.3; (+https://app.hypefactors.com/media-monitoring/about.html)"
52.167.144.228 - - [27/Apr/2025:16:31:56 -0400] "GET /simoniacrdc.xml HTTP/1.1" 200 34007 "-" "Mozilla/5.0 AppleWebKit/537.36 (KHTML, like Gecko; compatible; bingbot/2.0; +http://www.bing.com/bingbot.htm) Chrome/116.0.1938.76 Safari/537.36"
207.46.13.126 - - [27/Apr/2025:16:31:57 -0400] "GET /unforecastedsmd.xml HTTP/1.1" 200 34325 "-" "Mozilla/5.0 AppleWebKit/537.36 (KHTML, like Gecko; compatible; bingbot/2.0; +http://www.bing.com/bingbot.htm) Chrome/116.0.1938.76 Safari/537.36"
52.167.144.216 - - [27/Apr/2025:16:31:57 -0400] "GET /sitemap-12.xml HTTP/1.1" 200 33873 "-" "Mozilla/5.0 AppleWebKit/537.36 (KHTML, like Gecko; compatible; bingbot/2.0; +http://www.bing.com/bingbot.htm) Chrome/116.0.1938.76 Safari/537.36"
52.167.144.228 - - [27/Apr/2025:16:31:58 -0400] "GET /picaninnieshbb.xml HTTP/1.1" 200 34220 "-" "Mozilla/5.0 AppleWebKit/537.36 (KHTML, like Gecko; compatible; bingbot/2.0; +http://www.bing.com/bingbot.htm) Chrome/116.0.1938.76 Safari/537.36"
52.167.144.228 - - [27/Apr/2025:16:31:58 -0400] "GET /ostracoioy.xml HTTP/1.1" 200 34345 "-" "Mozilla/5.0 AppleWebKit/537.36 (KHTML, like Gecko; compatible; bingbot/2.0; +http://www.bing.com/bingbot.htm) Chrome/116.0.1938.76 Safari/537.36"
52.167.144.228 - - [27/Apr/2025:16:31:59 -0400] "GET /keelvatplv.xml HTTP/1.1" 200 33878 "-" "Mozilla/5.0 AppleWebKit/537.36 (KHTML, like Gecko; compatible; bingbot/2.0; +http://www.bing.com/bingbot.htm) Chrome/116.0.1938.76 Safari/537.36"
52.167.144.228 - - [27/Apr/2025:16:32:00 -0400] "GET /autoworkertwx.xml HTTP/1.1" 200 33865 "-" "Mozilla/5.0 AppleWebKit/537.36 (KHTML, like Gecko; compatible; bingbot/2.0; +http://www.bing.com/bingbot.htm) Chrome/116.0.1938.76 Safari/537.36"
52.167.144.228 - - [27/Apr/2025:16:32:01 -0400] "GET /coredemptressbzq.xml HTTP/1.1" 200 33969 "-" "Mozilla/5.0 AppleWebKit/537.36 (KHTML, like Gecko; compatible; bingbot/2.0; +http://www.bing.com/bingbot.htm) Chrome/116.0.1938.76 Safari/537.36"
157.55.39.63 - - [27/Apr/2025:16:32:01 -0400] "GET /prizeringejf.xml HTTP/1.1" 200 34256 "-" "Mozilla/5.0 AppleWebKit/537.36 (KHTML, like Gecko; compatible; bingbot/2.0; +http://www.bing.com/bingbot.htm) Chrome/116.0.1938.76 Safari/537.36"
157.55.39.63 - - [27/Apr/2025:16:32:02 -0400] "GET /monoideismrdh.xml HTTP/1.1" 200 33624 "-" "Mozilla/5.0 AppleWebKit/537.36 (KHTML, like Gecko; compatible; bingbot/2.0; +http://www.bing.com/bingbot.htm) Chrome/116.0.1938.76 Safari/537.36"
157.55.39.63 - - [27/Apr/2025:16:32:06 -0400] "GET /fetingjnd.xml HTTP/1.1" 200 33974 "-" "Mozilla/5.0 AppleWebKit/537.36 (KHTML, like Gecko; compatible; bingbot/2.0; +http://www.bing.com/bingbot.htm) Chrome/116.0.1938.76 Safari/537.36"
