52.169.85.234 - - [27/Apr/2025:07:27:45 -0400] "GET /wp-content/plugins/real/v.php HTTP/1.1" 404 31147 "-" "-"
52.169.85.234 - - [27/Apr/2025:07:27:46 -0400] "GET /wp-content/plugins/html404/wso25.php HTTP/1.1" 404 31147 "-" "-"
52.169.85.234 - - [27/Apr/2025:07:27:48 -0400] "GET /modules/mod_simplefileuploadv1.3/elements/udd.php HTTP/1.1" 404 31147 "-" "-"
185.191.171.2 - - [27/Apr/2025:07:27:49 -0400] "GET /db.php/hobbies/crafts/18440050605764.shtml HTTP/1.1" 200 0 "-" "Mozilla/5.0 (compatible; SemrushBot/7~bl; +http://www.semrush.com/bot.html)"
52.169.85.234 - - [27/Apr/2025:07:27:49 -0400] "GET /libraries/joomla/css.php HTTP/1.1" 404 31147 "-" "-"
52.169.85.234 - - [27/Apr/2025:07:27:51 -0400] "GET /libraries/joomla/jmails.php?u HTTP/1.1" 404 31147 "-" "-"
52.169.85.234 - - [27/Apr/2025:07:27:53 -0400] "GET /libraries/joomla/jmail.php?u HTTP/1.1" 404 31147 "-" "-"
52.169.85.234 - - [27/Apr/2025:07:27:54 -0400] "GET /images/vuln.php HTTP/1.1" 404 31147 "-" "-"
52.169.85.234 - - [27/Apr/2025:07:27:56 -0400] "GET /tmp/vuln.php HTTP/1.1" 404 31147 "-" "-"
52.169.85.234 - - [27/Apr/2025:07:27:58 -0400] "GET /rxr.php?rxr HTTP/1.1" 404 31147 "-" "-"
52.169.85.234 - - [27/Apr/2025:07:27:59 -0400] "GET /modules/modules/modules.php HTTP/1.1" 404 31147 "-" "-"
199.188.205.55 - - [27/Apr/2025:07:28:01 -0400] "POST /wp-cron.php?doing_wp_cron=1745753281.6297309398651123046875 HTTP/1.1" 200 0 "-" "WordPress/6.2.6; http://rupalake.org.np"
52.169.85.234 - - [27/Apr/2025:07:28:01 -0400] "GET /error.php HTTP/1.1" 404 31147 "-" "-"
199.188.205.55 - - [27/Apr/2025:07:28:03 -0400] "POST /wp-cron.php?doing_wp_cron=1745753283.5892219543457031250000 HTTP/1.1" 200 0 "-" "WordPress/6.2.6; http://rupalake.org.np"
52.169.85.234 - - [27/Apr/2025:07:28:03 -0400] "GET //wp-content/themes/fitnessbase/404.php?ok HTTP/1.1" 301 0 "-" "-"
52.169.85.234 - - [27/Apr/2025:07:28:04 -0400] "GET /wp-content/themes/fitnessbase/404.php?ok HTTP/1.1" 404 31147 "-" "-"
52.169.85.234 - - [27/Apr/2025:07:28:05 -0400] "GET //wp-add-admin.php HTTP/1.1" 301 0 "-" "-"
52.169.85.234 - - [27/Apr/2025:07:28:05 -0400] "GET /wp-add-admin.php HTTP/1.1" 404 31147 "-" "-"
52.169.85.234 - - [27/Apr/2025:07:28:07 -0400] "GET /RxR.php HTTP/1.1" 404 31147 "-" "-"
52.169.85.234 - - [27/Apr/2025:07:28:08 -0400] "GET //modules/mod_simplefileuploadv1.3/elements/udd.php HTTP/1.1" 301 0 "-" "-"
52.169.85.234 - - [27/Apr/2025:07:28:09 -0400] "GET /modules/mod_simplefileuploadv1.3/elements/udd.php HTTP/1.1" 404 31147 "-" "-"
52.169.85.234 - - [27/Apr/2025:07:28:10 -0400] "GET /components/com_b2jcontact/izoc.php HTTP/1.1" 404 31147 "-" "-"
52.169.85.234 - - [27/Apr/2025:07:28:11 -0400] "GET /administrator/templates/bluestork/error.php HTTP/1.1" 404 31147 "-" "-"
52.169.85.234 - - [27/Apr/2025:07:28:12 -0400] "GET /administrator/templates/hathor/index.php HTTP/1.1" 301 0 "-" "-"
52.169.85.234 - - [27/Apr/2025:07:28:13 -0400] "GET /administrator/templates/hathor/ HTTP/1.1" 404 31147 "-" "-"
185.191.171.10 - - [27/Apr/2025:07:28:13 -0400] "GET /db.php/fashion/bags/9750381001787.shtml HTTP/1.1" 200 0 "-" "Mozilla/5.0 (compatible; SemrushBot/7~bl; +http://www.semrush.com/bot.html)"
52.169.85.234 - - [27/Apr/2025:07:28:14 -0400] "GET /administrator/templates/hathor/error.php HTTP/1.1" 404 31147 "-" "-"
52.169.85.234 - - [27/Apr/2025:07:28:15 -0400] "GET /administrator/templates/isis/index.php HTTP/1.1" 301 0 "-" "-"
52.169.85.234 - - [27/Apr/2025:07:28:15 -0400] "GET /administrator/templates/isis/ HTTP/1.1" 404 31147 "-" "-"
52.169.85.234 - - [27/Apr/2025:07:28:17 -0400] "GET /administrator/templates/isis/error.php HTTP/1.1" 404 31147 "-" "-"
52.169.85.234 - - [27/Apr/2025:07:28:18 -0400] "GET /templates/beez/index.php HTTP/1.1" 301 0 "-" "-"
85.208.96.200 - - [27/Apr/2025:07:28:19 -0400] "GET /db.php/audio/wearable-cameras/14560521067153.shtml HTTP/1.1" 200 0 "-" "Mozilla/5.0 (compatible; SemrushBot/7~bl; +http://www.semrush.com/bot.html)"
52.169.85.234 - - [27/Apr/2025:07:28:19 -0400] "GET /templates/beez/ HTTP/1.1" 404 31147 "-" "-"
52.169.85.234 - - [27/Apr/2025:07:28:20 -0400] "GET /templates/ja_purity/index.php HTTP/1.1" 301 0 "-" "-"
52.169.85.234 - - [27/Apr/2025:07:28:21 -0400] "GET /templates/ja_purity/ HTTP/1.1" 404 31147 "-" "-"
52.169.85.234 - - [27/Apr/2025:07:28:22 -0400] "GET /templates/rhuk_milkyway/index.php HTTP/1.1" 301 0 "-" "-"
52.169.85.234 - - [27/Apr/2025:07:28:23 -0400] "GET /templates/rhuk_milkyway/ HTTP/1.1" 404 31147 "-" "-"
52.169.85.234 - - [27/Apr/2025:07:28:24 -0400] "GET /templates/+theme+/index.php HTTP/1.1" 301 0 "-" "-"
52.169.85.234 - - [27/Apr/2025:07:28:24 -0400] "GET /templates/+theme+/ HTTP/1.1" 404 31147 "-" "-"
52.169.85.234 - - [27/Apr/2025:07:28:26 -0400] "GET /templates/+theme+/error.php HTTP/1.1" 404 31147 "-" "-"
52.169.85.234 - - [27/Apr/2025:07:28:28 -0400] "GET /templates/beez3/index.php HTTP/1.1" 301 0 "-" "-"
52.169.85.234 - - [27/Apr/2025:07:28:28 -0400] "GET /templates/beez3/ HTTP/1.1" 404 31147 "-" "-"
85.208.96.211 - - [27/Apr/2025:07:28:30 -0400] "GET /db.php/computers/ipads/700432901974.shtml HTTP/1.1" 200 0 "-" "Mozilla/5.0 (compatible; SemrushBot/7~bl; +http://www.semrush.com/bot.html)"
52.169.85.234 - - [27/Apr/2025:07:28:29 -0400] "GET /templates/beez3/error.php HTTP/1.1" 404 31147 "-" "-"
52.169.85.234 - - [27/Apr/2025:07:28:31 -0400] "GET /templates/beez5/index.php HTTP/1.1" 301 0 "-" "-"
52.169.85.234 - - [27/Apr/2025:07:28:32 -0400] "GET /templates/beez5/ HTTP/1.1" 404 31147 "-" "-"
85.208.96.206 - - [27/Apr/2025:07:28:34 -0400] "GET /db.php/art/guitars/18390191172124.shtml HTTP/1.1" 200 0 "-" "Mozilla/5.0 (compatible; SemrushBot/7~bl; +http://www.semrush.com/bot.html)"
52.169.85.234 - - [27/Apr/2025:07:28:33 -0400] "GET /templates/beez5/error.php HTTP/1.1" 404 31147 "-" "-"
52.169.85.234 - - [27/Apr/2025:07:28:34 -0400] "GET /templates/beez_20/index.php HTTP/1.1" 301 0 "-" "-"
52.169.85.234 - - [27/Apr/2025:07:28:35 -0400] "GET /templates/beez_20/ HTTP/1.1" 404 31147 "-" "-"
52.169.85.234 - - [27/Apr/2025:07:28:36 -0400] "GET /templates/beez_20/error.php HTTP/1.1" 404 31147 "-" "-"
52.169.85.234 - - [27/Apr/2025:07:28:37 -0400] "GET /templates/protostar/index.php HTTP/1.1" 301 0 "-" "-"
52.169.85.234 - - [27/Apr/2025:07:28:37 -0400] "GET /templates/protostar/ HTTP/1.1" 404 31147 "-" "-"
52.169.85.234 - - [27/Apr/2025:07:28:38 -0400] "GET /templates/protostar/error.php HTTP/1.1" 404 31147 "-" "-"
52.169.85.234 - - [27/Apr/2025:07:28:39 -0400] "GET /templates/atomic/index.php HTTP/1.1" 301 0 "-" "-"
207.46.13.150 - - [27/Apr/2025:07:28:40 -0400] "GET /fashion-accessories-1u6p2 HTTP/1.1" 200 22230 "-" "Mozilla/5.0 AppleWebKit/537.36 (KHTML, like Gecko; compatible; bingbot/2.0; +http://www.bing.com/bingbot.htm) Chrome/116.0.1938.76 Safari/537.36"
52.169.85.234 - - [27/Apr/2025:07:28:40 -0400] "GET /templates/atomic/ HTTP/1.1" 404 31147 "-" "-"
52.169.85.234 - - [27/Apr/2025:07:28:41 -0400] "GET /templates/atomic/error.php HTTP/1.1" 404 31147 "-" "-"
52.169.85.234 - - [27/Apr/2025:07:28:43 -0400] "GET /wp-admin/network/wp-footer.php HTTP/1.1" 404 31147 "-" "-"
52.169.85.234 - - [27/Apr/2025:07:28:45 -0400] "GET /wp-content/vuln.php HTTP/1.1" 404 31147 "-" "-"
52.169.85.234 - - [27/Apr/2025:07:28:46 -0400] "GET /upel.php HTTP/1.1" 404 31147 "-" "-"
52.169.85.234 - - [27/Apr/2025:07:28:48 -0400] "GET /wp-content/uploads/ HTTP/1.1" 200 4977 "-" "-"
52.169.85.234 - - [27/Apr/2025:07:28:48 -0400] "GET /wp-content/uploads/+year+/+month+/ HTTP/1.1" 404 31147 "-" "-"
52.169.85.234 - - [27/Apr/2025:07:28:49 -0400] "GET /license.php HTTP/1.1" 404 31147 "-" "-"
52.169.85.234 - - [27/Apr/2025:07:28:51 -0400] "GET /wp-content/plugins/ppus/up.php HTTP/1.1" 404 31147 "-" "-"
52.169.85.234 - - [27/Apr/2025:07:28:52 -0400] "GET /098.php HTTP/1.1" 404 31147 "-" "-"
52.169.85.234 - - [27/Apr/2025:07:28:53 -0400] "GET /new_license.php HTTP/1.1" 404 31147 "-" "-"
52.169.85.234 - - [27/Apr/2025:07:28:54 -0400] "GET /wp-content/plugins/theme-configurator/mini.php HTTP/1.1" 404 31147 "-" "-"
52.169.85.234 - - [27/Apr/2025:07:28:55 -0400] "GET /wp-content/plugins/widget-logic/mini.php HTTP/1.1" 404 31147 "-" "-"
52.169.85.234 - - [27/Apr/2025:07:28:57 -0400] "GET /wp-admin/css/index.php HTTP/1.1" 301 0 "-" "-"
52.169.85.234 - - [27/Apr/2025:07:28:57 -0400] "GET /wp-admin/css/ HTTP/1.1" 200 29265 "-" "-"
52.169.85.234 - - [27/Apr/2025:07:28:57 -0400] "GET /1975.php HTTP/1.1" 404 31147 "-" "-"
52.169.85.234 - - [27/Apr/2025:07:28:59 -0400] "GET /wp-includes/wp-class.php HTTP/1.1" 404 31147 "-" "-"
52.167.144.195 - - [27/Apr/2025:07:28:59 -0400] "GET /motorcycles-accessories-2mle0 HTTP/1.1" 200 21016 "-" "Mozilla/5.0 AppleWebKit/537.36 (KHTML, like Gecko; compatible; bingbot/2.0; +http://www.bing.com/bingbot.htm) Chrome/116.0.1938.76 Safari/537.36"
199.188.205.55 - - [27/Apr/2025:07:29:00 -0400] "POST /wp-cron.php?doing_wp_cron=1745753340.3882050514221191406250 HTTP/1.1" 200 0 "-" "WordPress/6.2.6; http://rupalake.org.np"
52.169.85.234 - - [27/Apr/2025:07:29:00 -0400] "GET /xleet-shell.php HTTP/1.1" 404 31147 "-" "-"
52.169.85.234 - - [27/Apr/2025:07:29:01 -0400] "GET /wp-content/radio.php HTTP/1.1" 404 31147 "-" "-"
199.188.205.55 - - [27/Apr/2025:07:29:02 -0400] "POST /wp-cron.php?doing_wp_cron=1745753342.9388079643249511718750 HTTP/1.1" 200 0 "-" "WordPress/6.2.6; http://rupalake.org.np"
52.169.85.234 - - [27/Apr/2025:07:29:02 -0400] "GET /wp-includes/radio.php HTTP/1.1" 404 31147 "-" "-"
52.169.85.234 - - [27/Apr/2025:07:29:03 -0400] "GET /fx.php HTTP/1.1" 404 31147 "-" "-"
52.169.85.234 - - [27/Apr/2025:07:29:05 -0400] "GET /wp-admin/images/atomlib.php HTTP/1.1" 404 31147 "-" "-"
52.169.85.234 - - [27/Apr/2025:07:29:06 -0400] "GET /gel4y.php HTTP/1.1" 404 31147 "-" "-"
85.208.96.201 - - [27/Apr/2025:07:29:07 -0400] "GET /db.php/tv/camera-accessories/14570243692637.shtml HTTP/1.1" 200 0 "-" "Mozilla/5.0 (compatible; SemrushBot/7~bl; +http://www.semrush.com/bot.html)"
52.169.85.234 - - [27/Apr/2025:07:29:07 -0400] "GET /jindex.php HTTP/1.1" 404 31147 "-" "-"
52.169.85.234 - - [27/Apr/2025:07:29:09 -0400] "GET /wp-content/about.php HTTP/1.1" 404 31147 "-" "-"
52.169.85.234 - - [27/Apr/2025:07:29:10 -0400] "GET /sh.php HTTP/1.1" 404 31147 "-" "-"
52.169.85.234 - - [27/Apr/2025:07:29:11 -0400] "GET /wp-includes/991176.php HTTP/1.1" 404 31147 "-" "-"
52.169.85.234 - - [27/Apr/2025:07:29:12 -0400] "GET /wp-admin/maint/about.php HTTP/1.1" 404 31147 "-" "-"
52.169.85.234 - - [27/Apr/2025:07:29:14 -0400] "GET /fox.php HTTP/1.1" 404 31147 "-" "-"
52.169.85.234 - - [27/Apr/2025:07:29:15 -0400] "GET /wp-admin/x.php HTTP/1.1" 404 31147 "-" "-"
52.169.85.234 - - [27/Apr/2025:07:29:17 -0400] "GET /server.php HTTP/1.1" 404 31147 "-" "-"
52.169.85.234 - - [27/Apr/2025:07:29:18 -0400] "GET /wp-includes/fw.php HTTP/1.1" 404 31147 "-" "-"
52.169.85.234 - - [27/Apr/2025:07:29:19 -0400] "GET /4.php HTTP/1.1" 404 31147 "-" "-"
52.169.85.234 - - [27/Apr/2025:07:29:21 -0400] "GET /5.php HTTP/1.1" 404 31147 "-" "-"
185.191.171.10 - - [27/Apr/2025:07:29:22 -0400] "GET /db.php/goods/pretend-play/13930211696758.shtml HTTP/1.1" 200 0 "-" "Mozilla/5.0 (compatible; SemrushBot/7~bl; +http://www.semrush.com/bot.html)"
52.169.85.234 - - [27/Apr/2025:07:29:23 -0400] "GET /images/about.php HTTP/1.1" 404 31147 "-" "-"
185.191.171.17 - - [27/Apr/2025:07:29:24 -0400] "GET /db.php/cameras/digital-cameras/14470593724763.shtml HTTP/1.1" 200 0 "-" "Mozilla/5.0 (compatible; SemrushBot/7~bl; +http://www.semrush.com/bot.html)"
52.169.85.234 - - [27/Apr/2025:07:29:24 -0400] "GET /wp-load.php HTTP/1.1" 200 0 "-" "-"
52.169.85.234 - - [27/Apr/2025:07:29:25 -0400] "GET /wp-login.php HTTP/1.1" 200 6160 "-" "-"
52.169.85.234 - - [27/Apr/2025:07:29:26 -0400] "GET /wp-admin/fw.php HTTP/1.1" 404 31147 "-" "-"
52.169.85.234 - - [27/Apr/2025:07:29:27 -0400] "GET /mari.php HTTP/1.1" 404 31147 "-" "-"
52.169.85.234 - - [27/Apr/2025:07:29:29 -0400] "GET /swm.php HTTP/1.1" 404 31147 "-" "-"
52.169.85.234 - - [27/Apr/2025:07:29:30 -0400] "GET /wp-admin/radio.php HTTP/1.1" 404 31147 "-" "-"
52.169.85.234 - - [27/Apr/2025:07:29:31 -0400] "GET /wp-includes/about.php HTTP/1.1" 404 31147 "-" "-"
52.169.85.234 - - [27/Apr/2025:07:29:33 -0400] "GET /wp-content/wso.php HTTP/1.1" 404 31147 "-" "-"
52.169.85.234 - - [27/Apr/2025:07:29:34 -0400] "GET /wp-admin/wso.php HTTP/1.1" 404 31147 "-" "-"
52.169.85.234 - - [27/Apr/2025:07:29:35 -0400] "GET /w3llstore.php HTTP/1.1" 404 31147 "-" "-"
52.169.85.234 - - [27/Apr/2025:07:29:36 -0400] "GET /wp-content/fx.php HTTP/1.1" 404 31147 "-" "-"
52.169.85.234 - - [27/Apr/2025:07:29:37 -0400] "GET /wp-content/x.php HTTP/1.1" 404 31147 "-" "-"
52.167.144.195 - - [27/Apr/2025:07:29:39 -0400] "GET /tablets/keyboards/990313820425 HTTP/1.1" 200 21283 "-" "Mozilla/5.0 AppleWebKit/537.36 (KHTML, like Gecko; compatible; bingbot/2.0; +http://www.bing.com/bingbot.htm) Chrome/116.0.1938.76 Safari/537.36"
52.169.85.234 - - [27/Apr/2025:07:29:38 -0400] "GET /wp-admin/alfa.php HTTP/1.1" 404 31147 "-" "-"
52.169.85.234 - - [27/Apr/2025:07:29:40 -0400] "GET /gank.php HTTP/1.1" 404 31147 "-" "-"
85.208.96.194 - - [27/Apr/2025:07:29:41 -0400] "GET /robots.txt HTTP/1.1" 200 236 "-" "Mozilla/5.0 (compatible; SemrushBot/7~bl; +http://www.semrush.com/bot.html)"
85.208.96.209 - - [27/Apr/2025:07:29:41 -0400] "GET /db.php/computers/cpu/840460991836.shtml HTTP/1.1" 200 0 "-" "Mozilla/5.0 (compatible; SemrushBot/7~bl; +http://www.semrush.com/bot.html)"
52.169.85.234 - - [27/Apr/2025:07:29:41 -0400] "GET /style.php HTTP/1.1" 404 31147 "-" "-"
52.169.85.234 - - [27/Apr/2025:07:29:42 -0400] "GET /s_e.php HTTP/1.1" 404 31147 "-" "-"
52.169.85.234 - - [27/Apr/2025:07:29:43 -0400] "GET /s_ne.php HTTP/1.1" 404 31147 "-" "-"
52.169.85.234 - - [27/Apr/2025:07:29:45 -0400] "GET /beence.php HTTP/1.1" 404 31147 "-" "-"
52.169.85.234 - - [27/Apr/2025:07:29:46 -0400] "GET /wp-signin.php HTTP/1.1" 404 31147 "-" "-"
52.169.85.234 - - [27/Apr/2025:07:29:48 -0400] "GET /moduless.php HTTP/1.1" 404 31147 "-" "-"
52.169.85.234 - - [27/Apr/2025:07:29:49 -0400] "GET /export.php HTTP/1.1" 404 31147 "-" "-"
185.191.171.7 - - [27/Apr/2025:07:29:50 -0400] "GET /db.php/cosmetics/hair-growth/17250223446107.shtml HTTP/1.1" 200 0 "-" "Mozilla/5.0 (compatible; SemrushBot/7~bl; +http://www.semrush.com/bot.html)"
52.169.85.234 - - [27/Apr/2025:07:29:50 -0400] "GET /legion.php HTTP/1.1" 404 31147 "-" "-"
52.169.85.234 - - [27/Apr/2025:07:29:51 -0400] "GET /system_log.php HTTP/1.1" 404 31147 "-" "-"
52.169.85.234 - - [27/Apr/2025:07:29:53 -0400] "GET /shells.php HTTP/1.1" 404 31147 "-" "-"
52.169.85.234 - - [27/Apr/2025:07:29:54 -0400] "GET /wp-content/plugins/ubh/up.php HTTP/1.1" 404 31147 "-" "-"
52.169.85.234 - - [27/Apr/2025:07:29:55 -0400] "GET /wp-content/mu-plugins/db-safe-mode.php HTTP/1.1" 404 31147 "-" "-"
52.169.85.234 - - [27/Apr/2025:07:29:56 -0400] "GET /wp-content/db-cache.php HTTP/1.1" 404 31147 "-" "-"
185.191.171.14 - - [27/Apr/2025:07:29:57 -0400] "GET /db.php/fashion/tops/9730470559707.shtml HTTP/1.1" 200 0 "-" "Mozilla/5.0 (compatible; SemrushBot/7~bl; +http://www.semrush.com/bot.html)"
52.169.85.234 - - [27/Apr/2025:07:29:57 -0400] "GET /wp-content/plugins/backup_index.php HTTP/1.1" 404 31147 "-" "-"
52.169.85.234 - - [27/Apr/2025:07:29:59 -0400] "GET /wp-includes/css/wp-config.php HTTP/1.1" 403 1242 "-" "-"
52.169.85.234 - - [27/Apr/2025:07:29:59 -0400] "GET /wp-content/themes/config.bak.php HTTP/1.1" 404 31147 "-" "-"
199.188.205.55 - - [27/Apr/2025:07:30:01 -0400] "POST /wp-cron.php?doing_wp_cron=1745753401.2074310779571533203125 HTTP/1.1" 200 0 "-" "WordPress/6.2.6; http://rupalake.org.np"
52.169.85.234 - - [27/Apr/2025:07:30:00 -0400] "GET /wp-includes/images/css.php HTTP/1.1" 404 31147 "-" "-"
199.188.205.55 - - [27/Apr/2025:07:30:03 -0400] "POST /wp-cron.php?doing_wp_cron=1745753403.1512670516967773437500 HTTP/1.1" 200 0 "-" "WordPress/6.2.6; http://rupalake.org.np"
52.169.85.234 - - [27/Apr/2025:07:30:02 -0400] "GET /wp-includes/css/css.php HTTP/1.1" 404 31147 "-" "-"
85.208.96.210 - - [27/Apr/2025:07:30:05 -0400] "GET /db.php/air-conditioning/freezer/9450071901974.shtml HTTP/1.1" 200 0 "-" "Mozilla/5.0 (compatible; SemrushBot/7~bl; +http://www.semrush.com/bot.html)"
52.169.85.234 - - [27/Apr/2025:07:30:05 -0400] "GET /wp-content/uploads/wp-stream.php HTTP/1.1" 404 31147 "-" "-"
52.169.85.234 - - [27/Apr/2025:07:30:07 -0400] "GET /wp-beckup.php HTTP/1.1" 404 31147 "-" "-"
52.169.85.234 - - [27/Apr/2025:07:30:09 -0400] "GET /wp-blog-post.php HTTP/1.1" 404 31147 "-" "-"
185.191.171.13 - - [27/Apr/2025:07:30:15 -0400] "GET /db.php/air-conditioning/kitchen-appliances/9460342751143.shtml HTTP/1.1" 200 0 "-" "Mozilla/5.0 (compatible; SemrushBot/7~bl; +http://www.semrush.com/bot.html)"
52.169.85.234 - - [27/Apr/2025:07:30:16 -0400] "GET /wp-content/uploads/wp-blockdown.php HTTP/1.1" 404 31147 "-" "-"
85.208.96.207 - - [27/Apr/2025:07:30:20 -0400] "GET /db.php/computers/apple-watches/760063042313.shtml HTTP/1.1" 200 0 "-" "Mozilla/5.0 (compatible; SemrushBot/7~bl; +http://www.semrush.com/bot.html)"
52.169.85.234 - - [27/Apr/2025:07:30:20 -0400] "GET /wp-admin/includes/class-wp-media-list-data.php HTTP/1.1" 404 31147 "-" "-"
52.169.85.234 - - [27/Apr/2025:07:30:22 -0400] "GET /wp-admin/style.php HTTP/1.1" 404 31147 "-" "-"
52.169.85.234 - - [27/Apr/2025:07:30:26 -0400] "GET /6.php HTTP/1.1" 404 31147 "-" "-"
52.169.85.234 - - [27/Apr/2025:07:30:28 -0400] "GET /7.php HTTP/1.1" 404 31147 "-" "-"
85.208.96.202 - - [27/Apr/2025:07:30:31 -0400] "GET /db.php/tablets/motherboards/1030582825713.shtml HTTP/1.1" 200 0 "-" "Mozilla/5.0 (compatible; SemrushBot/7~bl; +http://www.semrush.com/bot.html)"
52.169.85.234 - - [27/Apr/2025:07:30:31 -0400] "GET /8.php HTTP/1.1" 404 31147 "-" "-"
52.169.85.234 - - [27/Apr/2025:07:30:34 -0400] "GET /9.php HTTP/1.1" 404 31147 "-" "-"
185.191.171.9 - - [27/Apr/2025:07:30:35 -0400] "GET /db.php/kitchen/cooking-utensils/15220591678023.shtml HTTP/1.1" 200 0 "-" "Mozilla/5.0 (compatible; SemrushBot/7~bl; +http://www.semrush.com/bot.html)"
52.169.85.234 - - [27/Apr/2025:07:30:36 -0400] "GET /10.php HTTP/1.1" 404 31147 "-" "-"
52.169.85.234 - - [27/Apr/2025:07:30:38 -0400] "GET /wp_class_datalib.php HTTP/1.1" 404 31147 "-" "-"
52.167.144.161 - - [27/Apr/2025:07:30:41 -0400] "GET /games-sports-127rg HTTP/1.1" 200 21579 "-" "Mozilla/5.0 AppleWebKit/537.36 (KHTML, like Gecko; compatible; bingbot/2.0; +http://www.bing.com/bingbot.htm) Chrome/116.0.1938.76 Safari/537.36"
52.169.85.234 - - [27/Apr/2025:07:30:40 -0400] "GET /wp-includes/wp_class_datlib.php HTTP/1.1" 404 31147 "-" "-"
52.169.85.234 - - [27/Apr/2025:07:30:41 -0400] "GET /wp-includes/pomo/wp_class_datalib.php HTTP/1.1" 404 31147 "-" "-"
52.169.85.234 - - [27/Apr/2025:07:30:43 -0400] "GET /01.php HTTP/1.1" 404 31147 "-" "-"
85.208.96.197 - - [27/Apr/2025:07:30:44 -0400] "GET /db.php/blu-ray/anime/14940200911908.shtml HTTP/1.1" 200 0 "-" "Mozilla/5.0 (compatible; SemrushBot/7~bl; +http://www.semrush.com/bot.html)"
52.169.85.234 - - [27/Apr/2025:07:30:45 -0400] "GET /1xleet.php HTTP/1.1" 404 31147 "-" "-"
52.169.85.234 - - [27/Apr/2025:07:30:46 -0400] "GET /wp-content/shell.php HTTP/1.1" 404 31147 "-" "-"
52.169.85.234 - - [27/Apr/2025:07:30:48 -0400] "GET /wp-admin/shell.php HTTP/1.1" 404 31147 "-" "-"
52.169.85.234 - - [27/Apr/2025:07:30:50 -0400] "GET /wp-admin/wp.php HTTP/1.1" 404 31147 "-" "-"
52.169.85.234 - - [27/Apr/2025:07:30:51 -0400] "GET /4index.php HTTP/1.1" 404 31147 "-" "-"
52.169.85.234 - - [27/Apr/2025:07:30:52 -0400] "GET /5index.php HTTP/1.1" 404 31147 "-" "-"
52.169.85.234 - - [27/Apr/2025:07:30:54 -0400] "GET /6index.php HTTP/1.1" 404 31147 "-" "-"
52.169.85.234 - - [27/Apr/2025:07:30:56 -0400] "GET /7index.php HTTP/1.1" 404 31147 "-" "-"
52.169.85.234 - - [27/Apr/2025:07:30:58 -0400] "GET /8index.php HTTP/1.1" 404 31147 "-" "-"
52.169.85.234 - - [27/Apr/2025:07:30:59 -0400] "GET /9index.php HTTP/1.1" 404 31147 "-" "-"
199.188.205.55 - - [27/Apr/2025:07:31:01 -0400] "POST /wp-cron.php?doing_wp_cron=1745753461.0603919029235839843750 HTTP/1.1" 200 0 "-" "WordPress/6.2.6; http://rupalake.org.np"
52.169.85.234 - - [27/Apr/2025:07:31:00 -0400] "GET /Leaf.php HTTP/1.1" 404 31147 "-" "-"
199.188.205.55 - - [27/Apr/2025:07:31:03 -0400] "POST /wp-cron.php?doing_wp_cron=1745753462.9936459064483642578125 HTTP/1.1" 200 0 "-" "WordPress/6.2.6; http://rupalake.org.np"
52.169.85.234 - - [27/Apr/2025:07:31:02 -0400] "GET /Uploader.php HTTP/1.1" 404 31147 "-" "-"
52.169.85.234 - - [27/Apr/2025:07:31:04 -0400] "GET /wp-includes/wp-red.php HTTP/1.1" 404 31147 "-" "-"
52.169.85.234 - - [27/Apr/2025:07:31:05 -0400] "GET /.well-known/radio.php HTTP/1.1" 404 31147 "-" "-"
52.169.85.234 - - [27/Apr/2025:07:31:07 -0400] "GET /alfashell.php HTTP/1.1" 404 31147 "-" "-"
52.169.85.234 - - [27/Apr/2025:07:31:08 -0400] "GET /am.php HTTP/1.1" 404 31147 "-" "-"
52.169.85.234 - - [27/Apr/2025:07:31:10 -0400] "GET /blog/fw.php HTTP/1.1" 404 31147 "-" "-"
52.169.85.234 - - [27/Apr/2025:07:31:11 -0400] "GET /contacts.php HTTP/1.1" 404 31147 "-" "-"
52.169.85.234 - - [27/Apr/2025:07:31:13 -0400] "GET /demo328/fw.php HTTP/1.1" 404 31147 "-" "-"
52.169.85.234 - - [27/Apr/2025:07:31:14 -0400] "GET /gif.php HTTP/1.1" 404 31147 "-" "-"
52.169.85.234 - - [27/Apr/2025:07:31:16 -0400] "GET /goods.php HTTP/1.1" 404 31147 "-" "-"
52.167.144.195 - - [27/Apr/2025:07:31:17 -0400] "GET /diet-aroma-diffusers-1anjw HTTP/1.1" 200 21737 "-" "Mozilla/5.0 AppleWebKit/537.36 (KHTML, like Gecko; compatible; bingbot/2.0; +http://www.bing.com/bingbot.htm) Chrome/116.0.1938.76 Safari/537.36"
52.169.85.234 - - [27/Apr/2025:07:31:18 -0400] "GET /images/sym.php HTTP/1.1" 404 31147 "-" "-"
52.169.85.234 - - [27/Apr/2025:07:31:19 -0400] "GET /lab.php HTTP/1.1" 404 31147 "-" "-"
52.169.85.234 - - [27/Apr/2025:07:31:21 -0400] "GET /leaf_mailer.php HTTP/1.1" 404 31147 "-" "-"
52.169.85.234 - - [27/Apr/2025:07:31:22 -0400] "GET /leaf_php.php HTTP/1.1" 404 31147 "-" "-"
85.208.96.206 - - [27/Apr/2025:07:31:23 -0400] "GET /db.php/musical-instruments/paintings/18480464005550.shtml HTTP/1.1" 200 0 "-" "Mozilla/5.0 (compatible; SemrushBot/7~bl; +http://www.semrush.com/bot.html)"
52.169.85.234 - - [27/Apr/2025:07:31:23 -0400] "GET /libraries/joomla/jmail.php HTTP/1.1" 404 31147 "-" "-"
52.169.85.234 - - [27/Apr/2025:07:31:24 -0400] "GET /libraries/joomla/jmails.php HTTP/1.1" 404 31147 "-" "-"
52.169.85.234 - - [27/Apr/2025:07:31:26 -0400] "GET /mailer1.php HTTP/1.1" 404 31147 "-" "-"
52.169.85.234 - - [27/Apr/2025:07:31:27 -0400] "GET /ms.php HTTP/1.1" 404 31147 "-" "-"
185.191.171.5 - - [27/Apr/2025:07:31:29 -0400] "GET /db.php/decor/seater-sofas/4000513152972.shtml HTTP/1.1" 200 0 "-" "Mozilla/5.0 (compatible; SemrushBot/7~bl; +http://www.semrush.com/bot.html)"
52.169.85.234 - - [27/Apr/2025:07:31:28 -0400] "GET /rxr.php HTTP/1.1" 404 31147 "-" "-"
52.169.85.234 - - [27/Apr/2025:07:31:30 -0400] "GET /srx.php HTTP/1.1" 404 31147 "-" "-"
52.169.85.234 - - [27/Apr/2025:07:31:31 -0400] "GET /tuco.php HTTP/1.1" 404 31147 "-" "-"
85.208.96.212 - - [27/Apr/2025:07:31:33 -0400] "GET /db.php/fashion/outerwear/9720312498059.shtml HTTP/1.1" 200 0 "-" "Mozilla/5.0 (compatible; SemrushBot/7~bl; +http://www.semrush.com/bot.html)"
52.169.85.234 - - [27/Apr/2025:07:31:33 -0400] "GET /unix.php HTTP/1.1" 404 31147 "-" "-"
52.169.85.234 - - [27/Apr/2025:07:31:34 -0400] "GET /uploads/up.php HTTP/1.1" 404 31147 "-" "-"
52.169.85.234 - - [27/Apr/2025:07:31:35 -0400] "GET /wp-admin/css/colors/coffee/fw.php HTTP/1.1" 404 31147 "-" "-"
52.169.85.234 - - [27/Apr/2025:07:31:37 -0400] "GET /wp-admin/css/fw.php HTTP/1.1" 404 31147 "-" "-"
52.169.85.234 - - [27/Apr/2025:07:31:38 -0400] "GET /wp-admin/includes/fw.php HTTP/1.1" 404 31147 "-" "-"
52.169.85.234 - - [27/Apr/2025:07:31:40 -0400] "GET /wp-admin/maint/fw.php HTTP/1.1" 404 31147 "-" "-"
52.169.85.234 - - [27/Apr/2025:07:31:42 -0400] "GET /wp-admin/setup-config.php HTTP/1.1" 409 2761 "-" "-"
52.169.85.234 - - [27/Apr/2025:07:31:43 -0400] "GET /wp-content/plugins/vwcleanerplugin/bump.php HTTP/1.1" 404 31147 "-" "-"
52.169.85.234 - - [27/Apr/2025:07:31:45 -0400] "GET /wp-content/plugins/xichang/x.php HTTP/1.1" 404 31147 "-" "-"
52.169.85.234 - - [27/Apr/2025:07:31:47 -0400] "GET /wp-content/plugins/zedd/1.php HTTP/1.1" 404 31147 "-" "-"
51.222.253.5 - - [27/Apr/2025:07:31:48 -0400] "GET /fashion/bags/9750030246993 HTTP/1.1" 404 7439 "-" "Mozilla/5.0 (compatible; AhrefsBot/7.0; +http://ahrefs.com/robot/)"
52.169.85.234 - - [27/Apr/2025:07:31:48 -0400] "GET /wp-content/up.php HTTP/1.1" 404 31147 "-" "-"
85.208.96.203 - - [27/Apr/2025:07:31:50 -0400] "GET /db.php/fishing/flies/8790521332306.shtml HTTP/1.1" 200 0 "-" "Mozilla/5.0 (compatible; SemrushBot/7~bl; +http://www.semrush.com/bot.html)"
52.169.85.234 - - [27/Apr/2025:07:31:50 -0400] "GET /wp-content/wp.php HTTP/1.1" 404 31147 "-" "-"
52.169.85.234 - - [27/Apr/2025:07:31:52 -0400] "GET /wp-mna.php HTTP/1.1" 404 31147 "-" "-"
52.169.85.234 - - [27/Apr/2025:07:31:53 -0400] "GET /uploads/upload.php HTTP/1.1" 404 31147 "-" "-"
52.169.85.234 - - [27/Apr/2025:07:31:54 -0400] "GET /wpx.php HTTP/1.1" 404 31147 "-" "-"
52.169.85.234 - - [27/Apr/2025:07:31:56 -0400] "GET /images/c99.php HTTP/1.1" 404 31147 "-" "-"
52.169.85.234 - - [27/Apr/2025:07:31:58 -0400] "GET /xhell.php HTTP/1.1" 404 31147 "-" "-"
199.188.205.55 - - [27/Apr/2025:07:32:00 -0400] "POST /wp-cron.php?doing_wp_cron=1745753520.0078899860382080078125 HTTP/1.1" 200 0 "-" "WordPress/6.2.6; http://rupalake.org.np"
52.169.85.234 - - [27/Apr/2025:07:31:59 -0400] "GET /xmrlpc.php HTTP/1.1" 404 31147 "-" "-"
52.169.85.234 - - [27/Apr/2025:07:32:01 -0400] "GET /xz.php HTTP/1.1" 404 31147 "-" "-"
199.188.205.55 - - [27/Apr/2025:07:32:03 -0400] "POST /wp-cron.php?doing_wp_cron=1745753523.1154460906982421875000 HTTP/1.1" 200 0 "-" "WordPress/6.2.6; http://rupalake.org.np"
52.169.85.234 - - [27/Apr/2025:07:32:02 -0400] "GET /yuuki.php HTTP/1.1" 404 31147 "-" "-"
52.169.85.234 - - [27/Apr/2025:07:32:04 -0400] "GET /wp-admin/shapes.php HTTP/1.1" 404 31147 "-" "-"
52.169.85.234 - - [27/Apr/2025:07:32:05 -0400] "GET /wp-content/plugins/upspy/con.php HTTP/1.1" 404 31147 "-" "-"
52.169.85.234 - - [27/Apr/2025:07:32:07 -0400] "GET /wp-content/plugins/upspy/up.php HTTP/1.1" 404 31147 "-" "-"
52.169.85.234 - - [27/Apr/2025:07:32:08 -0400] "GET /wp-content/plugins/upspy/sllolx.php HTTP/1.1" 404 31147 "-" "-"
207.46.13.150 - - [27/Apr/2025:07:32:09 -0400] "GET /hobbies-others-2er8e HTTP/1.1" 200 21319 "-" "Mozilla/5.0 AppleWebKit/537.36 (KHTML, like Gecko; compatible; bingbot/2.0; +http://www.bing.com/bingbot.htm) Chrome/116.0.1938.76 Safari/537.36"
52.169.85.234 - - [27/Apr/2025:07:32:10 -0400] "GET /database.php HTTP/1.1" 404 31147 "-" "-"
52.169.85.234 - - [27/Apr/2025:07:32:11 -0400] "GET /wp-includes/js/tinymce/plugins/compat3x/css/index.php HTTP/1.1" 301 0 "-" "-"
52.169.85.234 - - [27/Apr/2025:07:32:12 -0400] "GET /wp-includes/js/tinymce/plugins/compat3x/css/ HTTP/1.1" 200 1719 "-" "-"
52.169.85.234 - - [27/Apr/2025:07:32:13 -0400] "GET /shell20211028.php HTTP/1.1" 404 31147 "-" "-"
52.169.85.234 - - [27/Apr/2025:07:32:15 -0400] "GET /repeater.php HTTP/1.1" 404 31147 "-" "-"
52.169.85.234 - - [27/Apr/2025:07:32:16 -0400] "GET /wp-content/themes/seotheme/db.php?u HTTP/1.1" 404 31147 "-" "-"
185.191.171.12 - - [27/Apr/2025:07:32:24 -0400] "GET /db.php/interior/dining-chairs/4070112095692.shtml HTTP/1.1" 200 0 "-" "Mozilla/5.0 (compatible; SemrushBot/7~bl; +http://www.semrush.com/bot.html)"
85.208.96.212 - - [27/Apr/2025:07:32:26 -0400] "GET /db.php/cosmetics/men-perfume/17500510796282.shtml HTTP/1.1" 200 0 "-" "Mozilla/5.0 (compatible; SemrushBot/7~bl; +http://www.semrush.com/bot.html)"
185.191.171.13 - - [27/Apr/2025:07:32:33 -0400] "GET /db.php/furniture/mattress-legs/4970011299775.shtml HTTP/1.1" 200 0 "-" "Mozilla/5.0 (compatible; SemrushBot/7~bl; +http://www.semrush.com/bot.html)"
52.167.144.195 - - [27/Apr/2025:07:32:41 -0400] "GET /art-drones-23a3a HTTP/1.1" 200 20302 "-" "Mozilla/5.0 AppleWebKit/537.36 (KHTML, like Gecko; compatible; bingbot/2.0; +http://www.bing.com/bingbot.htm) Chrome/116.0.1938.76 Safari/537.36"
85.208.96.196 - - [27/Apr/2025:07:33:16 -0400] "GET /db.php/fishing/reels/8770183514830.shtml HTTP/1.1" 200 0 "-" "Mozilla/5.0 (compatible; SemrushBot/7~bl; +http://www.semrush.com/bot.html)"
185.191.171.11 - - [27/Apr/2025:07:33:23 -0400] "GET /db.php/cars/parts/18220600648856.shtml HTTP/1.1" 200 0 "-" "Mozilla/5.0 (compatible; SemrushBot/7~bl; +http://www.semrush.com/bot.html)"
85.208.96.196 - - [27/Apr/2025:07:33:29 -0400] "GET /db.php/interior/mattresses/4060091371477.shtml HTTP/1.1" 200 0 "-" "Mozilla/5.0 (compatible; SemrushBot/7~bl; +http://www.semrush.com/bot.html)"
185.191.171.7 - - [27/Apr/2025:07:33:30 -0400] "GET /db.php/daily-necessities/cooking-utensils/15220292994617.shtml HTTP/1.1" 200 0 "-" "Mozilla/5.0 (compatible; SemrushBot/7~bl; +http://www.semrush.com/bot.html)"
207.46.13.150 - - [27/Apr/2025:07:33:30 -0400] "GET /fishing-reels-4c0b HTTP/1.1" 200 21738 "-" "Mozilla/5.0 AppleWebKit/537.36 (KHTML, like Gecko; compatible; bingbot/2.0; +http://www.bing.com/bingbot.htm) Chrome/116.0.1938.76 Safari/537.36"
185.191.171.4 - - [27/Apr/2025:07:33:47 -0400] "GET /db.php/fashion/shoes/9740011559837.shtml HTTP/1.1" 200 0 "-" "Mozilla/5.0 (compatible; SemrushBot/7~bl; +http://www.semrush.com/bot.html)"
85.208.96.201 - - [27/Apr/2025:07:33:58 -0400] "GET /db.php/decor/kotatsu/4090393054708.shtml HTTP/1.1" 200 0 "-" "Mozilla/5.0 (compatible; SemrushBot/7~bl; +http://www.semrush.com/bot.html)"
85.208.96.199 - - [27/Apr/2025:07:34:00 -0400] "GET /db.php/bicycles/parts/18220530143044.shtml HTTP/1.1" 200 0 "-" "Mozilla/5.0 (compatible; SemrushBot/7~bl; +http://www.semrush.com/bot.html)"
85.208.96.194 - - [27/Apr/2025:07:34:09 -0400] "GET /db.php/fashion/dresses/9810042150471.shtml HTTP/1.1" 200 0 "-" "Mozilla/5.0 (compatible; SemrushBot/7~bl; +http://www.semrush.com/bot.html)"
85.208.96.193 - - [27/Apr/2025:07:34:15 -0400] "GET /db.php/fashion/outerwear/9720171471262.shtml HTTP/1.1" 200 0 "-" "Mozilla/5.0 (compatible; SemrushBot/7~bl; +http://www.semrush.com/bot.html)"
185.191.171.13 - - [27/Apr/2025:07:34:20 -0400] "GET /db.php/health/hygiene/10330142018692.shtml HTTP/1.1" 200 0 "-" "Mozilla/5.0 (compatible; SemrushBot/7~bl; +http://www.semrush.com/bot.html)"
40.77.167.61 - - [27/Apr/2025:07:34:29 -0400] "GET /gardening-tuberous-plants-1an65 HTTP/1.1" 200 20682 "-" "Mozilla/5.0 AppleWebKit/537.36 (KHTML, like Gecko; compatible; bingbot/2.0; +http://www.bing.com/bingbot.htm) Chrome/116.0.1938.76 Safari/537.36"
185.191.171.14 - - [27/Apr/2025:07:34:44 -0400] "GET /db.php/fashion/dresses/9810151450650.shtml HTTP/1.1" 200 0 "-" "Mozilla/5.0 (compatible; SemrushBot/7~bl; +http://www.semrush.com/bot.html)"
85.208.96.195 - - [27/Apr/2025:07:34:46 -0400] "GET /db.php/musical-instruments/guitars/18390040652034.shtml HTTP/1.1" 200 0 "-" "Mozilla/5.0 (compatible; SemrushBot/7~bl; +http://www.semrush.com/bot.html)"
85.208.96.202 - - [27/Apr/2025:07:34:48 -0400] "GET /db.php/air-conditioning/freezer/9450461926476.shtml HTTP/1.1" 200 0 "-" "Mozilla/5.0 (compatible; SemrushBot/7~bl; +http://www.semrush.com/bot.html)"
185.191.171.17 - - [27/Apr/2025:07:34:51 -0400] "GET /db.php/fashion/tops/9730581799731.shtml HTTP/1.1" 200 0 "-" "Mozilla/5.0 (compatible; SemrushBot/7~bl; +http://www.semrush.com/bot.html)"
85.208.96.200 - - [27/Apr/2025:07:35:29 -0400] "GET /db.php/outdoor/reels/8770202250613.shtml HTTP/1.1" 200 0 "-" "Mozilla/5.0 (compatible; SemrushBot/7~bl; +http://www.semrush.com/bot.html)"
85.208.96.197 - - [27/Apr/2025:07:35:48 -0400] "GET /db.php/bicycles/tires/18250352293650.shtml HTTP/1.1" 200 0 "-" "Mozilla/5.0 (compatible; SemrushBot/7~bl; +http://www.semrush.com/bot.html)"
40.77.167.61 - - [27/Apr/2025:07:35:49 -0400] "GET /fashion-bags-bnqj HTTP/1.1" 200 20521 "-" "Mozilla/5.0 AppleWebKit/537.36 (KHTML, like Gecko; compatible; bingbot/2.0; +http://www.bing.com/bingbot.htm) Chrome/116.0.1938.76 Safari/537.36"
85.208.96.194 - - [27/Apr/2025:07:35:51 -0400] "GET /db.php/fashion/outerwear/9720490629072.shtml HTTP/1.1" 200 0 "-" "Mozilla/5.0 (compatible; SemrushBot/7~bl; +http://www.semrush.com/bot.html)"
199.188.205.55 - - [27/Apr/2025:07:36:14 -0400] "POST /wp-cron.php?doing_wp_cron=1745753774.3547849655151367187500 HTTP/1.1" 200 0 "-" "WordPress/6.2.6; http://rupalake.org.np"
51.222.253.17 - - [27/Apr/2025:07:36:13 -0400] "GET /fashion/jackets/9720431951172 HTTP/1.1" 404 7439 "-" "Mozilla/5.0 (compatible; AhrefsBot/7.0; +http://ahrefs.com/robot/)"
185.191.171.2 - - [27/Apr/2025:07:36:26 -0400] "GET /db.php/air-conditioning/rechargeable-batteries/9660081527813.shtml HTTP/1.1" 200 0 "-" "Mozilla/5.0 (compatible; SemrushBot/7~bl; +http://www.semrush.com/bot.html)"
85.208.96.205 - - [27/Apr/2025:07:36:30 -0400] "GET /db.php/fashion/outerwear/9720382988218.shtml HTTP/1.1" 200 0 "-" "Mozilla/5.0 (compatible; SemrushBot/7~bl; +http://www.semrush.com/bot.html)"
85.208.96.196 - - [27/Apr/2025:07:36:38 -0400] "GET /db.php/sports/snowboard/1620373765210.shtml HTTP/1.1" 200 0 "-" "Mozilla/5.0 (compatible; SemrushBot/7~bl; +http://www.semrush.com/bot.html)"
185.191.171.9 - - [27/Apr/2025:07:37:08 -0400] "GET /db.php/handmade/watches/11670531959619.shtml HTTP/1.1" 200 0 "-" "Mozilla/5.0 (compatible; SemrushBot/7~bl; +http://www.semrush.com/bot.html)"
52.167.144.161 - - [27/Apr/2025:07:37:21 -0400] "GET /hobbies-paintings-2hwgc HTTP/1.1" 200 20629 "-" "Mozilla/5.0 AppleWebKit/537.36 (KHTML, like Gecko; compatible; bingbot/2.0; +http://www.bing.com/bingbot.htm) Chrome/116.0.1938.76 Safari/537.36"
85.208.96.205 - - [27/Apr/2025:07:37:23 -0400] "GET /db.php/motorcycles/wheels/18250402449778.shtml HTTP/1.1" 200 0 "-" "Mozilla/5.0 (compatible; SemrushBot/7~bl; +http://www.semrush.com/bot.html)"
52.167.144.161 - - [27/Apr/2025:07:37:23 -0400] "GET /games-game-characters-1ydsy HTTP/1.1" 200 20917 "-" "Mozilla/5.0 AppleWebKit/537.36 (KHTML, like Gecko; compatible; bingbot/2.0; +http://www.bing.com/bingbot.htm) Chrome/116.0.1938.76 Safari/537.36"
185.191.171.16 - - [27/Apr/2025:07:37:27 -0400] "GET /db.php/fashion/tops/9730261494299.shtml HTTP/1.1" 200 0 "-" "Mozilla/5.0 (compatible; SemrushBot/7~bl; +http://www.semrush.com/bot.html)"
185.191.171.11 - - [27/Apr/2025:07:37:39 -0400] "GET /db.php/tablets/iphone-accessories/910062255244.shtml HTTP/1.1" 200 0 "-" "Mozilla/5.0 (compatible; SemrushBot/7~bl; +http://www.semrush.com/bot.html)"
185.191.171.8 - - [27/Apr/2025:07:37:49 -0400] "GET /db.php/air-conditioning/humidifiers/9410182241248.shtml HTTP/1.1" 200 0 "-" "Mozilla/5.0 (compatible; SemrushBot/7~bl; +http://www.semrush.com/bot.html)"
85.208.96.194 - - [27/Apr/2025:07:37:58 -0400] "GET /db.php/air-conditioning/refrigerator/9450473743990.shtml HTTP/1.1" 200 0 "-" "Mozilla/5.0 (compatible; SemrushBot/7~bl; +http://www.semrush.com/bot.html)"
85.208.96.196 - - [27/Apr/2025:07:38:12 -0400] "GET /db.php/home-appliances/lighters/9370612251828.shtml HTTP/1.1" 200 0 "-" "Mozilla/5.0 (compatible; SemrushBot/7~bl; +http://www.semrush.com/bot.html)"
85.208.96.206 - - [27/Apr/2025:07:38:15 -0400] "GET /db.php/cars/accessories/18370603911730.shtml HTTP/1.1" 200 0 "-" "Mozilla/5.0 (compatible; SemrushBot/7~bl; +http://www.semrush.com/bot.html)"
185.191.171.19 - - [27/Apr/2025:07:38:20 -0400] "GET /db.php/tools/wrenches/5370282134847.shtml HTTP/1.1" 200 0 "-" "Mozilla/5.0 (compatible; SemrushBot/7~bl; +http://www.semrush.com/bot.html)"
185.191.171.3 - - [27/Apr/2025:07:38:31 -0400] "GET /db.php/fashion/tops/9730451670617.shtml HTTP/1.1" 200 0 "-" "Mozilla/5.0 (compatible; SemrushBot/7~bl; +http://www.semrush.com/bot.html)"
40.77.167.61 - - [27/Apr/2025:07:38:31 -0400] "GET /handicrafts-tops-12a93 HTTP/1.1" 200 20925 "-" "Mozilla/5.0 AppleWebKit/537.36 (KHTML, like Gecko; compatible; bingbot/2.0; +http://www.bing.com/bingbot.htm) Chrome/116.0.1938.76 Safari/537.36"
85.208.96.194 - - [27/Apr/2025:07:38:44 -0400] "GET /db.php/hobbies/collections/18450170582762.shtml HTTP/1.1" 200 0 "-" "Mozilla/5.0 (compatible; SemrushBot/7~bl; +http://www.semrush.com/bot.html)"
85.208.96.199 - - [27/Apr/2025:07:38:54 -0400] "GET /db.php/games/sports/14350443815631.shtml HTTP/1.1" 200 0 "-" "Mozilla/5.0 (compatible; SemrushBot/7~bl; +http://www.semrush.com/bot.html)"
85.208.96.201 - - [27/Apr/2025:07:39:01 -0400] "GET /db.php/cameras/other/14850350422910.shtml HTTP/1.1" 200 0 "-" "Mozilla/5.0 (compatible; SemrushBot/7~bl; +http://www.semrush.com/bot.html)"
185.191.171.10 - - [27/Apr/2025:07:39:25 -0400] "GET /db.php/cars/parts/18220360452451.shtml HTTP/1.1" 200 0 "-" "Mozilla/5.0 (compatible; SemrushBot/7~bl; +http://www.semrush.com/bot.html)"
185.191.171.9 - - [27/Apr/2025:07:39:34 -0400] "GET /db.php/audio/zoom-lens/14480553772506.shtml HTTP/1.1" 200 0 "-" "Mozilla/5.0 (compatible; SemrushBot/7~bl; +http://www.semrush.com/bot.html)"
185.191.171.5 - - [27/Apr/2025:07:40:02 -0400] "GET /db.php/tickets/accommodation-tickets/8330500694098.shtml HTTP/1.1" 200 0 "-" "Mozilla/5.0 (compatible; SemrushBot/7~bl; +http://www.semrush.com/bot.html)"
85.208.96.198 - - [27/Apr/2025:07:40:09 -0400] "GET /db.php/musical-instruments/others/19070152266423.shtml HTTP/1.1" 200 0 "-" "Mozilla/5.0 (compatible; SemrushBot/7~bl; +http://www.semrush.com/bot.html)"
52.167.144.181 - - [27/Apr/2025:07:40:11 -0400] "GET /diet-chlorella-1gscd HTTP/1.1" 200 21808 "-" "Mozilla/5.0 AppleWebKit/537.36 (KHTML, like Gecko; compatible; bingbot/2.0; +http://www.bing.com/bingbot.htm) Chrome/116.0.1938.76 Safari/537.36"
85.208.96.206 - - [27/Apr/2025:07:40:27 -0400] "GET /db.php/diy/shutter/6200452119097.shtml HTTP/1.1" 200 0 "-" "Mozilla/5.0 (compatible; SemrushBot/7~bl; +http://www.semrush.com/bot.html)"
185.191.171.17 - - [27/Apr/2025:07:40:35 -0400] "GET /db.php/tablets/windows-notebooks/740591821604.shtml HTTP/1.1" 200 0 "-" "Mozilla/5.0 (compatible; SemrushBot/7~bl; +http://www.semrush.com/bot.html)"
20.15.133.175 - - [27/Apr/2025:07:40:38 -0400] "GET /computers/others/750101622938 HTTP/1.1" 200 20825 "-" "Mozilla/5.0 AppleWebKit/537.36 (KHTML, like Gecko; compatible; bingbot/2.0; +http://www.bing.com/bingbot.htm) Chrome/116.0.1938.76 Safari/537.36"
85.208.96.200 - - [27/Apr/2025:07:40:48 -0400] "GET /db.php/goods/pokemon-card-games/13260241669196.shtml HTTP/1.1" 200 0 "-" "Mozilla/5.0 (compatible; SemrushBot/7~bl; +http://www.semrush.com/bot.html)"
157.55.39.204 - - [27/Apr/2025:07:40:53 -0400] "GET /fashion-skirts-c8ky HTTP/1.1" 200 22610 "-" "Mozilla/5.0 AppleWebKit/537.36 (KHTML, like Gecko; compatible; bingbot/2.0; +http://www.bing.com/bingbot.htm) Chrome/116.0.1938.76 Safari/537.36"
199.188.205.55 - - [27/Apr/2025:07:40:54 -0400] "POST /wp-cron.php?doing_wp_cron=1745754054.2473690509796142578125 HTTP/1.1" 200 0 "-" "WordPress/6.2.6; http://rupalake.org.np"
51.222.253.3 - - [27/Apr/2025:07:40:53 -0400] "GET /fashion/jackets/9720483716579 HTTP/1.1" 404 7439 "-" "Mozilla/5.0 (compatible; AhrefsBot/7.0; +http://ahrefs.com/robot/)"
185.191.171.8 - - [27/Apr/2025:07:41:24 -0400] "GET /db.php/dresses/dresses/20890390680376.shtml HTTP/1.1" 200 0 "-" "Mozilla/5.0 (compatible; SemrushBot/7~bl; +http://www.semrush.com/bot.html)"
185.191.171.19 - - [27/Apr/2025:07:41:26 -0400] "GET /db.php/handmade/basket-bags/11330540506919.shtml HTTP/1.1" 200 0 "-" "Mozilla/5.0 (compatible; SemrushBot/7~bl; +http://www.semrush.com/bot.html)"
185.191.171.10 - - [27/Apr/2025:07:41:28 -0400] "GET /db.php/art/cosplay-costumes/18670523123678.shtml HTTP/1.1" 200 0 "-" "Mozilla/5.0 (compatible; SemrushBot/7~bl; +http://www.semrush.com/bot.html)"
85.208.96.212 - - [27/Apr/2025:07:41:46 -0400] "GET /db.php/magazines/novels/16730043840902.shtml HTTP/1.1" 200 0 "-" "Mozilla/5.0 (compatible; SemrushBot/7~bl; +http://www.semrush.com/bot.html)"
85.208.96.212 - - [27/Apr/2025:07:41:47 -0400] "GET /db.php/art/model-making-supplies/18750043497194.shtml HTTP/1.1" 200 0 "-" "Mozilla/5.0 (compatible; SemrushBot/7~bl; +http://www.semrush.com/bot.html)"
85.208.96.205 - - [27/Apr/2025:07:42:00 -0400] "GET /db.php/fashion/kimono/9790473356521.shtml HTTP/1.1" 200 0 "-" "Mozilla/5.0 (compatible; SemrushBot/7~bl; +http://www.semrush.com/bot.html)"
185.191.171.12 - - [27/Apr/2025:07:42:14 -0400] "GET /db.php/etc./bulk-sales/15210093676880.shtml HTTP/1.1" 200 0 "-" "Mozilla/5.0 (compatible; SemrushBot/7~bl; +http://www.semrush.com/bot.html)"
185.191.171.17 - - [27/Apr/2025:07:42:17 -0400] "GET /db.php/fashion/pants/9780081295026.shtml HTTP/1.1" 200 0 "-" "Mozilla/5.0 (compatible; SemrushBot/7~bl; +http://www.semrush.com/bot.html)"
157.55.39.204 - - [27/Apr/2025:07:42:17 -0400] "GET /cosmetics-serums-1jel3 HTTP/1.1" 200 21168 "-" "Mozilla/5.0 AppleWebKit/537.36 (KHTML, like Gecko; compatible; bingbot/2.0; +http://www.bing.com/bingbot.htm) Chrome/116.0.1938.76 Safari/537.36"
185.191.171.19 - - [27/Apr/2025:07:42:22 -0400] "GET /db.php/beauty/body/17220304051841.shtml HTTP/1.1" 200 0 "-" "Mozilla/5.0 (compatible; SemrushBot/7~bl; +http://www.semrush.com/bot.html)"
185.191.171.2 - - [27/Apr/2025:07:42:38 -0400] "GET /db.php/art/robots/18460372659489.shtml HTTP/1.1" 200 0 "-" "Mozilla/5.0 (compatible; SemrushBot/7~bl; +http://www.semrush.com/bot.html)"
185.191.171.15 - - [27/Apr/2025:07:42:54 -0400] "GET /db.php/sports/bags/2950160372957.shtml HTTP/1.1" 200 0 "-" "Mozilla/5.0 (compatible; SemrushBot/7~bl; +http://www.semrush.com/bot.html)"
52.167.144.181 - - [27/Apr/2025:07:43:01 -0400] "GET /kitchen-bulk-sales-kfim HTTP/1.1" 200 20935 "-" "Mozilla/5.0 AppleWebKit/537.36 (KHTML, like Gecko; compatible; bingbot/2.0; +http://www.bing.com/bingbot.htm) Chrome/116.0.1938.76 Safari/537.36"
185.191.171.11 - - [27/Apr/2025:07:43:11 -0400] "GET /db.php/pet-supplies/toilet-supplies/7530590976901.shtml HTTP/1.1" 200 0 "-" "Mozilla/5.0 (compatible; SemrushBot/7~bl; +http://www.semrush.com/bot.html)"
85.208.96.207 - - [27/Apr/2025:07:43:13 -0400] "GET /db.php/flowers/houseplants/3180080094785.shtml HTTP/1.1" 200 0 "-" "Mozilla/5.0 (compatible; SemrushBot/7~bl; +http://www.semrush.com/bot.html)"
85.208.96.204 - - [27/Apr/2025:07:43:16 -0400] "GET /db.php/outdoor/rods/8880513300538.shtml HTTP/1.1" 200 0 "-" "Mozilla/5.0 (compatible; SemrushBot/7~bl; +http://www.semrush.com/bot.html)"
157.55.39.204 - - [27/Apr/2025:07:43:28 -0400] "GET /air-conditioning-espresso-machines-2uid HTTP/1.1" 200 20886 "-" "Mozilla/5.0 AppleWebKit/537.36 (KHTML, like Gecko; compatible; bingbot/2.0; +http://www.bing.com/bingbot.htm) Chrome/116.0.1938.76 Safari/537.36"
85.208.96.197 - - [27/Apr/2025:07:43:43 -0400] "GET /db.php/fashion/accessories/9760560302886.shtml HTTP/1.1" 200 0 "-" "Mozilla/5.0 (compatible; SemrushBot/7~bl; +http://www.semrush.com/bot.html)"
85.208.96.208 - - [27/Apr/2025:07:44:09 -0400] "GET /db.php/fishing/barbecues/8860472469751.shtml HTTP/1.1" 200 0 "-" "Mozilla/5.0 (compatible; SemrushBot/7~bl; +http://www.semrush.com/bot.html)"
85.208.96.204 - - [27/Apr/2025:07:44:26 -0400] "GET /db.php/fashion/bags/9750410245701.shtml HTTP/1.1" 200 0 "-" "Mozilla/5.0 (compatible; SemrushBot/7~bl; +http://www.semrush.com/bot.html)"
85.208.96.194 - - [27/Apr/2025:07:44:28 -0400] "GET /db.php/bicycles/accessories/18370063487962.shtml HTTP/1.1" 200 0 "-" "Mozilla/5.0 (compatible; SemrushBot/7~bl; +http://www.semrush.com/bot.html)"
185.191.171.17 - - [27/Apr/2025:07:44:46 -0400] "GET /db.php/fashion/jackets/9720542544551.shtml HTTP/1.1" 200 0 "-" "Mozilla/5.0 (compatible; SemrushBot/7~bl; +http://www.semrush.com/bot.html)"
85.208.96.206 - - [27/Apr/2025:07:44:55 -0400] "GET /db.php/tv/recorders/14680132769907.shtml HTTP/1.1" 200 0 "-" "Mozilla/5.0 (compatible; SemrushBot/7~bl; +http://www.semrush.com/bot.html)"
199.188.205.55 - - [27/Apr/2025:07:44:59 -0400] "POST /wp-cron.php?doing_wp_cron=1745754298.9258089065551757812500 HTTP/1.1" 200 0 "-" "WordPress/6.2.6; http://rupalake.org.np"
51.222.253.17 - - [27/Apr/2025:07:44:58 -0400] "GET /fashion/tops/9730222006585 HTTP/1.1" 404 7439 "-" "Mozilla/5.0 (compatible; AhrefsBot/7.0; +http://ahrefs.com/robot/)"
185.191.171.8 - - [27/Apr/2025:07:45:07 -0400] "GET /db.php/interior/work-chairs/4050503269656.shtml HTTP/1.1" 200 0 "-" "Mozilla/5.0 (compatible; SemrushBot/7~bl; +http://www.semrush.com/bot.html)"
85.208.96.194 - - [27/Apr/2025:07:45:26 -0400] "GET /db.php/hobbies/guitars/18390552377637.shtml HTTP/1.1" 200 0 "-" "Mozilla/5.0 (compatible; SemrushBot/7~bl; +http://www.semrush.com/bot.html)"
185.191.171.16 - - [27/Apr/2025:07:45:36 -0400] "GET /db.php/smartphones/smartphones/680331386626.shtml HTTP/1.1" 200 0 "-" "Mozilla/5.0 (compatible; SemrushBot/7~bl; +http://www.semrush.com/bot.html)"
185.191.171.19 - - [27/Apr/2025:07:45:49 -0400] "GET /db.php/home-appliances/freezer/9450553971082.shtml HTTP/1.1" 200 0 "-" "Mozilla/5.0 (compatible; SemrushBot/7~bl; +http://www.semrush.com/bot.html)"
185.191.171.19 - - [27/Apr/2025:07:45:58 -0400] "GET /db.php/fashion/shoes/9740532922971.shtml HTTP/1.1" 200 0 "-" "Mozilla/5.0 (compatible; SemrushBot/7~bl; +http://www.semrush.com/bot.html)"
185.191.171.19 - - [27/Apr/2025:07:46:02 -0400] "GET /db.php/tv/other/14850420471309.shtml HTTP/1.1" 200 0 "-" "Mozilla/5.0 (compatible; SemrushBot/7~bl; +http://www.semrush.com/bot.html)"
52.167.144.181 - - [27/Apr/2025:07:46:10 -0400] "GET /handmade-tops-dcw3 HTTP/1.1" 200 20985 "-" "Mozilla/5.0 AppleWebKit/537.36 (KHTML, like Gecko; compatible; bingbot/2.0; +http://www.bing.com/bingbot.htm) Chrome/116.0.1938.76 Safari/537.36"
52.167.144.181 - - [27/Apr/2025:07:46:11 -0400] "GET /gardening-codex-3vpb HTTP/1.1" 200 20820 "-" "Mozilla/5.0 AppleWebKit/537.36 (KHTML, like Gecko; compatible; bingbot/2.0; +http://www.bing.com/bingbot.htm) Chrome/116.0.1938.76 Safari/537.36"
40.77.167.12 - - [27/Apr/2025:07:46:19 -0400] "GET /blu-ray-japanese-music-rip2 HTTP/1.1" 200 20859 "-" "Mozilla/5.0 AppleWebKit/537.36 (KHTML, like Gecko; compatible; bingbot/2.0; +http://www.bing.com/bingbot.htm) Chrome/116.0.1938.76 Safari/537.36"
185.191.171.10 - - [27/Apr/2025:07:46:20 -0400] "GET /db.php/furniture/others/5200250795686.shtml HTTP/1.1" 200 0 "-" "Mozilla/5.0 (compatible; SemrushBot/7~bl; +http://www.semrush.com/bot.html)"
185.191.171.16 - - [27/Apr/2025:07:46:23 -0400] "GET /db.php/alcohol/wine/9170370873599.shtml HTTP/1.1" 200 0 "-" "Mozilla/5.0 (compatible; SemrushBot/7~bl; +http://www.semrush.com/bot.html)"
85.208.96.211 - - [27/Apr/2025:07:46:24 -0400] "GET /db.php/fashion/tops/9730491593389.shtml HTTP/1.1" 200 0 "-" "Mozilla/5.0 (compatible; SemrushBot/7~bl; +http://www.semrush.com/bot.html)"
185.191.171.5 - - [27/Apr/2025:07:46:40 -0400] "GET /db.php/dvds/japanese-music/14980052559123.shtml HTTP/1.1" 200 0 "-" "Mozilla/5.0 (compatible; SemrushBot/7~bl; +http://www.semrush.com/bot.html)"
185.191.171.14 - - [27/Apr/2025:07:47:14 -0400] "GET /db.php/daily-necessities/tableware/15180191412456.shtml HTTP/1.1" 200 0 "-" "Mozilla/5.0 (compatible; SemrushBot/7~bl; +http://www.semrush.com/bot.html)"
85.208.96.210 - - [27/Apr/2025:07:47:16 -0400] "GET /db.php/beauty/others/18210113215261.shtml HTTP/1.1" 200 0 "-" "Mozilla/5.0 (compatible; SemrushBot/7~bl; +http://www.semrush.com/bot.html)"
66.249.70.170 - - [27/Apr/2025:07:47:16 -0400] "GET /tickets/foreign-artists/8640193746221 HTTP/1.1" 200 20905 "-" "Mozilla/5.0 (Linux; Android 6.0.1; Nexus 5X Build/MMB29P) AppleWebKit/537.36 (KHTML, like Gecko) Chrome/135.0.7049.95 Mobile Safari/537.36 (compatible; GoogleOther)"
66.249.68.67 - - [27/Apr/2025:07:47:18 -0400] "POST /get-message-notify HTTP/1.1" 200 20891 "http://rupalake.org.np/tickets/foreign-artists/8640193746221" "Mozilla/5.0 (Linux; Android 6.0.1; Nexus 5X Build/MMB29P) AppleWebKit/537.36 (KHTML, like Gecko) Chrome/134.0.6998.165 Mobile Safari/537.36 (compatible; Googlebot/2.1; +http://www.google.com/bot.html)"
85.208.96.205 - - [27/Apr/2025:07:47:24 -0400] "GET /db.php/interior/trinket-boxes/3900073531695.shtml HTTP/1.1" 200 0 "-" "Mozilla/5.0 (compatible; SemrushBot/7~bl; +http://www.semrush.com/bot.html)"
185.191.171.14 - - [27/Apr/2025:07:47:30 -0400] "GET /db.php/bicycles/parts/18220121267894.shtml HTTP/1.1" 200 0 "-" "Mozilla/5.0 (compatible; SemrushBot/7~bl; +http://www.semrush.com/bot.html)"
40.77.167.12 - - [27/Apr/2025:07:47:40 -0400] "GET /blu-ray-music-20qet HTTP/1.1" 200 20727 "-" "Mozilla/5.0 AppleWebKit/537.36 (KHTML, like Gecko; compatible; bingbot/2.0; +http://www.bing.com/bingbot.htm) Chrome/116.0.1938.76 Safari/537.36"
185.191.171.19 - - [27/Apr/2025:07:47:47 -0400] "GET /db.php/decor/mattress-sets/4380020397348.shtml HTTP/1.1" 200 0 "-" "Mozilla/5.0 (compatible; SemrushBot/7~bl; +http://www.semrush.com/bot.html)"
185.191.171.3 - - [27/Apr/2025:07:48:11 -0400] "GET /db.php/tv/lenses/14610222336448.shtml HTTP/1.1" 200 0 "-" "Mozilla/5.0 (compatible; SemrushBot/7~bl; +http://www.semrush.com/bot.html)"
157.55.39.204 - - [27/Apr/2025:07:48:19 -0400] "GET /games-sports-1rsg6 HTTP/1.1" 200 21977 "-" "Mozilla/5.0 AppleWebKit/537.36 (KHTML, like Gecko; compatible; bingbot/2.0; +http://www.bing.com/bingbot.htm) Chrome/116.0.1938.76 Safari/537.36"
66.249.68.67 - - [27/Apr/2025:07:48:24 -0400] "GET /magazines/study-guides/16790414064974 HTTP/1.1" 200 21219 "-" "Mozilla/5.0 (Linux; Android 6.0.1; Nexus 5X Build/MMB29P) AppleWebKit/537.36 (KHTML, like Gecko) Chrome/135.0.7049.95 Mobile Safari/537.36 (compatible; GoogleOther)"
66.249.68.67 - - [27/Apr/2025:07:48:26 -0400] "POST /get-message-notify HTTP/1.1" 200 21084 "http://rupalake.org.np/magazines/study-guides/16790414064974" "Mozilla/5.0 (Linux; Android 6.0.1; Nexus 5X Build/MMB29P) AppleWebKit/537.36 (KHTML, like Gecko) Chrome/134.0.6998.165 Mobile Safari/537.36 (compatible; Googlebot/2.1; +http://www.google.com/bot.html)"
185.191.171.12 - - [27/Apr/2025:07:48:29 -0400] "GET /db.php/fishing/mountain-climbing/8830122148744.shtml HTTP/1.1" 200 0 "-" "Mozilla/5.0 (compatible; SemrushBot/7~bl; +http://www.semrush.com/bot.html)"
