51.222.253.17 - - [27/Apr/2025:10:52:27 -0400] "GET /fashion/shoes/9740533172855 HTTP/1.1" 404 7439 "-" "Mozilla/5.0 (compatible; AhrefsBot/7.0; +http://ahrefs.com/robot/)"
85.208.96.207 - - [27/Apr/2025:10:52:37 -0400] "GET /db.php/cosmetics/body/17220043354144.shtml HTTP/1.1" 200 0 "-" "Mozilla/5.0 (compatible; SemrushBot/7~bl; +http://www.semrush.com/bot.html)"
85.208.96.202 - - [27/Apr/2025:10:52:43 -0400] "GET /db.php/decor/ornaments/3980471040934.shtml HTTP/1.1" 200 0 "-" "Mozilla/5.0 (compatible; SemrushBot/7~bl; +http://www.semrush.com/bot.html)"
40.77.167.17 - - [27/Apr/2025:10:53:09 -0400] "GET /home-appliances-washing-machines-17kl2 HTTP/1.1" 200 21792 "-" "Mozilla/5.0 AppleWebKit/537.36 (KHTML, like Gecko; compatible; bingbot/2.0; +http://www.bing.com/bingbot.htm) Chrome/116.0.1938.76 Safari/537.36"
85.208.96.196 - - [27/Apr/2025:10:53:22 -0400] "GET /db.php/beauty/eyeshadow/17340373717123.shtml HTTP/1.1" 200 0 "-" "Mozilla/5.0 (compatible; SemrushBot/7~bl; +http://www.semrush.com/bot.html)"
185.191.171.1 - - [27/Apr/2025:10:53:23 -0400] "GET /db.php/air-conditioning/vacuum-cleaners/9500441096695.shtml HTTP/1.1" 200 0 "-" "Mozilla/5.0 (compatible; SemrushBot/7~bl; +http://www.semrush.com/bot.html)"
185.191.171.13 - - [27/Apr/2025:10:53:58 -0400] "GET /db.php/fashion/yukata/9790143605822.shtml HTTP/1.1" 200 0 "-" "Mozilla/5.0 (compatible; SemrushBot/7~bl; +http://www.semrush.com/bot.html)"
185.191.171.13 - - [27/Apr/2025:10:54:23 -0400] "GET /db.php/tv/projectors/14630180611977.shtml HTTP/1.1" 200 0 "-" "Mozilla/5.0 (compatible; SemrushBot/7~bl; +http://www.semrush.com/bot.html)"
85.208.96.207 - - [27/Apr/2025:10:54:24 -0400] "GET /db.php/audio/speakers/14550120272138.shtml HTTP/1.1" 200 0 "-" "Mozilla/5.0 (compatible; SemrushBot/7~bl; +http://www.semrush.com/bot.html)"
40.77.167.7 - - [27/Apr/2025:10:54:38 -0400] "GET /interior-chairs-1wgc4 HTTP/1.1" 200 20757 "-" "Mozilla/5.0 AppleWebKit/537.36 (KHTML, like Gecko; compatible; bingbot/2.0; +http://www.bing.com/bingbot.htm) Chrome/116.0.1938.76 Safari/537.36"
85.208.96.195 - - [27/Apr/2025:10:54:45 -0400] "GET /db.php/alcohol/others/9360184056022.shtml HTTP/1.1" 200 0 "-" "Mozilla/5.0 (compatible; SemrushBot/7~bl; +http://www.semrush.com/bot.html)"
85.208.96.198 - - [27/Apr/2025:10:55:12 -0400] "GET /db.php/tools/soldering-irons/6670192264813.shtml HTTP/1.1" 200 0 "-" "Mozilla/5.0 (compatible; SemrushBot/7~bl; +http://www.semrush.com/bot.html)"
185.191.171.14 - - [27/Apr/2025:10:55:14 -0400] "GET /db.php/bicycles/wheels/18250170494928.shtml HTTP/1.1" 200 0 "-" "Mozilla/5.0 (compatible; SemrushBot/7~bl; +http://www.semrush.com/bot.html)"
85.208.96.212 - - [27/Apr/2025:10:55:15 -0400] "GET /db.php/blu-ray/music/15020021547753.shtml HTTP/1.1" 200 0 "-" "Mozilla/5.0 (compatible; SemrushBot/7~bl; +http://www.semrush.com/bot.html)"
185.191.171.3 - - [27/Apr/2025:10:55:41 -0400] "GET /db.php/cosmetics/hair-irons/17200491146033.shtml HTTP/1.1" 200 0 "-" "Mozilla/5.0 (compatible; SemrushBot/7~bl; +http://www.semrush.com/bot.html)"
85.208.96.212 - - [27/Apr/2025:10:55:42 -0400] "GET /db.php/diet/cooling/10060503468453.shtml HTTP/1.1" 200 0 "-" "Mozilla/5.0 (compatible; SemrushBot/7~bl; +http://www.semrush.com/bot.html)"
85.208.96.201 - - [27/Apr/2025:10:55:47 -0400] "GET /db.php/alcohol/grains/9210482595488.shtml HTTP/1.1" 200 0 "-" "Mozilla/5.0 (compatible; SemrushBot/7~bl; +http://www.semrush.com/bot.html)"
85.208.96.212 - - [27/Apr/2025:10:56:06 -0400] "GET /db.php/smartphones/monitor/850501711222.shtml HTTP/1.1" 200 0 "-" "Mozilla/5.0 (compatible; SemrushBot/7~bl; +http://www.semrush.com/bot.html)"
185.191.171.10 - - [27/Apr/2025:10:56:07 -0400] "GET /db.php/fishing/reels/8770502997677.shtml HTTP/1.1" 200 0 "-" "Mozilla/5.0 (compatible; SemrushBot/7~bl; +http://www.semrush.com/bot.html)"
185.191.171.15 - - [27/Apr/2025:10:56:09 -0400] "GET /db.php/fashion/accessories/9770593135377.shtml HTTP/1.1" 200 0 "-" "Mozilla/5.0 (compatible; SemrushBot/7~bl; +http://www.semrush.com/bot.html)"
85.208.96.212 - - [27/Apr/2025:10:56:11 -0400] "GET /db.php/hobbies/accessories/19080280835107.shtml HTTP/1.1" 200 0 "-" "Mozilla/5.0 (compatible; SemrushBot/7~bl; +http://www.semrush.com/bot.html)"
185.191.171.19 - - [27/Apr/2025:10:56:13 -0400] "GET /db.php/tablets/motherboards/1030520915411.shtml HTTP/1.1" 200 0 "-" "Mozilla/5.0 (compatible; SemrushBot/7~bl; +http://www.semrush.com/bot.html)"
85.208.96.207 - - [27/Apr/2025:10:56:39 -0400] "GET /db.php/goods/idols/13220541601540.shtml HTTP/1.1" 200 0 "-" "Mozilla/5.0 (compatible; SemrushBot/7~bl; +http://www.semrush.com/bot.html)"
85.208.96.203 - - [27/Apr/2025:10:56:44 -0400] "GET /db.php/etc./water-purifiers/15250140771116.shtml HTTP/1.1" 200 0 "-" "Mozilla/5.0 (compatible; SemrushBot/7~bl; +http://www.semrush.com/bot.html)"
185.191.171.3 - - [27/Apr/2025:10:56:47 -0400] "GET /db.php/dvds/japanese-music/14980100578166.shtml HTTP/1.1" 200 0 "-" "Mozilla/5.0 (compatible; SemrushBot/7~bl; +http://www.semrush.com/bot.html)"
199.188.205.55 - - [27/Apr/2025:10:57:17 -0400] "POST /wp-cron.php?doing_wp_cron=1745765837.2310359477996826171875 HTTP/1.1" 200 0 "-" "WordPress/6.2.6; http://rupalake.org.np"
51.222.253.5 - - [27/Apr/2025:10:57:16 -0400] "GET /fashion/tops/9730340631643 HTTP/1.1" 404 7439 "-" "Mozilla/5.0 (compatible; AhrefsBot/7.0; +http://ahrefs.com/robot/)"
185.191.171.3 - - [27/Apr/2025:10:57:23 -0400] "GET /db.php/fashion/jackets/9720323314840.shtml HTTP/1.1" 200 0 "-" "Mozilla/5.0 (compatible; SemrushBot/7~bl; +http://www.semrush.com/bot.html)"
185.191.171.10 - - [27/Apr/2025:10:57:45 -0400] "GET /db.php/tv/digital-cameras/14470311085265.shtml HTTP/1.1" 200 0 "-" "Mozilla/5.0 (compatible; SemrushBot/7~bl; +http://www.semrush.com/bot.html)"
85.208.96.201 - - [27/Apr/2025:10:58:06 -0400] "GET /db.php/bicycles/accessories/18370520884246.shtml HTTP/1.1" 200 0 "-" "Mozilla/5.0 (compatible; SemrushBot/7~bl; +http://www.semrush.com/bot.html)"
185.191.171.3 - - [27/Apr/2025:10:58:23 -0400] "GET /db.php/bicycles/motorcycle-bodies/18240133786215.shtml HTTP/1.1" 200 0 "-" "Mozilla/5.0 (compatible; SemrushBot/7~bl; +http://www.semrush.com/bot.html)"
185.191.171.4 - - [27/Apr/2025:10:58:25 -0400] "GET /db.php/musical-instruments/crafts/18440492840384.shtml HTTP/1.1" 200 0 "-" "Mozilla/5.0 (compatible; SemrushBot/7~bl; +http://www.semrush.com/bot.html)"
20.15.133.191 - - [27/Apr/2025:10:58:52 -0400] "GET /musical-instruments/wind/18500541746784 HTTP/1.1" 200 21195 "-" "Mozilla/5.0 AppleWebKit/537.36 (KHTML, like Gecko; compatible; bingbot/2.0; +http://www.bing.com/bingbot.htm) Chrome/116.0.1938.76 Safari/537.36"
85.208.96.195 - - [27/Apr/2025:10:58:53 -0400] "GET /db.php/sports/shoes/1980340093116.shtml HTTP/1.1" 200 0 "-" "Mozilla/5.0 (compatible; SemrushBot/7~bl; +http://www.semrush.com/bot.html)"
207.46.13.155 - - [27/Apr/2025:10:58:57 -0400] "GET /health-whey-protein-111y7 HTTP/1.1" 200 21775 "-" "Mozilla/5.0 AppleWebKit/537.36 (KHTML, like Gecko; compatible; bingbot/2.0; +http://www.bing.com/bingbot.htm) Chrome/116.0.1938.76 Safari/537.36"
20.15.133.191 - - [27/Apr/2025:10:58:59 -0400] "GET /sports/clubs/1610242344754 HTTP/1.1" 200 20738 "-" "Mozilla/5.0 AppleWebKit/537.36 (KHTML, like Gecko; compatible; bingbot/2.0; +http://www.bing.com/bingbot.htm) Chrome/116.0.1938.76 Safari/537.36"
85.208.96.202 - - [27/Apr/2025:10:59:13 -0400] "GET /robots.txt HTTP/1.1" 200 236 "-" "Mozilla/5.0 (compatible; SemrushBot/7~bl; +http://www.semrush.com/bot.html)"
85.208.96.204 - - [27/Apr/2025:10:59:13 -0400] "GET /db.php/motorcycles/parts/18220182651678.shtml HTTP/1.1" 200 0 "-" "Mozilla/5.0 (compatible; SemrushBot/7~bl; +http://www.semrush.com/bot.html)"
185.191.171.19 - - [27/Apr/2025:10:59:15 -0400] "GET /db.php/fashion/outerwear/9720462701058.shtml HTTP/1.1" 200 0 "-" "Mozilla/5.0 (compatible; SemrushBot/7~bl; +http://www.semrush.com/bot.html)"
185.191.171.5 - - [27/Apr/2025:10:59:30 -0400] "GET /db.php/drinks/others/9360042964243.shtml HTTP/1.1" 200 0 "-" "Mozilla/5.0 (compatible; SemrushBot/7~bl; +http://www.semrush.com/bot.html)"
85.208.96.208 - - [27/Apr/2025:10:59:32 -0400] "GET /db.php/beauty/others/18210493253791.shtml HTTP/1.1" 200 0 "-" "Mozilla/5.0 (compatible; SemrushBot/7~bl; +http://www.semrush.com/bot.html)"
85.208.96.201 - - [27/Apr/2025:10:59:48 -0400] "GET /db.php/home-appliances/kitchen-appliances/9460511846557.shtml HTTP/1.1" 200 0 "-" "Mozilla/5.0 (compatible; SemrushBot/7~bl; +http://www.semrush.com/bot.html)"
85.208.96.206 - - [27/Apr/2025:10:59:50 -0400] "GET /db.php/decor/wooden-racks/4250201512411.shtml HTTP/1.1" 200 0 "-" "Mozilla/5.0 (compatible; SemrushBot/7~bl; +http://www.semrush.com/bot.html)"
185.191.171.9 - - [27/Apr/2025:11:00:06 -0400] "GET /db.php/fashion/tops/9730551794574.shtml HTTP/1.1" 200 0 "-" "Mozilla/5.0 (compatible; SemrushBot/7~bl; +http://www.semrush.com/bot.html)"
85.208.96.195 - - [27/Apr/2025:11:00:08 -0400] "GET /db.php/smartphones/monitor/850512788937.shtml HTTP/1.1" 200 0 "-" "Mozilla/5.0 (compatible; SemrushBot/7~bl; +http://www.semrush.com/bot.html)"
85.208.96.198 - - [27/Apr/2025:11:00:11 -0400] "GET /db.php/fashion/shoes/9740063343950.shtml HTTP/1.1" 200 0 "-" "Mozilla/5.0 (compatible; SemrushBot/7~bl; +http://www.semrush.com/bot.html)"
85.208.96.208 - - [27/Apr/2025:11:00:14 -0400] "GET /db.php/fashion/jackets/9720193370511.shtml HTTP/1.1" 200 0 "-" "Mozilla/5.0 (compatible; SemrushBot/7~bl; +http://www.semrush.com/bot.html)"
185.191.171.1 - - [27/Apr/2025:11:00:44 -0400] "GET /db.php/fashion/outerwear/9720062805714.shtml HTTP/1.1" 200 0 "-" "Mozilla/5.0 (compatible; SemrushBot/7~bl; +http://www.semrush.com/bot.html)"
85.208.96.206 - - [27/Apr/2025:11:00:53 -0400] "GET /db.php/sports/ballet/1730050994016.shtml HTTP/1.1" 200 0 "-" "Mozilla/5.0 (compatible; SemrushBot/7~bl; +http://www.semrush.com/bot.html)"
85.208.96.197 - - [27/Apr/2025:11:00:54 -0400] "GET /db.php/beauty/cleansing/17660582227869.shtml HTTP/1.1" 200 0 "-" "Mozilla/5.0 (compatible; SemrushBot/7~bl; +http://www.semrush.com/bot.html)"
52.167.144.234 - - [27/Apr/2025:11:01:05 -0400] "GET /audio-digital-cameras-20gtg HTTP/1.1" 200 20683 "-" "Mozilla/5.0 AppleWebKit/537.36 (KHTML, like Gecko; compatible; bingbot/2.0; +http://www.bing.com/bingbot.htm) Chrome/116.0.1938.76 Safari/537.36"
185.191.171.2 - - [27/Apr/2025:11:01:05 -0400] "GET /db.php/drinks/others/9360590502292.shtml HTTP/1.1" 200 0 "-" "Mozilla/5.0 (compatible; SemrushBot/7~bl; +http://www.semrush.com/bot.html)"
185.191.171.9 - - [27/Apr/2025:11:01:25 -0400] "GET /db.php/cds/japanese-music/14980072407390.shtml HTTP/1.1" 200 0 "-" "Mozilla/5.0 (compatible; SemrushBot/7~bl; +http://www.semrush.com/bot.html)"
66.249.68.66 - - [27/Apr/2025:11:01:36 -0400] "GET /art/guitars/18390042495251 HTTP/1.1" 200 21616 "-" "Mozilla/5.0 (Linux; Android 6.0.1; Nexus 5X Build/MMB29P) AppleWebKit/537.36 (KHTML, like Gecko) Chrome/135.0.7049.95 Mobile Safari/537.36 (compatible; GoogleOther)"
66.249.68.67 - - [27/Apr/2025:11:01:38 -0400] "POST /get-message-notify HTTP/1.1" 200 20699 "http://rupalake.org.np/art/guitars/18390042495251" "Mozilla/5.0 (Linux; Android 6.0.1; Nexus 5X Build/MMB29P) AppleWebKit/537.36 (KHTML, like Gecko) Chrome/134.0.6998.165 Mobile Safari/537.36 (compatible; Googlebot/2.1; +http://www.google.com/bot.html)"
199.188.205.55 - - [27/Apr/2025:11:01:47 -0400] "POST /wp-cron.php?doing_wp_cron=1745766107.8579239845275878906250 HTTP/1.1" 200 0 "-" "WordPress/6.2.6; http://rupalake.org.np"
51.222.253.3 - - [27/Apr/2025:11:01:47 -0400] "GET /fishing/knives/8940341662274 HTTP/1.1" 404 7439 "-" "Mozilla/5.0 (compatible; AhrefsBot/7.0; +http://ahrefs.com/robot/)"
85.208.96.206 - - [27/Apr/2025:11:02:04 -0400] "GET /db.php/alcohol/other-foods/9280100674628.shtml HTTP/1.1" 200 0 "-" "Mozilla/5.0 (compatible; SemrushBot/7~bl; +http://www.semrush.com/bot.html)"
185.191.171.9 - - [27/Apr/2025:11:02:11 -0400] "GET /db.php/handmade/paintings/12410140954513.shtml HTTP/1.1" 200 0 "-" "Mozilla/5.0 (compatible; SemrushBot/7~bl; +http://www.semrush.com/bot.html)"
185.191.171.8 - - [27/Apr/2025:11:02:24 -0400] "GET /db.php/musical-instruments/dtm/18530282895493.shtml HTTP/1.1" 200 0 "-" "Mozilla/5.0 (compatible; SemrushBot/7~bl; +http://www.semrush.com/bot.html)"
185.191.171.11 - - [27/Apr/2025:11:02:26 -0400] "GET /db.php/cars/motorcycle-bodies/18240462795342.shtml HTTP/1.1" 200 0 "-" "Mozilla/5.0 (compatible; SemrushBot/7~bl; +http://www.semrush.com/bot.html)"
185.191.171.15 - - [27/Apr/2025:11:02:55 -0400] "GET /db.php/outdoor/barbecues/8860152056778.shtml HTTP/1.1" 200 0 "-" "Mozilla/5.0 (compatible; SemrushBot/7~bl; +http://www.semrush.com/bot.html)"
85.208.96.200 - - [27/Apr/2025:11:03:15 -0400] "GET /db.php/fashion/bags/9750360715623.shtml HTTP/1.1" 200 0 "-" "Mozilla/5.0 (compatible; SemrushBot/7~bl; +http://www.semrush.com/bot.html)"
185.191.171.13 - - [27/Apr/2025:11:03:17 -0400] "GET /db.php/bicycles/tools/18350031341991.shtml HTTP/1.1" 200 0 "-" "Mozilla/5.0 (compatible; SemrushBot/7~bl; +http://www.semrush.com/bot.html)"
66.249.68.66 - - [27/Apr/2025:11:03:24 -0400] "GET /art/collections/18450040640346 HTTP/1.1" 200 22256 "-" "Mozilla/5.0 (Linux; Android 6.0.1; Nexus 5X Build/MMB29P) AppleWebKit/537.36 (KHTML, like Gecko) Chrome/135.0.7049.95 Mobile Safari/537.36 (compatible; GoogleOther)"
85.208.96.201 - - [27/Apr/2025:11:03:30 -0400] "GET /db.php/fashion/shoes/9740071194980.shtml HTTP/1.1" 200 0 "-" "Mozilla/5.0 (compatible; SemrushBot/7~bl; +http://www.semrush.com/bot.html)"
66.249.68.67 - - [27/Apr/2025:11:03:41 -0400] "POST /get-message-notify HTTP/1.1" 200 20975 "http://rupalake.org.np/art/collections/18450040640346" "Mozilla/5.0 (Linux; Android 6.0.1; Nexus 5X Build/MMB29P) AppleWebKit/537.36 (KHTML, like Gecko) Chrome/134.0.6998.165 Mobile Safari/537.36 (compatible; Googlebot/2.1; +http://www.google.com/bot.html)"
85.208.96.201 - - [27/Apr/2025:11:03:41 -0400] "GET /db.php/flowers/agave/2990372987572.shtml HTTP/1.1" 200 0 "-" "Mozilla/5.0 (compatible; SemrushBot/7~bl; +http://www.semrush.com/bot.html)"
207.46.13.155 - - [27/Apr/2025:11:03:49 -0400] "GET /audio-projectors-2emwb HTTP/1.1" 200 21402 "-" "Mozilla/5.0 AppleWebKit/537.36 (KHTML, like Gecko; compatible; bingbot/2.0; +http://www.bing.com/bingbot.htm) Chrome/116.0.1938.76 Safari/537.36"
85.208.96.210 - - [27/Apr/2025:11:03:50 -0400] "GET /db.php/motorcycles/parts/18220601636020.shtml HTTP/1.1" 200 0 "-" "Mozilla/5.0 (compatible; SemrushBot/7~bl; +http://www.semrush.com/bot.html)"
185.191.171.19 - - [27/Apr/2025:11:03:52 -0400] "GET /db.php/handmade/tops/11110213128213.shtml HTTP/1.1" 200 0 "-" "Mozilla/5.0 (compatible; SemrushBot/7~bl; +http://www.semrush.com/bot.html)"
185.191.171.14 - - [27/Apr/2025:11:04:06 -0400] "GET /db.php/gardening/agave/2990431338118.shtml HTTP/1.1" 200 0 "-" "Mozilla/5.0 (compatible; SemrushBot/7~bl; +http://www.semrush.com/bot.html)"
52.167.144.234 - - [27/Apr/2025:11:04:10 -0400] "GET /tablets-connectors-16lmv HTTP/1.1" 200 21497 "-" "Mozilla/5.0 AppleWebKit/537.36 (KHTML, like Gecko; compatible; bingbot/2.0; +http://www.bing.com/bingbot.htm) Chrome/116.0.1938.76 Safari/537.36"
185.191.171.18 - - [27/Apr/2025:11:04:13 -0400] "GET /db.php/dresses/dresses/20890520342557.shtml HTTP/1.1" 200 0 "-" "Mozilla/5.0 (compatible; SemrushBot/7~bl; +http://www.semrush.com/bot.html)"
85.208.96.210 - - [27/Apr/2025:11:04:23 -0400] "GET /db.php/musical-instruments/others/19070363950378.shtml HTTP/1.1" 200 0 "-" "Mozilla/5.0 (compatible; SemrushBot/7~bl; +http://www.semrush.com/bot.html)"
85.208.96.208 - - [27/Apr/2025:11:04:31 -0400] "GET /db.php/dvds/japanese-movies/15000081675739.shtml HTTP/1.1" 200 0 "-" "Mozilla/5.0 (compatible; SemrushBot/7~bl; +http://www.semrush.com/bot.html)"
85.208.96.201 - - [27/Apr/2025:11:04:39 -0400] "GET /db.php/air-conditioning/others/9710362621335.shtml HTTP/1.1" 200 0 "-" "Mozilla/5.0 (compatible; SemrushBot/7~bl; +http://www.semrush.com/bot.html)"
85.208.96.210 - - [27/Apr/2025:11:04:56 -0400] "GET /db.php/art/antique/18640153202821.shtml HTTP/1.1" 200 0 "-" "Mozilla/5.0 (compatible; SemrushBot/7~bl; +http://www.semrush.com/bot.html)"
85.208.96.202 - - [27/Apr/2025:11:05:00 -0400] "GET /db.php/manga/sports/17100271231363.shtml HTTP/1.1" 200 0 "-" "Mozilla/5.0 (compatible; SemrushBot/7~bl; +http://www.semrush.com/bot.html)"
207.46.13.155 - - [27/Apr/2025:11:05:18 -0400] "GET /tools-roller-kmu0 HTTP/1.1" 200 21533 "-" "Mozilla/5.0 AppleWebKit/537.36 (KHTML, like Gecko; compatible; bingbot/2.0; +http://www.bing.com/bingbot.htm) Chrome/116.0.1938.76 Safari/537.36"
85.208.96.197 - - [27/Apr/2025:11:05:25 -0400] "GET /db.php/fashion/pants/9780560646979.shtml HTTP/1.1" 200 0 "-" "Mozilla/5.0 (compatible; SemrushBot/7~bl; +http://www.semrush.com/bot.html)"
85.208.96.210 - - [27/Apr/2025:11:05:34 -0400] "GET /db.php/sports/clubs/1610413433712.shtml HTTP/1.1" 200 0 "-" "Mozilla/5.0 (compatible; SemrushBot/7~bl; +http://www.semrush.com/bot.html)"
52.167.144.146 - - [27/Apr/2025:11:05:40 -0400] "GET /handmade-dolls-49dx HTTP/1.1" 200 22178 "-" "Mozilla/5.0 AppleWebKit/537.36 (KHTML, like Gecko; compatible; bingbot/2.0; +http://www.bing.com/bingbot.htm) Chrome/116.0.1938.76 Safari/537.36"
199.188.205.55 - - [27/Apr/2025:11:06:09 -0400] "POST /wp-cron.php?doing_wp_cron=1745766369.2819960117340087890625 HTTP/1.1" 200 0 "-" "WordPress/6.2.6; http://rupalake.org.np"
51.222.253.11 - - [27/Apr/2025:11:06:07 -0400] "GET /goods/sports/14350351951225 HTTP/1.1" 404 7439 "-" "Mozilla/5.0 (compatible; AhrefsBot/7.0; +http://ahrefs.com/robot/)"
185.191.171.10 - - [27/Apr/2025:11:06:20 -0400] "GET /db.php/fashion/outerwear/9720061327128.shtml HTTP/1.1" 200 0 "-" "Mozilla/5.0 (compatible; SemrushBot/7~bl; +http://www.semrush.com/bot.html)"
85.208.96.200 - - [27/Apr/2025:11:06:31 -0400] "GET /db.php/tablets/android-tablet-body/780281406734.shtml HTTP/1.1" 200 0 "-" "Mozilla/5.0 (compatible; SemrushBot/7~bl; +http://www.semrush.com/bot.html)"
85.208.96.210 - - [27/Apr/2025:11:06:35 -0400] "GET /db.php/gardening/other-houseplants/3110163712666.shtml HTTP/1.1" 200 0 "-" "Mozilla/5.0 (compatible; SemrushBot/7~bl; +http://www.semrush.com/bot.html)"
66.249.68.66 - - [27/Apr/2025:11:06:44 -0400] "GET /tickets/foreign-artists/8640563628810 HTTP/1.1" 200 20213 "-" "Mozilla/5.0 (Linux; Android 6.0.1; Nexus 5X Build/MMB29P) AppleWebKit/537.36 (KHTML, like Gecko) Chrome/135.0.7049.95 Mobile Safari/537.36 (compatible; GoogleOther)"
66.249.68.68 - - [27/Apr/2025:11:06:47 -0400] "POST /get-message-notify HTTP/1.1" 200 20839 "http://rupalake.org.np/tickets/foreign-artists/8640563628810" "Mozilla/5.0 (Linux; Android 6.0.1; Nexus 5X Build/MMB29P) AppleWebKit/537.36 (KHTML, like Gecko) Chrome/134.0.6998.165 Mobile Safari/537.36 (compatible; Googlebot/2.1; +http://www.google.com/bot.html)"
85.208.96.200 - - [27/Apr/2025:11:06:51 -0400] "GET /db.php/games/playstation5/13580010269548.shtml HTTP/1.1" 200 0 "-" "Mozilla/5.0 (compatible; SemrushBot/7~bl; +http://www.semrush.com/bot.html)"
185.191.171.15 - - [27/Apr/2025:11:06:56 -0400] "GET /db.php/fashion/jackets/9720332209851.shtml HTTP/1.1" 200 0 "-" "Mozilla/5.0 (compatible; SemrushBot/7~bl; +http://www.semrush.com/bot.html)"
207.46.13.155 - - [27/Apr/2025:11:07:08 -0400] "GET /air-conditioning-electronic-dictionary-2knd5 HTTP/1.1" 200 20921 "-" "Mozilla/5.0 AppleWebKit/537.36 (KHTML, like Gecko; compatible; bingbot/2.0; +http://www.bing.com/bingbot.htm) Chrome/116.0.1938.76 Safari/537.36"
85.208.96.198 - - [27/Apr/2025:11:07:20 -0400] "GET /db.php/cds/tv-dramas/15040481453006.shtml HTTP/1.1" 200 0 "-" "Mozilla/5.0 (compatible; SemrushBot/7~bl; +http://www.semrush.com/bot.html)"
85.208.96.210 - - [27/Apr/2025:11:07:26 -0400] "GET /db.php/travel-supplies/reels/8770330655090.shtml HTTP/1.1" 200 0 "-" "Mozilla/5.0 (compatible; SemrushBot/7~bl; +http://www.semrush.com/bot.html)"
185.191.171.3 - - [27/Apr/2025:11:07:33 -0400] "GET /db.php/beauty/hair-dryers/17280491916874.shtml HTTP/1.1" 200 0 "-" "Mozilla/5.0 (compatible; SemrushBot/7~bl; +http://www.semrush.com/bot.html)"
185.191.171.1 - - [27/Apr/2025:11:07:35 -0400] "GET /db.php/pet-supplies/breeding-case/7740062091174.shtml HTTP/1.1" 200 0 "-" "Mozilla/5.0 (compatible; SemrushBot/7~bl; +http://www.semrush.com/bot.html)"
85.208.96.202 - - [27/Apr/2025:11:07:51 -0400] "GET /db.php/sports/golf-bags/1670071870179.shtml HTTP/1.1" 200 0 "-" "Mozilla/5.0 (compatible; SemrushBot/7~bl; +http://www.semrush.com/bot.html)"
85.208.96.212 - - [27/Apr/2025:11:07:55 -0400] "GET /db.php/fashion/jackets/9720503023305.shtml HTTP/1.1" 200 0 "-" "Mozilla/5.0 (compatible; SemrushBot/7~bl; +http://www.semrush.com/bot.html)"
85.208.96.199 - - [27/Apr/2025:11:08:05 -0400] "GET /db.php/smartphones/multifunction-devices/770310607343.shtml HTTP/1.1" 200 0 "-" "Mozilla/5.0 (compatible; SemrushBot/7~bl; +http://www.semrush.com/bot.html)"
185.191.171.7 - - [27/Apr/2025:11:08:14 -0400] "GET /db.php/magazines/complete-sets/16770422488807.shtml HTTP/1.1" 200 0 "-" "Mozilla/5.0 (compatible; SemrushBot/7~bl; +http://www.semrush.com/bot.html)"
85.208.96.212 - - [27/Apr/2025:11:08:25 -0400] "GET /db.php/cosmetics/face-care/17220113401727.shtml HTTP/1.1" 200 0 "-" "Mozilla/5.0 (compatible; SemrushBot/7~bl; +http://www.semrush.com/bot.html)"
52.167.144.172 - - [27/Apr/2025:11:08:29 -0400] "GET /tv-zoom-lens-l57x HTTP/1.1" 200 21492 "-" "Mozilla/5.0 AppleWebKit/537.36 (KHTML, like Gecko; compatible; bingbot/2.0; +http://www.bing.com/bingbot.htm) Chrome/116.0.1938.76 Safari/537.36"
157.55.39.202 - - [27/Apr/2025:11:08:34 -0400] "GET /tickets-theatre-28o8u HTTP/1.1" 200 20961 "-" "Mozilla/5.0 AppleWebKit/537.36 (KHTML, like Gecko; compatible; bingbot/2.0; +http://www.bing.com/bingbot.htm) Chrome/116.0.1938.76 Safari/537.36"
85.208.96.203 - - [27/Apr/2025:11:08:43 -0400] "GET /db.php/motorcycles/bicycles/18270020657998.shtml HTTP/1.1" 200 0 "-" "Mozilla/5.0 (compatible; SemrushBot/7~bl; +http://www.semrush.com/bot.html)"
85.208.96.205 - - [27/Apr/2025:11:08:44 -0400] "GET /db.php/audio/projectors/14630070456028.shtml HTTP/1.1" 200 0 "-" "Mozilla/5.0 (compatible; SemrushBot/7~bl; +http://www.semrush.com/bot.html)"
185.191.171.2 - - [27/Apr/2025:11:08:57 -0400] "GET /db.php/audio/earphones/14530252323539.shtml HTTP/1.1" 200 0 "-" "Mozilla/5.0 (compatible; SemrushBot/7~bl; +http://www.semrush.com/bot.html)"
85.208.96.202 - - [27/Apr/2025:11:09:05 -0400] "GET /db.php/smartphones/smartphones/680311657288.shtml HTTP/1.1" 200 0 "-" "Mozilla/5.0 (compatible; SemrushBot/7~bl; +http://www.semrush.com/bot.html)"
185.191.171.18 - - [27/Apr/2025:11:09:38 -0400] "GET /db.php/fishing/mountain-climbing/8830111997421.shtml HTTP/1.1" 200 0 "-" "Mozilla/5.0 (compatible; SemrushBot/7~bl; +http://www.semrush.com/bot.html)"
85.208.96.201 - - [27/Apr/2025:11:09:46 -0400] "GET /db.php/home-appliances/sewing-machines/9570433390488.shtml HTTP/1.1" 200 0 "-" "Mozilla/5.0 (compatible; SemrushBot/7~bl; +http://www.semrush.com/bot.html)"
52.167.144.172 - - [27/Apr/2025:11:10:15 -0400] "GET /air-conditioning-mochi-maker-279y1 HTTP/1.1" 200 20731 "-" "Mozilla/5.0 AppleWebKit/537.36 (KHTML, like Gecko; compatible; bingbot/2.0; +http://www.bing.com/bingbot.htm) Chrome/116.0.1938.76 Safari/537.36"
85.208.96.193 - - [27/Apr/2025:11:10:28 -0400] "GET /db.php/fashion/bags/9750221877349.shtml HTTP/1.1" 200 0 "-" "Mozilla/5.0 (compatible; SemrushBot/7~bl; +http://www.semrush.com/bot.html)"
185.191.171.3 - - [27/Apr/2025:11:10:36 -0400] "GET /db.php/food/fruit/9270222177642.shtml HTTP/1.1" 200 0 "-" "Mozilla/5.0 (compatible; SemrushBot/7~bl; +http://www.semrush.com/bot.html)"
185.191.171.13 - - [27/Apr/2025:11:10:42 -0400] "GET /db.php/handmade/flowers/11150321574909.shtml HTTP/1.1" 200 0 "-" "Mozilla/5.0 (compatible; SemrushBot/7~bl; +http://www.semrush.com/bot.html)"
185.191.171.15 - - [27/Apr/2025:11:10:52 -0400] "GET /db.php/bags/shoulder-bags/20180150785198.shtml HTTP/1.1" 200 0 "-" "Mozilla/5.0 (compatible; SemrushBot/7~bl; +http://www.semrush.com/bot.html)"
85.208.96.204 - - [27/Apr/2025:11:11:01 -0400] "GET /db.php/books/sports/17100022025400.shtml HTTP/1.1" 200 0 "-" "Mozilla/5.0 (compatible; SemrushBot/7~bl; +http://www.semrush.com/bot.html)"
199.188.205.55 - - [27/Apr/2025:11:11:05 -0400] "POST /wp-cron.php?doing_wp_cron=1745766664.9016840457916259765625 HTTP/1.1" 200 0 "-" "WordPress/6.2.6; http://rupalake.org.np"
51.222.253.13 - - [27/Apr/2025:11:11:04 -0400] "GET /jackets/peacoat/20470204000697 HTTP/1.1" 404 7439 "-" "Mozilla/5.0 (compatible; AhrefsBot/7.0; +http://ahrefs.com/robot/)"
157.55.39.202 - - [27/Apr/2025:11:11:14 -0400] "GET /sports-weight-training-dr89 HTTP/1.1" 200 20954 "-" "Mozilla/5.0 AppleWebKit/537.36 (KHTML, like Gecko; compatible; bingbot/2.0; +http://www.bing.com/bingbot.htm) Chrome/116.0.1938.76 Safari/537.36"
85.208.96.198 - - [27/Apr/2025:11:11:24 -0400] "GET /db.php/toys/pokemon-card-games/13260243585039.shtml HTTP/1.1" 200 0 "-" "Mozilla/5.0 (compatible; SemrushBot/7~bl; +http://www.semrush.com/bot.html)"
185.191.171.6 - - [27/Apr/2025:11:11:33 -0400] "GET /db.php/tv/action-cameras/14560580708743.shtml HTTP/1.1" 200 0 "-" "Mozilla/5.0 (compatible; SemrushBot/7~bl; +http://www.semrush.com/bot.html)"
85.208.96.194 - - [27/Apr/2025:11:11:43 -0400] "GET /db.php/fashion/dresses/9810480242195.shtml HTTP/1.1" 200 0 "-" "Mozilla/5.0 (compatible; SemrushBot/7~bl; +http://www.semrush.com/bot.html)"
85.208.96.201 - - [27/Apr/2025:11:11:48 -0400] "GET /db.php/tablets/apple-watch-accessories/820040355854.shtml HTTP/1.1" 200 0 "-" "Mozilla/5.0 (compatible; SemrushBot/7~bl; +http://www.semrush.com/bot.html)"
85.208.96.196 - - [27/Apr/2025:11:11:54 -0400] "GET /db.php/sports/clubs/1610290121432.shtml HTTP/1.1" 200 0 "-" "Mozilla/5.0 (compatible; SemrushBot/7~bl; +http://www.semrush.com/bot.html)"
157.55.39.202 - - [27/Apr/2025:11:12:00 -0400] "GET /food-whiskey-27s0g HTTP/1.1" 200 20947 "-" "Mozilla/5.0 AppleWebKit/537.36 (KHTML, like Gecko; compatible; bingbot/2.0; +http://www.bing.com/bingbot.htm) Chrome/116.0.1938.76 Safari/537.36"
185.191.171.13 - - [27/Apr/2025:11:12:02 -0400] "GET /db.php/etc./tableware/15180381080792.shtml HTTP/1.1" 200 0 "-" "Mozilla/5.0 (compatible; SemrushBot/7~bl; +http://www.semrush.com/bot.html)"
185.191.171.17 - - [27/Apr/2025:11:12:04 -0400] "GET /db.php/outdoor/reels/8770244037707.shtml HTTP/1.1" 200 0 "-" "Mozilla/5.0 (compatible; SemrushBot/7~bl; +http://www.semrush.com/bot.html)"
85.208.96.208 - - [27/Apr/2025:11:12:09 -0400] "GET /db.php/musical-instruments/slot-machines/18720132654323.shtml HTTP/1.1" 200 0 "-" "Mozilla/5.0 (compatible; SemrushBot/7~bl; +http://www.semrush.com/bot.html)"
185.191.171.6 - - [27/Apr/2025:11:12:15 -0400] "GET /db.php/fashion/accessories/9760020139724.shtml HTTP/1.1" 200 0 "-" "Mozilla/5.0 (compatible; SemrushBot/7~bl; +http://www.semrush.com/bot.html)"
157.55.39.202 - - [27/Apr/2025:11:12:18 -0400] "GET /motorcycles-parts-1sjvo HTTP/1.1" 200 21558 "-" "Mozilla/5.0 AppleWebKit/537.36 (KHTML, like Gecko; compatible; bingbot/2.0; +http://www.bing.com/bingbot.htm) Chrome/116.0.1938.76 Safari/537.36"
185.191.171.6 - - [27/Apr/2025:11:12:25 -0400] "GET /db.php/bicycles/parts/18220012455920.shtml HTTP/1.1" 200 0 "-" "Mozilla/5.0 (compatible; SemrushBot/7~bl; +http://www.semrush.com/bot.html)"
85.208.96.201 - - [27/Apr/2025:11:12:35 -0400] "GET /db.php/smartphones/macbooks/720601109707.shtml HTTP/1.1" 200 0 "-" "Mozilla/5.0 (compatible; SemrushBot/7~bl; +http://www.semrush.com/bot.html)"
185.191.171.4 - - [27/Apr/2025:11:12:59 -0400] "GET /db.php/tools/others/7360031827630.shtml HTTP/1.1" 200 0 "-" "Mozilla/5.0 (compatible; SemrushBot/7~bl; +http://www.semrush.com/bot.html)"
85.208.96.211 - - [27/Apr/2025:11:13:18 -0400] "GET /db.php/fashion/shoes/9740020456926.shtml HTTP/1.1" 200 0 "-" "Mozilla/5.0 (compatible; SemrushBot/7~bl; +http://www.semrush.com/bot.html)"
52.167.144.146 - - [27/Apr/2025:11:13:33 -0400] "GET /motorcycles-parts-180pi HTTP/1.1" 200 20975 "-" "Mozilla/5.0 AppleWebKit/537.36 (KHTML, like Gecko; compatible; bingbot/2.0; +http://www.bing.com/bingbot.htm) Chrome/116.0.1938.76 Safari/537.36"
85.208.96.193 - - [27/Apr/2025:11:13:40 -0400] "GET /db.php/health/glasses/10240352835568.shtml HTTP/1.1" 200 0 "-" "Mozilla/5.0 (compatible; SemrushBot/7~bl; +http://www.semrush.com/bot.html)"
185.191.171.19 - - [27/Apr/2025:11:14:01 -0400] "GET /db.php/pet-supplies/dog-food/7380213821574.shtml HTTP/1.1" 200 0 "-" "Mozilla/5.0 (compatible; SemrushBot/7~bl; +http://www.semrush.com/bot.html)"
185.191.171.4 - - [27/Apr/2025:11:14:22 -0400] "GET /db.php/kitchen/others/16720171475122.shtml HTTP/1.1" 200 0 "-" "Mozilla/5.0 (compatible; SemrushBot/7~bl; +http://www.semrush.com/bot.html)"
185.191.171.1 - - [27/Apr/2025:11:14:37 -0400] "GET /db.php/fashion/outerwear/9720130330308.shtml HTTP/1.1" 200 0 "-" "Mozilla/5.0 (compatible; SemrushBot/7~bl; +http://www.semrush.com/bot.html)"
157.55.39.202 - - [27/Apr/2025:11:14:38 -0400] "GET /motorcycles-related-2m9aw HTTP/1.1" 200 20893 "-" "Mozilla/5.0 AppleWebKit/537.36 (KHTML, like Gecko; compatible; bingbot/2.0; +http://www.bing.com/bingbot.htm) Chrome/116.0.1938.76 Safari/537.36"
185.191.171.11 - - [27/Apr/2025:11:14:43 -0400] "GET /db.php/outdoor/tents/8780502186294.shtml HTTP/1.1" 200 0 "-" "Mozilla/5.0 (compatible; SemrushBot/7~bl; +http://www.semrush.com/bot.html)"
85.208.96.205 - - [27/Apr/2025:11:14:45 -0400] "GET /db.php/goods/weiss-schwarz/13450540644233.shtml HTTP/1.1" 200 0 "-" "Mozilla/5.0 (compatible; SemrushBot/7~bl; +http://www.semrush.com/bot.html)"
185.191.171.12 - - [27/Apr/2025:11:15:06 -0400] "GET /db.php/fashion/jackets/9720053735453.shtml HTTP/1.1" 200 0 "-" "Mozilla/5.0 (compatible; SemrushBot/7~bl; +http://www.semrush.com/bot.html)"
199.188.205.55 - - [27/Apr/2025:11:15:24 -0400] "POST /wp-cron.php?doing_wp_cron=1745766924.4349958896636962890625 HTTP/1.1" 200 0 "-" "WordPress/6.2.6; http://rupalake.org.np"
51.222.253.9 - - [27/Apr/2025:11:15:24 -0400] "GET /outdoor/reels/8770590244096 HTTP/1.1" 404 7439 "-" "Mozilla/5.0 (compatible; AhrefsBot/7.0; +http://ahrefs.com/robot/)"
157.55.39.202 - - [27/Apr/2025:11:15:31 -0400] "GET /fashion-watches-12er9 HTTP/1.1" 200 21384 "-" "Mozilla/5.0 AppleWebKit/537.36 (KHTML, like Gecko; compatible; bingbot/2.0; +http://www.bing.com/bingbot.htm) Chrome/116.0.1938.76 Safari/537.36"
185.191.171.9 - - [27/Apr/2025:11:15:33 -0400] "GET /db.php/fishing/flies/8790212101212.shtml HTTP/1.1" 200 0 "-" "Mozilla/5.0 (compatible; SemrushBot/7~bl; +http://www.semrush.com/bot.html)"
85.208.96.193 - - [27/Apr/2025:11:15:34 -0400] "GET /db.php/fashion/accessories/9760290263963.shtml HTTP/1.1" 200 0 "-" "Mozilla/5.0 (compatible; SemrushBot/7~bl; +http://www.semrush.com/bot.html)"
185.191.171.12 - - [27/Apr/2025:11:16:03 -0400] "GET /db.php/drinks/others/9360600628159.shtml HTTP/1.1" 200 0 "-" "Mozilla/5.0 (compatible; SemrushBot/7~bl; +http://www.semrush.com/bot.html)"
85.208.96.210 - - [27/Apr/2025:11:16:04 -0400] "GET /db.php/games/anime/13250031786633.shtml HTTP/1.1" 200 0 "-" "Mozilla/5.0 (compatible; SemrushBot/7~bl; +http://www.semrush.com/bot.html)"
85.208.96.202 - - [27/Apr/2025:11:16:08 -0400] "GET /db.php/fashion/shoes/9740401655021.shtml HTTP/1.1" 200 0 "-" "Mozilla/5.0 (compatible; SemrushBot/7~bl; +http://www.semrush.com/bot.html)"
85.208.96.199 - - [27/Apr/2025:11:16:09 -0400] "GET /db.php/sports/snowboard/1620071304698.shtml HTTP/1.1" 200 0 "-" "Mozilla/5.0 (compatible; SemrushBot/7~bl; +http://www.semrush.com/bot.html)"
85.208.96.202 - - [27/Apr/2025:11:16:15 -0400] "GET /db.php/bicycles/maintenance/18260311647338.shtml HTTP/1.1" 200 0 "-" "Mozilla/5.0 (compatible; SemrushBot/7~bl; +http://www.semrush.com/bot.html)"
85.208.96.212 - - [27/Apr/2025:11:16:18 -0400] "GET /db.php/home-appliances/vacuum-cleaners/9500353343980.shtml HTTP/1.1" 200 0 "-" "Mozilla/5.0 (compatible; SemrushBot/7~bl; +http://www.semrush.com/bot.html)"
85.208.96.199 - - [27/Apr/2025:11:16:25 -0400] "GET /db.php/outdoor/outdoor-wear/8830101433202.shtml HTTP/1.1" 200 0 "-" "Mozilla/5.0 (compatible; SemrushBot/7~bl; +http://www.semrush.com/bot.html)"
157.55.39.202 - - [27/Apr/2025:11:16:41 -0400] "GET /home-appliances-espresso-machines-20kq6 HTTP/1.1" 200 20764 "-" "Mozilla/5.0 AppleWebKit/537.36 (KHTML, like Gecko; compatible; bingbot/2.0; +http://www.bing.com/bingbot.htm) Chrome/116.0.1938.76 Safari/537.36"
185.191.171.13 - - [27/Apr/2025:11:16:43 -0400] "GET /db.php/toys/idols/13220370102308.shtml HTTP/1.1" 200 0 "-" "Mozilla/5.0 (compatible; SemrushBot/7~bl; +http://www.semrush.com/bot.html)"
185.191.171.15 - - [27/Apr/2025:11:16:59 -0400] "GET /db.php/fashion/accessories/9760262272740.shtml HTTP/1.1" 200 0 "-" "Mozilla/5.0 (compatible; SemrushBot/7~bl; +http://www.semrush.com/bot.html)"
85.208.96.206 - - [27/Apr/2025:11:17:20 -0400] "GET /db.php/tools/others/7360393726245.shtml HTTP/1.1" 200 0 "-" "Mozilla/5.0 (compatible; SemrushBot/7~bl; +http://www.semrush.com/bot.html)"
85.208.96.199 - - [27/Apr/2025:11:17:22 -0400] "GET /db.php/interior/seater-sofas/4000144080517.shtml HTTP/1.1" 200 0 "-" "Mozilla/5.0 (compatible; SemrushBot/7~bl; +http://www.semrush.com/bot.html)"
52.167.144.172 - - [27/Apr/2025:11:17:43 -0400] "GET /tickets-baseball-24u0t HTTP/1.1" 200 21392 "-" "Mozilla/5.0 AppleWebKit/537.36 (KHTML, like Gecko; compatible; bingbot/2.0; +http://www.bing.com/bingbot.htm) Chrome/116.0.1938.76 Safari/537.36"
157.55.39.202 - - [27/Apr/2025:11:17:50 -0400] "GET /magazines-entertainment-hg9n HTTP/1.1" 200 21136 "-" "Mozilla/5.0 AppleWebKit/537.36 (KHTML, like Gecko; compatible; bingbot/2.0; +http://www.bing.com/bingbot.htm) Chrome/116.0.1938.76 Safari/537.36"
85.208.96.196 - - [27/Apr/2025:11:17:54 -0400] "GET /db.php/fashion/bags/9750081606915.shtml HTTP/1.1" 200 0 "-" "Mozilla/5.0 (compatible; SemrushBot/7~bl; +http://www.semrush.com/bot.html)"
157.55.39.202 - - [27/Apr/2025:11:18:00 -0400] "GET /fashion-suits-xjit HTTP/1.1" 200 21435 "-" "Mozilla/5.0 AppleWebKit/537.36 (KHTML, like Gecko; compatible; bingbot/2.0; +http://www.bing.com/bingbot.htm) Chrome/116.0.1938.76 Safari/537.36"
185.191.171.2 - - [27/Apr/2025:11:18:04 -0400] "GET /db.php/sports/snowboard/1620434045486.shtml HTTP/1.1" 200 0 "-" "Mozilla/5.0 (compatible; SemrushBot/7~bl; +http://www.semrush.com/bot.html)"
85.208.96.197 - - [27/Apr/2025:11:18:40 -0400] "GET /db.php/fashion/bags/9750390715414.shtml HTTP/1.1" 200 0 "-" "Mozilla/5.0 (compatible; SemrushBot/7~bl; +http://www.semrush.com/bot.html)"
85.208.96.206 - - [27/Apr/2025:11:18:42 -0400] "GET /db.php/fishing/fishing-tools/8840373648598.shtml HTTP/1.1" 200 0 "-" "Mozilla/5.0 (compatible; SemrushBot/7~bl; +http://www.semrush.com/bot.html)"
185.191.171.18 - - [27/Apr/2025:11:18:45 -0400] "GET /db.php/tv/zoom-lens/14480604030152.shtml HTTP/1.1" 200 0 "-" "Mozilla/5.0 (compatible; SemrushBot/7~bl; +http://www.semrush.com/bot.html)"
85.208.96.205 - - [27/Apr/2025:11:18:52 -0400] "GET /db.php/diet/vitamins/10300313434872.shtml HTTP/1.1" 200 0 "-" "Mozilla/5.0 (compatible; SemrushBot/7~bl; +http://www.semrush.com/bot.html)"
85.208.96.199 - - [27/Apr/2025:11:19:19 -0400] "GET /db.php/art/accessories/19080570566610.shtml HTTP/1.1" 200 0 "-" "Mozilla/5.0 (compatible; SemrushBot/7~bl; +http://www.semrush.com/bot.html)"
52.167.144.19 - - [27/Apr/2025:11:19:34 -0400] "GET /flowers-bonsai-mrap HTTP/1.1" 200 21114 "-" "Mozilla/5.0 AppleWebKit/537.36 (KHTML, like Gecko; compatible; bingbot/2.0; +http://www.bing.com/bingbot.htm) Chrome/116.0.1938.76 Safari/537.36"
185.191.171.8 - - [27/Apr/2025:11:19:34 -0400] "GET /db.php/smartphones/pc-cases/1040013856011.shtml HTTP/1.1" 200 0 "-" "Mozilla/5.0 (compatible; SemrushBot/7~bl; +http://www.semrush.com/bot.html)"
85.208.96.208 - - [27/Apr/2025:11:19:54 -0400] "GET /db.php/sports/men-wear/1940073921099.shtml HTTP/1.1" 200 0 "-" "Mozilla/5.0 (compatible; SemrushBot/7~bl; +http://www.semrush.com/bot.html)"
199.188.205.55 - - [27/Apr/2025:11:20:06 -0400] "POST /wp-cron.php?doing_wp_cron=1745767206.4963760375976562500000 HTTP/1.1" 200 0 "-" "WordPress/6.2.6; http://rupalake.org.np"
51.222.253.1 - - [27/Apr/2025:11:20:05 -0400] "GET /shoes/boots/19950341689515 HTTP/1.1" 404 7439 "-" "Mozilla/5.0 (compatible; AhrefsBot/7.0; +http://ahrefs.com/robot/)"
85.208.96.208 - - [27/Apr/2025:11:20:08 -0400] "GET /robots.txt HTTP/1.1" 200 236 "-" "Mozilla/5.0 (compatible; SemrushBot/7~bl; +http://www.semrush.com/bot.html)"
185.191.171.18 - - [27/Apr/2025:11:20:09 -0400] "GET /db.php/cameras/digital-cameras/14470581598919.shtml HTTP/1.1" 200 0 "-" "Mozilla/5.0 (compatible; SemrushBot/7~bl; +http://www.semrush.com/bot.html)"
85.208.96.211 - - [27/Apr/2025:11:20:10 -0400] "GET /db.php/gardening/vegetables/3520601103766.shtml HTTP/1.1" 200 0 "-" "Mozilla/5.0 (compatible; SemrushBot/7~bl; +http://www.semrush.com/bot.html)"
85.208.96.195 - - [27/Apr/2025:11:20:14 -0400] "GET /db.php/fashion/accessories/9760373366636.shtml HTTP/1.1" 200 0 "-" "Mozilla/5.0 (compatible; SemrushBot/7~bl; +http://www.semrush.com/bot.html)"
185.191.171.11 - - [27/Apr/2025:11:20:17 -0400] "GET /db.php/art/crafts/18440451949751.shtml HTTP/1.1" 200 0 "-" "Mozilla/5.0 (compatible; SemrushBot/7~bl; +http://www.semrush.com/bot.html)"
52.167.144.217 - - [27/Apr/2025:11:20:20 -0400] "GET /home-appliances-sewing-machines-7qc0 HTTP/1.1" 200 21379 "-" "Mozilla/5.0 AppleWebKit/537.36 (KHTML, like Gecko; compatible; bingbot/2.0; +http://www.bing.com/bingbot.htm) Chrome/116.0.1938.76 Safari/537.36"
52.167.144.217 - - [27/Apr/2025:11:20:20 -0400] "GET /sports-clubs-273nk HTTP/1.1" 200 21198 "-" "Mozilla/5.0 AppleWebKit/537.36 (KHTML, like Gecko; compatible; bingbot/2.0; +http://www.bing.com/bingbot.htm) Chrome/116.0.1938.76 Safari/537.36"
185.191.171.17 - - [27/Apr/2025:11:20:21 -0400] "GET /db.php/smartphones/ipads/700290643165.shtml HTTP/1.1" 200 0 "-" "Mozilla/5.0 (compatible; SemrushBot/7~bl; +http://www.semrush.com/bot.html)"
85.208.96.198 - - [27/Apr/2025:11:20:22 -0400] "GET /db.php/food/rice/9210273629444.shtml HTTP/1.1" 200 0 "-" "Mozilla/5.0 (compatible; SemrushBot/7~bl; +http://www.semrush.com/bot.html)"
185.191.171.16 - - [27/Apr/2025:11:20:30 -0400] "GET /db.php/bicycles/bicycles/18270573701961.shtml HTTP/1.1" 200 0 "-" "Mozilla/5.0 (compatible; SemrushBot/7~bl; +http://www.semrush.com/bot.html)"
52.167.144.217 - - [27/Apr/2025:11:20:31 -0400] "GET /bicycles-tires-87fk HTTP/1.1" 200 20855 "-" "Mozilla/5.0 AppleWebKit/537.36 (KHTML, like Gecko; compatible; bingbot/2.0; +http://www.bing.com/bingbot.htm) Chrome/116.0.1938.76 Safari/537.36"
85.208.96.210 - - [27/Apr/2025:11:20:36 -0400] "GET /db.php/cosmetics/serums/17230270707950.shtml HTTP/1.1" 200 0 "-" "Mozilla/5.0 (compatible; SemrushBot/7~bl; +http://www.semrush.com/bot.html)"
185.191.171.10 - - [27/Apr/2025:11:20:59 -0400] "GET /db.php/air-conditioning/gas-stoves/9420570934946.shtml HTTP/1.1" 200 0 "-" "Mozilla/5.0 (compatible; SemrushBot/7~bl; +http://www.semrush.com/bot.html)"
85.208.96.201 - - [27/Apr/2025:11:21:20 -0400] "GET /db.php/magazines/celebrity-photo-books/16800062712339.shtml HTTP/1.1" 200 0 "-" "Mozilla/5.0 (compatible; SemrushBot/7~bl; +http://www.semrush.com/bot.html)"
185.191.171.16 - - [27/Apr/2025:11:21:23 -0400] "GET /db.php/food/wine/9170372040884.shtml HTTP/1.1" 200 0 "-" "Mozilla/5.0 (compatible; SemrushBot/7~bl; +http://www.semrush.com/bot.html)"
85.208.96.206 - - [27/Apr/2025:11:21:57 -0400] "GET /db.php/alcohol/others/9360570805005.shtml HTTP/1.1" 200 0 "-" "Mozilla/5.0 (compatible; SemrushBot/7~bl; +http://www.semrush.com/bot.html)"
185.191.171.14 - - [27/Apr/2025:11:22:06 -0400] "GET /db.php/interior/sofa-sets/4260551389416.shtml HTTP/1.1" 200 0 "-" "Mozilla/5.0 (compatible; SemrushBot/7~bl; +http://www.semrush.com/bot.html)"
52.167.144.217 - - [27/Apr/2025:11:22:09 -0400] "GET /home-appliances-kitchen-appliances-t3w8 HTTP/1.1" 200 20763 "-" "Mozilla/5.0 AppleWebKit/537.36 (KHTML, like Gecko; compatible; bingbot/2.0; +http://www.bing.com/bingbot.htm) Chrome/116.0.1938.76 Safari/537.36"
185.191.171.5 - - [27/Apr/2025:11:22:44 -0400] "GET /db.php/food/rice/9210311951726.shtml HTTP/1.1" 200 0 "-" "Mozilla/5.0 (compatible; SemrushBot/7~bl; +http://www.semrush.com/bot.html)"
85.208.96.207 - - [27/Apr/2025:11:22:49 -0400] "GET /db.php/fashion/bags/9750560281338.shtml HTTP/1.1" 200 0 "-" "Mozilla/5.0 (compatible; SemrushBot/7~bl; +http://www.semrush.com/bot.html)"
85.208.96.200 - - [27/Apr/2025:11:22:58 -0400] "GET /db.php/sports/others/1930091108933.shtml HTTP/1.1" 200 0 "-" "Mozilla/5.0 (compatible; SemrushBot/7~bl; +http://www.semrush.com/bot.html)"
157.55.39.63 - - [27/Apr/2025:11:23:19 -0400] "GET /air-conditioning-air-purifiers-23oiv HTTP/1.1" 200 20623 "-" "Mozilla/5.0 AppleWebKit/537.36 (KHTML, like Gecko; compatible; bingbot/2.0; +http://www.bing.com/bingbot.htm) Chrome/116.0.1938.76 Safari/537.36"
185.191.171.12 - - [27/Apr/2025:11:23:22 -0400] "GET /db.php/sports/clubs/1610513475634.shtml HTTP/1.1" 200 0 "-" "Mozilla/5.0 (compatible; SemrushBot/7~bl; +http://www.semrush.com/bot.html)"
85.208.96.195 - - [27/Apr/2025:11:23:35 -0400] "GET /db.php/interior/sideboard/4120212988083.shtml HTTP/1.1" 200 0 "-" "Mozilla/5.0 (compatible; SemrushBot/7~bl; +http://www.semrush.com/bot.html)"
185.191.171.8 - - [27/Apr/2025:11:23:36 -0400] "GET /db.php/fashion/bags/9750402368283.shtml HTTP/1.1" 200 0 "-" "Mozilla/5.0 (compatible; SemrushBot/7~bl; +http://www.semrush.com/bot.html)"
185.191.171.9 - - [27/Apr/2025:11:23:39 -0400] "GET /db.php/bicycles/parts/18220050266918.shtml HTTP/1.1" 200 0 "-" "Mozilla/5.0 (compatible; SemrushBot/7~bl; +http://www.semrush.com/bot.html)"
85.208.96.195 - - [27/Apr/2025:11:24:08 -0400] "GET /db.php/fashion/jackets/9720120854261.shtml HTTP/1.1" 200 0 "-" "Mozilla/5.0 (compatible; SemrushBot/7~bl; +http://www.semrush.com/bot.html)"
185.191.171.9 - - [27/Apr/2025:11:24:10 -0400] "GET /db.php/fashion/jackets/9720032621817.shtml HTTP/1.1" 200 0 "-" "Mozilla/5.0 (compatible; SemrushBot/7~bl; +http://www.semrush.com/bot.html)"
85.208.96.201 - - [27/Apr/2025:11:24:12 -0400] "GET /db.php/tools/screwdrivers/5230322050263.shtml HTTP/1.1" 200 0 "-" "Mozilla/5.0 (compatible; SemrushBot/7~bl; +http://www.semrush.com/bot.html)"
85.208.96.205 - - [27/Apr/2025:11:24:14 -0400] "GET /db.php/interior/seater-sofas/4170392661648.shtml HTTP/1.1" 200 0 "-" "Mozilla/5.0 (compatible; SemrushBot/7~bl; +http://www.semrush.com/bot.html)"
199.188.205.55 - - [27/Apr/2025:11:24:21 -0400] "POST /wp-cron.php?doing_wp_cron=1745767461.2062470912933349609375 HTTP/1.1" 200 0 "-" "WordPress/6.2.6; http://rupalake.org.np"
51.222.253.2 - - [27/Apr/2025:11:24:20 -0400] "GET /skirts/other/21570020585445 HTTP/1.1" 404 7439 "-" "Mozilla/5.0 (compatible; AhrefsBot/7.0; +http://ahrefs.com/robot/)"
52.167.144.217 - - [27/Apr/2025:11:24:21 -0400] "GET /home-appliances-electric-fans-ntl5 HTTP/1.1" 200 21004 "-" "Mozilla/5.0 AppleWebKit/537.36 (KHTML, like Gecko; compatible; bingbot/2.0; +http://www.bing.com/bingbot.htm) Chrome/116.0.1938.76 Safari/537.36"
185.191.171.9 - - [27/Apr/2025:11:24:23 -0400] "GET /db.php/drinks/others/9360430751705.shtml HTTP/1.1" 200 0 "-" "Mozilla/5.0 (compatible; SemrushBot/7~bl; +http://www.semrush.com/bot.html)"
85.208.96.211 - - [27/Apr/2025:11:24:29 -0400] "GET /db.php/motorcycles/security/18340043942379.shtml HTTP/1.1" 200 0 "-" "Mozilla/5.0 (compatible; SemrushBot/7~bl; +http://www.semrush.com/bot.html)"
185.191.171.6 - - [27/Apr/2025:11:24:47 -0400] "GET /db.php/handmade/chopsticks/12470440416643.shtml HTTP/1.1" 200 0 "-" "Mozilla/5.0 (compatible; SemrushBot/7~bl; +http://www.semrush.com/bot.html)"
185.191.171.18 - - [27/Apr/2025:11:24:49 -0400] "GET /db.php/tv/film-cameras/14520392987121.shtml HTTP/1.1" 200 0 "-" "Mozilla/5.0 (compatible; SemrushBot/7~bl; +http://www.semrush.com/bot.html)"
52.167.144.217 - - [27/Apr/2025:11:24:52 -0400] "GET /fishing-flies-kslm HTTP/1.1" 200 20987 "-" "Mozilla/5.0 AppleWebKit/537.36 (KHTML, like Gecko; compatible; bingbot/2.0; +http://www.bing.com/bingbot.htm) Chrome/116.0.1938.76 Safari/537.36"
157.55.39.63 - - [27/Apr/2025:11:24:59 -0400] "GET /drinks-mineral-water-1dr0a HTTP/1.1" 200 21575 "-" "Mozilla/5.0 AppleWebKit/537.36 (KHTML, like Gecko; compatible; bingbot/2.0; +http://www.bing.com/bingbot.htm) Chrome/116.0.1938.76 Safari/537.36"
185.191.171.1 - - [27/Apr/2025:11:25:02 -0400] "GET /db.php/cosmetics/face-creams/17240332336026.shtml HTTP/1.1" 200 0 "-" "Mozilla/5.0 (compatible; SemrushBot/7~bl; +http://www.semrush.com/bot.html)"
52.167.144.19 - - [27/Apr/2025:11:25:04 -0400] "GET /outdoor-bags-1ka25 HTTP/1.1" 200 21167 "-" "Mozilla/5.0 AppleWebKit/537.36 (KHTML, like Gecko; compatible; bingbot/2.0; +http://www.bing.com/bingbot.htm) Chrome/116.0.1938.76 Safari/537.36"
185.191.171.10 - - [27/Apr/2025:11:25:23 -0400] "GET /db.php/decor/carpets/3860261244390.shtml HTTP/1.1" 200 0 "-" "Mozilla/5.0 (compatible; SemrushBot/7~bl; +http://www.semrush.com/bot.html)"
85.208.96.212 - - [27/Apr/2025:11:25:24 -0400] "GET /db.php/magazines/novels/16730441053587.shtml HTTP/1.1" 200 0 "-" "Mozilla/5.0 (compatible; SemrushBot/7~bl; +http://www.semrush.com/bot.html)"
52.167.144.145 - - [27/Apr/2025:11:25:42 -0400] "GET /cars-parts-1p6a9 HTTP/1.1" 200 21339 "-" "Mozilla/5.0 AppleWebKit/537.36 (KHTML, like Gecko; compatible; bingbot/2.0; +http://www.bing.com/bingbot.htm) Chrome/116.0.1938.76 Safari/537.36"
185.191.171.13 - - [27/Apr/2025:11:26:00 -0400] "GET /db.php/gardening/others/3840362959254.shtml HTTP/1.1" 200 0 "-" "Mozilla/5.0 (compatible; SemrushBot/7~bl; +http://www.semrush.com/bot.html)"
157.55.39.63 - - [27/Apr/2025:11:26:10 -0400] "GET /beauty-face-powder-l3s9 HTTP/1.1" 200 21356 "-" "Mozilla/5.0 AppleWebKit/537.36 (KHTML, like Gecko; compatible; bingbot/2.0; +http://www.bing.com/bingbot.htm) Chrome/116.0.1938.76 Safari/537.36"
85.208.96.201 - - [27/Apr/2025:11:26:22 -0400] "GET /db.php/cameras/instant-cameras/14540500960204.shtml HTTP/1.1" 200 0 "-" "Mozilla/5.0 (compatible; SemrushBot/7~bl; +http://www.semrush.com/bot.html)"
185.191.171.1 - - [27/Apr/2025:11:26:44 -0400] "GET /db.php/fashion/tops/9730591853795.shtml HTTP/1.1" 200 0 "-" "Mozilla/5.0 (compatible; SemrushBot/7~bl; +http://www.semrush.com/bot.html)"
52.167.144.145 - - [27/Apr/2025:11:26:51 -0400] "GET /musical-instruments-crafts-18dqo HTTP/1.1" 200 21218 "-" "Mozilla/5.0 AppleWebKit/537.36 (KHTML, like Gecko; compatible; bingbot/2.0; +http://www.bing.com/bingbot.htm) Chrome/116.0.1938.76 Safari/537.36"
85.208.96.199 - - [27/Apr/2025:11:26:56 -0400] "GET /db.php/drinks/grains/9210552727323.shtml HTTP/1.1" 200 0 "-" "Mozilla/5.0 (compatible; SemrushBot/7~bl; +http://www.semrush.com/bot.html)"
85.208.96.212 - - [27/Apr/2025:11:27:04 -0400] "GET /db.php/computers/keyboards/990143325690.shtml HTTP/1.1" 200 0 "-" "Mozilla/5.0 (compatible; SemrushBot/7~bl; +http://www.semrush.com/bot.html)"
85.208.96.212 - - [27/Apr/2025:11:27:06 -0400] "GET /db.php/drinks/others/9360101261527.shtml HTTP/1.1" 200 0 "-" "Mozilla/5.0 (compatible; SemrushBot/7~bl; +http://www.semrush.com/bot.html)"
157.55.39.63 - - [27/Apr/2025:11:27:18 -0400] "GET /toys-pokemon-card-games-17kqo HTTP/1.1" 200 20598 "-" "Mozilla/5.0 AppleWebKit/537.36 (KHTML, like Gecko; compatible; bingbot/2.0; +http://www.bing.com/bingbot.htm) Chrome/116.0.1938.76 Safari/537.36"
52.167.144.19 - - [27/Apr/2025:11:27:23 -0400] "GET /computers-monitor-16v5r HTTP/1.1" 200 21211 "-" "Mozilla/5.0 AppleWebKit/537.36 (KHTML, like Gecko; compatible; bingbot/2.0; +http://www.bing.com/bingbot.htm) Chrome/116.0.1938.76 Safari/537.36"
185.191.171.16 - - [27/Apr/2025:11:27:28 -0400] "GET /db.php/gardening/objects/3160473502058.shtml HTTP/1.1" 200 0 "-" "Mozilla/5.0 (compatible; SemrushBot/7~bl; +http://www.semrush.com/bot.html)"
85.208.96.208 - - [27/Apr/2025:11:27:37 -0400] "GET /db.php/art/guitars/18390033027251.shtml HTTP/1.1" 200 0 "-" "Mozilla/5.0 (compatible; SemrushBot/7~bl; +http://www.semrush.com/bot.html)"
185.191.171.15 - - [27/Apr/2025:11:27:40 -0400] "GET /db.php/motorcycles/parts/18220331114426.shtml HTTP/1.1" 200 0 "-" "Mozilla/5.0 (compatible; SemrushBot/7~bl; +http://www.semrush.com/bot.html)"
185.191.171.10 - - [27/Apr/2025:11:28:07 -0400] "GET /db.php/home-appliances/refrigerator/9450200557766.shtml HTTP/1.1" 200 0 "-" "Mozilla/5.0 (compatible; SemrushBot/7~bl; +http://www.semrush.com/bot.html)"
185.191.171.13 - - [27/Apr/2025:11:28:13 -0400] "GET /db.php/cars/bicycles/18270392053301.shtml HTTP/1.1" 200 0 "-" "Mozilla/5.0 (compatible; SemrushBot/7~bl; +http://www.semrush.com/bot.html)"
85.208.96.208 - - [27/Apr/2025:11:28:15 -0400] "GET /db.php/underwear/underwear/22050173880741.shtml HTTP/1.1" 200 0 "-" "Mozilla/5.0 (compatible; SemrushBot/7~bl; +http://www.semrush.com/bot.html)"
85.208.96.199 - - [27/Apr/2025:11:28:16 -0400] "GET /db.php/fashion/yukata/9790522072525.shtml HTTP/1.1" 200 0 "-" "Mozilla/5.0 (compatible; SemrushBot/7~bl; +http://www.semrush.com/bot.html)"
185.191.171.12 - - [27/Apr/2025:11:28:23 -0400] "GET /db.php/flowers/other-houseplants/3110543819910.shtml HTTP/1.1" 200 0 "-" "Mozilla/5.0 (compatible; SemrushBot/7~bl; +http://www.semrush.com/bot.html)"
85.208.96.210 - - [27/Apr/2025:11:28:37 -0400] "GET /db.php/fishing/outdoor-wear/8830192060760.shtml HTTP/1.1" 200 0 "-" "Mozilla/5.0 (compatible; SemrushBot/7~bl; +http://www.semrush.com/bot.html)"
85.208.96.205 - - [27/Apr/2025:11:28:43 -0400] "GET /db.php/computers/apple-watches/760572927304.shtml HTTP/1.1" 200 0 "-" "Mozilla/5.0 (compatible; SemrushBot/7~bl; +http://www.semrush.com/bot.html)"
185.191.171.13 - - [27/Apr/2025:11:28:48 -0400] "GET /db.php/manga/sports/17100360959278.shtml HTTP/1.1" 200 0 "-" "Mozilla/5.0 (compatible; SemrushBot/7~bl; +http://www.semrush.com/bot.html)"
52.167.144.145 - - [27/Apr/2025:11:28:50 -0400] "GET /alcohol-rice-120iv HTTP/1.1" 200 21127 "-" "Mozilla/5.0 AppleWebKit/537.36 (KHTML, like Gecko; compatible; bingbot/2.0; +http://www.bing.com/bingbot.htm) Chrome/116.0.1938.76 Safari/537.36"
