199.188.205.55 - - [27/Apr/2025:11:29:01 -0400] "POST /wp-cron.php?doing_wp_cron=1745767741.7152678966522216796875 HTTP/1.1" 200 0 "-" "WordPress/6.2.6; http://rupalake.org.np"
51.222.253.3 - - [27/Apr/2025:11:29:01 -0400] "GET /skirts/other/21570132058683 HTTP/1.1" 404 7439 "-" "Mozilla/5.0 (compatible; AhrefsBot/7.0; +http://ahrefs.com/robot/)"
85.208.96.201 - - [27/Apr/2025:11:29:09 -0400] "GET /db.php/flowers/bouquets/3040380777993.shtml HTTP/1.1" 200 0 "-" "Mozilla/5.0 (compatible; SemrushBot/7~bl; +http://www.semrush.com/bot.html)"
185.191.171.8 - - [27/Apr/2025:11:29:17 -0400] "GET /db.php/sports/clubs/1610340252170.shtml HTTP/1.1" 200 0 "-" "Mozilla/5.0 (compatible; SemrushBot/7~bl; +http://www.semrush.com/bot.html)"
157.55.39.63 - - [27/Apr/2025:11:29:19 -0400] "GET /smartphones-network-devices-g9ri HTTP/1.1" 200 21266 "-" "Mozilla/5.0 AppleWebKit/537.36 (KHTML, like Gecko; compatible; bingbot/2.0; +http://www.bing.com/bingbot.htm) Chrome/116.0.1938.76 Safari/537.36"
185.191.171.9 - - [27/Apr/2025:11:29:25 -0400] "GET /db.php/cosmetics/face-creams/17240363559385.shtml HTTP/1.1" 200 0 "-" "Mozilla/5.0 (compatible; SemrushBot/7~bl; +http://www.semrush.com/bot.html)"
52.167.144.19 - - [27/Apr/2025:11:29:44 -0400] "GET /tools-pliers-16iai HTTP/1.1" 200 20974 "-" "Mozilla/5.0 AppleWebKit/537.36 (KHTML, like Gecko; compatible; bingbot/2.0; +http://www.bing.com/bingbot.htm) Chrome/116.0.1938.76 Safari/537.36"
157.55.39.201 - - [27/Apr/2025:11:30:00 -0400] "GET /home-appliances-smoking-accessories-1kicr HTTP/1.1" 200 21555 "-" "Mozilla/5.0 AppleWebKit/537.36 (KHTML, like Gecko; compatible; bingbot/2.0; +http://www.bing.com/bingbot.htm) Chrome/116.0.1938.76 Safari/537.36"
85.208.96.201 - - [27/Apr/2025:11:30:05 -0400] "GET /db.php/alcohol/shochu/9200113039752.shtml HTTP/1.1" 200 0 "-" "Mozilla/5.0 (compatible; SemrushBot/7~bl; +http://www.semrush.com/bot.html)"
157.55.39.201 - - [27/Apr/2025:11:30:20 -0400] "GET /toys-pin-badges-198bg HTTP/1.1" 200 22539 "-" "Mozilla/5.0 AppleWebKit/537.36 (KHTML, like Gecko; compatible; bingbot/2.0; +http://www.bing.com/bingbot.htm) Chrome/116.0.1938.76 Safari/537.36"
85.208.96.201 - - [27/Apr/2025:11:30:23 -0400] "GET /db.php/air-conditioning/stoves/9400572199504.shtml HTTP/1.1" 200 0 "-" "Mozilla/5.0 (compatible; SemrushBot/7~bl; +http://www.semrush.com/bot.html)"
85.208.96.212 - - [27/Apr/2025:11:30:50 -0400] "GET /db.php/musical-instruments/bass/18540042278468.shtml HTTP/1.1" 200 0 "-" "Mozilla/5.0 (compatible; SemrushBot/7~bl; +http://www.semrush.com/bot.html)"
52.167.144.233 - - [27/Apr/2025:11:30:52 -0400] "GET /kitchen-bulk-sales-mokb HTTP/1.1" 200 20431 "-" "Mozilla/5.0 AppleWebKit/537.36 (KHTML, like Gecko; compatible; bingbot/2.0; +http://www.bing.com/bingbot.htm) Chrome/116.0.1938.76 Safari/537.36"
52.167.144.145 - - [27/Apr/2025:11:30:56 -0400] "GET /food-rice-nx6u HTTP/1.1" 200 21286 "-" "Mozilla/5.0 AppleWebKit/537.36 (KHTML, like Gecko; compatible; bingbot/2.0; +http://www.bing.com/bingbot.htm) Chrome/116.0.1938.76 Safari/537.36"
85.208.96.195 - - [27/Apr/2025:11:30:57 -0400] "GET /db.php/sports/wear/1660041788353.shtml HTTP/1.1" 200 0 "-" "Mozilla/5.0 (compatible; SemrushBot/7~bl; +http://www.semrush.com/bot.html)"
85.208.96.194 - - [27/Apr/2025:11:31:10 -0400] "GET /db.php/toys/dragon-ball-cards/13860460210183.shtml HTTP/1.1" 200 0 "-" "Mozilla/5.0 (compatible; SemrushBot/7~bl; +http://www.semrush.com/bot.html)"
185.191.171.7 - - [27/Apr/2025:11:31:14 -0400] "GET /db.php/games/others/14450193071217.shtml HTTP/1.1" 200 0 "-" "Mozilla/5.0 (compatible; SemrushBot/7~bl; +http://www.semrush.com/bot.html)"
85.208.96.198 - - [27/Apr/2025:11:31:35 -0400] "GET /db.php/sports/clubs/1610480853406.shtml HTTP/1.1" 200 0 "-" "Mozilla/5.0 (compatible; SemrushBot/7~bl; +http://www.semrush.com/bot.html)"
185.191.171.16 - - [27/Apr/2025:11:31:38 -0400] "GET /db.php/sports/balls/2110053141741.shtml HTTP/1.1" 200 0 "-" "Mozilla/5.0 (compatible; SemrushBot/7~bl; +http://www.semrush.com/bot.html)"
85.208.96.198 - - [27/Apr/2025:11:31:44 -0400] "GET /db.php/handmade/fabrics/11420272313867.shtml HTTP/1.1" 200 0 "-" "Mozilla/5.0 (compatible; SemrushBot/7~bl; +http://www.semrush.com/bot.html)"
85.208.96.195 - - [27/Apr/2025:11:32:13 -0400] "GET /db.php/tv/radios/14490583327144.shtml HTTP/1.1" 200 0 "-" "Mozilla/5.0 (compatible; SemrushBot/7~bl; +http://www.semrush.com/bot.html)"
85.208.96.201 - - [27/Apr/2025:11:32:25 -0400] "GET /db.php/smartphones/apple-watches/760021079899.shtml HTTP/1.1" 200 0 "-" "Mozilla/5.0 (compatible; SemrushBot/7~bl; +http://www.semrush.com/bot.html)"
185.191.171.11 - - [27/Apr/2025:11:32:31 -0400] "GET /db.php/gardening/evergreen-trees/3430172327489.shtml HTTP/1.1" 200 0 "-" "Mozilla/5.0 (compatible; SemrushBot/7~bl; +http://www.semrush.com/bot.html)"
185.191.171.3 - - [27/Apr/2025:11:32:41 -0400] "GET /db.php/outdoor/reels/8770102349805.shtml HTTP/1.1" 200 0 "-" "Mozilla/5.0 (compatible; SemrushBot/7~bl; +http://www.semrush.com/bot.html)"
85.208.96.197 - - [27/Apr/2025:11:32:42 -0400] "GET /db.php/alcohol/whiskey/9160342966532.shtml HTTP/1.1" 200 0 "-" "Mozilla/5.0 (compatible; SemrushBot/7~bl; +http://www.semrush.com/bot.html)"
185.191.171.13 - - [27/Apr/2025:11:32:48 -0400] "GET /db.php/computers/smartphones/680021205742.shtml HTTP/1.1" 200 0 "-" "Mozilla/5.0 (compatible; SemrushBot/7~bl; +http://www.semrush.com/bot.html)"
85.208.96.196 - - [27/Apr/2025:11:32:51 -0400] "GET /db.php/furniture/mirrors/3960241013421.shtml HTTP/1.1" 200 0 "-" "Mozilla/5.0 (compatible; SemrushBot/7~bl; +http://www.semrush.com/bot.html)"
66.249.68.66 - - [27/Apr/2025:11:33:05 -0400] "GET /flowers/fruit-trees/3000053096868 HTTP/1.1" 200 21046 "-" "Mozilla/5.0 (Linux; Android 6.0.1; Nexus 5X Build/MMB29P) AppleWebKit/537.36 (KHTML, like Gecko) Chrome/135.0.7049.95 Mobile Safari/537.36 (compatible; GoogleOther)"
66.249.68.67 - - [27/Apr/2025:11:33:10 -0400] "POST /get-message-notify HTTP/1.1" 200 20956 "http://rupalake.org.np/flowers/fruit-trees/3000053096868" "Mozilla/5.0 (Linux; Android 6.0.1; Nexus 5X Build/MMB29P) AppleWebKit/537.36 (KHTML, like Gecko) Chrome/134.0.6998.165 Mobile Safari/537.36 (compatible; Googlebot/2.1; +http://www.google.com/bot.html)"
85.208.96.212 - - [27/Apr/2025:11:33:11 -0400] "GET /db.php/bicycles/accessories/18370520187641.shtml HTTP/1.1" 200 0 "-" "Mozilla/5.0 (compatible; SemrushBot/7~bl; +http://www.semrush.com/bot.html)"
85.208.96.196 - - [27/Apr/2025:11:33:16 -0400] "GET /db.php/cameras/other/14850551048207.shtml HTTP/1.1" 200 0 "-" "Mozilla/5.0 (compatible; SemrushBot/7~bl; +http://www.semrush.com/bot.html)"
199.188.205.55 - - [27/Apr/2025:11:33:26 -0400] "POST /wp-cron.php?doing_wp_cron=1745768006.1645650863647460937500 HTTP/1.1" 200 0 "-" "WordPress/6.2.6; http://rupalake.org.np"
51.222.253.13 - - [27/Apr/2025:11:33:24 -0400] "GET /sports/cheering/1790011711049 HTTP/1.1" 404 7439 "-" "Mozilla/5.0 (compatible; AhrefsBot/7.0; +http://ahrefs.com/robot/)"
185.191.171.13 - - [27/Apr/2025:11:33:27 -0400] "GET /db.php/home-appliances/rice-cooker/9470221111611.shtml HTTP/1.1" 200 0 "-" "Mozilla/5.0 (compatible; SemrushBot/7~bl; +http://www.semrush.com/bot.html)"
185.191.171.19 - - [27/Apr/2025:11:33:28 -0400] "GET /db.php/sports/snowboard/1620170544884.shtml HTTP/1.1" 200 0 "-" "Mozilla/5.0 (compatible; SemrushBot/7~bl; +http://www.semrush.com/bot.html)"
52.167.144.145 - - [27/Apr/2025:11:33:32 -0400] "GET /musical-instruments-guitars-1ttfj HTTP/1.1" 200 21170 "-" "Mozilla/5.0 AppleWebKit/537.36 (KHTML, like Gecko; compatible; bingbot/2.0; +http://www.bing.com/bingbot.htm) Chrome/116.0.1938.76 Safari/537.36"
185.191.171.10 - - [27/Apr/2025:11:34:04 -0400] "GET /db.php/pet-supplies/pet-carts/7470391112967.shtml HTTP/1.1" 200 0 "-" "Mozilla/5.0 (compatible; SemrushBot/7~bl; +http://www.semrush.com/bot.html)"
185.191.171.1 - - [27/Apr/2025:11:34:25 -0400] "GET /db.php/magazines/complete-sets/16770451398213.shtml HTTP/1.1" 200 0 "-" "Mozilla/5.0 (compatible; SemrushBot/7~bl; +http://www.semrush.com/bot.html)"
185.191.171.6 - - [27/Apr/2025:11:34:55 -0400] "GET /db.php/bicycles/parts/18220213229810.shtml HTTP/1.1" 200 0 "-" "Mozilla/5.0 (compatible; SemrushBot/7~bl; +http://www.semrush.com/bot.html)"
85.208.96.211 - - [27/Apr/2025:11:34:57 -0400] "GET /db.php/fashion/outerwear/9720303962818.shtml HTTP/1.1" 200 0 "-" "Mozilla/5.0 (compatible; SemrushBot/7~bl; +http://www.semrush.com/bot.html)"
185.191.171.2 - - [27/Apr/2025:11:35:11 -0400] "GET /db.php/toys/pokemon-card-games/13260522196493.shtml HTTP/1.1" 200 0 "-" "Mozilla/5.0 (compatible; SemrushBot/7~bl; +http://www.semrush.com/bot.html)"
52.167.144.145 - - [27/Apr/2025:11:35:12 -0400] "GET /fashion-watches-yvbd HTTP/1.1" 200 20751 "-" "Mozilla/5.0 AppleWebKit/537.36 (KHTML, like Gecko; compatible; bingbot/2.0; +http://www.bing.com/bingbot.htm) Chrome/116.0.1938.76 Safari/537.36"
185.191.171.14 - - [27/Apr/2025:11:35:20 -0400] "GET /db.php/handmade/ornaments/11490122459106.shtml HTTP/1.1" 200 0 "-" "Mozilla/5.0 (compatible; SemrushBot/7~bl; +http://www.semrush.com/bot.html)"
85.208.96.208 - - [27/Apr/2025:11:35:38 -0400] "GET /db.php/kitchen/bulk-sales/15210122419219.shtml HTTP/1.1" 200 0 "-" "Mozilla/5.0 (compatible; SemrushBot/7~bl; +http://www.semrush.com/bot.html)"
85.208.96.206 - - [27/Apr/2025:11:35:47 -0400] "GET /db.php/fashion/tops/9730270800777.shtml HTTP/1.1" 200 0 "-" "Mozilla/5.0 (compatible; SemrushBot/7~bl; +http://www.semrush.com/bot.html)"
52.167.144.145 - - [27/Apr/2025:11:35:53 -0400] "GET /art-cosplay-costumes-14ifb HTTP/1.1" 200 21746 "-" "Mozilla/5.0 AppleWebKit/537.36 (KHTML, like Gecko; compatible; bingbot/2.0; +http://www.bing.com/bingbot.htm) Chrome/116.0.1938.76 Safari/537.36"
185.191.171.4 - - [27/Apr/2025:11:35:57 -0400] "GET /db.php/air-conditioning/mochi-maker/9470043558031.shtml HTTP/1.1" 200 0 "-" "Mozilla/5.0 (compatible; SemrushBot/7~bl; +http://www.semrush.com/bot.html)"
85.208.96.206 - - [27/Apr/2025:11:36:16 -0400] "GET /db.php/cars/parts/18220273177063.shtml HTTP/1.1" 200 0 "-" "Mozilla/5.0 (compatible; SemrushBot/7~bl; +http://www.semrush.com/bot.html)"
185.191.171.14 - - [27/Apr/2025:11:36:26 -0400] "GET /db.php/toys/comics/13250161889594.shtml HTTP/1.1" 200 0 "-" "Mozilla/5.0 (compatible; SemrushBot/7~bl; +http://www.semrush.com/bot.html)"
185.191.171.15 - - [27/Apr/2025:11:36:29 -0400] "GET /db.php/cameras/single-focus/14610360698748.shtml HTTP/1.1" 200 0 "-" "Mozilla/5.0 (compatible; SemrushBot/7~bl; +http://www.semrush.com/bot.html)"
85.208.96.208 - - [27/Apr/2025:11:36:31 -0400] "GET /db.php/sports/rackets/1890450647681.shtml HTTP/1.1" 200 0 "-" "Mozilla/5.0 (compatible; SemrushBot/7~bl; +http://www.semrush.com/bot.html)"
185.191.171.15 - - [27/Apr/2025:11:36:32 -0400] "GET /db.php/fashion/jackets/9720103656826.shtml HTTP/1.1" 200 0 "-" "Mozilla/5.0 (compatible; SemrushBot/7~bl; +http://www.semrush.com/bot.html)"
85.208.96.210 - - [27/Apr/2025:11:36:50 -0400] "GET /db.php/smartphones/smartphones/680170278766.shtml HTTP/1.1" 200 0 "-" "Mozilla/5.0 (compatible; SemrushBot/7~bl; +http://www.semrush.com/bot.html)"
85.208.96.208 - - [27/Apr/2025:11:36:59 -0400] "GET /db.php/skirts/other/21570172653599.shtml HTTP/1.1" 200 0 "-" "Mozilla/5.0 (compatible; SemrushBot/7~bl; +http://www.semrush.com/bot.html)"
185.191.171.17 - - [27/Apr/2025:11:37:06 -0400] "GET /db.php/home-appliances/circulators/9430340319205.shtml HTTP/1.1" 200 0 "-" "Mozilla/5.0 (compatible; SemrushBot/7~bl; +http://www.semrush.com/bot.html)"
185.191.171.11 - - [27/Apr/2025:11:37:21 -0400] "GET /db.php/fashion/shoes/9740210195675.shtml HTTP/1.1" 200 0 "-" "Mozilla/5.0 (compatible; SemrushBot/7~bl; +http://www.semrush.com/bot.html)"
157.55.39.201 - - [27/Apr/2025:11:37:25 -0400] "GET /tickets-golf-mjxe HTTP/1.1" 200 21762 "-" "Mozilla/5.0 AppleWebKit/537.36 (KHTML, like Gecko; compatible; bingbot/2.0; +http://www.bing.com/bingbot.htm) Chrome/116.0.1938.76 Safari/537.36"
85.208.96.211 - - [27/Apr/2025:11:37:26 -0400] "GET /db.php/hobbies/collections/18450392803550.shtml HTTP/1.1" 200 0 "-" "Mozilla/5.0 (compatible; SemrushBot/7~bl; +http://www.semrush.com/bot.html)"
157.55.39.201 - - [27/Apr/2025:11:37:27 -0400] "GET /home-appliances-smoking-accessories-vg5y HTTP/1.1" 200 20978 "-" "Mozilla/5.0 AppleWebKit/537.36 (KHTML, like Gecko; compatible; bingbot/2.0; +http://www.bing.com/bingbot.htm) Chrome/116.0.1938.76 Safari/537.36"
199.188.205.55 - - [27/Apr/2025:11:37:44 -0400] "POST /wp-cron.php?doing_wp_cron=1745768264.0581650733947753906250 HTTP/1.1" 200 0 "-" "WordPress/6.2.6; http://rupalake.org.np"
51.222.253.13 - - [27/Apr/2025:11:37:43 -0400] "GET /sports/gloves/1690481287246 HTTP/1.1" 404 7439 "-" "Mozilla/5.0 (compatible; AhrefsBot/7.0; +http://ahrefs.com/robot/)"
52.167.144.233 - - [27/Apr/2025:11:37:56 -0400] "GET /air-conditioning-dryers-2hyms HTTP/1.1" 200 21139 "-" "Mozilla/5.0 AppleWebKit/537.36 (KHTML, like Gecko; compatible; bingbot/2.0; +http://www.bing.com/bingbot.htm) Chrome/116.0.1938.76 Safari/537.36"
185.191.171.19 - - [27/Apr/2025:11:38:07 -0400] "GET /db.php/cars/wheels/18250213480814.shtml HTTP/1.1" 200 0 "-" "Mozilla/5.0 (compatible; SemrushBot/7~bl; +http://www.semrush.com/bot.html)"
85.208.96.201 - - [27/Apr/2025:11:38:24 -0400] "GET /db.php/books/sports/17100352009441.shtml HTTP/1.1" 200 0 "-" "Mozilla/5.0 (compatible; SemrushBot/7~bl; +http://www.semrush.com/bot.html)"
185.191.171.5 - - [27/Apr/2025:11:38:26 -0400] "GET /db.php/pet-supplies/aquatic-plants/7710121162016.shtml HTTP/1.1" 200 0 "-" "Mozilla/5.0 (compatible; SemrushBot/7~bl; +http://www.semrush.com/bot.html)"
199.188.205.55 - - [27/Apr/2025:11:38:40 -0400] "POST /wp-cron.php?doing_wp_cron=1745768320.4498119354248046875000 HTTP/1.1" 200 0 "-" "WordPress/6.2.6; http://rupalake.org.np"
54.80.184.180 - - [27/Apr/2025:11:38:40 -0400] "GET / HTTP/1.1" 200 11463 "-" "python-requests/2.27.1"
185.191.171.11 - - [27/Apr/2025:11:39:08 -0400] "GET /db.php/outdoor/tents/8780172724809.shtml HTTP/1.1" 200 0 "-" "Mozilla/5.0 (compatible; SemrushBot/7~bl; +http://www.semrush.com/bot.html)"
185.191.171.18 - - [27/Apr/2025:11:39:15 -0400] "GET /db.php/cameras/amplifiers/14500321603282.shtml HTTP/1.1" 200 0 "-" "Mozilla/5.0 (compatible; SemrushBot/7~bl; +http://www.semrush.com/bot.html)"
85.208.96.196 - - [27/Apr/2025:11:39:17 -0400] "GET /db.php/cosmetics/body-oil/17640202252267.shtml HTTP/1.1" 200 0 "-" "Mozilla/5.0 (compatible; SemrushBot/7~bl; +http://www.semrush.com/bot.html)"
85.208.96.205 - - [27/Apr/2025:11:39:39 -0400] "GET /db.php/kitchen/cooking-utensils/15220413680635.shtml HTTP/1.1" 200 0 "-" "Mozilla/5.0 (compatible; SemrushBot/7~bl; +http://www.semrush.com/bot.html)"
85.208.96.205 - - [27/Apr/2025:11:39:40 -0400] "GET /db.php/tickets/accommodation-tickets/8330331337884.shtml HTTP/1.1" 200 0 "-" "Mozilla/5.0 (compatible; SemrushBot/7~bl; +http://www.semrush.com/bot.html)"
157.55.39.201 - - [27/Apr/2025:11:39:42 -0400] "GET /motorcycles-parts-1d5e8 HTTP/1.1" 200 22279 "-" "Mozilla/5.0 AppleWebKit/537.36 (KHTML, like Gecko; compatible; bingbot/2.0; +http://www.bing.com/bingbot.htm) Chrome/116.0.1938.76 Safari/537.36"
185.191.171.18 - - [27/Apr/2025:11:39:55 -0400] "GET /db.php/handmade/tops/11110011051742.shtml HTTP/1.1" 200 0 "-" "Mozilla/5.0 (compatible; SemrushBot/7~bl; +http://www.semrush.com/bot.html)"
52.167.144.19 - - [27/Apr/2025:11:40:12 -0400] "GET /handmade-dolls-1u4r4 HTTP/1.1" 200 20887 "-" "Mozilla/5.0 AppleWebKit/537.36 (KHTML, like Gecko; compatible; bingbot/2.0; +http://www.bing.com/bingbot.htm) Chrome/116.0.1938.76 Safari/537.36"
52.167.144.19 - - [27/Apr/2025:11:40:14 -0400] "GET /health-soy-protein-1ds53 HTTP/1.1" 200 20784 "-" "Mozilla/5.0 AppleWebKit/537.36 (KHTML, like Gecko; compatible; bingbot/2.0; +http://www.bing.com/bingbot.htm) Chrome/116.0.1938.76 Safari/537.36"
185.191.171.8 - - [27/Apr/2025:11:40:17 -0400] "GET /db.php/cosmetics/hair-dryers/17280323525636.shtml HTTP/1.1" 200 0 "-" "Mozilla/5.0 (compatible; SemrushBot/7~bl; +http://www.semrush.com/bot.html)"
185.191.171.3 - - [27/Apr/2025:11:40:19 -0400] "GET /db.php/bicycles/parts/18220171856770.shtml HTTP/1.1" 200 0 "-" "Mozilla/5.0 (compatible; SemrushBot/7~bl; +http://www.semrush.com/bot.html)"
85.208.96.199 - - [27/Apr/2025:11:40:32 -0400] "GET /db.php/home-appliances/washing-machines/9490462466415.shtml HTTP/1.1" 200 0 "-" "Mozilla/5.0 (compatible; SemrushBot/7~bl; +http://www.semrush.com/bot.html)"
85.208.96.208 - - [27/Apr/2025:11:40:34 -0400] "GET /robots.txt HTTP/1.1" 200 236 "-" "Mozilla/5.0 (compatible; SemrushBot/7~bl; +http://www.semrush.com/bot.html)"
185.191.171.9 - - [27/Apr/2025:11:40:34 -0400] "GET /db.php/cars/motorcycle-bodies/18240080260993.shtml HTTP/1.1" 200 0 "-" "Mozilla/5.0 (compatible; SemrushBot/7~bl; +http://www.semrush.com/bot.html)"
85.208.96.196 - - [27/Apr/2025:11:40:43 -0400] "GET /db.php/fashion/dresses/9810272922631.shtml HTTP/1.1" 200 0 "-" "Mozilla/5.0 (compatible; SemrushBot/7~bl; +http://www.semrush.com/bot.html)"
85.208.96.199 - - [27/Apr/2025:11:40:48 -0400] "GET /db.php/sports/snowboard/1620042900833.shtml HTTP/1.1" 200 0 "-" "Mozilla/5.0 (compatible; SemrushBot/7~bl; +http://www.semrush.com/bot.html)"
185.191.171.5 - - [27/Apr/2025:11:40:54 -0400] "GET /db.php/etc./cooking-utensils/15220100967144.shtml HTTP/1.1" 200 0 "-" "Mozilla/5.0 (compatible; SemrushBot/7~bl; +http://www.semrush.com/bot.html)"
207.46.13.150 - - [27/Apr/2025:11:40:54 -0400] "GET /audio-television-25s43 HTTP/1.1" 200 22014 "-" "Mozilla/5.0 AppleWebKit/537.36 (KHTML, like Gecko; compatible; bingbot/2.0; +http://www.bing.com/bingbot.htm) Chrome/116.0.1938.76 Safari/537.36"
85.208.96.199 - - [27/Apr/2025:11:41:06 -0400] "GET /db.php/sports/exercise/1960073784392.shtml HTTP/1.1" 200 0 "-" "Mozilla/5.0 (compatible; SemrushBot/7~bl; +http://www.semrush.com/bot.html)"
85.208.96.207 - - [27/Apr/2025:11:41:21 -0400] "GET /db.php/motorcycles/tires/18250511652685.shtml HTTP/1.1" 200 0 "-" "Mozilla/5.0 (compatible; SemrushBot/7~bl; +http://www.semrush.com/bot.html)"
85.208.96.199 - - [27/Apr/2025:11:41:42 -0400] "GET /db.php/bicycles/tires/18250050806628.shtml HTTP/1.1" 200 0 "-" "Mozilla/5.0 (compatible; SemrushBot/7~bl; +http://www.semrush.com/bot.html)"
185.191.171.18 - - [27/Apr/2025:11:41:55 -0400] "GET /db.php/daily-necessities/shinto-altars/15460602000448.shtml HTTP/1.1" 200 0 "-" "Mozilla/5.0 (compatible; SemrushBot/7~bl; +http://www.semrush.com/bot.html)"
199.188.205.55 - - [27/Apr/2025:11:42:01 -0400] "POST /wp-cron.php?doing_wp_cron=1745768521.8513820171356201171875 HTTP/1.1" 200 0 "-" "WordPress/6.2.6; http://rupalake.org.np"
85.208.96.206 - - [27/Apr/2025:11:42:14 -0400] "GET /db.php/cds/anime/14940280409493.shtml HTTP/1.1" 200 0 "-" "Mozilla/5.0 (compatible; SemrushBot/7~bl; +http://www.semrush.com/bot.html)"
40.77.167.56 - - [27/Apr/2025:11:42:15 -0400] "GET /tablets-monitor-1h3i9 HTTP/1.1" 200 21333 "-" "Mozilla/5.0 AppleWebKit/537.36 (KHTML, like Gecko; compatible; bingbot/2.0; +http://www.bing.com/bingbot.htm) Chrome/116.0.1938.76 Safari/537.36"
185.191.171.17 - - [27/Apr/2025:11:42:24 -0400] "GET /db.php/diet/placenta/10100082746626.shtml HTTP/1.1" 200 0 "-" "Mozilla/5.0 (compatible; SemrushBot/7~bl; +http://www.semrush.com/bot.html)"
185.191.171.19 - - [27/Apr/2025:11:42:26 -0400] "GET /db.php/fashion/jackets/9720522154497.shtml HTTP/1.1" 200 0 "-" "Mozilla/5.0 (compatible; SemrushBot/7~bl; +http://www.semrush.com/bot.html)"
85.208.96.203 - - [27/Apr/2025:11:43:07 -0400] "GET /db.php/art/prints/18730140187481.shtml HTTP/1.1" 200 0 "-" "Mozilla/5.0 (compatible; SemrushBot/7~bl; +http://www.semrush.com/bot.html)"
40.77.167.56 - - [27/Apr/2025:11:43:09 -0400] "GET /fashion-jackets-adpg HTTP/1.1" 200 22017 "-" "Mozilla/5.0 AppleWebKit/537.36 (KHTML, like Gecko; compatible; bingbot/2.0; +http://www.bing.com/bingbot.htm) Chrome/116.0.1938.76 Safari/537.36"
51.222.253.5 - - [27/Apr/2025:11:42:01 -0400] "GET /sports/wear/1660350735388 HTTP/1.1" 404 7439 "-" "Mozilla/5.0 (compatible; AhrefsBot/7.0; +http://ahrefs.com/robot/)"
85.208.96.211 - - [27/Apr/2025:11:43:26 -0400] "GET /db.php/handmade/carpets/11240570790167.shtml HTTP/1.1" 200 0 "-" "Mozilla/5.0 (compatible; SemrushBot/7~bl; +http://www.semrush.com/bot.html)"
185.191.171.12 - - [27/Apr/2025:11:43:29 -0400] "GET /db.php/fashion/accessories/9760422548179.shtml HTTP/1.1" 200 0 "-" "Mozilla/5.0 (compatible; SemrushBot/7~bl; +http://www.semrush.com/bot.html)"
40.77.167.56 - - [27/Apr/2025:11:43:33 -0400] "GET /diy-entrances-28n36 HTTP/1.1" 200 20795 "-" "Mozilla/5.0 AppleWebKit/537.36 (KHTML, like Gecko; compatible; bingbot/2.0; +http://www.bing.com/bingbot.htm) Chrome/116.0.1938.76 Safari/537.36"
40.77.167.56 - - [27/Apr/2025:11:43:34 -0400] "GET /furniture-chairs-1jh6u HTTP/1.1" 200 22110 "-" "Mozilla/5.0 AppleWebKit/537.36 (KHTML, like Gecko; compatible; bingbot/2.0; +http://www.bing.com/bingbot.htm) Chrome/116.0.1938.76 Safari/537.36"
185.191.171.6 - - [27/Apr/2025:11:43:44 -0400] "GET /db.php/alcohol/wine/9170422415479.shtml HTTP/1.1" 200 0 "-" "Mozilla/5.0 (compatible; SemrushBot/7~bl; +http://www.semrush.com/bot.html)"
185.191.171.1 - - [27/Apr/2025:11:43:48 -0400] "GET /db.php/cds/western-music/14950420087115.shtml HTTP/1.1" 200 0 "-" "Mozilla/5.0 (compatible; SemrushBot/7~bl; +http://www.semrush.com/bot.html)"
85.208.96.205 - - [27/Apr/2025:11:44:00 -0400] "GET /db.php/interior/trinket-boxes/3900161502209.shtml HTTP/1.1" 200 0 "-" "Mozilla/5.0 (compatible; SemrushBot/7~bl; +http://www.semrush.com/bot.html)"
185.191.171.11 - - [27/Apr/2025:11:44:14 -0400] "GET /db.php/dvds/anime/14940063852578.shtml HTTP/1.1" 200 0 "-" "Mozilla/5.0 (compatible; SemrushBot/7~bl; +http://www.semrush.com/bot.html)"
185.191.171.15 - - [27/Apr/2025:11:44:21 -0400] "GET /db.php/motorcycles/parts/18220602380496.shtml HTTP/1.1" 200 0 "-" "Mozilla/5.0 (compatible; SemrushBot/7~bl; +http://www.semrush.com/bot.html)"
40.77.167.56 - - [27/Apr/2025:11:44:25 -0400] "GET /health-salacia-1b1ya HTTP/1.1" 200 21189 "-" "Mozilla/5.0 AppleWebKit/537.36 (KHTML, like Gecko; compatible; bingbot/2.0; +http://www.bing.com/bingbot.htm) Chrome/116.0.1938.76 Safari/537.36"
185.191.171.19 - - [27/Apr/2025:11:44:39 -0400] "GET /db.php/cameras/digital-cameras/14470160898648.shtml HTTP/1.1" 200 0 "-" "Mozilla/5.0 (compatible; SemrushBot/7~bl; +http://www.semrush.com/bot.html)"
85.208.96.197 - - [27/Apr/2025:11:44:41 -0400] "GET /db.php/books/others/17190042454186.shtml HTTP/1.1" 200 0 "-" "Mozilla/5.0 (compatible; SemrushBot/7~bl; +http://www.semrush.com/bot.html)"
185.191.171.12 - - [27/Apr/2025:11:44:56 -0400] "GET /db.php/sports/cheering/1790402424544.shtml HTTP/1.1" 200 0 "-" "Mozilla/5.0 (compatible; SemrushBot/7~bl; +http://www.semrush.com/bot.html)"
85.208.96.209 - - [27/Apr/2025:11:45:02 -0400] "GET /db.php/dvds/western-music/14950043573689.shtml HTTP/1.1" 200 0 "-" "Mozilla/5.0 (compatible; SemrushBot/7~bl; +http://www.semrush.com/bot.html)"
185.191.171.19 - - [27/Apr/2025:11:45:05 -0400] "GET /db.php/fashion/jackets/9720243377856.shtml HTTP/1.1" 200 0 "-" "Mozilla/5.0 (compatible; SemrushBot/7~bl; +http://www.semrush.com/bot.html)"
185.191.171.19 - - [27/Apr/2025:11:45:11 -0400] "GET /db.php/beauty/face-care/17220131165973.shtml HTTP/1.1" 200 0 "-" "Mozilla/5.0 (compatible; SemrushBot/7~bl; +http://www.semrush.com/bot.html)"
85.208.96.199 - - [27/Apr/2025:11:45:22 -0400] "GET /db.php/home-appliances/ih-cookers/9540352239727.shtml HTTP/1.1" 200 0 "-" "Mozilla/5.0 (compatible; SemrushBot/7~bl; +http://www.semrush.com/bot.html)"
185.191.171.7 - - [27/Apr/2025:11:45:47 -0400] "GET /db.php/fashion/yukata/9790514014638.shtml HTTP/1.1" 200 0 "-" "Mozilla/5.0 (compatible; SemrushBot/7~bl; +http://www.semrush.com/bot.html)"
85.208.96.210 - - [27/Apr/2025:11:45:52 -0400] "GET /db.php/decor/office-desks/4030281997132.shtml HTTP/1.1" 200 0 "-" "Mozilla/5.0 (compatible; SemrushBot/7~bl; +http://www.semrush.com/bot.html)"
185.191.171.5 - - [27/Apr/2025:11:45:54 -0400] "GET /db.php/fishing/tarps/8780292926919.shtml HTTP/1.1" 200 0 "-" "Mozilla/5.0 (compatible; SemrushBot/7~bl; +http://www.semrush.com/bot.html)"
52.167.144.19 - - [27/Apr/2025:11:46:01 -0400] "GET /food-whiskey-1r9e8 HTTP/1.1" 200 20656 "-" "Mozilla/5.0 AppleWebKit/537.36 (KHTML, like Gecko; compatible; bingbot/2.0; +http://www.bing.com/bingbot.htm) Chrome/116.0.1938.76 Safari/537.36"
52.167.144.19 - - [27/Apr/2025:11:46:02 -0400] "GET /smartphones-cpu-2k069 HTTP/1.1" 200 21034 "-" "Mozilla/5.0 AppleWebKit/537.36 (KHTML, like Gecko; compatible; bingbot/2.0; +http://www.bing.com/bingbot.htm) Chrome/116.0.1938.76 Safari/537.36"
207.46.13.150 - - [27/Apr/2025:11:46:06 -0400] "GET /home-appliances-ion-generators-22p3q HTTP/1.1" 200 21718 "-" "Mozilla/5.0 AppleWebKit/537.36 (KHTML, like Gecko; compatible; bingbot/2.0; +http://www.bing.com/bingbot.htm) Chrome/116.0.1938.76 Safari/537.36"
199.188.205.55 - - [27/Apr/2025:11:46:23 -0400] "POST /wp-cron.php?doing_wp_cron=1745768783.5586359500885009765625 HTTP/1.1" 200 0 "-" "WordPress/6.2.6; http://rupalake.org.np"
51.222.253.6 - - [27/Apr/2025:11:46:23 -0400] "GET /tops/blouses/20440072647519 HTTP/1.1" 404 7439 "-" "Mozilla/5.0 (compatible; AhrefsBot/7.0; +http://ahrefs.com/robot/)"
185.191.171.16 - - [27/Apr/2025:11:46:24 -0400] "GET /db.php/cosmetics/milk/17580603020559.shtml HTTP/1.1" 200 0 "-" "Mozilla/5.0 (compatible; SemrushBot/7~bl; +http://www.semrush.com/bot.html)"
85.208.96.199 - - [27/Apr/2025:11:46:47 -0400] "GET /db.php/decor/store-supplies/3930371133089.shtml HTTP/1.1" 200 0 "-" "Mozilla/5.0 (compatible; SemrushBot/7~bl; +http://www.semrush.com/bot.html)"
40.77.167.56 - - [27/Apr/2025:11:46:54 -0400] "GET /tickets-accommodation-tickets-21ire HTTP/1.1" 200 21113 "-" "Mozilla/5.0 AppleWebKit/537.36 (KHTML, like Gecko; compatible; bingbot/2.0; +http://www.bing.com/bingbot.htm) Chrome/116.0.1938.76 Safari/537.36"
185.191.171.7 - - [27/Apr/2025:11:47:14 -0400] "GET /db.php/sports/clubs/1610360188156.shtml HTTP/1.1" 200 0 "-" "Mozilla/5.0 (compatible; SemrushBot/7~bl; +http://www.semrush.com/bot.html)"
85.208.96.207 - - [27/Apr/2025:11:47:28 -0400] "GET /db.php/sports/others/1930511373265.shtml HTTP/1.1" 200 0 "-" "Mozilla/5.0 (compatible; SemrushBot/7~bl; +http://www.semrush.com/bot.html)"
85.208.96.206 - - [27/Apr/2025:11:47:45 -0400] "GET /db.php/fashion/shoes/9740331898370.shtml HTTP/1.1" 200 0 "-" "Mozilla/5.0 (compatible; SemrushBot/7~bl; +http://www.semrush.com/bot.html)"
185.191.171.16 - - [27/Apr/2025:11:47:52 -0400] "GET /db.php/cds/japanese-music/14980020487706.shtml HTTP/1.1" 200 0 "-" "Mozilla/5.0 (compatible; SemrushBot/7~bl; +http://www.semrush.com/bot.html)"
207.46.13.150 - - [27/Apr/2025:11:47:54 -0400] "GET /audio-projectors-1gvfo HTTP/1.1" 200 21515 "-" "Mozilla/5.0 AppleWebKit/537.36 (KHTML, like Gecko; compatible; bingbot/2.0; +http://www.bing.com/bingbot.htm) Chrome/116.0.1938.76 Safari/537.36"
85.208.96.198 - - [27/Apr/2025:11:47:55 -0400] "GET /db.php/fashion/jackets/9720533502703.shtml HTTP/1.1" 200 0 "-" "Mozilla/5.0 (compatible; SemrushBot/7~bl; +http://www.semrush.com/bot.html)"
85.208.96.196 - - [27/Apr/2025:11:47:56 -0400] "GET /db.php/hobbies/keyboard-instruments/18650510848297.shtml HTTP/1.1" 200 0 "-" "Mozilla/5.0 (compatible; SemrushBot/7~bl; +http://www.semrush.com/bot.html)"
85.208.96.203 - - [27/Apr/2025:11:48:20 -0400] "GET /db.php/fashion/outerwear/9720073938224.shtml HTTP/1.1" 200 0 "-" "Mozilla/5.0 (compatible; SemrushBot/7~bl; +http://www.semrush.com/bot.html)"
40.77.167.56 - - [27/Apr/2025:11:48:24 -0400] "GET /musical-instruments-keyboard-instruments-itr6 HTTP/1.1" 200 21440 "-" "Mozilla/5.0 AppleWebKit/537.36 (KHTML, like Gecko; compatible; bingbot/2.0; +http://www.bing.com/bingbot.htm) Chrome/116.0.1938.76 Safari/537.36"
40.77.167.56 - - [27/Apr/2025:11:48:24 -0400] "GET /cars-maintenance-1tcrq HTTP/1.1" 200 21130 "-" "Mozilla/5.0 AppleWebKit/537.36 (KHTML, like Gecko; compatible; bingbot/2.0; +http://www.bing.com/bingbot.htm) Chrome/116.0.1938.76 Safari/537.36"
185.191.171.2 - - [27/Apr/2025:11:48:32 -0400] "GET /db.php/sports/shoes/1630512188106.shtml HTTP/1.1" 200 0 "-" "Mozilla/5.0 (compatible; SemrushBot/7~bl; +http://www.semrush.com/bot.html)"
85.208.96.208 - - [27/Apr/2025:11:48:36 -0400] "GET /db.php/fashion/outerwear/9720453814522.shtml HTTP/1.1" 200 0 "-" "Mozilla/5.0 (compatible; SemrushBot/7~bl; +http://www.semrush.com/bot.html)"
85.208.96.206 - - [27/Apr/2025:11:48:53 -0400] "GET /db.php/fashion/accessories/9760260688189.shtml HTTP/1.1" 200 0 "-" "Mozilla/5.0 (compatible; SemrushBot/7~bl; +http://www.semrush.com/bot.html)"
40.77.167.56 - - [27/Apr/2025:11:48:54 -0400] "GET /smartphones-smart-glasses-1c7bs HTTP/1.1" 200 20858 "-" "Mozilla/5.0 AppleWebKit/537.36 (KHTML, like Gecko; compatible; bingbot/2.0; +http://www.bing.com/bingbot.htm) Chrome/116.0.1938.76 Safari/537.36"
85.208.96.206 - - [27/Apr/2025:11:48:57 -0400] "GET /db.php/goods/idols/13220044020331.shtml HTTP/1.1" 200 0 "-" "Mozilla/5.0 (compatible; SemrushBot/7~bl; +http://www.semrush.com/bot.html)"
185.191.171.7 - - [27/Apr/2025:11:49:01 -0400] "GET /db.php/diet/others/11100030801463.shtml HTTP/1.1" 200 0 "-" "Mozilla/5.0 (compatible; SemrushBot/7~bl; +http://www.semrush.com/bot.html)"
85.208.96.196 - - [27/Apr/2025:11:49:07 -0400] "GET /db.php/home-appliances/ion-generators/9380482694010.shtml HTTP/1.1" 200 0 "-" "Mozilla/5.0 (compatible; SemrushBot/7~bl; +http://www.semrush.com/bot.html)"
85.208.96.209 - - [27/Apr/2025:11:49:23 -0400] "GET /db.php/smartphones/smartphones/680112141126.shtml HTTP/1.1" 200 0 "-" "Mozilla/5.0 (compatible; SemrushBot/7~bl; +http://www.semrush.com/bot.html)"
85.208.96.198 - - [27/Apr/2025:11:49:30 -0400] "GET /db.php/cameras/digital-cameras/14470252832338.shtml HTTP/1.1" 200 0 "-" "Mozilla/5.0 (compatible; SemrushBot/7~bl; +http://www.semrush.com/bot.html)"
185.191.171.2 - - [27/Apr/2025:11:49:46 -0400] "GET /db.php/fashion/jackets/9720522832487.shtml HTTP/1.1" 200 0 "-" "Mozilla/5.0 (compatible; SemrushBot/7~bl; +http://www.semrush.com/bot.html)"
40.77.167.14 - - [27/Apr/2025:11:49:52 -0400] "GET /toys-horror-12xcj HTTP/1.1" 200 21690 "-" "Mozilla/5.0 AppleWebKit/537.36 (KHTML, like Gecko; compatible; bingbot/2.0; +http://www.bing.com/bingbot.htm) Chrome/116.0.1938.76 Safari/537.36"
85.208.96.205 - - [27/Apr/2025:11:49:54 -0400] "GET /db.php/audio/headphones/14650323701671.shtml HTTP/1.1" 200 0 "-" "Mozilla/5.0 (compatible; SemrushBot/7~bl; +http://www.semrush.com/bot.html)"
199.188.205.55 - - [27/Apr/2025:11:50:01 -0400] "POST /wp-cron.php?doing_wp_cron=1745769001.0585670471191406250000 HTTP/1.1" 200 0 "-" "WordPress/6.2.6; http://rupalake.org.np"
134.17.14.122 - - [27/Apr/2025:11:50:00 -0400] "POST /wp.php HTTP/1.1" 404 7470 "-" "Mozilla/4.0 (compatible; MSIE 6.0; Windows NT 5.1; SV1)"
85.208.96.204 - - [27/Apr/2025:11:50:07 -0400] "GET /db.php/daily-necessities/cases/15530281382748.shtml HTTP/1.1" 200 0 "-" "Mozilla/5.0 (compatible; SemrushBot/7~bl; +http://www.semrush.com/bot.html)"
85.208.96.206 - - [27/Apr/2025:11:50:27 -0400] "GET /db.php/tickets/female-idols/8460133017051.shtml HTTP/1.1" 200 0 "-" "Mozilla/5.0 (compatible; SemrushBot/7~bl; +http://www.semrush.com/bot.html)"
40.77.167.14 - - [27/Apr/2025:11:50:54 -0400] "GET /air-conditioning-microwaves-ll5k HTTP/1.1" 200 22172 "-" "Mozilla/5.0 AppleWebKit/537.36 (KHTML, like Gecko; compatible; bingbot/2.0; +http://www.bing.com/bingbot.htm) Chrome/116.0.1938.76 Safari/537.36"
85.208.96.200 - - [27/Apr/2025:11:51:02 -0400] "GET /db.php/fishing/reels/8770592187000.shtml HTTP/1.1" 200 0 "-" "Mozilla/5.0 (compatible; SemrushBot/7~bl; +http://www.semrush.com/bot.html)"
199.188.205.55 - - [27/Apr/2025:11:51:05 -0400] "POST /wp-cron.php?doing_wp_cron=1745769065.0820779800415039062500 HTTP/1.1" 200 0 "-" "WordPress/6.2.6; http://rupalake.org.np"
51.222.253.15 - - [27/Apr/2025:11:51:04 -0400] "GET /tops/blouses/20440090325450 HTTP/1.1" 404 7439 "-" "Mozilla/5.0 (compatible; AhrefsBot/7.0; +http://ahrefs.com/robot/)"
40.77.167.14 - - [27/Apr/2025:11:51:22 -0400] "GET /bicycles-parts-2aste HTTP/1.1" 200 21724 "-" "Mozilla/5.0 AppleWebKit/537.36 (KHTML, like Gecko; compatible; bingbot/2.0; +http://www.bing.com/bingbot.htm) Chrome/116.0.1938.76 Safari/537.36"
85.208.96.193 - - [27/Apr/2025:11:51:28 -0400] "GET /db.php/tv/lenses/14610392762219.shtml HTTP/1.1" 200 0 "-" "Mozilla/5.0 (compatible; SemrushBot/7~bl; +http://www.semrush.com/bot.html)"
185.191.171.17 - - [27/Apr/2025:11:51:34 -0400] "GET /db.php/drinks/whiskey/9160280644412.shtml HTTP/1.1" 200 0 "-" "Mozilla/5.0 (compatible; SemrushBot/7~bl; +http://www.semrush.com/bot.html)"
40.77.167.56 - - [27/Apr/2025:11:51:43 -0400] "GET /air-conditioning-microwaves-m4x7 HTTP/1.1" 200 21218 "-" "Mozilla/5.0 AppleWebKit/537.36 (KHTML, like Gecko; compatible; bingbot/2.0; +http://www.bing.com/bingbot.htm) Chrome/116.0.1938.76 Safari/537.36"
185.191.171.11 - - [27/Apr/2025:11:51:47 -0400] "GET /db.php/manga/practical/16850062686692.shtml HTTP/1.1" 200 0 "-" "Mozilla/5.0 (compatible; SemrushBot/7~bl; +http://www.semrush.com/bot.html)"
185.191.171.12 - - [27/Apr/2025:11:51:56 -0400] "GET /db.php/home-appliances/washing-machines/9490482981683.shtml HTTP/1.1" 200 0 "-" "Mozilla/5.0 (compatible; SemrushBot/7~bl; +http://www.semrush.com/bot.html)"
85.208.96.203 - - [27/Apr/2025:11:51:59 -0400] "GET /db.php/fashion/accessories/9760050683850.shtml HTTP/1.1" 200 0 "-" "Mozilla/5.0 (compatible; SemrushBot/7~bl; +http://www.semrush.com/bot.html)"
85.208.96.198 - - [27/Apr/2025:11:52:01 -0400] "GET /db.php/fashion/bags/9750554061643.shtml HTTP/1.1" 200 0 "-" "Mozilla/5.0 (compatible; SemrushBot/7~bl; +http://www.semrush.com/bot.html)"
207.46.13.126 - - [27/Apr/2025:11:52:01 -0400] "GET /interior-dividers-qu96 HTTP/1.1" 200 21072 "-" "Mozilla/5.0 AppleWebKit/537.36 (KHTML, like Gecko; compatible; bingbot/2.0; +http://www.bing.com/bingbot.htm) Chrome/116.0.1938.76 Safari/537.36"
40.77.167.17 - - [27/Apr/2025:11:52:14 -0400] "GET /tablets-windows-notebooks-9vtu HTTP/1.1" 200 21028 "-" "Mozilla/5.0 AppleWebKit/537.36 (KHTML, like Gecko; compatible; bingbot/2.0; +http://www.bing.com/bingbot.htm) Chrome/116.0.1938.76 Safari/537.36"
185.191.171.14 - - [27/Apr/2025:11:52:35 -0400] "GET /db.php/diet/health/10430124022313.shtml HTTP/1.1" 200 0 "-" "Mozilla/5.0 (compatible; SemrushBot/7~bl; +http://www.semrush.com/bot.html)"
185.191.171.13 - - [27/Apr/2025:11:52:38 -0400] "GET /db.php/hobbies/accessories/19080180466546.shtml HTTP/1.1" 200 0 "-" "Mozilla/5.0 (compatible; SemrushBot/7~bl; +http://www.semrush.com/bot.html)"
185.191.171.8 - - [27/Apr/2025:11:52:45 -0400] "GET /db.php/goods/game/13500502115465.shtml HTTP/1.1" 200 0 "-" "Mozilla/5.0 (compatible; SemrushBot/7~bl; +http://www.semrush.com/bot.html)"
85.208.96.200 - - [27/Apr/2025:11:52:48 -0400] "GET /db.php/tickets/fireworks/8620332354929.shtml HTTP/1.1" 200 0 "-" "Mozilla/5.0 (compatible; SemrushBot/7~bl; +http://www.semrush.com/bot.html)"
185.191.171.15 - - [27/Apr/2025:11:53:05 -0400] "GET /db.php/art/paintings/18480252120695.shtml HTTP/1.1" 200 0 "-" "Mozilla/5.0 (compatible; SemrushBot/7~bl; +http://www.semrush.com/bot.html)"
185.191.171.14 - - [27/Apr/2025:11:53:07 -0400] "GET /db.php/air-conditioning/humidifiers/9410153233547.shtml HTTP/1.1" 200 0 "-" "Mozilla/5.0 (compatible; SemrushBot/7~bl; +http://www.semrush.com/bot.html)"
40.77.167.14 - - [27/Apr/2025:11:53:12 -0400] "GET /computers-windows-notebooks-be7d HTTP/1.1" 200 21721 "-" "Mozilla/5.0 AppleWebKit/537.36 (KHTML, like Gecko; compatible; bingbot/2.0; +http://www.bing.com/bingbot.htm) Chrome/116.0.1938.76 Safari/537.36"
185.191.171.10 - - [27/Apr/2025:11:53:25 -0400] "GET /db.php/cameras/other/14850253077420.shtml HTTP/1.1" 200 0 "-" "Mozilla/5.0 (compatible; SemrushBot/7~bl; +http://www.semrush.com/bot.html)"
185.191.171.6 - - [27/Apr/2025:11:53:29 -0400] "GET /db.php/tickets/ski-resorts/8320411154494.shtml HTTP/1.1" 200 0 "-" "Mozilla/5.0 (compatible; SemrushBot/7~bl; +http://www.semrush.com/bot.html)"
40.77.167.17 - - [27/Apr/2025:11:53:34 -0400] "GET /smartphones-mouse-262p5 HTTP/1.1" 200 21500 "-" "Mozilla/5.0 AppleWebKit/537.36 (KHTML, like Gecko; compatible; bingbot/2.0; +http://www.bing.com/bingbot.htm) Chrome/116.0.1938.76 Safari/537.36"
207.46.13.126 - - [27/Apr/2025:11:53:43 -0400] "GET /cameras-lenses-1xv2k HTTP/1.1" 200 21640 "-" "Mozilla/5.0 AppleWebKit/537.36 (KHTML, like Gecko; compatible; bingbot/2.0; +http://www.bing.com/bingbot.htm) Chrome/116.0.1938.76 Safari/537.36"
185.191.171.15 - - [27/Apr/2025:11:53:46 -0400] "GET /db.php/drinks/sweets/9180070793513.shtml HTTP/1.1" 200 0 "-" "Mozilla/5.0 (compatible; SemrushBot/7~bl; +http://www.semrush.com/bot.html)"
85.208.96.201 - - [27/Apr/2025:11:53:48 -0400] "GET /db.php/diy/wood/5420513349366.shtml HTTP/1.1" 200 0 "-" "Mozilla/5.0 (compatible; SemrushBot/7~bl; +http://www.semrush.com/bot.html)"
85.208.96.210 - - [27/Apr/2025:11:53:55 -0400] "GET /db.php/cars/wheels/18250392245271.shtml HTTP/1.1" 200 0 "-" "Mozilla/5.0 (compatible; SemrushBot/7~bl; +http://www.semrush.com/bot.html)"
40.77.167.17 - - [27/Apr/2025:11:54:14 -0400] "GET /air-conditioning-washing-machines-1w7cw HTTP/1.1" 200 21342 "-" "Mozilla/5.0 AppleWebKit/537.36 (KHTML, like Gecko; compatible; bingbot/2.0; +http://www.bing.com/bingbot.htm) Chrome/116.0.1938.76 Safari/537.36"
40.77.167.17 - - [27/Apr/2025:11:54:16 -0400] "GET /food-sweets-1jfxo HTTP/1.1" 200 20974 "-" "Mozilla/5.0 AppleWebKit/537.36 (KHTML, like Gecko; compatible; bingbot/2.0; +http://www.bing.com/bingbot.htm) Chrome/116.0.1938.76 Safari/537.36"
185.191.171.2 - - [27/Apr/2025:11:54:29 -0400] "GET /db.php/fashion/pants/9780081102649.shtml HTTP/1.1" 200 0 "-" "Mozilla/5.0 (compatible; SemrushBot/7~bl; +http://www.semrush.com/bot.html)"
185.191.171.16 - - [27/Apr/2025:11:54:43 -0400] "GET /db.php/fashion/outerwear/9720493103033.shtml HTTP/1.1" 200 0 "-" "Mozilla/5.0 (compatible; SemrushBot/7~bl; +http://www.semrush.com/bot.html)"
85.208.96.201 - - [27/Apr/2025:11:55:21 -0400] "GET /db.php/alcohol/whiskey/9160473501679.shtml HTTP/1.1" 200 0 "-" "Mozilla/5.0 (compatible; SemrushBot/7~bl; +http://www.semrush.com/bot.html)"
185.191.171.19 - - [27/Apr/2025:11:55:28 -0400] "GET /db.php/art/others/19070163426905.shtml HTTP/1.1" 200 0 "-" "Mozilla/5.0 (compatible; SemrushBot/7~bl; +http://www.semrush.com/bot.html)"
185.191.171.2 - - [27/Apr/2025:11:55:32 -0400] "GET /db.php/kitchen/japanese-tea-supplies/15310051321728.shtml HTTP/1.1" 200 0 "-" "Mozilla/5.0 (compatible; SemrushBot/7~bl; +http://www.semrush.com/bot.html)"
40.77.167.17 - - [27/Apr/2025:11:55:45 -0400] "GET /games-comics-3mw9 HTTP/1.1" 200 21189 "-" "Mozilla/5.0 AppleWebKit/537.36 (KHTML, like Gecko; compatible; bingbot/2.0; +http://www.bing.com/bingbot.htm) Chrome/116.0.1938.76 Safari/537.36"
185.191.171.13 - - [27/Apr/2025:11:55:51 -0400] "GET /db.php/fashion/bags/9750553966255.shtml HTTP/1.1" 200 0 "-" "Mozilla/5.0 (compatible; SemrushBot/7~bl; +http://www.semrush.com/bot.html)"
85.208.96.208 - - [27/Apr/2025:11:56:07 -0400] "GET /db.php/diet/health-management/10390222476598.shtml HTTP/1.1" 200 0 "-" "Mozilla/5.0 (compatible; SemrushBot/7~bl; +http://www.semrush.com/bot.html)"
185.191.171.2 - - [27/Apr/2025:11:56:09 -0400] "GET /db.php/games/sports/14350194082925.shtml HTTP/1.1" 200 0 "-" "Mozilla/5.0 (compatible; SemrushBot/7~bl; +http://www.semrush.com/bot.html)"
85.208.96.210 - - [27/Apr/2025:11:56:14 -0400] "GET /db.php/tablets/macbooks/720012980566.shtml HTTP/1.1" 200 0 "-" "Mozilla/5.0 (compatible; SemrushBot/7~bl; +http://www.semrush.com/bot.html)"
85.208.96.193 - - [27/Apr/2025:11:56:20 -0400] "GET /db.php/bicycles/accessories/18370601098945.shtml HTTP/1.1" 200 0 "-" "Mozilla/5.0 (compatible; SemrushBot/7~bl; +http://www.semrush.com/bot.html)"
85.208.96.211 - - [27/Apr/2025:11:56:35 -0400] "GET /db.php/gardening/other-houseplants/3110050877087.shtml HTTP/1.1" 200 0 "-" "Mozilla/5.0 (compatible; SemrushBot/7~bl; +http://www.semrush.com/bot.html)"
51.222.253.5 - - [27/Apr/2025:11:56:36 -0400] "GET /db.php/sitemap-15.xml HTTP/1.1" 200 34202 "-" "Mozilla/5.0 (compatible; AhrefsBot/7.0; +http://ahrefs.com/robot/)"
40.77.167.14 - - [27/Apr/2025:11:56:44 -0400] "GET /interior-table-lights-o44v HTTP/1.1" 200 20796 "-" "Mozilla/5.0 AppleWebKit/537.36 (KHTML, like Gecko; compatible; bingbot/2.0; +http://www.bing.com/bingbot.htm) Chrome/116.0.1938.76 Safari/537.36"
40.77.167.14 - - [27/Apr/2025:11:56:45 -0400] "GET /fashion-bags-c251 HTTP/1.1" 200 21338 "-" "Mozilla/5.0 AppleWebKit/537.36 (KHTML, like Gecko; compatible; bingbot/2.0; +http://www.bing.com/bingbot.htm) Chrome/116.0.1938.76 Safari/537.36"
185.191.171.11 - - [27/Apr/2025:11:56:49 -0400] "GET /db.php/fashion/shoes/9740190114969.shtml HTTP/1.1" 200 0 "-" "Mozilla/5.0 (compatible; SemrushBot/7~bl; +http://www.semrush.com/bot.html)"
85.208.96.210 - - [27/Apr/2025:11:56:51 -0400] "GET /db.php/dvds/japanese-music/14980011707092.shtml HTTP/1.1" 200 0 "-" "Mozilla/5.0 (compatible; SemrushBot/7~bl; +http://www.semrush.com/bot.html)"
85.208.96.200 - - [27/Apr/2025:11:56:55 -0400] "GET /db.php/toys/pokemon-card-games/13260161953094.shtml HTTP/1.1" 200 0 "-" "Mozilla/5.0 (compatible; SemrushBot/7~bl; +http://www.semrush.com/bot.html)"
85.208.96.195 - - [27/Apr/2025:11:57:05 -0400] "GET /db.php/manga/sports/17100101952878.shtml HTTP/1.1" 200 0 "-" "Mozilla/5.0 (compatible; SemrushBot/7~bl; +http://www.semrush.com/bot.html)"
85.208.96.210 - - [27/Apr/2025:11:57:10 -0400] "GET /db.php/tablets/gaming-desktops/690142270491.shtml HTTP/1.1" 200 0 "-" "Mozilla/5.0 (compatible; SemrushBot/7~bl; +http://www.semrush.com/bot.html)"
85.208.96.201 - - [27/Apr/2025:11:57:24 -0400] "GET /db.php/games/plush-toys/14460512518654.shtml HTTP/1.1" 200 0 "-" "Mozilla/5.0 (compatible; SemrushBot/7~bl; +http://www.semrush.com/bot.html)"
40.77.167.14 - - [27/Apr/2025:11:57:44 -0400] "GET /gardening-houseplants-2esj5 HTTP/1.1" 200 21679 "-" "Mozilla/5.0 AppleWebKit/537.36 (KHTML, like Gecko; compatible; bingbot/2.0; +http://www.bing.com/bingbot.htm) Chrome/116.0.1938.76 Safari/537.36"
185.191.171.17 - - [27/Apr/2025:11:57:48 -0400] "GET /db.php/fashion/dresses/9810110082987.shtml HTTP/1.1" 200 0 "-" "Mozilla/5.0 (compatible; SemrushBot/7~bl; +http://www.semrush.com/bot.html)"
185.191.171.3 - - [27/Apr/2025:11:57:50 -0400] "GET /db.php/fashion/accessories/9760191640689.shtml HTTP/1.1" 200 0 "-" "Mozilla/5.0 (compatible; SemrushBot/7~bl; +http://www.semrush.com/bot.html)"
185.191.171.12 - - [27/Apr/2025:11:58:13 -0400] "GET /db.php/smartphones/cpu/840252561937.shtml HTTP/1.1" 200 0 "-" "Mozilla/5.0 (compatible; SemrushBot/7~bl; +http://www.semrush.com/bot.html)"
207.46.13.126 - - [27/Apr/2025:11:58:24 -0400] "GET /diy-others-23reu HTTP/1.1" 200 21075 "-" "Mozilla/5.0 AppleWebKit/537.36 (KHTML, like Gecko; compatible; bingbot/2.0; +http://www.bing.com/bingbot.htm) Chrome/116.0.1938.76 Safari/537.36"
85.208.96.199 - - [27/Apr/2025:11:58:35 -0400] "GET /db.php/fashion/tops/9730380209182.shtml HTTP/1.1" 200 0 "-" "Mozilla/5.0 (compatible; SemrushBot/7~bl; +http://www.semrush.com/bot.html)"
185.191.171.15 - - [27/Apr/2025:11:58:44 -0400] "GET /db.php/cds/western/14960082713415.shtml HTTP/1.1" 200 0 "-" "Mozilla/5.0 (compatible; SemrushBot/7~bl; +http://www.semrush.com/bot.html)"
66.249.68.66 - - [27/Apr/2025:11:59:00 -0400] "GET /art/collections/18450432495188 HTTP/1.1" 200 20740 "-" "Mozilla/5.0 (Linux; Android 6.0.1; Nexus 5X Build/MMB29P) AppleWebKit/537.36 (KHTML, like Gecko) Chrome/135.0.7049.95 Mobile Safari/537.36 (compatible; GoogleOther)"
207.46.13.126 - - [27/Apr/2025:11:59:05 -0400] "GET /bicycles-bicycles-208ai HTTP/1.1" 200 20596 "-" "Mozilla/5.0 AppleWebKit/537.36 (KHTML, like Gecko; compatible; bingbot/2.0; +http://www.bing.com/bingbot.htm) Chrome/116.0.1938.76 Safari/537.36"
185.191.171.3 - - [27/Apr/2025:11:59:34 -0400] "GET /db.php/musical-instruments/robots/18460082910010.shtml HTTP/1.1" 200 0 "-" "Mozilla/5.0 (compatible; SemrushBot/7~bl; +http://www.semrush.com/bot.html)"
52.167.144.176 - - [27/Apr/2025:11:59:35 -0400] "GET /kitchen-christmas-1jptv HTTP/1.1" 200 21311 "-" "Mozilla/5.0 AppleWebKit/537.36 (KHTML, like Gecko; compatible; bingbot/2.0; +http://www.bing.com/bingbot.htm) Chrome/116.0.1938.76 Safari/537.36"
185.191.171.14 - - [27/Apr/2025:11:59:38 -0400] "GET /db.php/beauty/gel/17520410506831.shtml HTTP/1.1" 200 0 "-" "Mozilla/5.0 (compatible; SemrushBot/7~bl; +http://www.semrush.com/bot.html)"
85.208.96.209 - - [27/Apr/2025:11:59:40 -0400] "GET /db.php/tablets/ipads/700160799365.shtml HTTP/1.1" 200 0 "-" "Mozilla/5.0 (compatible; SemrushBot/7~bl; +http://www.semrush.com/bot.html)"
85.208.96.204 - - [27/Apr/2025:11:59:56 -0400] "GET /db.php/decor/others/5200252534912.shtml HTTP/1.1" 200 0 "-" "Mozilla/5.0 (compatible; SemrushBot/7~bl; +http://www.semrush.com/bot.html)"
85.208.96.206 - - [27/Apr/2025:12:00:00 -0400] "GET /db.php/fashion/shoes/9740513410863.shtml HTTP/1.1" 200 0 "-" "Mozilla/5.0 (compatible; SemrushBot/7~bl; +http://www.semrush.com/bot.html)"
185.191.171.14 - - [27/Apr/2025:12:00:15 -0400] "GET /db.php/fashion/bags/9750442474988.shtml HTTP/1.1" 200 0 "-" "Mozilla/5.0 (compatible; SemrushBot/7~bl; +http://www.semrush.com/bot.html)"
185.191.171.14 - - [27/Apr/2025:12:00:17 -0400] "GET /db.php/cameras/camera-accessories/14570021449063.shtml HTTP/1.1" 200 0 "-" "Mozilla/5.0 (compatible; SemrushBot/7~bl; +http://www.semrush.com/bot.html)"
85.208.96.198 - - [27/Apr/2025:12:00:20 -0400] "GET /db.php/pet-supplies/insulation/7510053160157.shtml HTTP/1.1" 200 0 "-" "Mozilla/5.0 (compatible; SemrushBot/7~bl; +http://www.semrush.com/bot.html)"
85.208.96.210 - - [27/Apr/2025:12:00:36 -0400] "GET /db.php/smartphones/macbooks/720293302703.shtml HTTP/1.1" 200 0 "-" "Mozilla/5.0 (compatible; SemrushBot/7~bl; +http://www.semrush.com/bot.html)"
185.191.171.9 - - [27/Apr/2025:12:00:53 -0400] "GET /db.php/games/celebrities/13710302695629.shtml HTTP/1.1" 200 0 "-" "Mozilla/5.0 (compatible; SemrushBot/7~bl; +http://www.semrush.com/bot.html)"
185.191.171.14 - - [27/Apr/2025:12:01:06 -0400] "GET /db.php/sports/cheering/1790221574368.shtml HTTP/1.1" 200 0 "-" "Mozilla/5.0 (compatible; SemrushBot/7~bl; +http://www.semrush.com/bot.html)"
85.208.96.200 - - [27/Apr/2025:12:01:08 -0400] "GET /robots.txt HTTP/1.1" 200 236 "-" "Mozilla/5.0 (compatible; SemrushBot/7~bl; +http://www.semrush.com/bot.html)"
185.191.171.14 - - [27/Apr/2025:12:01:09 -0400] "GET /db.php/motorcycles/parts/18220011705952.shtml HTTP/1.1" 200 0 "-" "Mozilla/5.0 (compatible; SemrushBot/7~bl; +http://www.semrush.com/bot.html)"
185.191.171.8 - - [27/Apr/2025:12:01:12 -0400] "GET /db.php/cds/japanese-music/14980040184490.shtml HTTP/1.1" 200 0 "-" "Mozilla/5.0 (compatible; SemrushBot/7~bl; +http://www.semrush.com/bot.html)"
40.77.167.17 - - [27/Apr/2025:12:01:17 -0400] "GET /air-conditioning-stoves-hy5s HTTP/1.1" 200 21600 "-" "Mozilla/5.0 AppleWebKit/537.36 (KHTML, like Gecko; compatible; bingbot/2.0; +http://www.bing.com/bingbot.htm) Chrome/116.0.1938.76 Safari/537.36"
185.191.171.17 - - [27/Apr/2025:12:01:21 -0400] "GET /db.php/interior/chests/3850262069448.shtml HTTP/1.1" 200 0 "-" "Mozilla/5.0 (compatible; SemrushBot/7~bl; +http://www.semrush.com/bot.html)"
85.208.96.198 - - [27/Apr/2025:12:01:25 -0400] "GET /db.php/diy/animal-repellents/6860073359569.shtml HTTP/1.1" 200 0 "-" "Mozilla/5.0 (compatible; SemrushBot/7~bl; +http://www.semrush.com/bot.html)"
51.222.253.17 - - [27/Apr/2025:12:01:40 -0400] "GET /db.php/sitemap-3.xml HTTP/1.1" 200 33765 "-" "Mozilla/5.0 (compatible; AhrefsBot/7.0; +http://ahrefs.com/robot/)"
85.208.96.198 - - [27/Apr/2025:12:01:47 -0400] "GET /db.php/diy/oscilloscopes/5440462865790.shtml HTTP/1.1" 200 0 "-" "Mozilla/5.0 (compatible; SemrushBot/7~bl; +http://www.semrush.com/bot.html)"
85.208.96.207 - - [27/Apr/2025:12:01:49 -0400] "GET /db.php/computers/printers/770404082934.shtml HTTP/1.1" 200 0 "-" "Mozilla/5.0 (compatible; SemrushBot/7~bl; +http://www.semrush.com/bot.html)"
85.208.96.205 - - [27/Apr/2025:12:02:16 -0400] "GET /db.php/fashion/tops/9730410728887.shtml HTTP/1.1" 200 0 "-" "Mozilla/5.0 (compatible; SemrushBot/7~bl; +http://www.semrush.com/bot.html)"
40.77.167.17 - - [27/Apr/2025:12:02:28 -0400] "GET /sports-clubs-31t6 HTTP/1.1" 200 20839 "-" "Mozilla/5.0 AppleWebKit/537.36 (KHTML, like Gecko; compatible; bingbot/2.0; +http://www.bing.com/bingbot.htm) Chrome/116.0.1938.76 Safari/537.36"
40.77.167.17 - - [27/Apr/2025:12:02:28 -0400] "GET /interior-others-26e9q HTTP/1.1" 200 21637 "-" "Mozilla/5.0 AppleWebKit/537.36 (KHTML, like Gecko; compatible; bingbot/2.0; +http://www.bing.com/bingbot.htm) Chrome/116.0.1938.76 Safari/537.36"
85.208.96.210 - - [27/Apr/2025:12:02:36 -0400] "GET /db.php/decor/carpets/3860010235033.shtml HTTP/1.1" 200 0 "-" "Mozilla/5.0 (compatible; SemrushBot/7~bl; +http://www.semrush.com/bot.html)"
185.191.171.15 - - [27/Apr/2025:12:02:41 -0400] "GET /db.php/cameras/other/14850113964298.shtml HTTP/1.1" 200 0 "-" "Mozilla/5.0 (compatible; SemrushBot/7~bl; +http://www.semrush.com/bot.html)"
66.249.68.67 - - [27/Apr/2025:12:03:05 -0400] "GET /handicrafts/illustrations/11140483660067 HTTP/1.1" 200 21168 "-" "Mozilla/5.0 (Linux; Android 6.0.1; Nexus 5X Build/MMB29P) AppleWebKit/537.36 (KHTML, like Gecko) Chrome/135.0.7049.95 Mobile Safari/537.36 (compatible; GoogleOther)"
66.249.68.67 - - [27/Apr/2025:12:03:26 -0400] "POST /get-message-notify HTTP/1.1" 200 20855 "http://rupalake.org.np/handicrafts/illustrations/11140483660067" "Mozilla/5.0 (Linux; Android 6.0.1; Nexus 5X Build/MMB29P) AppleWebKit/537.36 (KHTML, like Gecko) Chrome/134.0.6998.165 Mobile Safari/537.36 (compatible; Googlebot/2.1; +http://www.google.com/bot.html)"
85.208.96.196 - - [27/Apr/2025:12:03:38 -0400] "GET /db.php/cars/bicycles/18270513724999.shtml HTTP/1.1" 200 0 "-" "Mozilla/5.0 (compatible; SemrushBot/7~bl; +http://www.semrush.com/bot.html)"
