85.208.96.203 - - [27/Apr/2025:16:01:27 -0400] "GET /db.php/fashion/outerwear/9720402461935.shtml HTTP/1.1" 200 0 "-" "Mozilla/5.0 (compatible; SemrushBot/7~bl; +http://www.semrush.com/bot.html)"
85.208.96.195 - - [27/Apr/2025:16:01:33 -0400] "GET /db.php/diy/kitchen/5470353030619.shtml HTTP/1.1" 200 0 "-" "Mozilla/5.0 (compatible; SemrushBot/7~bl; +http://www.semrush.com/bot.html)"
52.167.144.184 - - [27/Apr/2025:16:01:57 -0400] "GET /diet-whey-protein-2g7ex HTTP/1.1" 200 20973 "-" "Mozilla/5.0 AppleWebKit/537.36 (KHTML, like Gecko; compatible; bingbot/2.0; +http://www.bing.com/bingbot.htm) Chrome/116.0.1938.76 Safari/537.36"
52.167.144.184 - - [27/Apr/2025:16:02:18 -0400] "GET /fishing-others-1u80a HTTP/1.1" 200 20715 "-" "Mozilla/5.0 AppleWebKit/537.36 (KHTML, like Gecko; compatible; bingbot/2.0; +http://www.bing.com/bingbot.htm) Chrome/116.0.1938.76 Safari/537.36"
85.208.96.195 - - [27/Apr/2025:16:02:32 -0400] "GET /db.php/fishing/outdoor-shoes/8820224072522.shtml HTTP/1.1" 200 0 "-" "Mozilla/5.0 (compatible; SemrushBot/7~bl; +http://www.semrush.com/bot.html)"
185.191.171.1 - - [27/Apr/2025:16:02:34 -0400] "GET /db.php/tools/cutting-machines/5220270718760.shtml HTTP/1.1" 200 0 "-" "Mozilla/5.0 (compatible; SemrushBot/7~bl; +http://www.semrush.com/bot.html)"
40.77.167.8 - - [27/Apr/2025:16:02:35 -0400] "GET /tv-lenses-2cxu8 HTTP/1.1" 200 21675 "-" "Mozilla/5.0 AppleWebKit/537.36 (KHTML, like Gecko; compatible; bingbot/2.0; +http://www.bing.com/bingbot.htm) Chrome/116.0.1938.76 Safari/537.36"
185.191.171.7 - - [27/Apr/2025:16:02:48 -0400] "GET /db.php/sports/karate/1700111157631.shtml HTTP/1.1" 200 0 "-" "Mozilla/5.0 (compatible; SemrushBot/7~bl; +http://www.semrush.com/bot.html)"
207.46.13.116 - - [27/Apr/2025:16:02:48 -0400] "GET /tools-others-v1b3 HTTP/1.1" 200 21055 "-" "Mozilla/5.0 AppleWebKit/537.36 (KHTML, like Gecko; compatible; bingbot/2.0; +http://www.bing.com/bingbot.htm) Chrome/116.0.1938.76 Safari/537.36"
199.188.205.55 - - [27/Apr/2025:16:02:52 -0400] "POST /wp-cron.php?doing_wp_cron=1745784172.2692968845367431640625 HTTP/1.1" 200 0 "-" "WordPress/6.2.6; http://rupalake.org.np"
185.191.171.12 - - [27/Apr/2025:16:02:52 -0400] "GET /db.php/motorcycles/wheels/18250591362493.shtml HTTP/1.1" 200 0 "-" "Mozilla/5.0 (compatible; SemrushBot/7~bl; +http://www.semrush.com/bot.html)"
51.222.253.6 - - [27/Apr/2025:16:02:51 -0400] "GET /fashion/tops/9730540367689 HTTP/1.1" 404 7439 "-" "Mozilla/5.0 (compatible; AhrefsBot/7.0; +http://ahrefs.com/robot/)"
40.77.167.8 - - [27/Apr/2025:16:02:58 -0400] "GET /motorcycles-safety-2kg7y HTTP/1.1" 200 22329 "-" "Mozilla/5.0 AppleWebKit/537.36 (KHTML, like Gecko; compatible; bingbot/2.0; +http://www.bing.com/bingbot.htm) Chrome/116.0.1938.76 Safari/537.36"
185.191.171.5 - - [27/Apr/2025:16:03:01 -0400] "GET /db.php/audio/digital-cameras/14470421721528.shtml HTTP/1.1" 200 0 "-" "Mozilla/5.0 (compatible; SemrushBot/7~bl; +http://www.semrush.com/bot.html)"
199.188.205.55 - - [27/Apr/2025:16:03:03 -0400] "POST /wp-cron.php?doing_wp_cron=1745784182.9831740856170654296875 HTTP/1.1" 200 0 "-" "WordPress/6.2.6; http://rupalake.org.np"
35.209.236.244 - - [27/Apr/2025:16:03:02 -0400] "HEAD / HTTP/1.1" 200 0 "-" "scalaj-http/2.4.2"
35.209.236.244 - - [27/Apr/2025:16:03:03 -0400] "GET / HTTP/1.1" 200 10020 "-" "Buck/2.4.3; (+https://app.hypefactors.com/media-monitoring/about.html)"
35.209.236.244 - - [27/Apr/2025:16:03:04 -0400] "GET /robots.txt HTTP/1.1" 200 158 "-" "Buck/2.4.3; (+https://app.hypefactors.com/media-monitoring/about.html)"
85.208.96.198 - - [27/Apr/2025:16:03:15 -0400] "GET /db.php/tv/lenses/14610430538221.shtml HTTP/1.1" 200 0 "-" "Mozilla/5.0 (compatible; SemrushBot/7~bl; +http://www.semrush.com/bot.html)"
85.208.96.201 - - [27/Apr/2025:16:03:17 -0400] "GET /db.php/fashion/bags/9750402800457.shtml HTTP/1.1" 200 0 "-" "Mozilla/5.0 (compatible; SemrushBot/7~bl; +http://www.semrush.com/bot.html)"
185.191.171.12 - - [27/Apr/2025:16:03:31 -0400] "GET /db.php/smartphones/macbooks/720490487644.shtml HTTP/1.1" 200 0 "-" "Mozilla/5.0 (compatible; SemrushBot/7~bl; +http://www.semrush.com/bot.html)"
35.209.236.244 - - [27/Apr/2025:16:03:35 -0400] "GET /feed/ HTTP/1.1" 200 3280 "-" "Buck/2.4.3; (+https://app.hypefactors.com/media-monitoring/about.html)"
35.209.236.244 - - [27/Apr/2025:16:03:36 -0400] "GET /db.php/sitemap-21.xml HTTP/1.1" 200 34273 "-" "Buck/2.4.3; (+https://app.hypefactors.com/media-monitoring/about.html)"
35.209.236.244 - - [27/Apr/2025:16:03:37 -0400] "GET /sitemap-21.xml HTTP/1.1" 200 33442 "-" "Buck/2.4.3; (+https://app.hypefactors.com/media-monitoring/about.html)"
35.209.236.244 - - [27/Apr/2025:16:03:38 -0400] "GET /db.php/sitemap-20.xml HTTP/1.1" 200 34321 "-" "Buck/2.4.3; (+https://app.hypefactors.com/media-monitoring/about.html)"
185.191.171.12 - - [27/Apr/2025:16:03:43 -0400] "GET /db.php/fashion/kimono/9790190848309.shtml HTTP/1.1" 200 0 "-" "Mozilla/5.0 (compatible; SemrushBot/7~bl; +http://www.semrush.com/bot.html)"
185.191.171.5 - - [27/Apr/2025:16:03:58 -0400] "GET /db.php/alcohol/others/9360503835100.shtml HTTP/1.1" 200 0 "-" "Mozilla/5.0 (compatible; SemrushBot/7~bl; +http://www.semrush.com/bot.html)"
85.208.96.201 - - [27/Apr/2025:16:04:00 -0400] "GET /db.php/cars/accessories/18370341918663.shtml HTTP/1.1" 200 0 "-" "Mozilla/5.0 (compatible; SemrushBot/7~bl; +http://www.semrush.com/bot.html)"
35.209.236.244 - - [27/Apr/2025:16:04:10 -0400] "GET /db.php/fashion/tops/9730531205843.shtml HTTP/1.1" 200 0 "-" "Buck/2.4.3; (+https://app.hypefactors.com/media-monitoring/about.html)"
85.208.96.210 - - [27/Apr/2025:16:04:22 -0400] "GET /db.php/fashion/bags/9750260642092.shtml HTTP/1.1" 200 0 "-" "Mozilla/5.0 (compatible; SemrushBot/7~bl; +http://www.semrush.com/bot.html)"
85.208.96.206 - - [27/Apr/2025:16:04:27 -0400] "GET /db.php/fashion/sets/9850470672516.shtml HTTP/1.1" 200 0 "-" "Mozilla/5.0 (compatible; SemrushBot/7~bl; +http://www.semrush.com/bot.html)"
185.191.171.5 - - [27/Apr/2025:16:04:35 -0400] "GET /db.php/cosmetics/eyeshadow/17340013469794.shtml HTTP/1.1" 200 0 "-" "Mozilla/5.0 (compatible; SemrushBot/7~bl; +http://www.semrush.com/bot.html)"
35.209.236.244 - - [27/Apr/2025:16:04:38 -0400] "GET /db.php/travel-supplies/outdoor-wear/8830022693825.shtml HTTP/1.1" 200 0 "-" "Buck/2.4.3; (+https://app.hypefactors.com/media-monitoring/about.html)"
52.167.144.184 - - [27/Apr/2025:16:04:39 -0400] "GET /alcohol-powders-1jp8e HTTP/1.1" 200 21322 "-" "Mozilla/5.0 AppleWebKit/537.36 (KHTML, like Gecko; compatible; bingbot/2.0; +http://www.bing.com/bingbot.htm) Chrome/116.0.1938.76 Safari/537.36"
185.191.171.6 - - [27/Apr/2025:16:04:40 -0400] "GET /db.php/tv/digital-cameras/14470402576931.shtml HTTP/1.1" 200 0 "-" "Mozilla/5.0 (compatible; SemrushBot/7~bl; +http://www.semrush.com/bot.html)"
85.208.96.206 - - [27/Apr/2025:16:04:44 -0400] "GET /db.php/bicycles/parts/18220062782768.shtml HTTP/1.1" 200 0 "-" "Mozilla/5.0 (compatible; SemrushBot/7~bl; +http://www.semrush.com/bot.html)"
85.208.96.206 - - [27/Apr/2025:16:04:56 -0400] "GET /db.php/home-appliances/dishwasher/9440383539746.shtml HTTP/1.1" 200 0 "-" "Mozilla/5.0 (compatible; SemrushBot/7~bl; +http://www.semrush.com/bot.html)"
35.209.236.244 - - [27/Apr/2025:16:05:07 -0400] "GET /db.php/tops/hoodies/20460284019350.shtml HTTP/1.1" 200 0 "-" "Buck/2.4.3; (+https://app.hypefactors.com/media-monitoring/about.html)"
85.208.96.195 - - [27/Apr/2025:16:05:20 -0400] "GET /db.php/home-appliances/washing-machines/9490013807502.shtml HTTP/1.1" 200 0 "-" "Mozilla/5.0 (compatible; SemrushBot/7~bl; +http://www.semrush.com/bot.html)"
185.191.171.6 - - [27/Apr/2025:16:05:22 -0400] "GET /db.php/motorcycles/security/18320092315841.shtml HTTP/1.1" 200 0 "-" "Mozilla/5.0 (compatible; SemrushBot/7~bl; +http://www.semrush.com/bot.html)"
185.191.171.6 - - [27/Apr/2025:16:05:34 -0400] "GET /db.php/fashion/pants/9780150670518.shtml HTTP/1.1" 200 0 "-" "Mozilla/5.0 (compatible; SemrushBot/7~bl; +http://www.semrush.com/bot.html)"
35.209.236.244 - - [27/Apr/2025:16:05:50 -0400] "GET /db.php/fishing/outdoor-precision-equipment/8920382964853.shtml HTTP/1.1" 200 0 "-" "Buck/2.4.3; (+https://app.hypefactors.com/media-monitoring/about.html)"
20.15.133.175 - - [27/Apr/2025:16:06:13 -0400] "GET /furniture-store-supplies-ws40 HTTP/1.1" 200 21549 "-" "Mozilla/5.0 AppleWebKit/537.36 (KHTML, like Gecko; compatible; bingbot/2.0; +http://www.bing.com/bingbot.htm) Chrome/116.0.1938.76 Safari/537.36"
35.209.236.244 - - [27/Apr/2025:16:06:30 -0400] "GET /db.php/games/idols/13220572524498.shtml HTTP/1.1" 200 0 "-" "Buck/2.4.3; (+https://app.hypefactors.com/media-monitoring/about.html)"
85.208.96.210 - - [27/Apr/2025:16:06:36 -0400] "GET /db.php/bicycles/parts/18220013538652.shtml HTTP/1.1" 200 0 "-" "Mozilla/5.0 (compatible; SemrushBot/7~bl; +http://www.semrush.com/bot.html)"
40.77.167.8 - - [27/Apr/2025:16:06:36 -0400] "GET /fashion-accessories-l6v4 HTTP/1.1" 200 21565 "-" "Mozilla/5.0 AppleWebKit/537.36 (KHTML, like Gecko; compatible; bingbot/2.0; +http://www.bing.com/bingbot.htm) Chrome/116.0.1938.76 Safari/537.36"
199.188.205.55 - - [27/Apr/2025:16:06:39 -0400] "POST /wp-cron.php?doing_wp_cron=1745784399.4857079982757568359375 HTTP/1.1" 200 0 "-" "WordPress/6.2.6; http://rupalake.org.np"
51.222.253.16 - - [27/Apr/2025:16:06:39 -0400] "GET /food/rice/9210320272699 HTTP/1.1" 404 7439 "-" "Mozilla/5.0 (compatible; AhrefsBot/7.0; +http://ahrefs.com/robot/)"
207.46.13.155 - - [27/Apr/2025:16:06:40 -0400] "GET /health-safety-shoes-alyd HTTP/1.1" 200 21071 "-" "Mozilla/5.0 AppleWebKit/537.36 (KHTML, like Gecko; compatible; bingbot/2.0; +http://www.bing.com/bingbot.htm) Chrome/116.0.1938.76 Safari/537.36"
40.77.167.4 - - [27/Apr/2025:16:06:48 -0400] "GET /bicycles-tires-jwxh HTTP/1.1" 200 20918 "-" "Mozilla/5.0 AppleWebKit/537.36 (KHTML, like Gecko; compatible; bingbot/2.0; +http://www.bing.com/bingbot.htm) Chrome/116.0.1938.76 Safari/537.36"
52.164.184.236 - - [27/Apr/2025:16:06:49 -0400] "GET /sts.php HTTP/1.1" 404 31147 "-" "-"
185.191.171.8 - - [27/Apr/2025:16:06:51 -0400] "GET /db.php/air-conditioning/vacuum-cleaners/9500383903121.shtml HTTP/1.1" 200 0 "-" "Mozilla/5.0 (compatible; SemrushBot/7~bl; +http://www.semrush.com/bot.html)"
52.164.184.236 - - [27/Apr/2025:16:06:51 -0400] "GET /wp-hoard.php HTTP/1.1" 404 31147 "-" "-"
52.164.184.236 - - [27/Apr/2025:16:06:52 -0400] "GET /wp-l0gin.php HTTP/1.1" 404 31147 "-" "-"
185.191.171.16 - - [27/Apr/2025:16:06:54 -0400] "GET /db.php/motorcycles/parts/18220073680995.shtml HTTP/1.1" 200 0 "-" "Mozilla/5.0 (compatible; SemrushBot/7~bl; +http://www.semrush.com/bot.html)"
52.164.184.236 - - [27/Apr/2025:16:06:54 -0400] "GET /priv8.php HTTP/1.1" 404 31147 "-" "-"
52.164.184.236 - - [27/Apr/2025:16:06:55 -0400] "GET /wp-post-editor.php HTTP/1.1" 404 31147 "-" "-"
85.208.96.209 - - [27/Apr/2025:16:06:57 -0400] "GET /db.php/cameras/digital-cameras/14470282205846.shtml HTTP/1.1" 200 0 "-" "Mozilla/5.0 (compatible; SemrushBot/7~bl; +http://www.semrush.com/bot.html)"
52.164.184.236 - - [27/Apr/2025:16:06:56 -0400] "GET /404.php HTTP/1.1" 404 31147 "-" "-"
52.164.184.236 - - [27/Apr/2025:16:06:58 -0400] "GET /users.php HTTP/1.1" 404 31147 "-" "-"
199.188.205.55 - - [27/Apr/2025:16:07:00 -0400] "POST /wp-cron.php?doing_wp_cron=1745784420.1393809318542480468750 HTTP/1.1" 200 0 "-" "WordPress/6.2.6; http://rupalake.org.np"
52.164.184.236 - - [27/Apr/2025:16:06:59 -0400] "GET /classwithtostring.php HTTP/1.1" 404 31147 "-" "-"
185.191.171.6 - - [27/Apr/2025:16:07:01 -0400] "GET /db.php/drinks/whiskey/9160161531020.shtml HTTP/1.1" 200 0 "-" "Mozilla/5.0 (compatible; SemrushBot/7~bl; +http://www.semrush.com/bot.html)"
52.164.184.236 - - [27/Apr/2025:16:07:01 -0400] "GET /wp-head.php HTTP/1.1" 404 31147 "-" "-"
199.188.205.55 - - [27/Apr/2025:16:07:03 -0400] "POST /wp-cron.php?doing_wp_cron=1745784423.3329920768737792968750 HTTP/1.1" 200 0 "-" "WordPress/6.2.6; http://rupalake.org.np"
52.164.184.236 - - [27/Apr/2025:16:07:03 -0400] "GET /admin.php HTTP/1.1" 404 31147 "-" "-"
52.164.184.236 - - [27/Apr/2025:16:07:04 -0400] "GET /about.php HTTP/1.1" 404 31147 "-" "-"
52.164.184.236 - - [27/Apr/2025:16:07:06 -0400] "GET /dropdown.php HTTP/1.1" 404 31147 "-" "-"
52.164.184.236 - - [27/Apr/2025:16:07:07 -0400] "GET /wp-header.php HTTP/1.1" 404 31147 "-" "-"
52.164.184.236 - - [27/Apr/2025:16:07:09 -0400] "GET /radio.php HTTP/1.1" 404 31147 "-" "-"
52.164.184.236 - - [27/Apr/2025:16:07:10 -0400] "GET /simple.php HTTP/1.1" 404 31147 "-" "-"
52.164.184.236 - - [27/Apr/2025:16:07:12 -0400] "GET /cong.php HTTP/1.1" 404 31147 "-" "-"
35.209.236.244 - - [27/Apr/2025:16:07:15 -0400] "GET /db.php/hobbies/others/19070280836224.shtml HTTP/1.1" 200 0 "-" "Buck/2.4.3; (+https://app.hypefactors.com/media-monitoring/about.html)"
52.164.184.236 - - [27/Apr/2025:16:07:14 -0400] "GET /options.php HTTP/1.1" 404 31147 "-" "-"
52.164.184.236 - - [27/Apr/2025:16:07:15 -0400] "GET /wp-content/index.php?x=ooo HTTP/1.1" 200 0 "-" "-"
52.164.184.236 - - [27/Apr/2025:16:07:15 -0400] "GET /wp-admin/options.php HTTP/1.1" 302 0 "-" "-"
52.164.184.236 - - [27/Apr/2025:16:07:16 -0400] "GET /wp-login.php?redirect_to=http%3A%2F%2Frupalake.org.np%2Fwp-admin%2Foptions.php&reauth=1 HTTP/1.1" 200 6171 "-" "-"
52.164.184.236 - - [27/Apr/2025:16:07:17 -0400] "GET /wp-content/plugins/fix/up.php HTTP/1.1" 404 31147 "-" "-"
52.164.184.236 - - [27/Apr/2025:16:07:18 -0400] "GET /1index.php HTTP/1.1" 404 31147 "-" "-"
52.164.184.236 - - [27/Apr/2025:16:07:19 -0400] "GET /11index.php HTTP/1.1" 404 31147 "-" "-"
185.191.171.13 - - [27/Apr/2025:16:07:21 -0400] "GET /db.php/audio/projectors/14630423022802.shtml HTTP/1.1" 200 0 "-" "Mozilla/5.0 (compatible; SemrushBot/7~bl; +http://www.semrush.com/bot.html)"
52.164.184.236 - - [27/Apr/2025:16:07:20 -0400] "GET /2index.php HTTP/1.1" 404 31147 "-" "-"
20.15.133.174 - - [27/Apr/2025:16:07:22 -0400] "GET /cosmetics/scalp-care/17250173026222 HTTP/1.1" 200 20670 "-" "Mozilla/5.0 AppleWebKit/537.36 (KHTML, like Gecko; compatible; bingbot/2.0; +http://www.bing.com/bingbot.htm) Chrome/116.0.1938.76 Safari/537.36"
52.164.184.236 - - [27/Apr/2025:16:07:22 -0400] "GET /3index.php HTTP/1.1" 404 31147 "-" "-"
52.164.184.236 - - [27/Apr/2025:16:07:24 -0400] "GET /wp_wrong_datlib.php HTTP/1.1" 404 31147 "-" "-"
52.164.184.236 - - [27/Apr/2025:16:07:26 -0400] "GET /wp-adminincludesclass-wp-media-list-data.php HTTP/1.1" 404 31147 "-" "-"
52.164.184.236 - - [27/Apr/2025:16:07:27 -0400] "GET /autoload_classmap.php HTTP/1.1" 404 31147 "-" "-"
40.77.167.4 - - [27/Apr/2025:16:07:28 -0400] "GET /health-others-1r1sd HTTP/1.1" 200 21145 "-" "Mozilla/5.0 AppleWebKit/537.36 (KHTML, like Gecko; compatible; bingbot/2.0; +http://www.bing.com/bingbot.htm) Chrome/116.0.1938.76 Safari/537.36"
52.164.184.236 - - [27/Apr/2025:16:07:29 -0400] "GET /wso.php HTTP/1.1" 404 31147 "-" "-"
40.77.167.4 - - [27/Apr/2025:16:07:30 -0400] "GET /books-music-1ri92 HTTP/1.1" 200 21336 "-" "Mozilla/5.0 AppleWebKit/537.36 (KHTML, like Gecko; compatible; bingbot/2.0; +http://www.bing.com/bingbot.htm) Chrome/116.0.1938.76 Safari/537.36"
52.164.184.236 - - [27/Apr/2025:16:07:30 -0400] "GET /doc.php HTTP/1.1" 404 31147 "-" "-"
52.164.184.236 - - [27/Apr/2025:16:07:32 -0400] "GET /stindex.php HTTP/1.1" 404 31147 "-" "-"
52.164.184.236 - - [27/Apr/2025:16:07:33 -0400] "GET /alwso.php HTTP/1.1" 404 31147 "-" "-"
52.164.184.236 - - [27/Apr/2025:16:07:35 -0400] "GET /ups.php HTTP/1.1" 404 31147 "-" "-"
40.77.167.8 - - [27/Apr/2025:16:07:36 -0400] "GET /smartphones-ipads-2ludx HTTP/1.1" 200 20814 "-" "Mozilla/5.0 AppleWebKit/537.36 (KHTML, like Gecko; compatible; bingbot/2.0; +http://www.bing.com/bingbot.htm) Chrome/116.0.1938.76 Safari/537.36"
185.191.171.4 - - [27/Apr/2025:16:07:37 -0400] "GET /db.php/bicycles/parts/18220562374370.shtml HTTP/1.1" 200 0 "-" "Mozilla/5.0 (compatible; SemrushBot/7~bl; +http://www.semrush.com/bot.html)"
52.164.184.236 - - [27/Apr/2025:16:07:36 -0400] "GET /media-admin.php HTTP/1.1" 404 31147 "-" "-"
52.164.184.236 - - [27/Apr/2025:16:07:38 -0400] "GET /sym.php HTTP/1.1" 404 31147 "-" "-"
52.164.184.236 - - [27/Apr/2025:16:07:39 -0400] "GET /sym403.php HTTP/1.1" 404 31147 "-" "-"
207.46.13.155 - - [27/Apr/2025:16:07:41 -0400] "GET /beauty-treatment-1p3ul HTTP/1.1" 200 20997 "-" "Mozilla/5.0 AppleWebKit/537.36 (KHTML, like Gecko; compatible; bingbot/2.0; +http://www.bing.com/bingbot.htm) Chrome/116.0.1938.76 Safari/537.36"
52.164.184.236 - - [27/Apr/2025:16:07:41 -0400] "GET /fw.php HTTP/1.1" 404 31147 "-" "-"
52.164.184.236 - - [27/Apr/2025:16:07:43 -0400] "GET /symlink.php HTTP/1.1" 404 31147 "-" "-"
52.164.184.236 - - [27/Apr/2025:16:07:44 -0400] "GET /shell.php HTTP/1.1" 404 31147 "-" "-"
185.191.171.6 - - [27/Apr/2025:16:07:46 -0400] "GET /db.php/motorcycles/motorcycle-wear/18310470439609.shtml HTTP/1.1" 200 0 "-" "Mozilla/5.0 (compatible; SemrushBot/7~bl; +http://www.semrush.com/bot.html)"
52.164.184.236 - - [27/Apr/2025:16:07:45 -0400] "GET /1.php HTTP/1.1" 404 31147 "-" "-"
185.191.171.4 - - [27/Apr/2025:16:07:48 -0400] "GET /db.php/cosmetics/others/18210070781672.shtml HTTP/1.1" 200 0 "-" "Mozilla/5.0 (compatible; SemrushBot/7~bl; +http://www.semrush.com/bot.html)"
52.164.184.236 - - [27/Apr/2025:16:07:47 -0400] "GET /data.php HTTP/1.1" 404 31147 "-" "-"
52.164.184.236 - - [27/Apr/2025:16:07:48 -0400] "GET /wp-blog.php HTTP/1.1" 404 31147 "-" "-"
52.164.184.236 - - [27/Apr/2025:16:07:50 -0400] "GET /b.php HTTP/1.1" 404 31147 "-" "-"
35.209.236.244 - - [27/Apr/2025:16:07:51 -0400] "GET /db.php/fashion/dresses/9810592332395.shtml HTTP/1.1" 200 0 "-" "Buck/2.4.3; (+https://app.hypefactors.com/media-monitoring/about.html)"
52.164.184.236 - - [27/Apr/2025:16:07:51 -0400] "GET /c.php HTTP/1.1" 404 31147 "-" "-"
52.164.184.236 - - [27/Apr/2025:16:07:52 -0400] "GET /shx.php HTTP/1.1" 404 31147 "-" "-"
52.164.184.236 - - [27/Apr/2025:16:07:54 -0400] "GET /alfa.php HTTP/1.1" 404 31147 "-" "-"
52.164.184.236 - - [27/Apr/2025:16:07:56 -0400] "GET /a.php HTTP/1.1" 404 31147 "-" "-"
52.164.184.236 - - [27/Apr/2025:16:07:57 -0400] "GET /old-index.php HTTP/1.1" 404 31147 "-" "-"
185.191.171.8 - - [27/Apr/2025:16:07:59 -0400] "GET /db.php/tickets/wrestling/8440482959699.shtml HTTP/1.1" 200 0 "-" "Mozilla/5.0 (compatible; SemrushBot/7~bl; +http://www.semrush.com/bot.html)"
52.164.184.236 - - [27/Apr/2025:16:07:59 -0400] "GET /FoxWSO.php HTTP/1.1" 404 31147 "-" "-"
199.188.205.55 - - [27/Apr/2025:16:08:01 -0400] "POST /wp-cron.php?doing_wp_cron=1745784481.7481520175933837890625 HTTP/1.1" 200 0 "-" "WordPress/6.2.6; http://rupalake.org.np"
52.164.184.236 - - [27/Apr/2025:16:08:01 -0400] "GET /x.php HTTP/1.1" 404 31147 "-" "-"
52.164.184.236 - - [27/Apr/2025:16:08:03 -0400] "GET /403.php HTTP/1.1" 404 31147 "-" "-"
52.164.184.236 - - [27/Apr/2025:16:08:04 -0400] "GET /mini.php HTTP/1.1" 404 31147 "-" "-"
52.164.184.236 - - [27/Apr/2025:16:08:06 -0400] "GET /imagesvuln.php HTTP/1.1" 404 31147 "-" "-"
52.164.184.236 - - [27/Apr/2025:16:08:07 -0400] "GET /edit-form.php HTTP/1.1" 404 31147 "-" "-"
52.164.184.236 - - [27/Apr/2025:16:08:08 -0400] "GET /wikindex.php HTTP/1.1" 404 31147 "-" "-"
52.164.184.236 - - [27/Apr/2025:16:08:09 -0400] "GET /m.php HTTP/1.1" 404 31147 "-" "-"
52.164.184.236 - - [27/Apr/2025:16:08:11 -0400] "GET /0byte.php HTTP/1.1" 404 31147 "-" "-"
52.164.184.236 - - [27/Apr/2025:16:08:12 -0400] "GET /xx.php HTTP/1.1" 404 31147 "-" "-"
185.191.171.13 - - [27/Apr/2025:16:08:14 -0400] "GET /db.php/sports/men-wear/1940262219218.shtml HTTP/1.1" 200 0 "-" "Mozilla/5.0 (compatible; SemrushBot/7~bl; +http://www.semrush.com/bot.html)"
52.164.184.236 - - [27/Apr/2025:16:08:13 -0400] "GET /new-index.php HTTP/1.1" 404 31147 "-" "-"
52.164.184.236 - - [27/Apr/2025:16:08:15 -0400] "GET /wp.php HTTP/1.1" 404 31147 "-" "-"
52.164.184.236 - - [27/Apr/2025:16:08:16 -0400] "GET /wp-wso.php HTTP/1.1" 404 31147 "-" "-"
52.164.184.236 - - [27/Apr/2025:16:08:17 -0400] "GET /qindex.php HTTP/1.1" 404 31147 "-" "-"
52.164.184.236 - - [27/Apr/2025:16:08:18 -0400] "GET /minimo.php HTTP/1.1" 404 31147 "-" "-"
52.164.184.236 - - [27/Apr/2025:16:08:20 -0400] "GET /xleet.php HTTP/1.1" 404 31147 "-" "-"
52.164.184.236 - - [27/Apr/2025:16:08:21 -0400] "GET /V3.php HTTP/1.1" 404 31147 "-" "-"
35.209.236.244 - - [27/Apr/2025:16:08:22 -0400] "GET /db.php/fashion/bags/9750422450105.shtml HTTP/1.1" 200 0 "-" "Buck/2.4.3; (+https://app.hypefactors.com/media-monitoring/about.html)"
52.164.184.236 - - [27/Apr/2025:16:08:22 -0400] "GET /V5.php HTTP/1.1" 404 31147 "-" "-"
52.164.184.236 - - [27/Apr/2025:16:08:24 -0400] "GET /up.php HTTP/1.1" 404 31147 "-" "-"
52.164.184.236 - - [27/Apr/2025:16:08:25 -0400] "GET /www.php HTTP/1.1" 404 31147 "-" "-"
185.191.171.3 - - [27/Apr/2025:16:08:26 -0400] "GET /db.php/toys/sports/14350371272651.shtml HTTP/1.1" 200 0 "-" "Mozilla/5.0 (compatible; SemrushBot/7~bl; +http://www.semrush.com/bot.html)"
52.164.184.236 - - [27/Apr/2025:16:08:26 -0400] "GET /100.php HTTP/1.1" 404 31147 "-" "-"
52.164.184.236 - - [27/Apr/2025:16:08:27 -0400] "GET /777.php HTTP/1.1" 404 31147 "-" "-"
52.164.184.236 - - [27/Apr/2025:16:08:29 -0400] "GET /defau1t.php HTTP/1.1" 404 31147 "-" "-"
52.164.184.236 - - [27/Apr/2025:16:08:30 -0400] "GET /f.php HTTP/1.1" 404 31147 "-" "-"
52.164.184.236 - - [27/Apr/2025:16:08:31 -0400] "GET /xox.php HTTP/1.1" 404 31147 "-" "-"
185.191.171.7 - - [27/Apr/2025:16:08:33 -0400] "GET /db.php/fashion/dresses/9810352909692.shtml HTTP/1.1" 200 0 "-" "Mozilla/5.0 (compatible; SemrushBot/7~bl; +http://www.semrush.com/bot.html)"
52.164.184.236 - - [27/Apr/2025:16:08:33 -0400] "GET /o.php HTTP/1.1" 404 31147 "-" "-"
52.164.184.236 - - [27/Apr/2025:16:08:35 -0400] "GET /new.php HTTP/1.1" 404 31147 "-" "-"
52.164.184.236 - - [27/Apr/2025:16:08:36 -0400] "GET /sindex.php HTTP/1.1" 404 31147 "-" "-"
52.164.184.236 - - [27/Apr/2025:16:08:37 -0400] "GET /baindex.php HTTP/1.1" 404 31147 "-" "-"
185.191.171.3 - - [27/Apr/2025:16:08:40 -0400] "GET /db.php/decor/low-tables/4180412101185.shtml HTTP/1.1" 200 0 "-" "Mozilla/5.0 (compatible; SemrushBot/7~bl; +http://www.semrush.com/bot.html)"
52.164.184.236 - - [27/Apr/2025:16:08:39 -0400] "GET /wi.php HTTP/1.1" 404 31147 "-" "-"
52.164.184.236 - - [27/Apr/2025:16:08:40 -0400] "GET /mar.php HTTP/1.1" 404 31147 "-" "-"
185.191.171.3 - - [27/Apr/2025:16:08:42 -0400] "GET /db.php/art/fortune-telling/18610171089860.shtml HTTP/1.1" 200 0 "-" "Mozilla/5.0 (compatible; SemrushBot/7~bl; +http://www.semrush.com/bot.html)"
52.164.184.236 - - [27/Apr/2025:16:08:42 -0400] "GET /root.php HTTP/1.1" 404 31147 "-" "-"
52.164.184.236 - - [27/Apr/2025:16:08:43 -0400] "GET /nee.php HTTP/1.1" 404 31147 "-" "-"
52.164.184.236 - - [27/Apr/2025:16:08:44 -0400] "GET /v.php HTTP/1.1" 404 31147 "-" "-"
52.164.184.236 - - [27/Apr/2025:16:08:45 -0400] "GET /z.php HTTP/1.1" 404 31147 "-" "-"
40.77.167.4 - - [27/Apr/2025:16:08:47 -0400] "GET /tablets-others-4gv6 HTTP/1.1" 200 20976 "-" "Mozilla/5.0 AppleWebKit/537.36 (KHTML, like Gecko; compatible; bingbot/2.0; +http://www.bing.com/bingbot.htm) Chrome/116.0.1938.76 Safari/537.36"
52.164.184.236 - - [27/Apr/2025:16:08:47 -0400] "GET /g.php HTTP/1.1" 404 31147 "-" "-"
52.164.184.236 - - [27/Apr/2025:16:08:49 -0400] "GET /c99.php HTTP/1.1" 404 31147 "-" "-"
52.164.184.236 - - [27/Apr/2025:16:08:51 -0400] "GET /w.php HTTP/1.1" 404 31147 "-" "-"
52.164.184.236 - - [27/Apr/2025:16:08:52 -0400] "GET /ws.php HTTP/1.1" 404 31147 "-" "-"
52.164.184.236 - - [27/Apr/2025:16:08:54 -0400] "GET /2.php HTTP/1.1" 404 31147 "-" "-"
52.164.184.236 - - [27/Apr/2025:16:08:56 -0400] "GET /lol.php HTTP/1.1" 404 31147 "-" "-"
40.77.167.4 - - [27/Apr/2025:16:08:58 -0400] "GET /interior-store-supplies-vl9f HTTP/1.1" 200 20837 "-" "Mozilla/5.0 AppleWebKit/537.36 (KHTML, like Gecko; compatible; bingbot/2.0; +http://www.bing.com/bingbot.htm) Chrome/116.0.1938.76 Safari/537.36"
185.191.171.2 - - [27/Apr/2025:16:08:59 -0400] "GET /db.php/toys/musicians/13410570939861.shtml HTTP/1.1" 200 0 "-" "Mozilla/5.0 (compatible; SemrushBot/7~bl; +http://www.semrush.com/bot.html)"
52.164.184.236 - - [27/Apr/2025:16:08:58 -0400] "GET /87.php HTTP/1.1" 404 31147 "-" "-"
199.188.205.55 - - [27/Apr/2025:16:09:00 -0400] "POST /wp-cron.php?doing_wp_cron=1745784540.0133590698242187500000 HTTP/1.1" 200 0 "-" "WordPress/6.2.6; http://rupalake.org.np"
52.164.184.236 - - [27/Apr/2025:16:08:59 -0400] "GET /7yn.php HTTP/1.1" 404 31147 "-" "-"
185.191.171.12 - - [27/Apr/2025:16:09:02 -0400] "GET /db.php/cosmetics/coloring/17440281688669.shtml HTTP/1.1" 200 0 "-" "Mozilla/5.0 (compatible; SemrushBot/7~bl; +http://www.semrush.com/bot.html)"
199.188.205.55 - - [27/Apr/2025:16:09:02 -0400] "POST /wp-cron.php?doing_wp_cron=1745784542.5617558956146240234375 HTTP/1.1" 200 0 "-" "WordPress/6.2.6; http://rupalake.org.np"
52.164.184.236 - - [27/Apr/2025:16:09:02 -0400] "GET /haxor.php HTTP/1.1" 404 31147 "-" "-"
35.209.236.244 - - [27/Apr/2025:16:09:05 -0400] "GET /db.php/fishing/reels/8770303427217.shtml HTTP/1.1" 200 0 "-" "Buck/2.4.3; (+https://app.hypefactors.com/media-monitoring/about.html)"
52.164.184.236 - - [27/Apr/2025:16:09:04 -0400] "GET /13.php HTTP/1.1" 404 31147 "-" "-"
52.164.184.236 - - [27/Apr/2025:16:09:05 -0400] "GET /e.php HTTP/1.1" 404 31147 "-" "-"
52.164.184.236 - - [27/Apr/2025:16:09:07 -0400] "GET /r.php HTTP/1.1" 404 31147 "-" "-"
52.164.184.236 - - [27/Apr/2025:16:09:09 -0400] "GET /t.php HTTP/1.1" 404 31147 "-" "-"
52.164.184.236 - - [27/Apr/2025:16:09:11 -0400] "GET /y.php HTTP/1.1" 404 31147 "-" "-"
52.164.184.236 - - [27/Apr/2025:16:09:12 -0400] "GET /u.php HTTP/1.1" 404 31147 "-" "-"
52.164.184.236 - - [27/Apr/2025:16:09:14 -0400] "GET /i.php HTTP/1.1" 404 31147 "-" "-"
52.164.184.236 - - [27/Apr/2025:16:09:17 -0400] "GET /p.php HTTP/1.1" 404 31147 "-" "-"
85.208.96.195 - - [27/Apr/2025:16:09:19 -0400] "GET /db.php/gardening/houseplants/3180062475258.shtml HTTP/1.1" 200 0 "-" "Mozilla/5.0 (compatible; SemrushBot/7~bl; +http://www.semrush.com/bot.html)"
52.164.184.236 - - [27/Apr/2025:16:09:19 -0400] "GET /q.php HTTP/1.1" 404 31147 "-" "-"
52.164.184.236 - - [27/Apr/2025:16:09:21 -0400] "GET /s.php HTTP/1.1" 404 31147 "-" "-"
52.164.184.236 - - [27/Apr/2025:16:09:23 -0400] "GET /d.php HTTP/1.1" 404 31147 "-" "-"
52.164.184.236 - - [27/Apr/2025:16:09:24 -0400] "GET /h.php HTTP/1.1" 404 31147 "-" "-"
52.164.184.236 - - [27/Apr/2025:16:09:26 -0400] "GET /j.php HTTP/1.1" 404 31147 "-" "-"
52.164.184.236 - - [27/Apr/2025:16:09:28 -0400] "GET /k.php HTTP/1.1" 404 31147 "-" "-"
52.164.184.236 - - [27/Apr/2025:16:09:30 -0400] "GET /l.php HTTP/1.1" 404 31147 "-" "-"
52.164.184.236 - - [27/Apr/2025:16:09:32 -0400] "GET /n.php HTTP/1.1" 404 31147 "-" "-"
66.249.68.68 - - [27/Apr/2025:16:09:33 -0400] "GET /flowers/planters/3010190352289 HTTP/1.1" 200 20945 "-" "Mozilla/5.0 (Linux; Android 6.0.1; Nexus 5X Build/MMB29P) AppleWebKit/537.36 (KHTML, like Gecko) Chrome/135.0.7049.95 Mobile Safari/537.36 (compatible; GoogleOther)"
52.164.184.236 - - [27/Apr/2025:16:09:34 -0400] "GET /xindex.php HTTP/1.1" 404 31147 "-" "-"
35.209.236.244 - - [27/Apr/2025:16:09:35 -0400] "GET /db.php/travel-supplies/reels/8770280409431.shtml HTTP/1.1" 200 0 "-" "Buck/2.4.3; (+https://app.hypefactors.com/media-monitoring/about.html)"
85.208.96.195 - - [27/Apr/2025:16:09:35 -0400] "GET /db.php/cars/safety/18320492618642.shtml HTTP/1.1" 200 0 "-" "Mozilla/5.0 (compatible; SemrushBot/7~bl; +http://www.semrush.com/bot.html)"
52.164.184.236 - - [27/Apr/2025:16:09:36 -0400] "GET /kindex.php HTTP/1.1" 404 31147 "-" "-"
52.164.184.236 - - [27/Apr/2025:16:09:37 -0400] "GET /FoxWSOv1.php HTTP/1.1" 404 31147 "-" "-"
52.164.184.236 - - [27/Apr/2025:16:09:38 -0400] "GET /alf.php HTTP/1.1" 404 31147 "-" "-"
52.164.184.236 - - [27/Apr/2025:16:09:40 -0400] "GET /bb.php HTTP/1.1" 404 31147 "-" "-"
66.249.68.67 - - [27/Apr/2025:16:09:42 -0400] "POST /get-message-notify HTTP/1.1" 200 20809 "http://rupalake.org.np/flowers/planters/3010190352289" "Mozilla/5.0 (Linux; Android 6.0.1; Nexus 5X Build/MMB29P) AppleWebKit/537.36 (KHTML, like Gecko) Chrome/134.0.6998.165 Mobile Safari/537.36 (compatible; Googlebot/2.1; +http://www.google.com/bot.html)"
52.164.184.236 - - [27/Apr/2025:16:09:41 -0400] "GET /lf.php HTTP/1.1" 404 31147 "-" "-"
52.164.184.236 - - [27/Apr/2025:16:09:42 -0400] "GET /WSO.php HTTP/1.1" 404 31147 "-" "-"
52.164.184.236 - - [27/Apr/2025:16:09:44 -0400] "GET /xxx.php HTTP/1.1" 404 31147 "-" "-"
52.164.184.236 - - [27/Apr/2025:16:09:45 -0400] "GET /hello.php HTTP/1.1" 404 31147 "-" "-"
52.164.184.236 - - [27/Apr/2025:16:09:46 -0400] "GET /ok.php HTTP/1.1" 404 31147 "-" "-"
52.164.184.236 - - [27/Apr/2025:16:09:47 -0400] "GET /if.php HTTP/1.1" 404 31147 "-" "-"
52.164.184.236 - - [27/Apr/2025:16:09:48 -0400] "GET /kk.php HTTP/1.1" 404 31147 "-" "-"
185.191.171.9 - - [27/Apr/2025:16:09:51 -0400] "GET /db.php/bicycles/motorcycle-bodies/18240102156269.shtml HTTP/1.1" 200 0 "-" "Mozilla/5.0 (compatible; SemrushBot/7~bl; +http://www.semrush.com/bot.html)"
52.164.184.236 - - [27/Apr/2025:16:09:50 -0400] "GET /mrjn.php HTTP/1.1" 404 31147 "-" "-"
52.164.184.236 - - [27/Apr/2025:16:09:51 -0400] "GET /kn.php HTTP/1.1" 404 31147 "-" "-"
52.164.184.236 - - [27/Apr/2025:16:09:54 -0400] "GET /3301.php HTTP/1.1" 404 31147 "-" "-"
52.164.184.236 - - [27/Apr/2025:16:09:56 -0400] "GET /leaf.php HTTP/1.1" 404 31147 "-" "-"
40.77.167.4 - - [27/Apr/2025:16:09:58 -0400] "GET /handmade-bowls-l5fa HTTP/1.1" 200 21104 "-" "Mozilla/5.0 AppleWebKit/537.36 (KHTML, like Gecko; compatible; bingbot/2.0; +http://www.bing.com/bingbot.htm) Chrome/116.0.1938.76 Safari/537.36"
52.164.184.236 - - [27/Apr/2025:16:09:58 -0400] "GET /alex.php HTTP/1.1" 404 31147 "-" "-"
52.164.184.236 - - [27/Apr/2025:16:09:59 -0400] "GET /mailer.php HTTP/1.1" 404 31147 "-" "-"
199.188.205.55 - - [27/Apr/2025:16:10:01 -0400] "POST /wp-cron.php?doing_wp_cron=1745784601.6184930801391601562500 HTTP/1.1" 200 0 "-" "WordPress/6.2.6; http://rupalake.org.np"
52.164.184.236 - - [27/Apr/2025:16:10:01 -0400] "GET /anone.php HTTP/1.1" 404 31147 "-" "-"
199.188.205.55 - - [27/Apr/2025:16:10:03 -0400] "POST /wp-cron.php?doing_wp_cron=1745784602.9327330589294433593750 HTTP/1.1" 200 0 "-" "WordPress/6.2.6; http://rupalake.org.np"
52.164.184.236 - - [27/Apr/2025:16:10:02 -0400] "GET /wp-configer.php HTTP/1.1" 404 31147 "-" "-"
52.164.184.236 - - [27/Apr/2025:16:10:04 -0400] "GET /wp-ad.php HTTP/1.1" 404 31147 "-" "-"
52.164.184.236 - - [27/Apr/2025:16:10:06 -0400] "GET /send.php HTTP/1.1" 404 31147 "-" "-"
207.46.13.155 - - [27/Apr/2025:16:10:08 -0400] "GET /alcohol-other-foods-qvne HTTP/1.1" 200 22089 "-" "Mozilla/5.0 AppleWebKit/537.36 (KHTML, like Gecko; compatible; bingbot/2.0; +http://www.bing.com/bingbot.htm) Chrome/116.0.1938.76 Safari/537.36"
52.164.184.236 - - [27/Apr/2025:16:10:08 -0400] "GET /3.php HTTP/1.1" 404 31147 "-" "-"
52.164.184.236 - - [27/Apr/2025:16:10:10 -0400] "GET /.wp-cache.php HTTP/1.1" 404 31147 "-" "-"
52.164.184.236 - - [27/Apr/2025:16:10:12 -0400] "GET /sendmail.php HTTP/1.1" 404 31147 "-" "-"
35.209.236.244 - - [27/Apr/2025:16:10:15 -0400] "GET /db.php/fashion/shoes/9740330669366.shtml HTTP/1.1" 200 0 "-" "Buck/2.4.3; (+https://app.hypefactors.com/media-monitoring/about.html)"
52.164.184.236 - - [27/Apr/2025:16:10:14 -0400] "GET /rahma.php HTTP/1.1" 404 31147 "-" "-"
52.164.184.236 - - [27/Apr/2025:16:10:16 -0400] "GET /nasgor.php HTTP/1.1" 404 31147 "-" "-"
52.164.184.236 - - [27/Apr/2025:16:10:17 -0400] "GET /wp-confirm.php HTTP/1.1" 404 31147 "-" "-"
52.164.184.236 - - [27/Apr/2025:16:10:19 -0400] "GET /alfa123.php HTTP/1.1" 404 31147 "-" "-"
52.164.184.236 - - [27/Apr/2025:16:10:21 -0400] "GET /upload.php HTTP/1.1" 404 31147 "-" "-"
52.164.184.236 - - [27/Apr/2025:16:10:23 -0400] "GET /bypass.php HTTP/1.1" 404 31147 "-" "-"
52.164.184.236 - - [27/Apr/2025:16:10:24 -0400] "GET /wp-one.php HTTP/1.1" 404 31147 "-" "-"
52.164.184.236 - - [27/Apr/2025:16:10:26 -0400] "GET /alexus.php HTTP/1.1" 404 31147 "-" "-"
52.164.184.236 - - [27/Apr/2025:16:10:28 -0400] "GET /wso1337.php HTTP/1.1" 404 31147 "-" "-"
52.164.184.236 - - [27/Apr/2025:16:10:30 -0400] "GET /1337.php HTTP/1.1" 404 31147 "-" "-"
52.164.184.236 - - [27/Apr/2025:16:10:32 -0400] "GET /blog.php HTTP/1.1" 404 31147 "-" "-"
52.164.184.236 - - [27/Apr/2025:16:10:33 -0400] "GET /it.php HTTP/1.1" 404 31147 "-" "-"
52.164.184.236 - - [27/Apr/2025:16:10:35 -0400] "GET /kiss.php HTTP/1.1" 404 31147 "-" "-"
52.164.184.236 - - [27/Apr/2025:16:10:36 -0400] "GET /0.php HTTP/1.1" 404 31147 "-" "-"
52.164.184.236 - - [27/Apr/2025:16:10:37 -0400] "GET /wp2.php HTTP/1.1" 404 31147 "-" "-"
51.222.253.7 - - [27/Apr/2025:16:10:38 -0400] "GET /games/sports/14350263246619 HTTP/1.1" 404 7439 "-" "Mozilla/5.0 (compatible; AhrefsBot/7.0; +http://ahrefs.com/robot/)"
52.164.184.236 - - [27/Apr/2025:16:10:38 -0400] "GET /owl.php HTTP/1.1" 404 31147 "-" "-"
85.208.96.200 - - [27/Apr/2025:16:10:39 -0400] "GET /db.php/diy/electrical-materials/5460402201275.shtml HTTP/1.1" 200 0 "-" "Mozilla/5.0 (compatible; SemrushBot/7~bl; +http://www.semrush.com/bot.html)"
52.164.184.236 - - [27/Apr/2025:16:10:40 -0400] "GET /vuln.php HTTP/1.1" 404 31147 "-" "-"
52.164.184.236 - - [27/Apr/2025:16:10:41 -0400] "GET /ohayo.php HTTP/1.1" 404 31147 "-" "-"
52.164.184.236 - - [27/Apr/2025:16:10:42 -0400] "GET /wp-admin.php HTTP/1.1" 404 31147 "-" "-"
52.164.184.236 - - [27/Apr/2025:16:10:43 -0400] "GET /cms.php HTTP/1.1" 404 31147 "-" "-"
52.164.184.236 - - [27/Apr/2025:16:10:45 -0400] "GET /wp-uploads.php HTTP/1.1" 404 31147 "-" "-"
52.164.184.236 - - [27/Apr/2025:16:10:47 -0400] "GET /Gel.php HTTP/1.1" 404 31147 "-" "-"
52.164.184.236 - - [27/Apr/2025:16:10:48 -0400] "GET /41.php HTTP/1.1" 404 31147 "-" "-"
35.209.236.244 - - [27/Apr/2025:16:10:49 -0400] "GET /db.php/beauty/hair-brush/17460102534467.shtml HTTP/1.1" 200 0 "-" "Buck/2.4.3; (+https://app.hypefactors.com/media-monitoring/about.html)"
52.164.184.236 - - [27/Apr/2025:16:10:50 -0400] "GET /4price.php HTTP/1.1" 404 31147 "-" "-"
52.164.184.236 - - [27/Apr/2025:16:10:51 -0400] "GET /MARIJUANA.php HTTP/1.1" 404 31147 "-" "-"
85.208.96.200 - - [27/Apr/2025:16:10:54 -0400] "GET /db.php/etc./writing-implements/15130253200932.shtml HTTP/1.1" 200 0 "-" "Mozilla/5.0 (compatible; SemrushBot/7~bl; +http://www.semrush.com/bot.html)"
52.164.184.236 - - [27/Apr/2025:16:10:54 -0400] "GET /marijuana.php HTTP/1.1" 404 31147 "-" "-"
52.164.184.236 - - [27/Apr/2025:16:10:55 -0400] "GET /.fk.php HTTP/1.1" 404 31147 "-" "-"
85.208.96.194 - - [27/Apr/2025:16:10:57 -0400] "GET /db.php/toys/sports/14350063210991.shtml HTTP/1.1" 200 0 "-" "Mozilla/5.0 (compatible; SemrushBot/7~bl; +http://www.semrush.com/bot.html)"
52.164.184.236 - - [27/Apr/2025:16:10:58 -0400] "GET /XxX.php HTTP/1.1" 404 31147 "-" "-"
199.188.205.55 - - [27/Apr/2025:16:11:00 -0400] "POST /wp-cron.php?doing_wp_cron=1745784660.3927841186523437500000 HTTP/1.1" 200 0 "-" "WordPress/6.2.6; http://rupalake.org.np"
52.164.184.236 - - [27/Apr/2025:16:11:00 -0400] "GET /alexuse.php HTTP/1.1" 404 31147 "-" "-"
199.188.205.55 - - [27/Apr/2025:16:11:02 -0400] "POST /wp-cron.php?doing_wp_cron=1745784662.5685379505157470703125 HTTP/1.1" 200 0 "-" "WordPress/6.2.6; http://rupalake.org.np"
52.164.184.236 - - [27/Apr/2025:16:11:02 -0400] "GET /Sendemail.php HTTP/1.1" 404 31147 "-" "-"
85.208.96.203 - - [27/Apr/2025:16:11:05 -0400] "GET /db.php/sports/snowboard/1620152244792.shtml HTTP/1.1" 200 0 "-" "Mozilla/5.0 (compatible; SemrushBot/7~bl; +http://www.semrush.com/bot.html)"
52.164.184.236 - - [27/Apr/2025:16:11:04 -0400] "GET /content.php HTTP/1.1" 404 31147 "-" "-"
52.164.184.236 - - [27/Apr/2025:16:11:06 -0400] "GET /leafmailer2.8.php HTTP/1.1" 404 31147 "-" "-"
207.46.13.155 - - [27/Apr/2025:16:11:08 -0400] "GET /sports-others-2g29w HTTP/1.1" 200 21087 "-" "Mozilla/5.0 AppleWebKit/537.36 (KHTML, like Gecko; compatible; bingbot/2.0; +http://www.bing.com/bingbot.htm) Chrome/116.0.1938.76 Safari/537.36"
52.164.184.236 - - [27/Apr/2025:16:11:08 -0400] "GET /olu.php HTTP/1.1" 404 31147 "-" "-"
85.208.96.206 - - [27/Apr/2025:16:11:10 -0400] "GET /db.php/musical-instruments/furniture/18660231518464.shtml HTTP/1.1" 200 0 "-" "Mozilla/5.0 (compatible; SemrushBot/7~bl; +http://www.semrush.com/bot.html)"
52.164.184.236 - - [27/Apr/2025:16:11:10 -0400] "GET /alexusmailer2.0.php HTTP/1.1" 404 31147 "-" "-"
52.164.184.236 - - [27/Apr/2025:16:11:12 -0400] "GET /rss.php HTTP/1.1" 404 31147 "-" "-"
52.164.184.236 - - [27/Apr/2025:16:11:13 -0400] "GET /alexus-mailer.php HTTP/1.1" 404 31147 "-" "-"
52.164.184.236 - - [27/Apr/2025:16:11:15 -0400] "GET /wp-file.php HTTP/1.1" 404 31147 "-" "-"
52.164.184.236 - - [27/Apr/2025:16:11:16 -0400] "GET /wso2.php HTTP/1.1" 404 31147 "-" "-"
52.164.184.236 - - [27/Apr/2025:16:11:17 -0400] "GET /wso1.php HTTP/1.1" 404 31147 "-" "-"
52.164.184.236 - - [27/Apr/2025:16:11:19 -0400] "GET /olux.php HTTP/1.1" 404 31147 "-" "-"
52.164.184.236 - - [27/Apr/2025:16:11:20 -0400] "GET /wp-info.php HTTP/1.1" 404 31147 "-" "-"
52.164.184.236 - - [27/Apr/2025:16:11:21 -0400] "GET /xl.php HTTP/1.1" 404 31147 "-" "-"
52.164.184.236 - - [27/Apr/2025:16:11:22 -0400] "GET /wp-confiig.php HTTP/1.1" 404 31147 "-" "-"
52.164.184.236 - - [27/Apr/2025:16:11:23 -0400] "GET /file-manager.php HTTP/1.1" 404 31147 "-" "-"
52.164.184.236 - - [27/Apr/2025:16:11:24 -0400] "GET /uploader.php HTTP/1.1" 404 31147 "-" "-"
35.209.236.244 - - [27/Apr/2025:16:11:26 -0400] "GET /db.php/musical-instruments/antique/18640310629612.shtml HTTP/1.1" 200 0 "-" "Buck/2.4.3; (+https://app.hypefactors.com/media-monitoring/about.html)"
52.164.184.236 - - [27/Apr/2025:16:11:25 -0400] "GET /leafmailer.php HTTP/1.1" 404 31147 "-" "-"
85.208.96.209 - - [27/Apr/2025:16:11:27 -0400] "GET /db.php/hobbies/cosplay-costumes/18670411817756.shtml HTTP/1.1" 200 0 "-" "Mozilla/5.0 (compatible; SemrushBot/7~bl; +http://www.semrush.com/bot.html)"
52.164.184.236 - - [27/Apr/2025:16:11:26 -0400] "GET /ALFA_DATA/alfacgiapi/perl.alfa.php HTTP/1.1" 404 31147 "-" "-"
52.164.184.236 - - [27/Apr/2025:16:11:27 -0400] "GET /.well-known/ALFA_DATA/alfacgiapi/perl.alfa.php HTTP/1.1" 404 31147 "-" "-"
52.164.184.236 - - [27/Apr/2025:16:11:29 -0400] "GET /tmp_images/alfacgiapi/perl.alfa.php HTTP/1.1" 404 31147 "-" "-"
52.164.184.236 - - [27/Apr/2025:16:11:30 -0400] "GET /wp-admin/alfacgiapi/perl.alfa.php HTTP/1.1" 404 31147 "-" "-"
52.164.184.236 - - [27/Apr/2025:16:11:31 -0400] "GET /wp-content/alfacgiapi/perl.alfa.php HTTP/1.1" 404 31147 "-" "-"
52.164.184.236 - - [27/Apr/2025:16:11:33 -0400] "GET /wp-includes/alfacgiapi/perl.alfa.php HTTP/1.1" 404 31147 "-" "-"
52.164.184.236 - - [27/Apr/2025:16:11:35 -0400] "GET /alfacgiapi/perl.alfa.php HTTP/1.1" 404 31147 "-" "-"
52.164.184.236 - - [27/Apr/2025:16:11:37 -0400] "GET /css/ALFA_DATA/alfacgiapi/perl.alfa.php HTTP/1.1" 404 31147 "-" "-"
40.77.167.23 - - [27/Apr/2025:16:11:38 -0400] "GET /audio-lenses-3i0k HTTP/1.1" 200 21867 "-" "Mozilla/5.0 AppleWebKit/537.36 (KHTML, like Gecko; compatible; bingbot/2.0; +http://www.bing.com/bingbot.htm) Chrome/116.0.1938.76 Safari/537.36"
52.164.184.236 - - [27/Apr/2025:16:11:38 -0400] "GET /files/ALFA_DATA/alfacgiapi/perl.alfa.php HTTP/1.1" 404 31147 "-" "-"
52.164.184.236 - - [27/Apr/2025:16:11:40 -0400] "GET /images/ALFA_DATA/alfacgiapi/perl.alfa.php HTTP/1.1" 404 31147 "-" "-"
52.164.184.236 - - [27/Apr/2025:16:11:41 -0400] "GET /wp-admin/ALFA_DATA/alfacgiapi/perl.alfa.php HTTP/1.1" 404 31147 "-" "-"
52.164.184.236 - - [27/Apr/2025:16:11:43 -0400] "GET /wp-content/ALFA_DATA/alfacgiapi/perl.alfa.php HTTP/1.1" 404 31147 "-" "-"
52.164.184.236 - - [27/Apr/2025:16:11:44 -0400] "GET /wp-includes/ALFA_DATA/alfacgiapi/perl.alfa HTTP/1.1" 404 31147 "-" "-"
52.164.184.236 - - [27/Apr/2025:16:11:45 -0400] "GET /date.php HTTP/1.1" 404 31147 "-" "-"
52.164.184.236 - - [27/Apr/2025:16:11:47 -0400] "GET /alfaindex.php HTTP/1.1" 404 31147 "-" "-"
52.164.184.236 - - [27/Apr/2025:16:11:49 -0400] "GET /.alf.php HTTP/1.1" 404 31147 "-" "-"
35.209.236.244 - - [27/Apr/2025:16:11:51 -0400] "GET /db.php/cars/parts/18220470429130.shtml HTTP/1.1" 200 0 "-" "Buck/2.4.3; (+https://app.hypefactors.com/media-monitoring/about.html)"
52.164.184.236 - - [27/Apr/2025:16:11:51 -0400] "GET /wp-content/plugins/cekidot/alf.php HTTP/1.1" 404 31147 "-" "-"
52.164.184.236 - - [27/Apr/2025:16:11:52 -0400] "GET /wp-content/fw.php HTTP/1.1" 404 31147 "-" "-"
185.191.171.18 - - [27/Apr/2025:16:11:54 -0400] "GET /db.php/flowers/agave/2990520170212.shtml HTTP/1.1" 200 0 "-" "Mozilla/5.0 (compatible; SemrushBot/7~bl; +http://www.semrush.com/bot.html)"
52.164.184.236 - - [27/Apr/2025:16:11:55 -0400] "GET /wp-content/alfa.php HTTP/1.1" 404 31147 "-" "-"
52.164.184.236 - - [27/Apr/2025:16:11:57 -0400] "GET /snd.php HTTP/1.1" 404 31147 "-" "-"
52.164.184.236 - - [27/Apr/2025:16:11:58 -0400] "GET /wp-class.php HTTP/1.1" 404 31147 "-" "-"
185.191.171.9 - - [27/Apr/2025:16:11:59 -0400] "GET /db.php/fashion/bags/9750250932070.shtml HTTP/1.1" 200 0 "-" "Mozilla/5.0 (compatible; SemrushBot/7~bl; +http://www.semrush.com/bot.html)"
207.46.13.155 - - [27/Apr/2025:16:12:00 -0400] "GET /drinks-coffee-r6vd HTTP/1.1" 200 20705 "-" "Mozilla/5.0 AppleWebKit/537.36 (KHTML, like Gecko; compatible; bingbot/2.0; +http://www.bing.com/bingbot.htm) Chrome/116.0.1938.76 Safari/537.36"
199.188.205.55 - - [27/Apr/2025:16:12:00 -0400] "POST /wp-cron.php?doing_wp_cron=1745784720.5205879211425781250000 HTTP/1.1" 200 0 "-" "WordPress/6.2.6; http://rupalake.org.np"
52.164.184.236 - - [27/Apr/2025:16:12:00 -0400] "GET /small.php HTTP/1.1" 404 31147 "-" "-"
185.191.171.17 - - [27/Apr/2025:16:12:01 -0400] "GET /db.php/tv/single-focus/14610490592360.shtml HTTP/1.1" 200 0 "-" "Mozilla/5.0 (compatible; SemrushBot/7~bl; +http://www.semrush.com/bot.html)"
199.188.205.55 - - [27/Apr/2025:16:12:02 -0400] "POST /wp-cron.php?doing_wp_cron=1745784722.0856380462646484375000 HTTP/1.1" 200 0 "-" "WordPress/6.2.6; http://rupalake.org.np"
52.164.184.236 - - [27/Apr/2025:16:12:01 -0400] "GET /wp-content/plugins/upspy/index.php HTTP/1.1" 301 0 "-" "-"
185.191.171.9 - - [27/Apr/2025:16:12:03 -0400] "GET /db.php/air-conditioning/electric-heaters/9390161481036.shtml HTTP/1.1" 200 0 "-" "Mozilla/5.0 (compatible; SemrushBot/7~bl; +http://www.semrush.com/bot.html)"
52.164.184.236 - - [27/Apr/2025:16:12:02 -0400] "GET /wp-content/plugins/upspy/ HTTP/1.1" 404 31147 "-" "-"
52.164.184.236 - - [27/Apr/2025:16:12:04 -0400] "GET /wp-content/plugins/ubh/index.php HTTP/1.1" 301 0 "-" "-"
52.164.184.236 - - [27/Apr/2025:16:12:04 -0400] "GET /wp-content/plugins/ubh/ HTTP/1.1" 404 31147 "-" "-"
40.77.167.23 - - [27/Apr/2025:16:12:06 -0400] "GET /blu-ray-japanese-movies-2ck48 HTTP/1.1" 200 21722 "-" "Mozilla/5.0 AppleWebKit/537.36 (KHTML, like Gecko; compatible; bingbot/2.0; +http://www.bing.com/bingbot.htm) Chrome/116.0.1938.76 Safari/537.36"
52.164.184.236 - - [27/Apr/2025:16:12:06 -0400] "GET /wp-content/plugins/vwcleanerplugin/bump.php?cache HTTP/1.1" 404 31147 "-" "-"
52.164.184.236 - - [27/Apr/2025:16:12:08 -0400] "GET /wp-content/themes/gaukingo/db.php HTTP/1.1" 404 31147 "-" "-"
40.77.167.4 - - [27/Apr/2025:16:12:11 -0400] "GET /air-conditioning-air-purifiers-2gq0b HTTP/1.1" 200 20509 "-" "Mozilla/5.0 AppleWebKit/537.36 (KHTML, like Gecko; compatible; bingbot/2.0; +http://www.bing.com/bingbot.htm) Chrome/116.0.1938.76 Safari/537.36"
52.164.184.236 - - [27/Apr/2025:16:12:10 -0400] "GET /wp-content/plugins/three-column-screen-layout/db.php HTTP/1.1" 404 31147 "-" "-"
52.164.184.236 - - [27/Apr/2025:16:12:12 -0400] "GET /wp-content/plugins/xichang/x.php?xi HTTP/1.1" 404 31147 "-" "-"
52.164.184.236 - - [27/Apr/2025:16:12:13 -0400] "GET /wp-content/plugins/html404/index.html HTTP/1.1" 404 31147 "-" "-"
52.164.184.236 - - [27/Apr/2025:16:12:15 -0400] "GET /wp-content/plugins/wp-db-ajax-made/wp-ajax.php HTTP/1.1" 404 31147 "-" "-"
52.164.184.236 - - [27/Apr/2025:16:12:16 -0400] "GET /Marvins.php HTTP/1.1" 404 31147 "-" "-"
52.164.184.236 - - [27/Apr/2025:16:12:19 -0400] "GET /wp-includes/css/modules.php HTTP/1.1" 404 31147 "-" "-"
35.209.236.244 - - [27/Apr/2025:16:12:20 -0400] "GET /db.php/computers/windows-notebooks/740412794596.shtml HTTP/1.1" 200 0 "-" "Buck/2.4.3; (+https://app.hypefactors.com/media-monitoring/about.html)"
52.164.184.236 - - [27/Apr/2025:16:12:20 -0400] "GET /indoxploit.php HTTP/1.1" 404 31147 "-" "-"
52.164.184.236 - - [27/Apr/2025:16:12:21 -0400] "GET /wp-content/plugins/css-ready-sel/file.php HTTP/1.1" 404 31147 "-" "-"
52.164.184.236 - - [27/Apr/2025:16:12:23 -0400] "GET /wp-content/plugins/css-ready/file.php HTTP/1.1" 404 31147 "-" "-"
52.164.184.236 - - [27/Apr/2025:16:12:24 -0400] "GET /wp-content/think.php HTTP/1.1" 404 31147 "-" "-"
52.164.184.236 - - [27/Apr/2025:16:12:26 -0400] "GET /wp-content/plugins/html404/xccc.php HTTP/1.1" 404 31147 "-" "-"
52.164.184.236 - - [27/Apr/2025:16:12:28 -0400] "GET /wp-content/plugins/html404/cry.php.pjpeg HTTP/1.1" 404 31147 "-" "-"
52.164.184.236 - - [27/Apr/2025:16:12:29 -0400] "GET //wp-content/plugins/real/v.php HTTP/1.1" 301 0 "-" "-"
52.164.184.236 - - [27/Apr/2025:16:12:30 -0400] "GET /wp-content/plugins/real/v.php HTTP/1.1" 404 31147 "-" "-"
52.164.184.236 - - [27/Apr/2025:16:12:32 -0400] "GET /wp-content/plugins/html404/wso25.php HTTP/1.1" 404 31147 "-" "-"
52.164.184.236 - - [27/Apr/2025:16:12:34 -0400] "GET /modules/mod_simplefileuploadv1.3/elements/udd.php HTTP/1.1" 404 31147 "-" "-"
85.208.96.207 - - [27/Apr/2025:16:12:35 -0400] "GET /db.php/diet/essential-oils-iru/10070502133771.shtml HTTP/1.1" 200 0 "-" "Mozilla/5.0 (compatible; SemrushBot/7~bl; +http://www.semrush.com/bot.html)"
52.164.184.236 - - [27/Apr/2025:16:12:35 -0400] "GET /libraries/joomla/css.php HTTP/1.1" 404 31147 "-" "-"
52.164.184.236 - - [27/Apr/2025:16:12:36 -0400] "GET /libraries/joomla/jmails.php?u HTTP/1.1" 404 31147 "-" "-"
52.164.184.236 - - [27/Apr/2025:16:12:38 -0400] "GET /libraries/joomla/jmail.php?u HTTP/1.1" 404 31147 "-" "-"
52.164.184.236 - - [27/Apr/2025:16:12:39 -0400] "GET /images/vuln.php HTTP/1.1" 404 31147 "-" "-"
185.191.171.12 - - [27/Apr/2025:16:12:41 -0400] "GET /db.php/tablets/windows-notebooks/740551092401.shtml HTTP/1.1" 200 0 "-" "Mozilla/5.0 (compatible; SemrushBot/7~bl; +http://www.semrush.com/bot.html)"
52.164.184.236 - - [27/Apr/2025:16:12:41 -0400] "GET /tmp/vuln.php HTTP/1.1" 404 31147 "-" "-"
85.208.96.210 - - [27/Apr/2025:16:12:42 -0400] "GET /db.php/handmade/pendants/11500172265750.shtml HTTP/1.1" 200 0 "-" "Mozilla/5.0 (compatible; SemrushBot/7~bl; +http://www.semrush.com/bot.html)"
52.164.184.236 - - [27/Apr/2025:16:12:42 -0400] "GET /rxr.php?rxr HTTP/1.1" 404 31147 "-" "-"
185.191.171.12 - - [27/Apr/2025:16:12:44 -0400] "GET /db.php/art/objects/18470271150879.shtml HTTP/1.1" 200 0 "-" "Mozilla/5.0 (compatible; SemrushBot/7~bl; +http://www.semrush.com/bot.html)"
52.164.184.236 - - [27/Apr/2025:16:12:44 -0400] "GET /modules/modules/modules.php HTTP/1.1" 404 31147 "-" "-"
52.164.184.236 - - [27/Apr/2025:16:12:45 -0400] "GET /error.php HTTP/1.1" 404 31147 "-" "-"
52.164.184.236 - - [27/Apr/2025:16:12:46 -0400] "GET //wp-content/themes/fitnessbase/404.php?ok HTTP/1.1" 301 0 "-" "-"
52.164.184.236 - - [27/Apr/2025:16:12:47 -0400] "GET /wp-content/themes/fitnessbase/404.php?ok HTTP/1.1" 404 31147 "-" "-"
52.164.184.236 - - [27/Apr/2025:16:12:48 -0400] "GET //wp-add-admin.php HTTP/1.1" 301 0 "-" "-"
52.164.184.236 - - [27/Apr/2025:16:12:48 -0400] "GET /wp-add-admin.php HTTP/1.1" 404 31147 "-" "-"
52.164.184.236 - - [27/Apr/2025:16:12:50 -0400] "GET /RxR.php HTTP/1.1" 404 31147 "-" "-"
52.164.184.236 - - [27/Apr/2025:16:12:51 -0400] "GET //modules/mod_simplefileuploadv1.3/elements/udd.php HTTP/1.1" 301 0 "-" "-"
52.164.184.236 - - [27/Apr/2025:16:12:51 -0400] "GET /modules/mod_simplefileuploadv1.3/elements/udd.php HTTP/1.1" 404 31147 "-" "-"
52.164.184.236 - - [27/Apr/2025:16:12:52 -0400] "GET /components/com_b2jcontact/izoc.php HTTP/1.1" 404 31147 "-" "-"
52.164.184.236 - - [27/Apr/2025:16:12:54 -0400] "GET /administrator/templates/bluestork/error.php HTTP/1.1" 404 31147 "-" "-"
52.164.184.236 - - [27/Apr/2025:16:12:55 -0400] "GET /administrator/templates/hathor/index.php HTTP/1.1" 301 0 "-" "-"
52.164.184.236 - - [27/Apr/2025:16:12:56 -0400] "GET /administrator/templates/hathor/ HTTP/1.1" 404 31147 "-" "-"
40.77.167.23 - - [27/Apr/2025:16:12:57 -0400] "GET /sports-clubs-h0on HTTP/1.1" 200 21904 "-" "Mozilla/5.0 AppleWebKit/537.36 (KHTML, like Gecko; compatible; bingbot/2.0; +http://www.bing.com/bingbot.htm) Chrome/116.0.1938.76 Safari/537.36"
52.164.184.236 - - [27/Apr/2025:16:12:57 -0400] "GET /administrator/templates/hathor/error.php HTTP/1.1" 404 31147 "-" "-"
52.164.184.236 - - [27/Apr/2025:16:12:58 -0400] "GET /administrator/templates/isis/index.php HTTP/1.1" 301 0 "-" "-"
85.208.96.203 - - [27/Apr/2025:16:12:59 -0400] "GET /db.php/tops/knitwear/20450081244317.shtml HTTP/1.1" 200 0 "-" "Mozilla/5.0 (compatible; SemrushBot/7~bl; +http://www.semrush.com/bot.html)"
52.164.184.236 - - [27/Apr/2025:16:12:59 -0400] "GET /administrator/templates/isis/ HTTP/1.1" 404 31147 "-" "-"
199.188.205.55 - - [27/Apr/2025:16:13:01 -0400] "POST /wp-cron.php?doing_wp_cron=1745784781.6390569210052490234375 HTTP/1.1" 200 0 "-" "WordPress/6.2.6; http://rupalake.org.np"
40.77.167.4 - - [27/Apr/2025:16:13:01 -0400] "GET /fashion-yukata-2j15g HTTP/1.1" 200 20591 "-" "Mozilla/5.0 AppleWebKit/537.36 (KHTML, like Gecko; compatible; bingbot/2.0; +http://www.bing.com/bingbot.htm) Chrome/116.0.1938.76 Safari/537.36"
52.164.184.236 - - [27/Apr/2025:16:13:01 -0400] "GET /administrator/templates/isis/error.php HTTP/1.1" 404 31147 "-" "-"
52.164.184.236 - - [27/Apr/2025:16:13:02 -0400] "GET /templates/beez/index.php HTTP/1.1" 301 0 "-" "-"
52.164.184.236 - - [27/Apr/2025:16:13:03 -0400] "GET /templates/beez/ HTTP/1.1" 404 31147 "-" "-"
35.209.236.244 - - [27/Apr/2025:16:13:05 -0400] "GET /db.php/etc./bulk-sales/15210280679504.shtml HTTP/1.1" 200 0 "-" "Buck/2.4.3; (+https://app.hypefactors.com/media-monitoring/about.html)"
