85.208.96.193 - - [27/Apr/2025:18:15:37 -0400] "GET /product/731405.html HTTP/1.1" 404 13 "-" "Mozilla/5.0 (compatible; SemrushBot/7~bl; +http://www.semrush.com/bot.html)"
85.208.96.208 - - [27/Apr/2025:18:15:46 -0400] "GET /product/476026.html HTTP/1.1" 404 13 "-" "Mozilla/5.0 (compatible; SemrushBot/7~bl; +http://www.semrush.com/bot.html)"
85.208.96.202 - - [27/Apr/2025:18:15:55 -0400] "GET /product/865292.html HTTP/1.1" 404 13 "-" "Mozilla/5.0 (compatible; SemrushBot/7~bl; +http://www.semrush.com/bot.html)"
85.208.96.195 - - [27/Apr/2025:18:16:15 -0400] "GET /product/720394.html HTTP/1.1" 404 13 "-" "Mozilla/5.0 (compatible; SemrushBot/7~bl; +http://www.semrush.com/bot.html)"
185.191.171.14 - - [27/Apr/2025:18:16:21 -0400] "GET /product/735641.html HTTP/1.1" 404 13 "-" "Mozilla/5.0 (compatible; SemrushBot/7~bl; +http://www.semrush.com/bot.html)"
85.208.96.203 - - [27/Apr/2025:18:16:27 -0400] "GET /product/753073.html HTTP/1.1" 404 13 "-" "Mozilla/5.0 (compatible; SemrushBot/7~bl; +http://www.semrush.com/bot.html)"
4.227.36.9 - - [27/Apr/2025:18:16:40 -0400] "GET /robots.txt HTTP/1.1" 404 13 "-" "Mozilla/5.0 AppleWebKit/537.36 (KHTML, like Gecko; compatible; GPTBot/1.2; +https://openai.com/gptbot)"
185.191.171.2 - - [27/Apr/2025:18:16:49 -0400] "GET /product/915673.html HTTP/1.1" 404 13 "-" "Mozilla/5.0 (compatible; SemrushBot/7~bl; +http://www.semrush.com/bot.html)"
20.171.207.1 - - [27/Apr/2025:18:16:51 -0400] "GET /r... HTTP/1.1" 404 13 "-" "Mozilla/5.0 AppleWebKit/537.36 (KHTML, like Gecko; compatible; GPTBot/1.2; +https://openai.com/gptbot)"
185.191.171.12 - - [27/Apr/2025:18:16:58 -0400] "GET /product/708156.html HTTP/1.1" 404 13 "-" "Mozilla/5.0 (compatible; SemrushBot/7~bl; +http://www.semrush.com/bot.html)"
85.208.96.206 - - [27/Apr/2025:18:17:04 -0400] "GET /product/641839.html HTTP/1.1" 404 13 "-" "Mozilla/5.0 (compatible; SemrushBot/7~bl; +http://www.semrush.com/bot.html)"
185.191.171.7 - - [27/Apr/2025:18:17:07 -0400] "GET /product/634927.html HTTP/1.1" 404 13 "-" "Mozilla/5.0 (compatible; SemrushBot/7~bl; +http://www.semrush.com/bot.html)"
85.208.96.206 - - [27/Apr/2025:18:17:16 -0400] "GET /product/100804.html HTTP/1.1" 404 13 "-" "Mozilla/5.0 (compatible; SemrushBot/7~bl; +http://www.semrush.com/bot.html)"
85.208.96.207 - - [27/Apr/2025:18:17:43 -0400] "GET /product/2916.html HTTP/1.1" 404 13 "-" "Mozilla/5.0 (compatible; SemrushBot/7~bl; +http://www.semrush.com/bot.html)"
185.191.171.14 - - [27/Apr/2025:18:17:56 -0400] "GET /product/881075.html HTTP/1.1" 404 13 "-" "Mozilla/5.0 (compatible; SemrushBot/7~bl; +http://www.semrush.com/bot.html)"
85.208.96.197 - - [27/Apr/2025:18:18:00 -0400] "GET /product/905077.html HTTP/1.1" 404 13 "-" "Mozilla/5.0 (compatible; SemrushBot/7~bl; +http://www.semrush.com/bot.html)"
85.208.96.193 - - [27/Apr/2025:18:18:04 -0400] "GET /product/470073.html HTTP/1.1" 404 13 "-" "Mozilla/5.0 (compatible; SemrushBot/7~bl; +http://www.semrush.com/bot.html)"
185.191.171.14 - - [27/Apr/2025:18:18:35 -0400] "GET /product/537468.html HTTP/1.1" 404 13 "-" "Mozilla/5.0 (compatible; SemrushBot/7~bl; +http://www.semrush.com/bot.html)"
85.208.96.193 - - [27/Apr/2025:18:18:39 -0400] "GET /product/771142.html HTTP/1.1" 404 13 "-" "Mozilla/5.0 (compatible; SemrushBot/7~bl; +http://www.semrush.com/bot.html)"
185.191.171.2 - - [27/Apr/2025:18:18:58 -0400] "GET /product/97527.html HTTP/1.1" 404 13 "-" "Mozilla/5.0 (compatible; SemrushBot/7~bl; +http://www.semrush.com/bot.html)"
185.191.171.7 - - [27/Apr/2025:18:19:10 -0400] "GET /product/461083.html HTTP/1.1" 404 13 "-" "Mozilla/5.0 (compatible; SemrushBot/7~bl; +http://www.semrush.com/bot.html)"
85.208.96.210 - - [27/Apr/2025:18:19:30 -0400] "GET /product/766404.html HTTP/1.1" 404 13 "-" "Mozilla/5.0 (compatible; SemrushBot/7~bl; +http://www.semrush.com/bot.html)"
85.208.96.210 - - [27/Apr/2025:18:19:32 -0400] "GET /product/700517.html HTTP/1.1" 404 13 "-" "Mozilla/5.0 (compatible; SemrushBot/7~bl; +http://www.semrush.com/bot.html)"
85.208.96.198 - - [27/Apr/2025:18:19:40 -0400] "GET /product/339069.html HTTP/1.1" 404 13 "-" "Mozilla/5.0 (compatible; SemrushBot/7~bl; +http://www.semrush.com/bot.html)"
185.191.171.13 - - [27/Apr/2025:18:19:58 -0400] "GET /product/890638.html HTTP/1.1" 404 13 "-" "Mozilla/5.0 (compatible; SemrushBot/7~bl; +http://www.semrush.com/bot.html)"
85.208.96.208 - - [27/Apr/2025:18:20:13 -0400] "GET /product/746855.html HTTP/1.1" 404 13 "-" "Mozilla/5.0 (compatible; SemrushBot/7~bl; +http://www.semrush.com/bot.html)"
85.208.96.210 - - [27/Apr/2025:18:20:25 -0400] "GET /product/344809.html HTTP/1.1" 404 13 "-" "Mozilla/5.0 (compatible; SemrushBot/7~bl; +http://www.semrush.com/bot.html)"
85.208.96.203 - - [27/Apr/2025:18:20:27 -0400] "GET /product/185856.html HTTP/1.1" 404 13 "-" "Mozilla/5.0 (compatible; SemrushBot/7~bl; +http://www.semrush.com/bot.html)"
85.208.96.212 - - [27/Apr/2025:18:20:47 -0400] "GET /product/981092.html HTTP/1.1" 404 13 "-" "Mozilla/5.0 (compatible; SemrushBot/7~bl; +http://www.semrush.com/bot.html)"
85.208.96.200 - - [27/Apr/2025:18:20:48 -0400] "GET /product/119285.html HTTP/1.1" 404 13 "-" "Mozilla/5.0 (compatible; SemrushBot/7~bl; +http://www.semrush.com/bot.html)"
185.191.171.14 - - [27/Apr/2025:18:21:00 -0400] "GET /product/906778.html HTTP/1.1" 404 13 "-" "Mozilla/5.0 (compatible; SemrushBot/7~bl; +http://www.semrush.com/bot.html)"
185.191.171.13 - - [27/Apr/2025:18:21:33 -0400] "GET /product/355627.html HTTP/1.1" 404 13 "-" "Mozilla/5.0 (compatible; SemrushBot/7~bl; +http://www.semrush.com/bot.html)"
185.191.171.12 - - [27/Apr/2025:18:21:35 -0400] "GET /product/490317.html HTTP/1.1" 404 13 "-" "Mozilla/5.0 (compatible; SemrushBot/7~bl; +http://www.semrush.com/bot.html)"
85.208.96.206 - - [27/Apr/2025:18:21:36 -0400] "GET /product/397797.html HTTP/1.1" 404 13 "-" "Mozilla/5.0 (compatible; SemrushBot/7~bl; +http://www.semrush.com/bot.html)"
85.208.96.193 - - [27/Apr/2025:18:21:55 -0400] "GET /product/930099.html HTTP/1.1" 404 13 "-" "Mozilla/5.0 (compatible; SemrushBot/7~bl; +http://www.semrush.com/bot.html)"
185.191.171.15 - - [27/Apr/2025:18:22:09 -0400] "GET /product/925760.html HTTP/1.1" 404 13 "-" "Mozilla/5.0 (compatible; SemrushBot/7~bl; +http://www.semrush.com/bot.html)"
66.249.68.69 - - [27/Apr/2025:18:22:20 -0400] "GET /tricko-majka-z-gurunu-k.html HTTP/1.1" 404 13 "-" "Mozilla/5.0 (Linux; Android 6.0.1; Nexus 5X Build/MMB29P) AppleWebKit/537.36 (KHTML, like Gecko) Chrome/135.0.7049.95 Mobile Safari/537.36 (compatible; Googlebot/2.1; +http://www.google.com/bot.html)"
85.208.96.206 - - [27/Apr/2025:18:22:31 -0400] "GET /product/964565.html HTTP/1.1" 404 13 "-" "Mozilla/5.0 (compatible; SemrushBot/7~bl; +http://www.semrush.com/bot.html)"
185.191.171.16 - - [27/Apr/2025:18:22:43 -0400] "GET /product/993178.html HTTP/1.1" 404 13 "-" "Mozilla/5.0 (compatible; SemrushBot/7~bl; +http://www.semrush.com/bot.html)"
185.191.171.15 - - [27/Apr/2025:18:22:55 -0400] "GET /product/740407.html HTTP/1.1" 404 13 "-" "Mozilla/5.0 (compatible; SemrushBot/7~bl; +http://www.semrush.com/bot.html)"
85.208.96.203 - - [27/Apr/2025:18:22:57 -0400] "GET /product/448472.html HTTP/1.1" 404 13 "-" "Mozilla/5.0 (compatible; SemrushBot/7~bl; +http://www.semrush.com/bot.html)"
85.208.96.193 - - [27/Apr/2025:18:23:13 -0400] "GET /product/478402.html HTTP/1.1" 404 13 "-" "Mozilla/5.0 (compatible; SemrushBot/7~bl; +http://www.semrush.com/bot.html)"
185.191.171.4 - - [27/Apr/2025:18:23:15 -0400] "GET /product/421540.html HTTP/1.1" 404 13 "-" "Mozilla/5.0 (compatible; SemrushBot/7~bl; +http://www.semrush.com/bot.html)"
185.191.171.14 - - [27/Apr/2025:18:23:22 -0400] "GET /product/941950.html HTTP/1.1" 404 13 "-" "Mozilla/5.0 (compatible; SemrushBot/7~bl; +http://www.semrush.com/bot.html)"
185.191.171.7 - - [27/Apr/2025:18:23:38 -0400] "GET /product/899683.html HTTP/1.1" 404 13 "-" "Mozilla/5.0 (compatible; SemrushBot/7~bl; +http://www.semrush.com/bot.html)"
185.191.171.17 - - [27/Apr/2025:18:23:53 -0400] "GET /product/875862.html HTTP/1.1" 404 13 "-" "Mozilla/5.0 (compatible; SemrushBot/7~bl; +http://www.semrush.com/bot.html)"
85.208.96.198 - - [27/Apr/2025:18:24:06 -0400] "GET /product/892293.html HTTP/1.1" 404 13 "-" "Mozilla/5.0 (compatible; SemrushBot/7~bl; +http://www.semrush.com/bot.html)"
185.191.171.17 - - [27/Apr/2025:18:24:10 -0400] "GET /product/331911.html HTTP/1.1" 404 13 "-" "Mozilla/5.0 (compatible; SemrushBot/7~bl; +http://www.semrush.com/bot.html)"
85.208.96.205 - - [27/Apr/2025:18:24:29 -0400] "GET /product/70080.html HTTP/1.1" 404 13 "-" "Mozilla/5.0 (compatible; SemrushBot/7~bl; +http://www.semrush.com/bot.html)"
85.208.96.205 - - [27/Apr/2025:18:24:31 -0400] "GET /product/685147.html HTTP/1.1" 404 13 "-" "Mozilla/5.0 (compatible; SemrushBot/7~bl; +http://www.semrush.com/bot.html)"
85.208.96.201 - - [27/Apr/2025:18:25:00 -0400] "GET /product/490264.html HTTP/1.1" 404 13 "-" "Mozilla/5.0 (compatible; SemrushBot/7~bl; +http://www.semrush.com/bot.html)"
85.208.96.210 - - [27/Apr/2025:18:25:08 -0400] "GET /product/378233.html HTTP/1.1" 404 13 "-" "Mozilla/5.0 (compatible; SemrushBot/7~bl; +http://www.semrush.com/bot.html)"
85.208.96.210 - - [27/Apr/2025:18:25:20 -0400] "GET /product/891163.html HTTP/1.1" 404 13 "-" "Mozilla/5.0 (compatible; SemrushBot/7~bl; +http://www.semrush.com/bot.html)"
85.208.96.210 - - [27/Apr/2025:18:25:50 -0400] "GET /product/207183.html HTTP/1.1" 404 13 "-" "Mozilla/5.0 (compatible; SemrushBot/7~bl; +http://www.semrush.com/bot.html)"
185.191.171.17 - - [27/Apr/2025:18:25:52 -0400] "GET /product/6624.html HTTP/1.1" 404 13 "-" "Mozilla/5.0 (compatible; SemrushBot/7~bl; +http://www.semrush.com/bot.html)"
199.188.205.55 - - [27/Apr/2025:18:26:04 -0400] "POST /wp-cron.php?doing_wp_cron=1745792763.8958120346069335937500 HTTP/1.1" 403 13 "-" "WordPress/6.6.2; http://seedfoundation.org.np"
35.209.159.173 - - [27/Apr/2025:18:26:01 -0400] "HEAD / HTTP/1.1" 200 0 "-" "scalaj-http/2.4.2"
35.209.159.173 - - [27/Apr/2025:18:26:04 -0400] "GET / HTTP/1.1" 200 8336 "-" "Buck/2.4.3; (+https://app.hypefactors.com/media-monitoring/about.html)"
35.209.159.173 - - [27/Apr/2025:18:26:05 -0400] "GET /robots.txt HTTP/1.1" 404 13 "-" "Buck/2.4.3; (+https://app.hypefactors.com/media-monitoring/about.html)"
85.208.96.210 - - [27/Apr/2025:18:26:13 -0400] "GET /product/911490.html HTTP/1.1" 404 13 "-" "Mozilla/5.0 (compatible; SemrushBot/7~bl; +http://www.semrush.com/bot.html)"
85.208.96.199 - - [27/Apr/2025:18:26:31 -0400] "GET /product/13784.html HTTP/1.1" 404 13 "-" "Mozilla/5.0 (compatible; SemrushBot/7~bl; +http://www.semrush.com/bot.html)"
185.191.171.14 - - [27/Apr/2025:18:26:42 -0400] "GET /product/832257.html HTTP/1.1" 404 13 "-" "Mozilla/5.0 (compatible; SemrushBot/7~bl; +http://www.semrush.com/bot.html)"
35.209.159.173 - - [27/Apr/2025:18:26:49 -0400] "GET /feed/ HTTP/1.1" 404 13 "-" "Buck/2.4.3; (+https://app.hypefactors.com/media-monitoring/about.html)"
185.191.171.13 - - [27/Apr/2025:18:26:49 -0400] "GET /product/887650.html HTTP/1.1" 404 13 "-" "Mozilla/5.0 (compatible; SemrushBot/7~bl; +http://www.semrush.com/bot.html)"
66.249.68.67 - - [27/Apr/2025:18:27:01 -0400] "GET /adidasi-puma-fierce-core-k.html HTTP/1.1" 404 13 "-" "Mozilla/5.0 (Linux; Android 6.0.1; Nexus 5X Build/MMB29P) AppleWebKit/537.36 (KHTML, like Gecko) Chrome/135.0.7049.95 Mobile Safari/537.36 (compatible; Googlebot/2.1; +http://www.google.com/bot.html)"
35.209.159.173 - - [27/Apr/2025:18:27:14 -0400] "GET /about-us/ HTTP/1.1" 404 13 "-" "Buck/2.4.3; (+https://app.hypefactors.com/media-monitoring/about.html)"
85.208.96.204 - - [27/Apr/2025:18:27:18 -0400] "GET /product/259441.html HTTP/1.1" 404 13 "-" "Mozilla/5.0 (compatible; SemrushBot/7~bl; +http://www.semrush.com/bot.html)"
185.191.171.15 - - [27/Apr/2025:18:27:29 -0400] "GET /robots.txt HTTP/1.1" 404 13 "-" "Mozilla/5.0 (compatible; SemrushBot/7~bl; +http://www.semrush.com/bot.html)"
185.191.171.14 - - [27/Apr/2025:18:27:30 -0400] "GET /product/956181.html HTTP/1.1" 404 13 "-" "Mozilla/5.0 (compatible; SemrushBot/7~bl; +http://www.semrush.com/bot.html)"
185.191.171.13 - - [27/Apr/2025:18:27:33 -0400] "GET /product/58648.html HTTP/1.1" 404 13 "-" "Mozilla/5.0 (compatible; SemrushBot/7~bl; +http://www.semrush.com/bot.html)"
85.208.96.200 - - [27/Apr/2025:18:27:38 -0400] "GET /product/73186.html HTTP/1.1" 404 13 "-" "Mozilla/5.0 (compatible; SemrushBot/7~bl; +http://www.semrush.com/bot.html)"
85.208.96.212 - - [27/Apr/2025:18:27:44 -0400] "GET /product/658768.html HTTP/1.1" 404 13 "-" "Mozilla/5.0 (compatible; SemrushBot/7~bl; +http://www.semrush.com/bot.html)"
85.208.96.210 - - [27/Apr/2025:18:27:45 -0400] "GET /product/959315.html HTTP/1.1" 404 13 "-" "Mozilla/5.0 (compatible; SemrushBot/7~bl; +http://www.semrush.com/bot.html)"
35.209.159.173 - - [27/Apr/2025:18:27:54 -0400] "GET /volunteer/ HTTP/1.1" 404 13 "-" "Buck/2.4.3; (+https://app.hypefactors.com/media-monitoring/about.html)"
85.208.96.199 - - [27/Apr/2025:18:28:09 -0400] "GET /product/953829.html HTTP/1.1" 404 13 "-" "Mozilla/5.0 (compatible; SemrushBot/7~bl; +http://www.semrush.com/bot.html)"
85.208.96.203 - - [27/Apr/2025:18:28:15 -0400] "GET /product/738880.html HTTP/1.1" 404 13 "-" "Mozilla/5.0 (compatible; SemrushBot/7~bl; +http://www.semrush.com/bot.html)"
35.209.159.173 - - [27/Apr/2025:18:28:27 -0400] "GET /donate-us/ HTTP/1.1" 404 13 "-" "Buck/2.4.3; (+https://app.hypefactors.com/media-monitoring/about.html)"
185.191.171.4 - - [27/Apr/2025:18:28:29 -0400] "GET /product/239242.html HTTP/1.1" 404 13 "-" "Mozilla/5.0 (compatible; SemrushBot/7~bl; +http://www.semrush.com/bot.html)"
185.191.171.14 - - [27/Apr/2025:18:28:47 -0400] "GET /product/345997.html HTTP/1.1" 404 13 "-" "Mozilla/5.0 (compatible; SemrushBot/7~bl; +http://www.semrush.com/bot.html)"
35.209.159.173 - - [27/Apr/2025:18:29:00 -0400] "GET /contact-us/ HTTP/1.1" 404 13 "-" "Buck/2.4.3; (+https://app.hypefactors.com/media-monitoring/about.html)"
85.208.96.200 - - [27/Apr/2025:18:29:04 -0400] "GET /product/979561.html HTTP/1.1" 404 13 "-" "Mozilla/5.0 (compatible; SemrushBot/7~bl; +http://www.semrush.com/bot.html)"
114.119.144.41 - - [27/Apr/2025:18:29:05 -0400] "GET /wp-includes/js/customize-preview-widgets.js HTTP/1.1" 200 7187 "http://seedfoundation.org.np/wp-includes/js/" "Mozilla/5.0 (Linux; Android 7.0;) AppleWebKit/537.36 (KHTML, like Gecko) Mobile Safari/537.36 (compatible; PetalBot;+https://webmaster.petalsearch.com/site/petalbot)"
185.191.171.14 - - [27/Apr/2025:18:29:15 -0400] "GET /product/954067.html HTTP/1.1" 404 13 "-" "Mozilla/5.0 (compatible; SemrushBot/7~bl; +http://www.semrush.com/bot.html)"
85.208.96.211 - - [27/Apr/2025:18:29:32 -0400] "GET /product/743059.html HTTP/1.1" 404 13 "-" "Mozilla/5.0 (compatible; SemrushBot/7~bl; +http://www.semrush.com/bot.html)"
35.209.159.173 - - [27/Apr/2025:18:29:36 -0400] "GET /our-activities/ HTTP/1.1" 404 13 "-" "Buck/2.4.3; (+https://app.hypefactors.com/media-monitoring/about.html)"
185.191.171.10 - - [27/Apr/2025:18:29:40 -0400] "GET /product/546422.html HTTP/1.1" 404 13 "-" "Mozilla/5.0 (compatible; SemrushBot/7~bl; +http://www.semrush.com/bot.html)"
185.191.171.10 - - [27/Apr/2025:18:30:05 -0400] "GET /product/76601.html HTTP/1.1" 404 13 "-" "Mozilla/5.0 (compatible; SemrushBot/7~bl; +http://www.semrush.com/bot.html)"
85.208.96.199 - - [27/Apr/2025:18:30:11 -0400] "GET /product/895325.html HTTP/1.1" 404 13 "-" "Mozilla/5.0 (compatible; SemrushBot/7~bl; +http://www.semrush.com/bot.html)"
35.209.159.173 - - [27/Apr/2025:18:30:16 -0400] "GET /main-objectives/ HTTP/1.1" 404 13 "-" "Buck/2.4.3; (+https://app.hypefactors.com/media-monitoring/about.html)"
185.191.171.16 - - [27/Apr/2025:18:30:21 -0400] "GET /product/265249.html HTTP/1.1" 404 13 "-" "Mozilla/5.0 (compatible; SemrushBot/7~bl; +http://www.semrush.com/bot.html)"
185.191.171.11 - - [27/Apr/2025:18:30:41 -0400] "GET /product/176529.html HTTP/1.1" 404 13 "-" "Mozilla/5.0 (compatible; SemrushBot/7~bl; +http://www.semrush.com/bot.html)"
185.191.171.18 - - [27/Apr/2025:18:30:43 -0400] "GET /product/860807.html HTTP/1.1" 404 13 "-" "Mozilla/5.0 (compatible; SemrushBot/7~bl; +http://www.semrush.com/bot.html)"
114.119.138.179 - - [27/Apr/2025:18:30:53 -0400] "GET /wp-includes/js/comment-reply.min.js HTTP/1.1" 200 1399 "http://seedfoundation.org.np/wp-includes/js/" "Mozilla/5.0 (Linux; Android 7.0;) AppleWebKit/537.36 (KHTML, like Gecko) Mobile Safari/537.36 (compatible; PetalBot;+https://webmaster.petalsearch.com/site/petalbot)"
85.208.96.197 - - [27/Apr/2025:18:30:59 -0400] "GET /product/450985.html HTTP/1.1" 404 13 "-" "Mozilla/5.0 (compatible; SemrushBot/7~bl; +http://www.semrush.com/bot.html)"
35.209.159.173 - - [27/Apr/2025:18:31:01 -0400] "GET /core-values-2/ HTTP/1.1" 404 13 "-" "Buck/2.4.3; (+https://app.hypefactors.com/media-monitoring/about.html)"
185.191.171.13 - - [27/Apr/2025:18:31:09 -0400] "GET /product/913125.html HTTP/1.1" 404 13 "-" "Mozilla/5.0 (compatible; SemrushBot/7~bl; +http://www.semrush.com/bot.html)"
85.208.96.206 - - [27/Apr/2025:18:31:25 -0400] "GET /product/611609.html HTTP/1.1" 404 13 "-" "Mozilla/5.0 (compatible; SemrushBot/7~bl; +http://www.semrush.com/bot.html)"
185.191.171.16 - - [27/Apr/2025:18:31:34 -0400] "GET /product/76497.html HTTP/1.1" 404 13 "-" "Mozilla/5.0 (compatible; SemrushBot/7~bl; +http://www.semrush.com/bot.html)"
185.191.171.12 - - [27/Apr/2025:18:31:47 -0400] "GET /product/759584.html HTTP/1.1" 404 13 "-" "Mozilla/5.0 (compatible; SemrushBot/7~bl; +http://www.semrush.com/bot.html)"
185.191.171.7 - - [27/Apr/2025:18:31:56 -0400] "GET /product/32312.html HTTP/1.1" 404 13 "-" "Mozilla/5.0 (compatible; SemrushBot/7~bl; +http://www.semrush.com/bot.html)"
85.208.96.196 - - [27/Apr/2025:18:32:20 -0400] "GET /product/292616.html HTTP/1.1" 404 13 "-" "Mozilla/5.0 (compatible; SemrushBot/7~bl; +http://www.semrush.com/bot.html)"
185.191.171.9 - - [27/Apr/2025:18:32:24 -0400] "GET /product/968208.html HTTP/1.1" 404 13 "-" "Mozilla/5.0 (compatible; SemrushBot/7~bl; +http://www.semrush.com/bot.html)"
185.191.171.13 - - [27/Apr/2025:18:32:30 -0400] "GET /product/119097.html HTTP/1.1" 404 13 "-" "Mozilla/5.0 (compatible; SemrushBot/7~bl; +http://www.semrush.com/bot.html)"
114.119.146.18 - - [27/Apr/2025:18:32:34 -0400] "GET /wp-includes/checkbox.php?lokasie=/var/softaculous/alegro/.htaccess&loknya=/var/softaculous/alegro HTTP/1.1" 404 13 "http://seedfoundation.org.np/wp-includes/checkbox.php?loknya=/var/softaculous/alegro" "Mozilla/5.0 (Linux; Android 7.0;) AppleWebKit/537.36 (KHTML, like Gecko) Mobile Safari/537.36 (compatible; PetalBot;+https://webmaster.petalsearch.com/site/petalbot)"
85.208.96.212 - - [27/Apr/2025:18:33:06 -0400] "GET /product/812875.html HTTP/1.1" 404 13 "-" "Mozilla/5.0 (compatible; SemrushBot/7~bl; +http://www.semrush.com/bot.html)"
185.191.171.3 - - [27/Apr/2025:18:33:08 -0400] "GET /product/903144.html HTTP/1.1" 404 13 "-" "Mozilla/5.0 (compatible; SemrushBot/7~bl; +http://www.semrush.com/bot.html)"
85.208.96.201 - - [27/Apr/2025:18:33:09 -0400] "GET /product/551088.html HTTP/1.1" 404 13 "-" "Mozilla/5.0 (compatible; SemrushBot/7~bl; +http://www.semrush.com/bot.html)"
185.191.171.17 - - [27/Apr/2025:18:33:24 -0400] "GET /product/461961.html HTTP/1.1" 404 13 "-" "Mozilla/5.0 (compatible; SemrushBot/7~bl; +http://www.semrush.com/bot.html)"
185.191.171.11 - - [27/Apr/2025:18:33:36 -0400] "GET /product/654339.html HTTP/1.1" 404 13 "-" "Mozilla/5.0 (compatible; SemrushBot/7~bl; +http://www.semrush.com/bot.html)"
85.208.96.201 - - [27/Apr/2025:18:33:58 -0400] "GET /product/729586.html HTTP/1.1" 404 13 "-" "Mozilla/5.0 (compatible; SemrushBot/7~bl; +http://www.semrush.com/bot.html)"
185.191.171.9 - - [27/Apr/2025:18:34:18 -0400] "GET /product/908460.html HTTP/1.1" 404 13 "-" "Mozilla/5.0 (compatible; SemrushBot/7~bl; +http://www.semrush.com/bot.html)"
185.191.171.7 - - [27/Apr/2025:18:34:24 -0400] "GET /product/312798.html HTTP/1.1" 404 13 "-" "Mozilla/5.0 (compatible; SemrushBot/7~bl; +http://www.semrush.com/bot.html)"
66.249.68.68 - - [27/Apr/2025:18:34:24 -0400] "GET /columbia-running-shoes-k.html HTTP/1.1" 404 13 "-" "Mozilla/5.0 (Linux; Android 6.0.1; Nexus 5X Build/MMB29P) AppleWebKit/537.36 (KHTML, like Gecko) Chrome/135.0.7049.95 Mobile Safari/537.36 (compatible; Googlebot/2.1; +http://www.google.com/bot.html)"
185.191.171.11 - - [27/Apr/2025:18:34:32 -0400] "GET /product/490203.html HTTP/1.1" 404 13 "-" "Mozilla/5.0 (compatible; SemrushBot/7~bl; +http://www.semrush.com/bot.html)"
185.191.171.17 - - [27/Apr/2025:18:34:41 -0400] "GET /product/89002.html HTTP/1.1" 404 13 "-" "Mozilla/5.0 (compatible; SemrushBot/7~bl; +http://www.semrush.com/bot.html)"
85.208.96.207 - - [27/Apr/2025:18:35:06 -0400] "GET /product/827951.html HTTP/1.1" 404 13 "-" "Mozilla/5.0 (compatible; SemrushBot/7~bl; +http://www.semrush.com/bot.html)"
185.191.171.14 - - [27/Apr/2025:18:35:28 -0400] "GET /product/841313.html HTTP/1.1" 404 13 "-" "Mozilla/5.0 (compatible; SemrushBot/7~bl; +http://www.semrush.com/bot.html)"
85.208.96.208 - - [27/Apr/2025:18:35:38 -0400] "GET /product/964177.html HTTP/1.1" 404 13 "-" "Mozilla/5.0 (compatible; SemrushBot/7~bl; +http://www.semrush.com/bot.html)"
85.208.96.194 - - [27/Apr/2025:18:35:41 -0400] "GET /product/279672.html HTTP/1.1" 404 13 "-" "Mozilla/5.0 (compatible; SemrushBot/7~bl; +http://www.semrush.com/bot.html)"
85.208.96.212 - - [27/Apr/2025:18:35:53 -0400] "GET /product/726949.html HTTP/1.1" 404 13 "-" "Mozilla/5.0 (compatible; SemrushBot/7~bl; +http://www.semrush.com/bot.html)"
185.191.171.17 - - [27/Apr/2025:18:36:09 -0400] "GET /product/273571.html HTTP/1.1" 404 13 "-" "Mozilla/5.0 (compatible; SemrushBot/7~bl; +http://www.semrush.com/bot.html)"
185.191.171.2 - - [27/Apr/2025:18:36:14 -0400] "GET /product/257878.html HTTP/1.1" 404 13 "-" "Mozilla/5.0 (compatible; SemrushBot/7~bl; +http://www.semrush.com/bot.html)"
185.191.171.19 - - [27/Apr/2025:18:36:28 -0400] "GET /product/780651.html HTTP/1.1" 404 13 "-" "Mozilla/5.0 (compatible; SemrushBot/7~bl; +http://www.semrush.com/bot.html)"
85.208.96.195 - - [27/Apr/2025:18:36:29 -0400] "GET /product/511028.html HTTP/1.1" 404 13 "-" "Mozilla/5.0 (compatible; SemrushBot/7~bl; +http://www.semrush.com/bot.html)"
185.191.171.3 - - [27/Apr/2025:18:36:51 -0400] "GET /product/36249.html HTTP/1.1" 404 13 "-" "Mozilla/5.0 (compatible; SemrushBot/7~bl; +http://www.semrush.com/bot.html)"
85.208.96.208 - - [27/Apr/2025:18:37:14 -0400] "GET /product/2228.html HTTP/1.1" 404 13 "-" "Mozilla/5.0 (compatible; SemrushBot/7~bl; +http://www.semrush.com/bot.html)"
185.191.171.7 - - [27/Apr/2025:18:37:15 -0400] "GET /product/961797.html HTTP/1.1" 404 13 "-" "Mozilla/5.0 (compatible; SemrushBot/7~bl; +http://www.semrush.com/bot.html)"
85.208.96.210 - - [27/Apr/2025:18:37:28 -0400] "GET /product/902853.html HTTP/1.1" 404 13 "-" "Mozilla/5.0 (compatible; SemrushBot/7~bl; +http://www.semrush.com/bot.html)"
185.191.171.7 - - [27/Apr/2025:18:37:55 -0400] "GET /product/986000.html HTTP/1.1" 404 13 "-" "Mozilla/5.0 (compatible; SemrushBot/7~bl; +http://www.semrush.com/bot.html)"
66.249.68.67 - - [27/Apr/2025:18:37:56 -0400] "GET /trening-nike-2017-k.html HTTP/1.1" 404 13 "-" "Mozilla/5.0 (Linux; Android 6.0.1; Nexus 5X Build/MMB29P) AppleWebKit/537.36 (KHTML, like Gecko) Chrome/135.0.7049.95 Mobile Safari/537.36 (compatible; Googlebot/2.1; +http://www.google.com/bot.html)"
85.208.96.196 - - [27/Apr/2025:18:38:04 -0400] "GET /product/125455.html HTTP/1.1" 404 13 "-" "Mozilla/5.0 (compatible; SemrushBot/7~bl; +http://www.semrush.com/bot.html)"
185.191.171.17 - - [27/Apr/2025:18:38:13 -0400] "GET /product/488539.html HTTP/1.1" 404 13 "-" "Mozilla/5.0 (compatible; SemrushBot/7~bl; +http://www.semrush.com/bot.html)"
185.191.171.17 - - [27/Apr/2025:18:38:21 -0400] "GET /product/721693.html HTTP/1.1" 404 13 "-" "Mozilla/5.0 (compatible; SemrushBot/7~bl; +http://www.semrush.com/bot.html)"
66.249.68.69 - - [27/Apr/2025:18:38:26 -0400] "GET /category/1608_23?F=displease HTTP/1.1" 404 13 "-" "Mozilla/5.0 (Linux; Android 6.0.1; Nexus 5X Build/MMB29P) AppleWebKit/537.36 (KHTML, like Gecko) Chrome/135.0.7049.95 Mobile Safari/537.36 (compatible; Googlebot/2.1; +http://www.google.com/bot.html)"
85.208.96.206 - - [27/Apr/2025:18:38:36 -0400] "GET /product/986821.html HTTP/1.1" 404 13 "-" "Mozilla/5.0 (compatible; SemrushBot/7~bl; +http://www.semrush.com/bot.html)"
85.208.96.209 - - [27/Apr/2025:18:39:00 -0400] "GET /product/754890.html HTTP/1.1" 404 13 "-" "Mozilla/5.0 (compatible; SemrushBot/7~bl; +http://www.semrush.com/bot.html)"
185.191.171.4 - - [27/Apr/2025:18:39:02 -0400] "GET /product/686497.html HTTP/1.1" 404 13 "-" "Mozilla/5.0 (compatible; SemrushBot/7~bl; +http://www.semrush.com/bot.html)"
85.208.96.209 - - [27/Apr/2025:18:39:13 -0400] "GET /product/379599.html HTTP/1.1" 404 13 "-" "Mozilla/5.0 (compatible; SemrushBot/7~bl; +http://www.semrush.com/bot.html)"
85.208.96.208 - - [27/Apr/2025:18:39:38 -0400] "GET /product/221550.html HTTP/1.1" 404 13 "-" "Mozilla/5.0 (compatible; SemrushBot/7~bl; +http://www.semrush.com/bot.html)"
85.208.96.207 - - [27/Apr/2025:18:39:47 -0400] "GET /product/560500.html HTTP/1.1" 404 13 "-" "Mozilla/5.0 (compatible; SemrushBot/7~bl; +http://www.semrush.com/bot.html)"
185.191.171.19 - - [27/Apr/2025:18:39:52 -0400] "GET /product/857041.html HTTP/1.1" 404 13 "-" "Mozilla/5.0 (compatible; SemrushBot/7~bl; +http://www.semrush.com/bot.html)"
185.191.171.18 - - [27/Apr/2025:18:39:56 -0400] "GET /product/715365.html HTTP/1.1" 404 13 "-" "Mozilla/5.0 (compatible; SemrushBot/7~bl; +http://www.semrush.com/bot.html)"
85.208.96.211 - - [27/Apr/2025:18:39:58 -0400] "GET /product/464634.html HTTP/1.1" 404 13 "-" "Mozilla/5.0 (compatible; SemrushBot/7~bl; +http://www.semrush.com/bot.html)"
185.191.171.19 - - [27/Apr/2025:18:40:00 -0400] "GET /product/641730.html HTTP/1.1" 404 13 "-" "Mozilla/5.0 (compatible; SemrushBot/7~bl; +http://www.semrush.com/bot.html)"
185.191.171.13 - - [27/Apr/2025:18:40:33 -0400] "GET /product/684858.html HTTP/1.1" 404 13 "-" "Mozilla/5.0 (compatible; SemrushBot/7~bl; +http://www.semrush.com/bot.html)"
185.191.171.15 - - [27/Apr/2025:18:40:36 -0400] "GET /product/155487.html HTTP/1.1" 404 13 "-" "Mozilla/5.0 (compatible; SemrushBot/7~bl; +http://www.semrush.com/bot.html)"
85.208.96.196 - - [27/Apr/2025:18:40:46 -0400] "GET /product/963010.html HTTP/1.1" 404 13 "-" "Mozilla/5.0 (compatible; SemrushBot/7~bl; +http://www.semrush.com/bot.html)"
66.249.68.68 - - [27/Apr/2025:18:40:56 -0400] "GET /bozont-f%C3%BCgg%C3%B6ny-szeksz%C3%A1rd-k.html HTTP/1.1" 404 13 "-" "Mozilla/5.0 (Linux; Android 6.0.1; Nexus 5X Build/MMB29P) AppleWebKit/537.36 (KHTML, like Gecko) Chrome/135.0.7049.95 Mobile Safari/537.36 (compatible; Googlebot/2.1; +http://www.google.com/bot.html)"
185.191.171.8 - - [27/Apr/2025:18:41:09 -0400] "GET /product/906603.html HTTP/1.1" 404 13 "-" "Mozilla/5.0 (compatible; SemrushBot/7~bl; +http://www.semrush.com/bot.html)"
185.191.171.15 - - [27/Apr/2025:18:41:14 -0400] "GET /product/991157.html HTTP/1.1" 404 13 "-" "Mozilla/5.0 (compatible; SemrushBot/7~bl; +http://www.semrush.com/bot.html)"
185.191.171.4 - - [27/Apr/2025:18:41:29 -0400] "GET /product/21003.html HTTP/1.1" 404 13 "-" "Mozilla/5.0 (compatible; SemrushBot/7~bl; +http://www.semrush.com/bot.html)"
85.208.96.204 - - [27/Apr/2025:18:41:48 -0400] "GET /product/207586.html HTTP/1.1" 404 13 "-" "Mozilla/5.0 (compatible; SemrushBot/7~bl; +http://www.semrush.com/bot.html)"
85.208.96.209 - - [27/Apr/2025:18:42:23 -0400] "GET /product/537095.html HTTP/1.1" 404 13 "-" "Mozilla/5.0 (compatible; SemrushBot/7~bl; +http://www.semrush.com/bot.html)"
66.249.68.69 - - [27/Apr/2025:18:42:30 -0400] "GET /lionelo-autosjedalice-podrijetlo-k.html HTTP/1.1" 404 13 "-" "Mozilla/5.0 (Linux; Android 6.0.1; Nexus 5X Build/MMB29P) AppleWebKit/537.36 (KHTML, like Gecko) Chrome/135.0.7049.95 Mobile Safari/537.36 (compatible; Googlebot/2.1; +http://www.google.com/bot.html)"
185.191.171.4 - - [27/Apr/2025:18:42:31 -0400] "GET /product/693545.html HTTP/1.1" 404 13 "-" "Mozilla/5.0 (compatible; SemrushBot/7~bl; +http://www.semrush.com/bot.html)"
85.208.96.203 - - [27/Apr/2025:18:42:33 -0400] "GET /product/657757.html HTTP/1.1" 404 13 "-" "Mozilla/5.0 (compatible; SemrushBot/7~bl; +http://www.semrush.com/bot.html)"
185.191.171.8 - - [27/Apr/2025:18:42:45 -0400] "GET /product/515846.html HTTP/1.1" 404 13 "-" "Mozilla/5.0 (compatible; SemrushBot/7~bl; +http://www.semrush.com/bot.html)"
85.208.96.206 - - [27/Apr/2025:18:42:52 -0400] "GET /product/751282.html HTTP/1.1" 404 13 "-" "Mozilla/5.0 (compatible; SemrushBot/7~bl; +http://www.semrush.com/bot.html)"
85.208.96.199 - - [27/Apr/2025:18:43:01 -0400] "GET /product/712810.html HTTP/1.1" 404 13 "-" "Mozilla/5.0 (compatible; SemrushBot/7~bl; +http://www.semrush.com/bot.html)"
85.208.96.194 - - [27/Apr/2025:18:43:18 -0400] "GET /product/650800.html HTTP/1.1" 404 13 "-" "Mozilla/5.0 (compatible; SemrushBot/7~bl; +http://www.semrush.com/bot.html)"
185.191.171.3 - - [27/Apr/2025:18:43:26 -0400] "GET /product/99179.html HTTP/1.1" 404 13 "-" "Mozilla/5.0 (compatible; SemrushBot/7~bl; +http://www.semrush.com/bot.html)"
85.208.96.210 - - [27/Apr/2025:18:43:39 -0400] "GET /product/213252.html HTTP/1.1" 404 13 "-" "Mozilla/5.0 (compatible; SemrushBot/7~bl; +http://www.semrush.com/bot.html)"
185.191.171.18 - - [27/Apr/2025:18:43:47 -0400] "GET /product/463654.html HTTP/1.1" 404 13 "-" "Mozilla/5.0 (compatible; SemrushBot/7~bl; +http://www.semrush.com/bot.html)"
185.191.171.14 - - [27/Apr/2025:18:43:57 -0400] "GET /product/919894.html HTTP/1.1" 404 13 "-" "Mozilla/5.0 (compatible; SemrushBot/7~bl; +http://www.semrush.com/bot.html)"
85.208.96.196 - - [27/Apr/2025:18:43:59 -0400] "GET /product/907545.html HTTP/1.1" 404 13 "-" "Mozilla/5.0 (compatible; SemrushBot/7~bl; +http://www.semrush.com/bot.html)"
85.208.96.194 - - [27/Apr/2025:18:44:07 -0400] "GET /product/709743.html HTTP/1.1" 404 13 "-" "Mozilla/5.0 (compatible; SemrushBot/7~bl; +http://www.semrush.com/bot.html)"
185.191.171.1 - - [27/Apr/2025:18:44:37 -0400] "GET /product/110881.html HTTP/1.1" 404 13 "-" "Mozilla/5.0 (compatible; SemrushBot/7~bl; +http://www.semrush.com/bot.html)"
85.208.96.202 - - [27/Apr/2025:18:44:51 -0400] "GET /product/57379.html HTTP/1.1" 404 13 "-" "Mozilla/5.0 (compatible; SemrushBot/7~bl; +http://www.semrush.com/bot.html)"
85.208.96.210 - - [27/Apr/2025:18:45:03 -0400] "GET /product/988370.html HTTP/1.1" 404 13 "-" "Mozilla/5.0 (compatible; SemrushBot/7~bl; +http://www.semrush.com/bot.html)"
85.208.96.200 - - [27/Apr/2025:18:45:19 -0400] "GET /product/922311.html HTTP/1.1" 404 13 "-" "Mozilla/5.0 (compatible; SemrushBot/7~bl; +http://www.semrush.com/bot.html)"
85.208.96.202 - - [27/Apr/2025:18:45:30 -0400] "GET /product/806482.html HTTP/1.1" 404 13 "-" "Mozilla/5.0 (compatible; SemrushBot/7~bl; +http://www.semrush.com/bot.html)"
185.191.171.15 - - [27/Apr/2025:18:45:33 -0400] "GET /product/860856.html HTTP/1.1" 404 13 "-" "Mozilla/5.0 (compatible; SemrushBot/7~bl; +http://www.semrush.com/bot.html)"
85.208.96.206 - - [27/Apr/2025:18:46:09 -0400] "GET /product/765205.html HTTP/1.1" 404 13 "-" "Mozilla/5.0 (compatible; SemrushBot/7~bl; +http://www.semrush.com/bot.html)"
85.208.96.194 - - [27/Apr/2025:18:46:11 -0400] "GET /product/601282.html HTTP/1.1" 404 13 "-" "Mozilla/5.0 (compatible; SemrushBot/7~bl; +http://www.semrush.com/bot.html)"
85.208.96.198 - - [27/Apr/2025:18:46:13 -0400] "GET /product/968214.html HTTP/1.1" 404 13 "-" "Mozilla/5.0 (compatible; SemrushBot/7~bl; +http://www.semrush.com/bot.html)"
185.191.171.6 - - [27/Apr/2025:18:46:14 -0400] "GET /product/126982.html HTTP/1.1" 404 13 "-" "Mozilla/5.0 (compatible; SemrushBot/7~bl; +http://www.semrush.com/bot.html)"
85.208.96.197 - - [27/Apr/2025:18:46:36 -0400] "GET /product/483115.html HTTP/1.1" 404 13 "-" "Mozilla/5.0 (compatible; SemrushBot/7~bl; +http://www.semrush.com/bot.html)"
185.191.171.6 - - [27/Apr/2025:18:47:01 -0400] "GET /product/942625.html HTTP/1.1" 404 13 "-" "Mozilla/5.0 (compatible; SemrushBot/7~bl; +http://www.semrush.com/bot.html)"
185.191.171.8 - - [27/Apr/2025:18:47:04 -0400] "GET /product/12957.html HTTP/1.1" 404 13 "-" "Mozilla/5.0 (compatible; SemrushBot/7~bl; +http://www.semrush.com/bot.html)"
185.191.171.12 - - [27/Apr/2025:18:47:10 -0400] "GET /product/658145.html HTTP/1.1" 404 13 "-" "Mozilla/5.0 (compatible; SemrushBot/7~bl; +http://www.semrush.com/bot.html)"
85.208.96.201 - - [27/Apr/2025:18:47:12 -0400] "GET /product/786034.html HTTP/1.1" 404 13 "-" "Mozilla/5.0 (compatible; SemrushBot/7~bl; +http://www.semrush.com/bot.html)"
185.191.171.5 - - [27/Apr/2025:18:47:59 -0400] "GET /product/485857.html HTTP/1.1" 404 13 "-" "Mozilla/5.0 (compatible; SemrushBot/7~bl; +http://www.semrush.com/bot.html)"
185.191.171.1 - - [27/Apr/2025:18:48:01 -0400] "GET /product/625060.html HTTP/1.1" 404 13 "-" "Mozilla/5.0 (compatible; SemrushBot/7~bl; +http://www.semrush.com/bot.html)"
185.191.171.17 - - [27/Apr/2025:18:48:11 -0400] "GET /product/256199.html HTTP/1.1" 404 13 "-" "Mozilla/5.0 (compatible; SemrushBot/7~bl; +http://www.semrush.com/bot.html)"
85.208.96.194 - - [27/Apr/2025:18:48:27 -0400] "GET /robots.txt HTTP/1.1" 404 13 "-" "Mozilla/5.0 (compatible; SemrushBot/7~bl; +http://www.semrush.com/bot.html)"
85.208.96.201 - - [27/Apr/2025:18:48:27 -0400] "GET /product/463819.html HTTP/1.1" 404 13 "-" "Mozilla/5.0 (compatible; SemrushBot/7~bl; +http://www.semrush.com/bot.html)"
185.191.171.11 - - [27/Apr/2025:18:48:32 -0400] "GET /product/954030.html HTTP/1.1" 404 13 "-" "Mozilla/5.0 (compatible; SemrushBot/7~bl; +http://www.semrush.com/bot.html)"
185.191.171.12 - - [27/Apr/2025:18:48:38 -0400] "GET /product/649083.html HTTP/1.1" 404 13 "-" "Mozilla/5.0 (compatible; SemrushBot/7~bl; +http://www.semrush.com/bot.html)"
85.208.96.200 - - [27/Apr/2025:18:48:52 -0400] "GET /product/178867.html HTTP/1.1" 404 13 "-" "Mozilla/5.0 (compatible; SemrushBot/7~bl; +http://www.semrush.com/bot.html)"
185.191.171.19 - - [27/Apr/2025:18:49:10 -0400] "GET /product/27942.html HTTP/1.1" 404 13 "-" "Mozilla/5.0 (compatible; SemrushBot/7~bl; +http://www.semrush.com/bot.html)"
185.191.171.2 - - [27/Apr/2025:18:49:12 -0400] "GET /product/107630.html HTTP/1.1" 404 13 "-" "Mozilla/5.0 (compatible; SemrushBot/7~bl; +http://www.semrush.com/bot.html)"
185.191.171.19 - - [27/Apr/2025:18:49:31 -0400] "GET /product/821014.html HTTP/1.1" 404 13 "-" "Mozilla/5.0 (compatible; SemrushBot/7~bl; +http://www.semrush.com/bot.html)"
185.191.171.13 - - [27/Apr/2025:18:49:36 -0400] "GET /product/614701.html HTTP/1.1" 404 13 "-" "Mozilla/5.0 (compatible; SemrushBot/7~bl; +http://www.semrush.com/bot.html)"
185.191.171.7 - - [27/Apr/2025:18:50:24 -0400] "GET /product/772380.html HTTP/1.1" 404 13 "-" "Mozilla/5.0 (compatible; SemrushBot/7~bl; +http://www.semrush.com/bot.html)"
185.191.171.11 - - [27/Apr/2025:18:50:31 -0400] "GET /product/101915.html HTTP/1.1" 404 13 "-" "Mozilla/5.0 (compatible; SemrushBot/7~bl; +http://www.semrush.com/bot.html)"
185.191.171.19 - - [27/Apr/2025:18:50:33 -0400] "GET /product/710591.html HTTP/1.1" 404 13 "-" "Mozilla/5.0 (compatible; SemrushBot/7~bl; +http://www.semrush.com/bot.html)"
185.191.171.3 - - [27/Apr/2025:18:50:37 -0400] "GET /product/809326.html HTTP/1.1" 404 13 "-" "Mozilla/5.0 (compatible; SemrushBot/7~bl; +http://www.semrush.com/bot.html)"
185.191.171.3 - - [27/Apr/2025:18:50:40 -0400] "GET /product/920334.html HTTP/1.1" 404 13 "-" "Mozilla/5.0 (compatible; SemrushBot/7~bl; +http://www.semrush.com/bot.html)"
85.208.96.197 - - [27/Apr/2025:18:51:17 -0400] "GET /product/196776.html HTTP/1.1" 404 13 "-" "Mozilla/5.0 (compatible; SemrushBot/7~bl; +http://www.semrush.com/bot.html)"
185.191.171.12 - - [27/Apr/2025:18:51:19 -0400] "GET /product/123168.html HTTP/1.1" 404 13 "-" "Mozilla/5.0 (compatible; SemrushBot/7~bl; +http://www.semrush.com/bot.html)"
185.191.171.9 - - [27/Apr/2025:18:51:25 -0400] "GET /product/748288.html HTTP/1.1" 404 13 "-" "Mozilla/5.0 (compatible; SemrushBot/7~bl; +http://www.semrush.com/bot.html)"
185.191.171.16 - - [27/Apr/2025:18:51:51 -0400] "GET /product/810968.html HTTP/1.1" 404 13 "-" "Mozilla/5.0 (compatible; SemrushBot/7~bl; +http://www.semrush.com/bot.html)"
185.191.171.10 - - [27/Apr/2025:18:52:03 -0400] "GET /product/190520.html HTTP/1.1" 404 13 "-" "Mozilla/5.0 (compatible; SemrushBot/7~bl; +http://www.semrush.com/bot.html)"
185.191.171.1 - - [27/Apr/2025:18:52:08 -0400] "GET /product/322123.html HTTP/1.1" 404 13 "-" "Mozilla/5.0 (compatible; SemrushBot/7~bl; +http://www.semrush.com/bot.html)"
85.208.96.200 - - [27/Apr/2025:18:52:15 -0400] "GET /product/772538.html HTTP/1.1" 404 13 "-" "Mozilla/5.0 (compatible; SemrushBot/7~bl; +http://www.semrush.com/bot.html)"
66.249.68.68 - - [27/Apr/2025:18:52:36 -0400] "GET /myloveshop-ruha-k.html HTTP/1.1" 404 13 "-" "Mozilla/5.0 (Linux; Android 6.0.1; Nexus 5X Build/MMB29P) AppleWebKit/537.36 (KHTML, like Gecko) Chrome/135.0.7049.95 Mobile Safari/537.36 (compatible; Googlebot/2.1; +http://www.google.com/bot.html)"
185.191.171.13 - - [27/Apr/2025:18:52:39 -0400] "GET /product/753381.html HTTP/1.1" 404 13 "-" "Mozilla/5.0 (compatible; SemrushBot/7~bl; +http://www.semrush.com/bot.html)"
185.191.171.1 - - [27/Apr/2025:18:52:54 -0400] "GET /product/49696.html HTTP/1.1" 404 13 "-" "Mozilla/5.0 (compatible; SemrushBot/7~bl; +http://www.semrush.com/bot.html)"
185.191.171.12 - - [27/Apr/2025:18:53:10 -0400] "GET /product/901115.html HTTP/1.1" 404 13 "-" "Mozilla/5.0 (compatible; SemrushBot/7~bl; +http://www.semrush.com/bot.html)"
185.191.171.5 - - [27/Apr/2025:18:53:12 -0400] "GET /product/614955.html HTTP/1.1" 404 13 "-" "Mozilla/5.0 (compatible; SemrushBot/7~bl; +http://www.semrush.com/bot.html)"
185.191.171.13 - - [27/Apr/2025:18:53:29 -0400] "GET /product/560639.html HTTP/1.1" 404 13 "-" "Mozilla/5.0 (compatible; SemrushBot/7~bl; +http://www.semrush.com/bot.html)"
185.191.171.16 - - [27/Apr/2025:18:53:38 -0400] "GET /product/112467.html HTTP/1.1" 404 13 "-" "Mozilla/5.0 (compatible; SemrushBot/7~bl; +http://www.semrush.com/bot.html)"
185.191.171.15 - - [27/Apr/2025:18:53:44 -0400] "GET /product/199019.html HTTP/1.1" 404 13 "-" "Mozilla/5.0 (compatible; SemrushBot/7~bl; +http://www.semrush.com/bot.html)"
185.191.171.7 - - [27/Apr/2025:18:53:57 -0400] "GET /product/795223.html HTTP/1.1" 404 13 "-" "Mozilla/5.0 (compatible; SemrushBot/7~bl; +http://www.semrush.com/bot.html)"
85.208.96.199 - - [27/Apr/2025:18:54:23 -0400] "GET /product/111029.html HTTP/1.1" 404 13 "-" "Mozilla/5.0 (compatible; SemrushBot/7~bl; +http://www.semrush.com/bot.html)"
185.191.171.2 - - [27/Apr/2025:18:54:40 -0400] "GET /product/478505.html HTTP/1.1" 404 13 "-" "Mozilla/5.0 (compatible; SemrushBot/7~bl; +http://www.semrush.com/bot.html)"
185.191.171.5 - - [27/Apr/2025:18:54:41 -0400] "GET /product/904180.html HTTP/1.1" 404 13 "-" "Mozilla/5.0 (compatible; SemrushBot/7~bl; +http://www.semrush.com/bot.html)"
185.191.171.10 - - [27/Apr/2025:18:54:43 -0400] "GET /product/235430.html HTTP/1.1" 404 13 "-" "Mozilla/5.0 (compatible; SemrushBot/7~bl; +http://www.semrush.com/bot.html)"
85.208.96.205 - - [27/Apr/2025:18:54:51 -0400] "GET /product/850234.html HTTP/1.1" 404 13 "-" "Mozilla/5.0 (compatible; SemrushBot/7~bl; +http://www.semrush.com/bot.html)"
185.191.171.17 - - [27/Apr/2025:18:55:11 -0400] "GET /product/97544.html HTTP/1.1" 404 13 "-" "Mozilla/5.0 (compatible; SemrushBot/7~bl; +http://www.semrush.com/bot.html)"
185.191.171.14 - - [27/Apr/2025:18:55:22 -0400] "GET /product/970665.html HTTP/1.1" 404 13 "-" "Mozilla/5.0 (compatible; SemrushBot/7~bl; +http://www.semrush.com/bot.html)"
85.208.96.197 - - [27/Apr/2025:18:55:43 -0400] "GET /product/834573.html HTTP/1.1" 404 13 "-" "Mozilla/5.0 (compatible; SemrushBot/7~bl; +http://www.semrush.com/bot.html)"
85.208.96.200 - - [27/Apr/2025:18:56:09 -0400] "GET /product/835187.html HTTP/1.1" 404 13 "-" "Mozilla/5.0 (compatible; SemrushBot/7~bl; +http://www.semrush.com/bot.html)"
85.208.96.206 - - [27/Apr/2025:18:56:10 -0400] "GET /product/828727.html HTTP/1.1" 404 13 "-" "Mozilla/5.0 (compatible; SemrushBot/7~bl; +http://www.semrush.com/bot.html)"
185.191.171.13 - - [27/Apr/2025:18:56:40 -0400] "GET /product/662992.html HTTP/1.1" 404 13 "-" "Mozilla/5.0 (compatible; SemrushBot/7~bl; +http://www.semrush.com/bot.html)"
85.208.96.193 - - [27/Apr/2025:18:56:47 -0400] "GET /product/188726.html HTTP/1.1" 404 13 "-" "Mozilla/5.0 (compatible; SemrushBot/7~bl; +http://www.semrush.com/bot.html)"
66.249.68.69 - - [27/Apr/2025:18:56:49 -0400] "GET /set-rochii-mama-bebe-k.html HTTP/1.1" 404 13 "-" "Mozilla/5.0 (Linux; Android 6.0.1; Nexus 5X Build/MMB29P) AppleWebKit/537.36 (KHTML, like Gecko) Chrome/135.0.7049.95 Mobile Safari/537.36 (compatible; Googlebot/2.1; +http://www.google.com/bot.html)"
85.208.96.199 - - [27/Apr/2025:18:56:52 -0400] "GET /product/914905.html HTTP/1.1" 404 13 "-" "Mozilla/5.0 (compatible; SemrushBot/7~bl; +http://www.semrush.com/bot.html)"
85.208.96.207 - - [27/Apr/2025:18:57:12 -0400] "GET /product/987567.html HTTP/1.1" 404 13 "-" "Mozilla/5.0 (compatible; SemrushBot/7~bl; +http://www.semrush.com/bot.html)"
85.208.96.205 - - [27/Apr/2025:18:57:13 -0400] "GET /product/456399.html HTTP/1.1" 404 13 "-" "Mozilla/5.0 (compatible; SemrushBot/7~bl; +http://www.semrush.com/bot.html)"
185.191.171.13 - - [27/Apr/2025:18:57:33 -0400] "GET /product/325021.html HTTP/1.1" 404 13 "-" "Mozilla/5.0 (compatible; SemrushBot/7~bl; +http://www.semrush.com/bot.html)"
85.208.96.194 - - [27/Apr/2025:18:57:40 -0400] "GET /product/168388.html HTTP/1.1" 404 13 "-" "Mozilla/5.0 (compatible; SemrushBot/7~bl; +http://www.semrush.com/bot.html)"
85.208.96.201 - - [27/Apr/2025:18:57:51 -0400] "GET /product/780720.html HTTP/1.1" 404 13 "-" "Mozilla/5.0 (compatible; SemrushBot/7~bl; +http://www.semrush.com/bot.html)"
185.191.171.5 - - [27/Apr/2025:18:57:52 -0400] "GET /product/415013.html HTTP/1.1" 404 13 "-" "Mozilla/5.0 (compatible; SemrushBot/7~bl; +http://www.semrush.com/bot.html)"
185.191.171.5 - - [27/Apr/2025:18:58:38 -0400] "GET /product/864913.html HTTP/1.1" 404 13 "-" "Mozilla/5.0 (compatible; SemrushBot/7~bl; +http://www.semrush.com/bot.html)"
85.208.96.196 - - [27/Apr/2025:18:58:40 -0400] "GET /product/246962.html HTTP/1.1" 404 13 "-" "Mozilla/5.0 (compatible; SemrushBot/7~bl; +http://www.semrush.com/bot.html)"
185.191.171.10 - - [27/Apr/2025:18:58:43 -0400] "GET /product/911909.html HTTP/1.1" 404 13 "-" "Mozilla/5.0 (compatible; SemrushBot/7~bl; +http://www.semrush.com/bot.html)"
85.208.96.207 - - [27/Apr/2025:18:58:48 -0400] "GET /product/878122.html HTTP/1.1" 404 13 "-" "Mozilla/5.0 (compatible; SemrushBot/7~bl; +http://www.semrush.com/bot.html)"
185.191.171.9 - - [27/Apr/2025:18:59:10 -0400] "GET /product/109141.html HTTP/1.1" 404 13 "-" "Mozilla/5.0 (compatible; SemrushBot/7~bl; +http://www.semrush.com/bot.html)"
185.191.171.4 - - [27/Apr/2025:18:59:24 -0400] "GET /product/873701.html HTTP/1.1" 404 13 "-" "Mozilla/5.0 (compatible; SemrushBot/7~bl; +http://www.semrush.com/bot.html)"
185.191.171.11 - - [27/Apr/2025:18:59:29 -0400] "GET /product/691385.html HTTP/1.1" 404 13 "-" "Mozilla/5.0 (compatible; SemrushBot/7~bl; +http://www.semrush.com/bot.html)"
185.191.171.4 - - [27/Apr/2025:18:59:48 -0400] "GET /product/399194.html HTTP/1.1" 404 13 "-" "Mozilla/5.0 (compatible; SemrushBot/7~bl; +http://www.semrush.com/bot.html)"
185.191.171.5 - - [27/Apr/2025:18:59:56 -0400] "GET /product/341367.html HTTP/1.1" 404 13 "-" "Mozilla/5.0 (compatible; SemrushBot/7~bl; +http://www.semrush.com/bot.html)"
185.191.171.16 - - [27/Apr/2025:19:00:05 -0400] "GET /product/787424.html HTTP/1.1" 404 13 "-" "Mozilla/5.0 (compatible; SemrushBot/7~bl; +http://www.semrush.com/bot.html)"
85.208.96.206 - - [27/Apr/2025:19:00:25 -0400] "GET /product/761297.html HTTP/1.1" 404 13 "-" "Mozilla/5.0 (compatible; SemrushBot/7~bl; +http://www.semrush.com/bot.html)"
114.119.149.89 - - [27/Apr/2025:19:00:28 -0400] "GET /wp-includes/js/jquery/ui/effect-puff.min.js HTTP/1.1" 200 343 "http://seedfoundation.org.np/wp-includes/js/jquery/ui/" "Mozilla/5.0 (Linux; Android 7.0;) AppleWebKit/537.36 (KHTML, like Gecko) Mobile Safari/537.36 (compatible; PetalBot;+https://webmaster.petalsearch.com/site/petalbot)"
185.191.171.10 - - [27/Apr/2025:19:00:43 -0400] "GET /product/829420.html HTTP/1.1" 404 13 "-" "Mozilla/5.0 (compatible; SemrushBot/7~bl; +http://www.semrush.com/bot.html)"
85.208.96.194 - - [27/Apr/2025:19:00:44 -0400] "GET /product/586671.html HTTP/1.1" 404 13 "-" "Mozilla/5.0 (compatible; SemrushBot/7~bl; +http://www.semrush.com/bot.html)"
85.208.96.200 - - [27/Apr/2025:19:01:26 -0400] "GET /product/771069.html HTTP/1.1" 404 13 "-" "Mozilla/5.0 (compatible; SemrushBot/7~bl; +http://www.semrush.com/bot.html)"
185.191.171.15 - - [27/Apr/2025:19:01:32 -0400] "GET /product/263095.html HTTP/1.1" 404 13 "-" "Mozilla/5.0 (compatible; SemrushBot/7~bl; +http://www.semrush.com/bot.html)"
185.191.171.15 - - [27/Apr/2025:19:01:34 -0400] "GET /product/95614.html HTTP/1.1" 404 13 "-" "Mozilla/5.0 (compatible; SemrushBot/7~bl; +http://www.semrush.com/bot.html)"
85.208.96.196 - - [27/Apr/2025:19:01:36 -0400] "GET /product/706370.html HTTP/1.1" 404 13 "-" "Mozilla/5.0 (compatible; SemrushBot/7~bl; +http://www.semrush.com/bot.html)"
185.191.171.13 - - [27/Apr/2025:19:01:45 -0400] "GET /product/192991.html HTTP/1.1" 404 13 "-" "Mozilla/5.0 (compatible; SemrushBot/7~bl; +http://www.semrush.com/bot.html)"
85.208.96.201 - - [27/Apr/2025:19:01:50 -0400] "GET /product/77841.html HTTP/1.1" 404 13 "-" "Mozilla/5.0 (compatible; SemrushBot/7~bl; +http://www.semrush.com/bot.html)"
185.191.171.5 - - [27/Apr/2025:19:02:29 -0400] "GET /product/333367.html HTTP/1.1" 404 13 "-" "Mozilla/5.0 (compatible; SemrushBot/7~bl; +http://www.semrush.com/bot.html)"
85.208.96.209 - - [27/Apr/2025:19:02:44 -0400] "GET /product/620291.html HTTP/1.1" 404 13 "-" "Mozilla/5.0 (compatible; SemrushBot/7~bl; +http://www.semrush.com/bot.html)"
185.191.171.17 - - [27/Apr/2025:19:02:53 -0400] "GET /product/63808.html HTTP/1.1" 404 13 "-" "Mozilla/5.0 (compatible; SemrushBot/7~bl; +http://www.semrush.com/bot.html)"
185.191.171.11 - - [27/Apr/2025:19:02:57 -0400] "GET /product/118180.html HTTP/1.1" 404 13 "-" "Mozilla/5.0 (compatible; SemrushBot/7~bl; +http://www.semrush.com/bot.html)"
85.208.96.201 - - [27/Apr/2025:19:03:00 -0400] "GET /product/100868.html HTTP/1.1" 404 13 "-" "Mozilla/5.0 (compatible; SemrushBot/7~bl; +http://www.semrush.com/bot.html)"
85.208.96.202 - - [27/Apr/2025:19:03:24 -0400] "GET /product/960454.html HTTP/1.1" 404 13 "-" "Mozilla/5.0 (compatible; SemrushBot/7~bl; +http://www.semrush.com/bot.html)"
85.208.96.203 - - [27/Apr/2025:19:03:43 -0400] "GET /product/831855.html HTTP/1.1" 404 13 "-" "Mozilla/5.0 (compatible; SemrushBot/7~bl; +http://www.semrush.com/bot.html)"
185.191.171.16 - - [27/Apr/2025:19:03:50 -0400] "GET /product/574867.html HTTP/1.1" 404 13 "-" "Mozilla/5.0 (compatible; SemrushBot/7~bl; +http://www.semrush.com/bot.html)"
185.191.171.16 - - [27/Apr/2025:19:04:09 -0400] "GET /product/917840.html HTTP/1.1" 404 13 "-" "Mozilla/5.0 (compatible; SemrushBot/7~bl; +http://www.semrush.com/bot.html)"
85.208.96.208 - - [27/Apr/2025:19:04:11 -0400] "GET /product/687668.html HTTP/1.1" 404 13 "-" "Mozilla/5.0 (compatible; SemrushBot/7~bl; +http://www.semrush.com/bot.html)"
185.191.171.13 - - [27/Apr/2025:19:04:30 -0400] "GET /product/825978.html HTTP/1.1" 404 13 "-" "Mozilla/5.0 (compatible; SemrushBot/7~bl; +http://www.semrush.com/bot.html)"
85.208.96.206 - - [27/Apr/2025:19:04:51 -0400] "GET /product/717423.html HTTP/1.1" 404 13 "-" "Mozilla/5.0 (compatible; SemrushBot/7~bl; +http://www.semrush.com/bot.html)"
185.191.171.13 - - [27/Apr/2025:19:04:54 -0400] "GET /product/128006.html HTTP/1.1" 404 13 "-" "Mozilla/5.0 (compatible; SemrushBot/7~bl; +http://www.semrush.com/bot.html)"
185.191.171.4 - - [27/Apr/2025:19:05:12 -0400] "GET /product/898395.html HTTP/1.1" 404 13 "-" "Mozilla/5.0 (compatible; SemrushBot/7~bl; +http://www.semrush.com/bot.html)"
185.191.171.2 - - [27/Apr/2025:19:05:29 -0400] "GET /product/68546.html HTTP/1.1" 404 13 "-" "Mozilla/5.0 (compatible; SemrushBot/7~bl; +http://www.semrush.com/bot.html)"
85.208.96.202 - - [27/Apr/2025:19:05:34 -0400] "GET /product/824292.html HTTP/1.1" 404 13 "-" "Mozilla/5.0 (compatible; SemrushBot/7~bl; +http://www.semrush.com/bot.html)"
85.208.96.211 - - [27/Apr/2025:19:05:48 -0400] "GET /product/140758.html HTTP/1.1" 404 13 "-" "Mozilla/5.0 (compatible; SemrushBot/7~bl; +http://www.semrush.com/bot.html)"
85.208.96.205 - - [27/Apr/2025:19:05:52 -0400] "GET /product/935279.html HTTP/1.1" 404 13 "-" "Mozilla/5.0 (compatible; SemrushBot/7~bl; +http://www.semrush.com/bot.html)"
85.208.96.209 - - [27/Apr/2025:19:05:53 -0400] "GET /product/185311.html HTTP/1.1" 404 13 "-" "Mozilla/5.0 (compatible; SemrushBot/7~bl; +http://www.semrush.com/bot.html)"
85.208.96.208 - - [27/Apr/2025:19:06:29 -0400] "GET /product/98877.html HTTP/1.1" 404 13 "-" "Mozilla/5.0 (compatible; SemrushBot/7~bl; +http://www.semrush.com/bot.html)"
85.208.96.200 - - [27/Apr/2025:19:06:34 -0400] "GET /product/90645.html HTTP/1.1" 404 13 "-" "Mozilla/5.0 (compatible; SemrushBot/7~bl; +http://www.semrush.com/bot.html)"
85.208.96.196 - - [27/Apr/2025:19:06:45 -0400] "GET /product/740468.html HTTP/1.1" 404 13 "-" "Mozilla/5.0 (compatible; SemrushBot/7~bl; +http://www.semrush.com/bot.html)"
85.208.96.200 - - [27/Apr/2025:19:06:59 -0400] "GET /product/108267.html HTTP/1.1" 404 13 "-" "Mozilla/5.0 (compatible; SemrushBot/7~bl; +http://www.semrush.com/bot.html)"
185.191.171.12 - - [27/Apr/2025:19:07:12 -0400] "GET /product/963095.html HTTP/1.1" 404 13 "-" "Mozilla/5.0 (compatible; SemrushBot/7~bl; +http://www.semrush.com/bot.html)"
85.208.96.202 - - [27/Apr/2025:19:07:21 -0400] "GET /product/836032.html HTTP/1.1" 404 13 "-" "Mozilla/5.0 (compatible; SemrushBot/7~bl; +http://www.semrush.com/bot.html)"
85.208.96.203 - - [27/Apr/2025:19:07:25 -0400] "GET /product/158655.html HTTP/1.1" 404 13 "-" "Mozilla/5.0 (compatible; SemrushBot/7~bl; +http://www.semrush.com/bot.html)"
