85.208.96.208 - - [27/Apr/2025:08:42:06 -0400] "GET /product/544337.html HTTP/1.1" 404 13 "-" "Mozilla/5.0 (compatible; SemrushBot/7~bl; +http://www.semrush.com/bot.html)"
185.191.171.1 - - [27/Apr/2025:08:42:16 -0400] "GET /product/660653.html HTTP/1.1" 404 13 "-" "Mozilla/5.0 (compatible; SemrushBot/7~bl; +http://www.semrush.com/bot.html)"
185.191.171.6 - - [27/Apr/2025:08:42:23 -0400] "GET /product/140368.html HTTP/1.1" 404 13 "-" "Mozilla/5.0 (compatible; SemrushBot/7~bl; +http://www.semrush.com/bot.html)"
85.208.96.208 - - [27/Apr/2025:08:42:28 -0400] "GET /product/8891.html HTTP/1.1" 404 13 "-" "Mozilla/5.0 (compatible; SemrushBot/7~bl; +http://www.semrush.com/bot.html)"
85.208.96.193 - - [27/Apr/2025:08:42:33 -0400] "GET /product/980438.html HTTP/1.1" 404 13 "-" "Mozilla/5.0 (compatible; SemrushBot/7~bl; +http://www.semrush.com/bot.html)"
185.191.171.11 - - [27/Apr/2025:08:42:43 -0400] "GET /product/985226.html HTTP/1.1" 404 13 "-" "Mozilla/5.0 (compatible; SemrushBot/7~bl; +http://www.semrush.com/bot.html)"
85.208.96.209 - - [27/Apr/2025:08:42:46 -0400] "GET /product/746273.html HTTP/1.1" 404 13 "-" "Mozilla/5.0 (compatible; SemrushBot/7~bl; +http://www.semrush.com/bot.html)"
85.208.96.203 - - [27/Apr/2025:08:42:48 -0400] "GET /product/901471.html HTTP/1.1" 404 13 "-" "Mozilla/5.0 (compatible; SemrushBot/7~bl; +http://www.semrush.com/bot.html)"
85.208.96.210 - - [27/Apr/2025:08:42:54 -0400] "GET /product/329586.html HTTP/1.1" 404 13 "-" "Mozilla/5.0 (compatible; SemrushBot/7~bl; +http://www.semrush.com/bot.html)"
185.191.171.11 - - [27/Apr/2025:08:43:22 -0400] "GET /product/359112.html HTTP/1.1" 404 13 "-" "Mozilla/5.0 (compatible; SemrushBot/7~bl; +http://www.semrush.com/bot.html)"
85.208.96.205 - - [27/Apr/2025:08:43:24 -0400] "GET /product/377417.html HTTP/1.1" 404 13 "-" "Mozilla/5.0 (compatible; SemrushBot/7~bl; +http://www.semrush.com/bot.html)"
185.191.171.16 - - [27/Apr/2025:08:43:38 -0400] "GET /product/591885.html HTTP/1.1" 404 13 "-" "Mozilla/5.0 (compatible; SemrushBot/7~bl; +http://www.semrush.com/bot.html)"
85.208.96.206 - - [27/Apr/2025:08:43:41 -0400] "GET /product/489668.html HTTP/1.1" 404 13 "-" "Mozilla/5.0 (compatible; SemrushBot/7~bl; +http://www.semrush.com/bot.html)"
185.191.171.10 - - [27/Apr/2025:08:43:59 -0400] "GET /product/586467.html HTTP/1.1" 404 13 "-" "Mozilla/5.0 (compatible; SemrushBot/7~bl; +http://www.semrush.com/bot.html)"
185.191.171.14 - - [27/Apr/2025:08:44:04 -0400] "GET /product/963719.html HTTP/1.1" 404 13 "-" "Mozilla/5.0 (compatible; SemrushBot/7~bl; +http://www.semrush.com/bot.html)"
185.191.171.13 - - [27/Apr/2025:08:44:48 -0400] "GET /product/973350.html HTTP/1.1" 404 13 "-" "Mozilla/5.0 (compatible; SemrushBot/7~bl; +http://www.semrush.com/bot.html)"
66.249.68.67 - - [27/Apr/2025:08:45:12 -0400] "GET /carrera-jeans-ljubljana-k.html HTTP/1.1" 404 13 "-" "Mozilla/5.0 (Linux; Android 6.0.1; Nexus 5X Build/MMB29P) AppleWebKit/537.36 (KHTML, like Gecko) Chrome/135.0.7049.95 Mobile Safari/537.36 (compatible; Googlebot/2.1; +http://www.google.com/bot.html)"
85.208.96.195 - - [27/Apr/2025:08:45:14 -0400] "GET /product/201720.html HTTP/1.1" 404 13 "-" "Mozilla/5.0 (compatible; SemrushBot/7~bl; +http://www.semrush.com/bot.html)"
185.191.171.16 - - [27/Apr/2025:08:45:24 -0400] "GET /product/994548.html HTTP/1.1" 404 13 "-" "Mozilla/5.0 (compatible; SemrushBot/7~bl; +http://www.semrush.com/bot.html)"
185.191.171.12 - - [27/Apr/2025:08:45:39 -0400] "GET /product/177951.html HTTP/1.1" 404 13 "-" "Mozilla/5.0 (compatible; SemrushBot/7~bl; +http://www.semrush.com/bot.html)"
85.208.96.193 - - [27/Apr/2025:08:45:47 -0400] "GET /product/994962.html HTTP/1.1" 404 13 "-" "Mozilla/5.0 (compatible; SemrushBot/7~bl; +http://www.semrush.com/bot.html)"
66.249.68.67 - - [27/Apr/2025:08:45:50 -0400] "GET /nike-air-force-xxv-low-k.html HTTP/1.1" 404 13 "-" "Mozilla/5.0 (Linux; Android 6.0.1; Nexus 5X Build/MMB29P) AppleWebKit/537.36 (KHTML, like Gecko) Chrome/135.0.7049.95 Mobile Safari/537.36 (compatible; Googlebot/2.1; +http://www.google.com/bot.html)"
66.249.68.69 - - [27/Apr/2025:08:46:00 -0400] "GET /papuci-medicinali-deichmann-k.html HTTP/1.1" 404 13 "-" "Mozilla/5.0 (Linux; Android 6.0.1; Nexus 5X Build/MMB29P) AppleWebKit/537.36 (KHTML, like Gecko) Chrome/135.0.7049.95 Mobile Safari/537.36 (compatible; Googlebot/2.1; +http://www.google.com/bot.html)"
85.208.96.195 - - [27/Apr/2025:08:46:10 -0400] "GET /product/643923.html HTTP/1.1" 404 13 "-" "Mozilla/5.0 (compatible; SemrushBot/7~bl; +http://www.semrush.com/bot.html)"
66.249.68.68 - - [27/Apr/2025:08:46:11 -0400] "GET /%D8%AA%D8%AE%D8%B7%D9%8A%D8%B7-%D9%85%D9%86%D8%B2%D9%84-150-%D9%85%D8%AA%D8%B1-k.html HTTP/1.1" 404 13 "-" "Mozilla/5.0 (Linux; Android 6.0.1; Nexus 5X Build/MMB29P) AppleWebKit/537.36 (KHTML, like Gecko) Chrome/135.0.7049.95 Mobile Safari/537.36 (compatible; Googlebot/2.1; +http://www.google.com/bot.html)"
85.208.96.193 - - [27/Apr/2025:08:46:17 -0400] "GET /product/957781.html HTTP/1.1" 404 13 "-" "Mozilla/5.0 (compatible; SemrushBot/7~bl; +http://www.semrush.com/bot.html)"
85.208.96.194 - - [27/Apr/2025:08:46:29 -0400] "GET /product/57281.html HTTP/1.1" 404 13 "-" "Mozilla/5.0 (compatible; SemrushBot/7~bl; +http://www.semrush.com/bot.html)"
185.191.171.19 - - [27/Apr/2025:08:46:35 -0400] "GET /product/848998.html HTTP/1.1" 404 13 "-" "Mozilla/5.0 (compatible; SemrushBot/7~bl; +http://www.semrush.com/bot.html)"
85.208.96.195 - - [27/Apr/2025:08:46:40 -0400] "GET /product/960701.html HTTP/1.1" 404 13 "-" "Mozilla/5.0 (compatible; SemrushBot/7~bl; +http://www.semrush.com/bot.html)"
185.191.171.17 - - [27/Apr/2025:08:46:41 -0400] "GET /product/112241.html HTTP/1.1" 404 13 "-" "Mozilla/5.0 (compatible; SemrushBot/7~bl; +http://www.semrush.com/bot.html)"
85.208.96.206 - - [27/Apr/2025:08:46:43 -0400] "GET /product/266647.html HTTP/1.1" 404 13 "-" "Mozilla/5.0 (compatible; SemrushBot/7~bl; +http://www.semrush.com/bot.html)"
85.208.96.208 - - [27/Apr/2025:08:46:45 -0400] "GET /product/472525.html HTTP/1.1" 404 13 "-" "Mozilla/5.0 (compatible; SemrushBot/7~bl; +http://www.semrush.com/bot.html)"
85.208.96.195 - - [27/Apr/2025:08:46:48 -0400] "GET /product/39517.html HTTP/1.1" 404 13 "-" "Mozilla/5.0 (compatible; SemrushBot/7~bl; +http://www.semrush.com/bot.html)"
85.208.96.195 - - [27/Apr/2025:08:47:22 -0400] "GET /product/844884.html HTTP/1.1" 404 13 "-" "Mozilla/5.0 (compatible; SemrushBot/7~bl; +http://www.semrush.com/bot.html)"
185.191.171.19 - - [27/Apr/2025:08:47:24 -0400] "GET /product/877687.html HTTP/1.1" 404 13 "-" "Mozilla/5.0 (compatible; SemrushBot/7~bl; +http://www.semrush.com/bot.html)"
185.191.171.16 - - [27/Apr/2025:08:47:29 -0400] "GET /product/714914.html HTTP/1.1" 404 13 "-" "Mozilla/5.0 (compatible; SemrushBot/7~bl; +http://www.semrush.com/bot.html)"
185.191.171.2 - - [27/Apr/2025:08:47:33 -0400] "GET /product/358816.html HTTP/1.1" 404 13 "-" "Mozilla/5.0 (compatible; SemrushBot/7~bl; +http://www.semrush.com/bot.html)"
85.208.96.200 - - [27/Apr/2025:08:48:18 -0400] "GET /product/131329.html HTTP/1.1" 404 13 "-" "Mozilla/5.0 (compatible; SemrushBot/7~bl; +http://www.semrush.com/bot.html)"
185.191.171.14 - - [27/Apr/2025:08:48:21 -0400] "GET /product/489528.html HTTP/1.1" 404 13 "-" "Mozilla/5.0 (compatible; SemrushBot/7~bl; +http://www.semrush.com/bot.html)"
185.191.171.16 - - [27/Apr/2025:08:48:48 -0400] "GET /product/520509.html HTTP/1.1" 404 13 "-" "Mozilla/5.0 (compatible; SemrushBot/7~bl; +http://www.semrush.com/bot.html)"
185.191.171.2 - - [27/Apr/2025:08:49:17 -0400] "GET /product/250747.html HTTP/1.1" 404 13 "-" "Mozilla/5.0 (compatible; SemrushBot/7~bl; +http://www.semrush.com/bot.html)"
85.208.96.202 - - [27/Apr/2025:08:49:18 -0400] "GET /product/714243.html HTTP/1.1" 404 13 "-" "Mozilla/5.0 (compatible; SemrushBot/7~bl; +http://www.semrush.com/bot.html)"
185.191.171.18 - - [27/Apr/2025:08:49:49 -0400] "GET /product/923843.html HTTP/1.1" 404 13 "-" "Mozilla/5.0 (compatible; SemrushBot/7~bl; +http://www.semrush.com/bot.html)"
85.208.96.208 - - [27/Apr/2025:08:49:51 -0400] "GET /product/591002.html HTTP/1.1" 404 13 "-" "Mozilla/5.0 (compatible; SemrushBot/7~bl; +http://www.semrush.com/bot.html)"
66.249.68.68 - - [27/Apr/2025:08:50:16 -0400] "GET /%D0%B2%D0%B8%D0%BD%D1%82%D0%B8%D0%B4%D0%B6-%D0%B4%D1%80%D1%8A%D0%B6%D0%BA%D0%B0-%D0%B7%D0%B0-%D0%BE%D0%B1%D0%BA%D0%BE%D0%B2-k.html HTTP/1.1" 404 13 "-" "Mozilla/5.0 (Linux; Android 6.0.1; Nexus 5X Build/MMB29P) AppleWebKit/537.36 (KHTML, like Gecko) Chrome/135.0.7049.95 Mobile Safari/537.36 (compatible; Googlebot/2.1; +http://www.google.com/bot.html)"
185.191.171.10 - - [27/Apr/2025:08:50:30 -0400] "GET /product/877476.html HTTP/1.1" 404 13 "-" "Mozilla/5.0 (compatible; SemrushBot/7~bl; +http://www.semrush.com/bot.html)"
185.191.171.12 - - [27/Apr/2025:08:50:33 -0400] "GET /product/673204.html HTTP/1.1" 404 13 "-" "Mozilla/5.0 (compatible; SemrushBot/7~bl; +http://www.semrush.com/bot.html)"
185.191.171.3 - - [27/Apr/2025:08:50:35 -0400] "GET /product/981621.html HTTP/1.1" 404 13 "-" "Mozilla/5.0 (compatible; SemrushBot/7~bl; +http://www.semrush.com/bot.html)"
185.191.171.13 - - [27/Apr/2025:08:50:46 -0400] "GET /product/939191.html HTTP/1.1" 404 13 "-" "Mozilla/5.0 (compatible; SemrushBot/7~bl; +http://www.semrush.com/bot.html)"
85.208.96.202 - - [27/Apr/2025:08:50:48 -0400] "GET /product/839711.html HTTP/1.1" 404 13 "-" "Mozilla/5.0 (compatible; SemrushBot/7~bl; +http://www.semrush.com/bot.html)"
185.191.171.18 - - [27/Apr/2025:08:50:52 -0400] "GET /product/983446.html HTTP/1.1" 404 13 "-" "Mozilla/5.0 (compatible; SemrushBot/7~bl; +http://www.semrush.com/bot.html)"
185.191.171.9 - - [27/Apr/2025:08:50:59 -0400] "GET /product/875781.html HTTP/1.1" 404 13 "-" "Mozilla/5.0 (compatible; SemrushBot/7~bl; +http://www.semrush.com/bot.html)"
185.191.171.12 - - [27/Apr/2025:08:51:20 -0400] "GET /product/838059.html HTTP/1.1" 404 13 "-" "Mozilla/5.0 (compatible; SemrushBot/7~bl; +http://www.semrush.com/bot.html)"
185.191.171.17 - - [27/Apr/2025:08:51:25 -0400] "GET /product/853506.html HTTP/1.1" 404 13 "-" "Mozilla/5.0 (compatible; SemrushBot/7~bl; +http://www.semrush.com/bot.html)"
185.191.171.13 - - [27/Apr/2025:08:51:31 -0400] "GET /product/447571.html HTTP/1.1" 404 13 "-" "Mozilla/5.0 (compatible; SemrushBot/7~bl; +http://www.semrush.com/bot.html)"
185.191.171.3 - - [27/Apr/2025:08:51:37 -0400] "GET /product/773494.html HTTP/1.1" 404 13 "-" "Mozilla/5.0 (compatible; SemrushBot/7~bl; +http://www.semrush.com/bot.html)"
185.191.171.9 - - [27/Apr/2025:08:51:39 -0400] "GET /product/91057.html HTTP/1.1" 404 13 "-" "Mozilla/5.0 (compatible; SemrushBot/7~bl; +http://www.semrush.com/bot.html)"
114.119.149.89 - - [27/Apr/2025:08:51:51 -0400] "GET /wp-includes/js/tinymce/plugins/wordpress/?SA HTTP/1.1" 403 13 "http://seedfoundation.org.np/wp-includes/js/tinymce/plugins/wordpress/" "Mozilla/5.0 (Linux; Android 7.0;) AppleWebKit/537.36 (KHTML, like Gecko) Mobile Safari/537.36 (compatible; PetalBot;+https://webmaster.petalsearch.com/site/petalbot)"
85.208.96.196 - - [27/Apr/2025:08:52:07 -0400] "GET /product/932289.html HTTP/1.1" 404 13 "-" "Mozilla/5.0 (compatible; SemrushBot/7~bl; +http://www.semrush.com/bot.html)"
85.208.96.212 - - [27/Apr/2025:08:52:22 -0400] "GET /product/488774.html HTTP/1.1" 404 13 "-" "Mozilla/5.0 (compatible; SemrushBot/7~bl; +http://www.semrush.com/bot.html)"
185.191.171.2 - - [27/Apr/2025:08:52:24 -0400] "GET /product/213027.html HTTP/1.1" 404 13 "-" "Mozilla/5.0 (compatible; SemrushBot/7~bl; +http://www.semrush.com/bot.html)"
185.191.171.12 - - [27/Apr/2025:08:52:31 -0400] "GET /product/876304.html HTTP/1.1" 404 13 "-" "Mozilla/5.0 (compatible; SemrushBot/7~bl; +http://www.semrush.com/bot.html)"
114.119.138.179 - - [27/Apr/2025:08:53:12 -0400] "GET /wp-includes/js/swfupload/?SA HTTP/1.1" 403 13 "http://seedfoundation.org.np/wp-includes/js/swfupload/" "Mozilla/5.0 (Linux; Android 7.0;) AppleWebKit/537.36 (KHTML, like Gecko) Mobile Safari/537.36 (compatible; PetalBot;+https://webmaster.petalsearch.com/site/petalbot)"
85.208.96.198 - - [27/Apr/2025:08:53:28 -0400] "GET /product/922770.html HTTP/1.1" 404 13 "-" "Mozilla/5.0 (compatible; SemrushBot/7~bl; +http://www.semrush.com/bot.html)"
185.191.171.10 - - [27/Apr/2025:08:53:52 -0400] "GET /product/231562.html HTTP/1.1" 404 13 "-" "Mozilla/5.0 (compatible; SemrushBot/7~bl; +http://www.semrush.com/bot.html)"
185.191.171.14 - - [27/Apr/2025:08:53:53 -0400] "GET /product/963791.html HTTP/1.1" 404 13 "-" "Mozilla/5.0 (compatible; SemrushBot/7~bl; +http://www.semrush.com/bot.html)"
185.191.171.14 - - [27/Apr/2025:08:53:56 -0400] "GET /product/178150.html HTTP/1.1" 404 13 "-" "Mozilla/5.0 (compatible; SemrushBot/7~bl; +http://www.semrush.com/bot.html)"
85.208.96.211 - - [27/Apr/2025:08:53:59 -0400] "GET /product/137546.html HTTP/1.1" 404 13 "-" "Mozilla/5.0 (compatible; SemrushBot/7~bl; +http://www.semrush.com/bot.html)"
85.208.96.198 - - [27/Apr/2025:08:54:33 -0400] "GET /product/856816.html HTTP/1.1" 404 13 "-" "Mozilla/5.0 (compatible; SemrushBot/7~bl; +http://www.semrush.com/bot.html)"
114.119.144.41 - - [27/Apr/2025:08:54:36 -0400] "GET /wp-includes/js/shortcode.js HTTP/1.1" 200 4048 "http://seedfoundation.org.np/wp-includes/js/" "Mozilla/5.0 (Linux; Android 7.0;) AppleWebKit/537.36 (KHTML, like Gecko) Mobile Safari/537.36 (compatible; PetalBot;+https://webmaster.petalsearch.com/site/petalbot)"
85.208.96.211 - - [27/Apr/2025:08:54:46 -0400] "GET /product/826221.html HTTP/1.1" 404 13 "-" "Mozilla/5.0 (compatible; SemrushBot/7~bl; +http://www.semrush.com/bot.html)"
85.208.96.199 - - [27/Apr/2025:08:54:49 -0400] "GET /product/979091.html HTTP/1.1" 404 13 "-" "Mozilla/5.0 (compatible; SemrushBot/7~bl; +http://www.semrush.com/bot.html)"
66.249.68.69 - - [27/Apr/2025:08:54:50 -0400] "GET /kombinezoni-crni-kombinezon-k.html HTTP/1.1" 404 13 "-" "Mozilla/5.0 (Linux; Android 6.0.1; Nexus 5X Build/MMB29P) AppleWebKit/537.36 (KHTML, like Gecko) Chrome/135.0.7049.95 Mobile Safari/537.36 (compatible; Googlebot/2.1; +http://www.google.com/bot.html)"
85.208.96.197 - - [27/Apr/2025:08:54:52 -0400] "GET /product/936475.html HTTP/1.1" 404 13 "-" "Mozilla/5.0 (compatible; SemrushBot/7~bl; +http://www.semrush.com/bot.html)"
185.191.171.1 - - [27/Apr/2025:08:54:56 -0400] "GET /product/318084.html HTTP/1.1" 404 13 "-" "Mozilla/5.0 (compatible; SemrushBot/7~bl; +http://www.semrush.com/bot.html)"
185.191.171.18 - - [27/Apr/2025:08:55:01 -0400] "GET /product/452847.html HTTP/1.1" 404 13 "-" "Mozilla/5.0 (compatible; SemrushBot/7~bl; +http://www.semrush.com/bot.html)"
185.191.171.12 - - [27/Apr/2025:08:55:07 -0400] "GET /product/770201.html HTTP/1.1" 404 13 "-" "Mozilla/5.0 (compatible; SemrushBot/7~bl; +http://www.semrush.com/bot.html)"
85.208.96.208 - - [27/Apr/2025:08:55:19 -0400] "GET /product/31997.html HTTP/1.1" 404 13 "-" "Mozilla/5.0 (compatible; SemrushBot/7~bl; +http://www.semrush.com/bot.html)"
185.191.171.7 - - [27/Apr/2025:08:55:53 -0400] "GET /product/172209.html HTTP/1.1" 404 13 "-" "Mozilla/5.0 (compatible; SemrushBot/7~bl; +http://www.semrush.com/bot.html)"
85.208.96.209 - - [27/Apr/2025:08:55:56 -0400] "GET /robots.txt HTTP/1.1" 404 13 "-" "Mozilla/5.0 (compatible; SemrushBot/7~bl; +http://www.semrush.com/bot.html)"
85.208.96.209 - - [27/Apr/2025:08:55:56 -0400] "GET /product/312679.html HTTP/1.1" 404 13 "-" "Mozilla/5.0 (compatible; SemrushBot/7~bl; +http://www.semrush.com/bot.html)"
85.208.96.201 - - [27/Apr/2025:08:55:58 -0400] "GET /product/61058.html HTTP/1.1" 404 13 "-" "Mozilla/5.0 (compatible; SemrushBot/7~bl; +http://www.semrush.com/bot.html)"
114.119.135.202 - - [27/Apr/2025:08:56:01 -0400] "GET /wp-includes/css/dist/patterns/style.css HTTP/1.1" 200 757 "http://seedfoundation.org.np/wp-includes/css/dist/patterns/" "Mozilla/5.0 (Linux; Android 7.0;) AppleWebKit/537.36 (KHTML, like Gecko) Mobile Safari/537.36 (compatible; PetalBot;+https://webmaster.petalsearch.com/site/petalbot)"
85.208.96.206 - - [27/Apr/2025:08:56:03 -0400] "GET /product/126604.html HTTP/1.1" 404 13 "-" "Mozilla/5.0 (compatible; SemrushBot/7~bl; +http://www.semrush.com/bot.html)"
85.208.96.210 - - [27/Apr/2025:08:56:08 -0400] "GET /product/19342.html HTTP/1.1" 404 13 "-" "Mozilla/5.0 (compatible; SemrushBot/7~bl; +http://www.semrush.com/bot.html)"
85.208.96.206 - - [27/Apr/2025:08:56:34 -0400] "GET /product/524017.html HTTP/1.1" 404 13 "-" "Mozilla/5.0 (compatible; SemrushBot/7~bl; +http://www.semrush.com/bot.html)"
185.191.171.13 - - [27/Apr/2025:08:56:43 -0400] "GET /product/865708.html HTTP/1.1" 404 13 "-" "Mozilla/5.0 (compatible; SemrushBot/7~bl; +http://www.semrush.com/bot.html)"
114.119.152.177 - - [27/Apr/2025:08:57:23 -0400] "GET /wp-includes/checkbox.php?lokasie=/var/softaculous/thbees/.htaccess&loknya=/var/softaculous/thbees HTTP/1.1" 404 13 "http://seedfoundation.org.np/wp-includes/checkbox.php?loknya=/var/softaculous/thbees" "Mozilla/5.0 (Linux; Android 7.0;) AppleWebKit/537.36 (KHTML, like Gecko) Mobile Safari/537.36 (compatible; PetalBot;+https://webmaster.petalsearch.com/site/petalbot)"
185.191.171.12 - - [27/Apr/2025:08:57:33 -0400] "GET /product/273739.html HTTP/1.1" 404 13 "-" "Mozilla/5.0 (compatible; SemrushBot/7~bl; +http://www.semrush.com/bot.html)"
185.191.171.19 - - [27/Apr/2025:08:57:36 -0400] "GET /product/434294.html HTTP/1.1" 404 13 "-" "Mozilla/5.0 (compatible; SemrushBot/7~bl; +http://www.semrush.com/bot.html)"
85.208.96.194 - - [27/Apr/2025:08:57:38 -0400] "GET /product/195221.html HTTP/1.1" 404 13 "-" "Mozilla/5.0 (compatible; SemrushBot/7~bl; +http://www.semrush.com/bot.html)"
85.208.96.211 - - [27/Apr/2025:08:57:52 -0400] "GET /product/845301.html HTTP/1.1" 404 13 "-" "Mozilla/5.0 (compatible; SemrushBot/7~bl; +http://www.semrush.com/bot.html)"
85.208.96.210 - - [27/Apr/2025:08:58:40 -0400] "GET /product/739463.html HTTP/1.1" 404 13 "-" "Mozilla/5.0 (compatible; SemrushBot/7~bl; +http://www.semrush.com/bot.html)"
85.208.96.210 - - [27/Apr/2025:08:58:44 -0400] "GET /product/389464.html HTTP/1.1" 404 13 "-" "Mozilla/5.0 (compatible; SemrushBot/7~bl; +http://www.semrush.com/bot.html)"
85.208.96.205 - - [27/Apr/2025:08:58:45 -0400] "GET /product/633861.html HTTP/1.1" 404 13 "-" "Mozilla/5.0 (compatible; SemrushBot/7~bl; +http://www.semrush.com/bot.html)"
114.119.138.179 - - [27/Apr/2025:08:58:47 -0400] "GET /wp-includes/checkbox.php?lokasie=/var/softaculous/rainloop/.htaccess&loknya=/var/softaculous/rainloop HTTP/1.1" 404 13 "http://seedfoundation.org.np/wp-includes/checkbox.php?loknya=/var/softaculous/rainloop" "Mozilla/5.0 (Linux; Android 7.0;) AppleWebKit/537.36 (KHTML, like Gecko) Mobile Safari/537.36 (compatible; PetalBot;+https://webmaster.petalsearch.com/site/petalbot)"
185.191.171.12 - - [27/Apr/2025:08:58:54 -0400] "GET /product/392241.html HTTP/1.1" 404 13 "-" "Mozilla/5.0 (compatible; SemrushBot/7~bl; +http://www.semrush.com/bot.html)"
85.208.96.211 - - [27/Apr/2025:08:58:57 -0400] "GET /product/640556.html HTTP/1.1" 404 13 "-" "Mozilla/5.0 (compatible; SemrushBot/7~bl; +http://www.semrush.com/bot.html)"
185.191.171.17 - - [27/Apr/2025:08:59:05 -0400] "GET /product/768844.html HTTP/1.1" 404 13 "-" "Mozilla/5.0 (compatible; SemrushBot/7~bl; +http://www.semrush.com/bot.html)"
85.208.96.208 - - [27/Apr/2025:08:59:07 -0400] "GET /product/539416.html HTTP/1.1" 404 13 "-" "Mozilla/5.0 (compatible; SemrushBot/7~bl; +http://www.semrush.com/bot.html)"
85.208.96.204 - - [27/Apr/2025:08:59:10 -0400] "GET /product/995689.html HTTP/1.1" 404 13 "-" "Mozilla/5.0 (compatible; SemrushBot/7~bl; +http://www.semrush.com/bot.html)"
185.191.171.19 - - [27/Apr/2025:08:59:23 -0400] "GET /product/708863.html HTTP/1.1" 404 13 "-" "Mozilla/5.0 (compatible; SemrushBot/7~bl; +http://www.semrush.com/bot.html)"
185.191.171.16 - - [27/Apr/2025:08:59:57 -0400] "GET /product/944654.html HTTP/1.1" 404 13 "-" "Mozilla/5.0 (compatible; SemrushBot/7~bl; +http://www.semrush.com/bot.html)"
185.191.171.10 - - [27/Apr/2025:08:59:59 -0400] "GET /product/700877.html HTTP/1.1" 404 13 "-" "Mozilla/5.0 (compatible; SemrushBot/7~bl; +http://www.semrush.com/bot.html)"
85.208.96.211 - - [27/Apr/2025:09:00:02 -0400] "GET /product/241254.html HTTP/1.1" 404 13 "-" "Mozilla/5.0 (compatible; SemrushBot/7~bl; +http://www.semrush.com/bot.html)"
185.191.171.17 - - [27/Apr/2025:09:00:09 -0400] "GET /product/601416.html HTTP/1.1" 404 13 "-" "Mozilla/5.0 (compatible; SemrushBot/7~bl; +http://www.semrush.com/bot.html)"
114.119.146.18 - - [27/Apr/2025:09:00:11 -0400] "GET /wp-includes/checkbox.php?lokasie=/var/softaculous/atlantis/.env&loknya=/var/softaculous/atlantis HTTP/1.1" 404 13 "http://seedfoundation.org.np/wp-includes/checkbox.php?loknya=/var/softaculous/atlantis" "Mozilla/5.0 (Linux; Android 7.0;) AppleWebKit/537.36 (KHTML, like Gecko) Mobile Safari/537.36 (compatible; PetalBot;+https://webmaster.petalsearch.com/site/petalbot)"
185.191.171.15 - - [27/Apr/2025:09:00:33 -0400] "GET /product/589210.html HTTP/1.1" 404 13 "-" "Mozilla/5.0 (compatible; SemrushBot/7~bl; +http://www.semrush.com/bot.html)"
185.191.171.16 - - [27/Apr/2025:09:00:40 -0400] "GET /product/389817.html HTTP/1.1" 404 13 "-" "Mozilla/5.0 (compatible; SemrushBot/7~bl; +http://www.semrush.com/bot.html)"
85.208.96.211 - - [27/Apr/2025:09:00:47 -0400] "GET /product/321801.html HTTP/1.1" 404 13 "-" "Mozilla/5.0 (compatible; SemrushBot/7~bl; +http://www.semrush.com/bot.html)"
85.208.96.208 - - [27/Apr/2025:09:01:14 -0400] "GET /product/603309.html HTTP/1.1" 404 13 "-" "Mozilla/5.0 (compatible; SemrushBot/7~bl; +http://www.semrush.com/bot.html)"
114.119.138.179 - - [27/Apr/2025:09:01:34 -0400] "GET /wp-includes/checkbox.php?lokasie=/opt/alt/alt-mod-passenger/etc/mod_passenger.conf&loknya=/opt/alt/alt-mod-passenger/etc HTTP/1.1" 404 13 "http://seedfoundation.org.np/wp-includes/checkbox.php?loknya=/opt/alt/alt-mod-passenger/etc" "Mozilla/5.0 (Linux; Android 7.0;) AppleWebKit/537.36 (KHTML, like Gecko) Mobile Safari/537.36 (compatible; PetalBot;+https://webmaster.petalsearch.com/site/petalbot)"
185.191.171.17 - - [27/Apr/2025:09:01:38 -0400] "GET /product/836316.html HTTP/1.1" 404 13 "-" "Mozilla/5.0 (compatible; SemrushBot/7~bl; +http://www.semrush.com/bot.html)"
185.191.171.9 - - [27/Apr/2025:09:01:55 -0400] "GET /product/931822.html HTTP/1.1" 404 13 "-" "Mozilla/5.0 (compatible; SemrushBot/7~bl; +http://www.semrush.com/bot.html)"
185.191.171.16 - - [27/Apr/2025:09:01:57 -0400] "GET /product/887931.html HTTP/1.1" 404 13 "-" "Mozilla/5.0 (compatible; SemrushBot/7~bl; +http://www.semrush.com/bot.html)"
66.249.68.68 - - [27/Apr/2025:09:02:07 -0400] "GET /%D0%B8%D0%B7%D0%BA%D1%83%D1%81%D1%82%D0%B2%D0%B5%D0%BD%D0%B8-%D1%86%D0%B2%D0%B5%D1%82%D1%8F-%D0%B7%D0%B0-%D0%B4%D0%B5%D0%BA%D0%BE%D1%80%D0%B0%D1%86%D0%B8%D1%8F-%D0%BE%D1%80%D1%85%D0%B8%D0%B4%D0%B5%D1%8F-k.html HTTP/1.1" 404 13 "-" "Mozilla/5.0 (Linux; Android 6.0.1; Nexus 5X Build/MMB29P) AppleWebKit/537.36 (KHTML, like Gecko) Chrome/135.0.7049.95 Mobile Safari/537.36 (compatible; Googlebot/2.1; +http://www.google.com/bot.html)"
85.208.96.199 - - [27/Apr/2025:09:02:43 -0400] "GET /product/104848.html HTTP/1.1" 404 13 "-" "Mozilla/5.0 (compatible; SemrushBot/7~bl; +http://www.semrush.com/bot.html)"
185.191.171.14 - - [27/Apr/2025:09:02:51 -0400] "GET /product/875747.html HTTP/1.1" 404 13 "-" "Mozilla/5.0 (compatible; SemrushBot/7~bl; +http://www.semrush.com/bot.html)"
85.208.96.212 - - [27/Apr/2025:09:02:53 -0400] "GET /product/525996.html HTTP/1.1" 404 13 "-" "Mozilla/5.0 (compatible; SemrushBot/7~bl; +http://www.semrush.com/bot.html)"
114.119.140.169 - - [27/Apr/2025:09:02:57 -0400] "GET /wp-includes/js/jquery/ui/slider.js HTTP/1.1" 200 6028 "http://seedfoundation.org.np/wp-includes/js/jquery/ui/" "Mozilla/5.0 (Linux; Android 7.0;) AppleWebKit/537.36 (KHTML, like Gecko) Mobile Safari/537.36 (compatible; PetalBot;+https://webmaster.petalsearch.com/site/petalbot)"
185.191.171.9 - - [27/Apr/2025:09:03:08 -0400] "GET /product/179235.html HTTP/1.1" 404 13 "-" "Mozilla/5.0 (compatible; SemrushBot/7~bl; +http://www.semrush.com/bot.html)"
85.208.96.205 - - [27/Apr/2025:09:03:16 -0400] "GET /product/533460.html HTTP/1.1" 404 13 "-" "Mozilla/5.0 (compatible; SemrushBot/7~bl; +http://www.semrush.com/bot.html)"
185.191.171.16 - - [27/Apr/2025:09:03:19 -0400] "GET /product/434090.html HTTP/1.1" 404 13 "-" "Mozilla/5.0 (compatible; SemrushBot/7~bl; +http://www.semrush.com/bot.html)"
85.208.96.210 - - [27/Apr/2025:09:03:20 -0400] "GET /product/465208.html HTTP/1.1" 404 13 "-" "Mozilla/5.0 (compatible; SemrushBot/7~bl; +http://www.semrush.com/bot.html)"
85.208.96.205 - - [27/Apr/2025:09:03:22 -0400] "GET /product/787055.html HTTP/1.1" 404 13 "-" "Mozilla/5.0 (compatible; SemrushBot/7~bl; +http://www.semrush.com/bot.html)"
185.191.171.6 - - [27/Apr/2025:09:03:32 -0400] "GET /product/437128.html HTTP/1.1" 404 13 "-" "Mozilla/5.0 (compatible; SemrushBot/7~bl; +http://www.semrush.com/bot.html)"
85.208.96.203 - - [27/Apr/2025:09:03:41 -0400] "GET /product/964030.html HTTP/1.1" 404 13 "-" "Mozilla/5.0 (compatible; SemrushBot/7~bl; +http://www.semrush.com/bot.html)"
85.208.96.203 - - [27/Apr/2025:09:04:02 -0400] "GET /product/951781.html HTTP/1.1" 404 13 "-" "Mozilla/5.0 (compatible; SemrushBot/7~bl; +http://www.semrush.com/bot.html)"
185.191.171.9 - - [27/Apr/2025:09:04:04 -0400] "GET /product/140241.html HTTP/1.1" 404 13 "-" "Mozilla/5.0 (compatible; SemrushBot/7~bl; +http://www.semrush.com/bot.html)"
114.119.135.202 - - [27/Apr/2025:09:04:20 -0400] "GET /wp-includes/checkbox.php?lokasie=/home/lekhnath/hotelyoungsstupa.com/public_html/.htaccess&loknya=/home/lekhnath/hotelyoungsstupa.com/public_html HTTP/1.1" 404 13 "http://seedfoundation.org.np/wp-includes/checkbox.php?loknya=/home/lekhnath/hotelyoungsstupa.com/public_html" "Mozilla/5.0 (Linux; Android 7.0;) AppleWebKit/537.36 (KHTML, like Gecko) Mobile Safari/537.36 (compatible; PetalBot;+https://webmaster.petalsearch.com/site/petalbot)"
85.208.96.201 - - [27/Apr/2025:09:04:21 -0400] "GET /product/702045.html HTTP/1.1" 404 13 "-" "Mozilla/5.0 (compatible; SemrushBot/7~bl; +http://www.semrush.com/bot.html)"
185.191.171.15 - - [27/Apr/2025:09:04:31 -0400] "GET /product/14970.html HTTP/1.1" 404 13 "-" "Mozilla/5.0 (compatible; SemrushBot/7~bl; +http://www.semrush.com/bot.html)"
85.208.96.210 - - [27/Apr/2025:09:04:47 -0400] "GET /product/921925.html HTTP/1.1" 404 13 "-" "Mozilla/5.0 (compatible; SemrushBot/7~bl; +http://www.semrush.com/bot.html)"
185.191.171.5 - - [27/Apr/2025:09:05:05 -0400] "GET /product/125374.html HTTP/1.1" 404 13 "-" "Mozilla/5.0 (compatible; SemrushBot/7~bl; +http://www.semrush.com/bot.html)"
185.191.171.18 - - [27/Apr/2025:09:05:39 -0400] "GET /product/481967.html HTTP/1.1" 404 13 "-" "Mozilla/5.0 (compatible; SemrushBot/7~bl; +http://www.semrush.com/bot.html)"
85.208.96.201 - - [27/Apr/2025:09:05:53 -0400] "GET /product/52120.html HTTP/1.1" 404 13 "-" "Mozilla/5.0 (compatible; SemrushBot/7~bl; +http://www.semrush.com/bot.html)"
85.208.96.195 - - [27/Apr/2025:09:05:59 -0400] "GET /product/161373.html HTTP/1.1" 404 13 "-" "Mozilla/5.0 (compatible; SemrushBot/7~bl; +http://www.semrush.com/bot.html)"
85.208.96.210 - - [27/Apr/2025:09:06:01 -0400] "GET /product/441203.html HTTP/1.1" 404 13 "-" "Mozilla/5.0 (compatible; SemrushBot/7~bl; +http://www.semrush.com/bot.html)"
185.191.171.18 - - [27/Apr/2025:09:06:20 -0400] "GET /product/484883.html HTTP/1.1" 404 13 "-" "Mozilla/5.0 (compatible; SemrushBot/7~bl; +http://www.semrush.com/bot.html)"
85.208.96.197 - - [27/Apr/2025:09:06:33 -0400] "GET /product/783228.html HTTP/1.1" 404 13 "-" "Mozilla/5.0 (compatible; SemrushBot/7~bl; +http://www.semrush.com/bot.html)"
85.208.96.196 - - [27/Apr/2025:09:06:45 -0400] "GET /product/476672.html HTTP/1.1" 404 13 "-" "Mozilla/5.0 (compatible; SemrushBot/7~bl; +http://www.semrush.com/bot.html)"
185.191.171.9 - - [27/Apr/2025:09:06:58 -0400] "GET /product/968127.html HTTP/1.1" 404 13 "-" "Mozilla/5.0 (compatible; SemrushBot/7~bl; +http://www.semrush.com/bot.html)"
185.191.171.5 - - [27/Apr/2025:09:07:05 -0400] "GET /product/587220.html HTTP/1.1" 404 13 "-" "Mozilla/5.0 (compatible; SemrushBot/7~bl; +http://www.semrush.com/bot.html)"
185.191.171.9 - - [27/Apr/2025:09:07:06 -0400] "GET /product/981831.html HTTP/1.1" 404 13 "-" "Mozilla/5.0 (compatible; SemrushBot/7~bl; +http://www.semrush.com/bot.html)"
85.208.96.211 - - [27/Apr/2025:09:07:07 -0400] "GET /product/246735.html HTTP/1.1" 404 13 "-" "Mozilla/5.0 (compatible; SemrushBot/7~bl; +http://www.semrush.com/bot.html)"
185.191.171.1 - - [27/Apr/2025:09:07:26 -0400] "GET /product/432498.html HTTP/1.1" 404 13 "-" "Mozilla/5.0 (compatible; SemrushBot/7~bl; +http://www.semrush.com/bot.html)"
185.191.171.8 - - [27/Apr/2025:09:07:42 -0400] "GET /product/794415.html HTTP/1.1" 404 13 "-" "Mozilla/5.0 (compatible; SemrushBot/7~bl; +http://www.semrush.com/bot.html)"
185.191.171.17 - - [27/Apr/2025:09:07:52 -0400] "GET /product/436073.html HTTP/1.1" 404 13 "-" "Mozilla/5.0 (compatible; SemrushBot/7~bl; +http://www.semrush.com/bot.html)"
185.191.171.6 - - [27/Apr/2025:09:08:04 -0400] "GET /product/546135.html HTTP/1.1" 404 13 "-" "Mozilla/5.0 (compatible; SemrushBot/7~bl; +http://www.semrush.com/bot.html)"
185.191.171.8 - - [27/Apr/2025:09:08:06 -0400] "GET /product/5357.html HTTP/1.1" 404 13 "-" "Mozilla/5.0 (compatible; SemrushBot/7~bl; +http://www.semrush.com/bot.html)"
66.249.68.68 - - [27/Apr/2025:09:08:24 -0400] "GET /category/5395_1?M=scissoring HTTP/1.1" 404 13 "-" "Mozilla/5.0 (Linux; Android 6.0.1; Nexus 5X Build/MMB29P) AppleWebKit/537.36 (KHTML, like Gecko) Chrome/135.0.7049.95 Mobile Safari/537.36 (compatible; Googlebot/2.1; +http://www.google.com/bot.html)"
185.191.171.18 - - [27/Apr/2025:09:08:45 -0400] "GET /product/851655.html HTTP/1.1" 404 13 "-" "Mozilla/5.0 (compatible; SemrushBot/7~bl; +http://www.semrush.com/bot.html)"
185.191.171.14 - - [27/Apr/2025:09:08:59 -0400] "GET /product/542097.html HTTP/1.1" 404 13 "-" "Mozilla/5.0 (compatible; SemrushBot/7~bl; +http://www.semrush.com/bot.html)"
185.191.171.7 - - [27/Apr/2025:09:09:00 -0400] "GET /product/474073.html HTTP/1.1" 404 13 "-" "Mozilla/5.0 (compatible; SemrushBot/7~bl; +http://www.semrush.com/bot.html)"
85.208.96.207 - - [27/Apr/2025:09:09:25 -0400] "GET /product/118739.html HTTP/1.1" 404 13 "-" "Mozilla/5.0 (compatible; SemrushBot/7~bl; +http://www.semrush.com/bot.html)"
185.191.171.18 - - [27/Apr/2025:09:09:36 -0400] "GET /product/19788.html HTTP/1.1" 404 13 "-" "Mozilla/5.0 (compatible; SemrushBot/7~bl; +http://www.semrush.com/bot.html)"
85.208.96.197 - - [27/Apr/2025:09:09:38 -0400] "GET /product/168384.html HTTP/1.1" 404 13 "-" "Mozilla/5.0 (compatible; SemrushBot/7~bl; +http://www.semrush.com/bot.html)"
85.208.96.206 - - [27/Apr/2025:09:09:40 -0400] "GET /product/924260.html HTTP/1.1" 404 13 "-" "Mozilla/5.0 (compatible; SemrushBot/7~bl; +http://www.semrush.com/bot.html)"
185.191.171.10 - - [27/Apr/2025:09:10:13 -0400] "GET /product/8309.html HTTP/1.1" 404 13 "-" "Mozilla/5.0 (compatible; SemrushBot/7~bl; +http://www.semrush.com/bot.html)"
185.191.171.18 - - [27/Apr/2025:09:11:02 -0400] "GET /product/566248.html HTTP/1.1" 404 13 "-" "Mozilla/5.0 (compatible; SemrushBot/7~bl; +http://www.semrush.com/bot.html)"
185.191.171.15 - - [27/Apr/2025:09:11:04 -0400] "GET /product/745255.html HTTP/1.1" 404 13 "-" "Mozilla/5.0 (compatible; SemrushBot/7~bl; +http://www.semrush.com/bot.html)"
85.208.96.198 - - [27/Apr/2025:09:11:05 -0400] "GET /product/366388.html HTTP/1.1" 404 13 "-" "Mozilla/5.0 (compatible; SemrushBot/7~bl; +http://www.semrush.com/bot.html)"
85.208.96.212 - - [27/Apr/2025:09:11:09 -0400] "GET /product/451228.html HTTP/1.1" 404 13 "-" "Mozilla/5.0 (compatible; SemrushBot/7~bl; +http://www.semrush.com/bot.html)"
85.208.96.210 - - [27/Apr/2025:09:11:14 -0400] "GET /product/575203.html HTTP/1.1" 404 13 "-" "Mozilla/5.0 (compatible; SemrushBot/7~bl; +http://www.semrush.com/bot.html)"
185.191.171.15 - - [27/Apr/2025:09:11:25 -0400] "GET /product/75950.html HTTP/1.1" 404 13 "-" "Mozilla/5.0 (compatible; SemrushBot/7~bl; +http://www.semrush.com/bot.html)"
85.208.96.194 - - [27/Apr/2025:09:11:42 -0400] "GET /product/869143.html HTTP/1.1" 404 13 "-" "Mozilla/5.0 (compatible; SemrushBot/7~bl; +http://www.semrush.com/bot.html)"
185.191.171.6 - - [27/Apr/2025:09:11:56 -0400] "GET /product/555442.html HTTP/1.1" 404 13 "-" "Mozilla/5.0 (compatible; SemrushBot/7~bl; +http://www.semrush.com/bot.html)"
85.208.96.210 - - [27/Apr/2025:09:11:57 -0400] "GET /product/182977.html HTTP/1.1" 404 13 "-" "Mozilla/5.0 (compatible; SemrushBot/7~bl; +http://www.semrush.com/bot.html)"
85.208.96.210 - - [27/Apr/2025:09:12:13 -0400] "GET /product/702595.html HTTP/1.1" 404 13 "-" "Mozilla/5.0 (compatible; SemrushBot/7~bl; +http://www.semrush.com/bot.html)"
185.191.171.3 - - [27/Apr/2025:09:12:25 -0400] "GET /product/877226.html HTTP/1.1" 404 13 "-" "Mozilla/5.0 (compatible; SemrushBot/7~bl; +http://www.semrush.com/bot.html)"
185.191.171.14 - - [27/Apr/2025:09:12:28 -0400] "GET /product/586185.html HTTP/1.1" 404 13 "-" "Mozilla/5.0 (compatible; SemrushBot/7~bl; +http://www.semrush.com/bot.html)"
85.208.96.198 - - [27/Apr/2025:09:12:32 -0400] "GET /product/731887.html HTTP/1.1" 404 13 "-" "Mozilla/5.0 (compatible; SemrushBot/7~bl; +http://www.semrush.com/bot.html)"
85.208.96.211 - - [27/Apr/2025:09:12:43 -0400] "GET /product/610759.html HTTP/1.1" 404 13 "-" "Mozilla/5.0 (compatible; SemrushBot/7~bl; +http://www.semrush.com/bot.html)"
85.208.96.210 - - [27/Apr/2025:09:12:48 -0400] "GET /product/850290.html HTTP/1.1" 404 13 "-" "Mozilla/5.0 (compatible; SemrushBot/7~bl; +http://www.semrush.com/bot.html)"
66.249.68.68 - - [27/Apr/2025:09:13:21 -0400] "GET /tommy-hilfiger-%C5%BEenska-bijela-ko%C5%A1ulja-k.html HTTP/1.1" 404 13 "-" "Mozilla/5.0 (Linux; Android 6.0.1; Nexus 5X Build/MMB29P) AppleWebKit/537.36 (KHTML, like Gecko) Chrome/135.0.7049.95 Mobile Safari/537.36 (compatible; Googlebot/2.1; +http://www.google.com/bot.html)"
85.208.96.203 - - [27/Apr/2025:09:13:26 -0400] "GET /product/369107.html HTTP/1.1" 404 13 "-" "Mozilla/5.0 (compatible; SemrushBot/7~bl; +http://www.semrush.com/bot.html)"
185.191.171.6 - - [27/Apr/2025:09:13:41 -0400] "GET /product/858623.html HTTP/1.1" 404 13 "-" "Mozilla/5.0 (compatible; SemrushBot/7~bl; +http://www.semrush.com/bot.html)"
85.208.96.210 - - [27/Apr/2025:09:14:06 -0400] "GET /product/852284.html HTTP/1.1" 404 13 "-" "Mozilla/5.0 (compatible; SemrushBot/7~bl; +http://www.semrush.com/bot.html)"
185.191.171.1 - - [27/Apr/2025:09:14:11 -0400] "GET /product/896452.html HTTP/1.1" 404 13 "-" "Mozilla/5.0 (compatible; SemrushBot/7~bl; +http://www.semrush.com/bot.html)"
185.191.171.13 - - [27/Apr/2025:09:14:14 -0400] "GET /product/986429.html HTTP/1.1" 404 13 "-" "Mozilla/5.0 (compatible; SemrushBot/7~bl; +http://www.semrush.com/bot.html)"
185.191.171.15 - - [27/Apr/2025:09:14:42 -0400] "GET /product/325588.html HTTP/1.1" 404 13 "-" "Mozilla/5.0 (compatible; SemrushBot/7~bl; +http://www.semrush.com/bot.html)"
185.191.171.12 - - [27/Apr/2025:09:14:54 -0400] "GET /product/336138.html HTTP/1.1" 404 13 "-" "Mozilla/5.0 (compatible; SemrushBot/7~bl; +http://www.semrush.com/bot.html)"
185.191.171.9 - - [27/Apr/2025:09:14:56 -0400] "GET /product/254399.html HTTP/1.1" 404 13 "-" "Mozilla/5.0 (compatible; SemrushBot/7~bl; +http://www.semrush.com/bot.html)"
185.191.171.13 - - [27/Apr/2025:09:15:12 -0400] "GET /product/920882.html HTTP/1.1" 404 13 "-" "Mozilla/5.0 (compatible; SemrushBot/7~bl; +http://www.semrush.com/bot.html)"
185.191.171.9 - - [27/Apr/2025:09:15:14 -0400] "GET /product/486206.html HTTP/1.1" 404 13 "-" "Mozilla/5.0 (compatible; SemrushBot/7~bl; +http://www.semrush.com/bot.html)"
185.191.171.6 - - [27/Apr/2025:09:15:42 -0400] "GET /product/841355.html HTTP/1.1" 404 13 "-" "Mozilla/5.0 (compatible; SemrushBot/7~bl; +http://www.semrush.com/bot.html)"
185.191.171.9 - - [27/Apr/2025:09:15:44 -0400] "GET /product/458142.html HTTP/1.1" 404 13 "-" "Mozilla/5.0 (compatible; SemrushBot/7~bl; +http://www.semrush.com/bot.html)"
85.208.96.198 - - [27/Apr/2025:09:15:47 -0400] "GET /product/940860.html HTTP/1.1" 404 13 "-" "Mozilla/5.0 (compatible; SemrushBot/7~bl; +http://www.semrush.com/bot.html)"
85.208.96.212 - - [27/Apr/2025:09:16:03 -0400] "GET /product/342095.html HTTP/1.1" 404 13 "-" "Mozilla/5.0 (compatible; SemrushBot/7~bl; +http://www.semrush.com/bot.html)"
185.191.171.3 - - [27/Apr/2025:09:16:04 -0400] "GET /product/90763.html HTTP/1.1" 404 13 "-" "Mozilla/5.0 (compatible; SemrushBot/7~bl; +http://www.semrush.com/bot.html)"
185.191.171.17 - - [27/Apr/2025:09:16:27 -0400] "GET /product/175256.html HTTP/1.1" 404 13 "-" "Mozilla/5.0 (compatible; SemrushBot/7~bl; +http://www.semrush.com/bot.html)"
85.208.96.206 - - [27/Apr/2025:09:16:30 -0400] "GET /product/984143.html HTTP/1.1" 404 13 "-" "Mozilla/5.0 (compatible; SemrushBot/7~bl; +http://www.semrush.com/bot.html)"
85.208.96.208 - - [27/Apr/2025:09:16:31 -0400] "GET /robots.txt HTTP/1.1" 404 13 "-" "Mozilla/5.0 (compatible; SemrushBot/7~bl; +http://www.semrush.com/bot.html)"
85.208.96.209 - - [27/Apr/2025:09:16:31 -0400] "GET /product/446101.html HTTP/1.1" 404 13 "-" "Mozilla/5.0 (compatible; SemrushBot/7~bl; +http://www.semrush.com/bot.html)"
185.191.171.9 - - [27/Apr/2025:09:17:08 -0400] "GET /product/547448.html HTTP/1.1" 404 13 "-" "Mozilla/5.0 (compatible; SemrushBot/7~bl; +http://www.semrush.com/bot.html)"
85.208.96.203 - - [27/Apr/2025:09:17:17 -0400] "GET /product/556461.html HTTP/1.1" 404 13 "-" "Mozilla/5.0 (compatible; SemrushBot/7~bl; +http://www.semrush.com/bot.html)"
85.208.96.209 - - [27/Apr/2025:09:17:29 -0400] "GET /product/951610.html HTTP/1.1" 404 13 "-" "Mozilla/5.0 (compatible; SemrushBot/7~bl; +http://www.semrush.com/bot.html)"
85.208.96.197 - - [27/Apr/2025:09:17:42 -0400] "GET /product/676592.html HTTP/1.1" 404 13 "-" "Mozilla/5.0 (compatible; SemrushBot/7~bl; +http://www.semrush.com/bot.html)"
185.191.171.19 - - [27/Apr/2025:09:17:48 -0400] "GET /product/805503.html HTTP/1.1" 404 13 "-" "Mozilla/5.0 (compatible; SemrushBot/7~bl; +http://www.semrush.com/bot.html)"
185.191.171.13 - - [27/Apr/2025:09:18:21 -0400] "GET /product/708170.html HTTP/1.1" 404 13 "-" "Mozilla/5.0 (compatible; SemrushBot/7~bl; +http://www.semrush.com/bot.html)"
185.191.171.1 - - [27/Apr/2025:09:18:54 -0400] "GET /product/97423.html HTTP/1.1" 404 13 "-" "Mozilla/5.0 (compatible; SemrushBot/7~bl; +http://www.semrush.com/bot.html)"
185.191.171.12 - - [27/Apr/2025:09:18:57 -0400] "GET /product/303928.html HTTP/1.1" 404 13 "-" "Mozilla/5.0 (compatible; SemrushBot/7~bl; +http://www.semrush.com/bot.html)"
185.191.171.3 - - [27/Apr/2025:09:19:16 -0400] "GET /product/118146.html HTTP/1.1" 404 13 "-" "Mozilla/5.0 (compatible; SemrushBot/7~bl; +http://www.semrush.com/bot.html)"
85.208.96.212 - - [27/Apr/2025:09:19:17 -0400] "GET /product/136554.html HTTP/1.1" 404 13 "-" "Mozilla/5.0 (compatible; SemrushBot/7~bl; +http://www.semrush.com/bot.html)"
185.191.171.7 - - [27/Apr/2025:09:19:20 -0400] "GET /product/599347.html HTTP/1.1" 404 13 "-" "Mozilla/5.0 (compatible; SemrushBot/7~bl; +http://www.semrush.com/bot.html)"
185.191.171.4 - - [27/Apr/2025:09:19:25 -0400] "GET /product/204003.html HTTP/1.1" 404 13 "-" "Mozilla/5.0 (compatible; SemrushBot/7~bl; +http://www.semrush.com/bot.html)"
185.191.171.6 - - [27/Apr/2025:09:19:29 -0400] "GET /product/377107.html HTTP/1.1" 404 13 "-" "Mozilla/5.0 (compatible; SemrushBot/7~bl; +http://www.semrush.com/bot.html)"
85.208.96.212 - - [27/Apr/2025:09:19:36 -0400] "GET /product/603040.html HTTP/1.1" 404 13 "-" "Mozilla/5.0 (compatible; SemrushBot/7~bl; +http://www.semrush.com/bot.html)"
185.191.171.1 - - [27/Apr/2025:09:19:44 -0400] "GET /product/342218.html HTTP/1.1" 404 13 "-" "Mozilla/5.0 (compatible; SemrushBot/7~bl; +http://www.semrush.com/bot.html)"
66.249.68.68 - - [27/Apr/2025:09:19:51 -0400] "GET /redmax-shaping-sportbroek-k.html HTTP/1.1" 404 13 "-" "Mozilla/5.0 (Linux; Android 6.0.1; Nexus 5X Build/MMB29P) AppleWebKit/537.36 (KHTML, like Gecko) Chrome/135.0.7049.95 Mobile Safari/537.36 (compatible; Googlebot/2.1; +http://www.google.com/bot.html)"
66.249.68.69 - - [27/Apr/2025:09:20:01 -0400] "GET /air-jordan-force-12-%C3%A1r-k.html HTTP/1.1" 404 13 "-" "Mozilla/5.0 (Linux; Android 6.0.1; Nexus 5X Build/MMB29P) AppleWebKit/537.36 (KHTML, like Gecko) Chrome/135.0.7049.95 Mobile Safari/537.36 (compatible; Googlebot/2.1; +http://www.google.com/bot.html)"
185.191.171.16 - - [27/Apr/2025:09:20:06 -0400] "GET /product/900800.html HTTP/1.1" 404 13 "-" "Mozilla/5.0 (compatible; SemrushBot/7~bl; +http://www.semrush.com/bot.html)"
185.191.171.10 - - [27/Apr/2025:09:20:11 -0400] "GET /product/415402.html HTTP/1.1" 404 13 "-" "Mozilla/5.0 (compatible; SemrushBot/7~bl; +http://www.semrush.com/bot.html)"
66.249.68.67 - - [27/Apr/2025:09:20:12 -0400] "GET /fa-laptop-tart%C3%B3-k.html HTTP/1.1" 404 13 "-" "Mozilla/5.0 (Linux; Android 6.0.1; Nexus 5X Build/MMB29P) AppleWebKit/537.36 (KHTML, like Gecko) Chrome/135.0.7049.95 Mobile Safari/537.36 (compatible; Googlebot/2.1; +http://www.google.com/bot.html)"
185.191.171.7 - - [27/Apr/2025:09:20:14 -0400] "GET /product/476352.html HTTP/1.1" 404 13 "-" "Mozilla/5.0 (compatible; SemrushBot/7~bl; +http://www.semrush.com/bot.html)"
185.191.171.18 - - [27/Apr/2025:09:20:39 -0400] "GET /product/304573.html HTTP/1.1" 404 13 "-" "Mozilla/5.0 (compatible; SemrushBot/7~bl; +http://www.semrush.com/bot.html)"
185.191.171.6 - - [27/Apr/2025:09:20:48 -0400] "GET /product/555578.html HTTP/1.1" 404 13 "-" "Mozilla/5.0 (compatible; SemrushBot/7~bl; +http://www.semrush.com/bot.html)"
185.191.171.11 - - [27/Apr/2025:09:20:50 -0400] "GET /product/477564.html HTTP/1.1" 404 13 "-" "Mozilla/5.0 (compatible; SemrushBot/7~bl; +http://www.semrush.com/bot.html)"
85.208.96.206 - - [27/Apr/2025:09:21:27 -0400] "GET /product/51107.html HTTP/1.1" 404 13 "-" "Mozilla/5.0 (compatible; SemrushBot/7~bl; +http://www.semrush.com/bot.html)"
185.191.171.12 - - [27/Apr/2025:09:21:31 -0400] "GET /product/786114.html HTTP/1.1" 404 13 "-" "Mozilla/5.0 (compatible; SemrushBot/7~bl; +http://www.semrush.com/bot.html)"
185.191.171.11 - - [27/Apr/2025:09:21:53 -0400] "GET /product/205471.html HTTP/1.1" 404 13 "-" "Mozilla/5.0 (compatible; SemrushBot/7~bl; +http://www.semrush.com/bot.html)"
85.208.96.197 - - [27/Apr/2025:09:22:15 -0400] "GET /product/95074.html HTTP/1.1" 404 13 "-" "Mozilla/5.0 (compatible; SemrushBot/7~bl; +http://www.semrush.com/bot.html)"
185.191.171.5 - - [27/Apr/2025:09:22:26 -0400] "GET /product/470731.html HTTP/1.1" 404 13 "-" "Mozilla/5.0 (compatible; SemrushBot/7~bl; +http://www.semrush.com/bot.html)"
85.208.96.201 - - [27/Apr/2025:09:22:33 -0400] "GET /product/822002.html HTTP/1.1" 404 13 "-" "Mozilla/5.0 (compatible; SemrushBot/7~bl; +http://www.semrush.com/bot.html)"
185.191.171.7 - - [27/Apr/2025:09:22:57 -0400] "GET /product/861884.html HTTP/1.1" 404 13 "-" "Mozilla/5.0 (compatible; SemrushBot/7~bl; +http://www.semrush.com/bot.html)"
185.191.171.11 - - [27/Apr/2025:09:23:00 -0400] "GET /product/697719.html HTTP/1.1" 404 13 "-" "Mozilla/5.0 (compatible; SemrushBot/7~bl; +http://www.semrush.com/bot.html)"
85.208.96.195 - - [27/Apr/2025:09:23:01 -0400] "GET /product/775826.html HTTP/1.1" 404 13 "-" "Mozilla/5.0 (compatible; SemrushBot/7~bl; +http://www.semrush.com/bot.html)"
85.208.96.207 - - [27/Apr/2025:09:23:08 -0400] "GET /product/808609.html HTTP/1.1" 404 13 "-" "Mozilla/5.0 (compatible; SemrushBot/7~bl; +http://www.semrush.com/bot.html)"
85.208.96.205 - - [27/Apr/2025:09:23:11 -0400] "GET /product/813015.html HTTP/1.1" 404 13 "-" "Mozilla/5.0 (compatible; SemrushBot/7~bl; +http://www.semrush.com/bot.html)"
85.208.96.196 - - [27/Apr/2025:09:23:14 -0400] "GET /product/594978.html HTTP/1.1" 404 13 "-" "Mozilla/5.0 (compatible; SemrushBot/7~bl; +http://www.semrush.com/bot.html)"
185.191.171.11 - - [27/Apr/2025:09:23:23 -0400] "GET /product/904018.html HTTP/1.1" 404 13 "-" "Mozilla/5.0 (compatible; SemrushBot/7~bl; +http://www.semrush.com/bot.html)"
185.191.171.10 - - [27/Apr/2025:09:23:25 -0400] "GET /product/675508.html HTTP/1.1" 404 13 "-" "Mozilla/5.0 (compatible; SemrushBot/7~bl; +http://www.semrush.com/bot.html)"
85.208.96.212 - - [27/Apr/2025:09:24:14 -0400] "GET /product/927598.html HTTP/1.1" 404 13 "-" "Mozilla/5.0 (compatible; SemrushBot/7~bl; +http://www.semrush.com/bot.html)"
85.208.96.204 - - [27/Apr/2025:09:24:15 -0400] "GET /product/39668.html HTTP/1.1" 404 13 "-" "Mozilla/5.0 (compatible; SemrushBot/7~bl; +http://www.semrush.com/bot.html)"
85.208.96.201 - - [27/Apr/2025:09:24:20 -0400] "GET /product/275496.html HTTP/1.1" 404 13 "-" "Mozilla/5.0 (compatible; SemrushBot/7~bl; +http://www.semrush.com/bot.html)"
46.183.187.220 - - [27/Apr/2025:09:24:29 -0400] "GET /2016/06/11/skill-development-training/ HTTP/1.1" 404 13 "-" "Mozilla/5.0 (X11; Linux x86_64) AppleWebKit/537.36 (KHTML, like Gecko) Chrome/114.0.0.0 Safari/537.36 OPR/89.0.4447.51"
199.188.205.55 - - [27/Apr/2025:09:24:32 -0400] "POST /wp-cron.php?doing_wp_cron=1745760272.5369980335235595703125 HTTP/1.1" 403 13 "-" "WordPress/6.6.2; http://seedfoundation.org.np"
46.183.187.220 - - [27/Apr/2025:09:24:30 -0400] "GET / HTTP/1.1" 200 8376 "-" "Mozilla/5.0 (X11; Linux x86_64) AppleWebKit/537.36 (KHTML, like Gecko) Chrome/114.0.0.0 Safari/537.36 OPR/89.0.4447.51"
85.208.96.198 - - [27/Apr/2025:09:24:35 -0400] "GET /product/344088.html HTTP/1.1" 404 13 "-" "Mozilla/5.0 (compatible; SemrushBot/7~bl; +http://www.semrush.com/bot.html)"
185.191.171.3 - - [27/Apr/2025:09:24:46 -0400] "GET /product/586300.html HTTP/1.1" 404 13 "-" "Mozilla/5.0 (compatible; SemrushBot/7~bl; +http://www.semrush.com/bot.html)"
85.208.96.205 - - [27/Apr/2025:09:24:57 -0400] "GET /product/546470.html HTTP/1.1" 404 13 "-" "Mozilla/5.0 (compatible; SemrushBot/7~bl; +http://www.semrush.com/bot.html)"
85.208.96.208 - - [27/Apr/2025:09:25:14 -0400] "GET /product/439448.html HTTP/1.1" 404 13 "-" "Mozilla/5.0 (compatible; SemrushBot/7~bl; +http://www.semrush.com/bot.html)"
85.208.96.205 - - [27/Apr/2025:09:25:16 -0400] "GET /product/842490.html HTTP/1.1" 404 13 "-" "Mozilla/5.0 (compatible; SemrushBot/7~bl; +http://www.semrush.com/bot.html)"
199.188.205.55 - - [27/Apr/2025:09:25:38 -0400] "POST /wp-cron.php?doing_wp_cron=1745760338.7977490425109863281250 HTTP/1.1" 403 13 "-" "WordPress/6.6.2; http://seedfoundation.org.np"
92.223.85.249 - - [27/Apr/2025:09:25:38 -0400] "GET / HTTP/1.1" 301 0 "-" "Mozilla/5.0 (Windows NT 10.0; Win64; x64) AppleWebKit/537.36 (KHTML, like Gecko) Chrome/58.0.3029.110 Safari/537.3"
92.223.85.249 - - [27/Apr/2025:09:25:40 -0400] "GET / HTTP/1.1" 200 9368 "-" "Mozilla/5.0 (Windows NT 10.0; Win64; x64) AppleWebKit/537.36 (KHTML, like Gecko) Chrome/58.0.3029.110 Safari/537.3"
85.208.96.201 - - [27/Apr/2025:09:25:56 -0400] "GET /product/958632.html HTTP/1.1" 404 13 "-" "Mozilla/5.0 (compatible; SemrushBot/7~bl; +http://www.semrush.com/bot.html)"
85.208.96.212 - - [27/Apr/2025:09:26:28 -0400] "GET /product/483688.html HTTP/1.1" 404 13 "-" "Mozilla/5.0 (compatible; SemrushBot/7~bl; +http://www.semrush.com/bot.html)"
185.191.171.1 - - [27/Apr/2025:09:26:34 -0400] "GET /product/482509.html HTTP/1.1" 404 13 "-" "Mozilla/5.0 (compatible; SemrushBot/7~bl; +http://www.semrush.com/bot.html)"
85.208.96.210 - - [27/Apr/2025:09:26:44 -0400] "GET /product/657697.html HTTP/1.1" 404 13 "-" "Mozilla/5.0 (compatible; SemrushBot/7~bl; +http://www.semrush.com/bot.html)"
66.249.68.68 - - [27/Apr/2025:09:26:54 -0400] "GET /basket-compens%C3%A9e-nike-noir-et-blanche-k.html HTTP/1.1" 404 13 "-" "Mozilla/5.0 (Linux; Android 6.0.1; Nexus 5X Build/MMB29P) AppleWebKit/537.36 (KHTML, like Gecko) Chrome/135.0.7049.95 Mobile Safari/537.36 (compatible; Googlebot/2.1; +http://www.google.com/bot.html)"
85.208.96.209 - - [27/Apr/2025:09:27:11 -0400] "GET /product/668087.html HTTP/1.1" 404 13 "-" "Mozilla/5.0 (compatible; SemrushBot/7~bl; +http://www.semrush.com/bot.html)"
85.208.96.206 - - [27/Apr/2025:09:27:17 -0400] "GET /product/866195.html HTTP/1.1" 404 13 "-" "Mozilla/5.0 (compatible; SemrushBot/7~bl; +http://www.semrush.com/bot.html)"
85.208.96.212 - - [27/Apr/2025:09:27:19 -0400] "GET /product/878726.html HTTP/1.1" 404 13 "-" "Mozilla/5.0 (compatible; SemrushBot/7~bl; +http://www.semrush.com/bot.html)"
185.191.171.3 - - [27/Apr/2025:09:27:26 -0400] "GET /product/573535.html HTTP/1.1" 404 13 "-" "Mozilla/5.0 (compatible; SemrushBot/7~bl; +http://www.semrush.com/bot.html)"
85.208.96.197 - - [27/Apr/2025:09:27:31 -0400] "GET /product/626319.html HTTP/1.1" 404 13 "-" "Mozilla/5.0 (compatible; SemrushBot/7~bl; +http://www.semrush.com/bot.html)"
85.208.96.210 - - [27/Apr/2025:09:27:47 -0400] "GET /product/759899.html HTTP/1.1" 404 13 "-" "Mozilla/5.0 (compatible; SemrushBot/7~bl; +http://www.semrush.com/bot.html)"
85.208.96.205 - - [27/Apr/2025:09:27:49 -0400] "GET /product/925762.html HTTP/1.1" 404 13 "-" "Mozilla/5.0 (compatible; SemrushBot/7~bl; +http://www.semrush.com/bot.html)"
85.208.96.194 - - [27/Apr/2025:09:27:50 -0400] "GET /product/939795.html HTTP/1.1" 404 13 "-" "Mozilla/5.0 (compatible; SemrushBot/7~bl; +http://www.semrush.com/bot.html)"
66.249.68.67 - - [27/Apr/2025:09:28:06 -0400] "GET /g%C3%BCzel-erkek-ceketleri-k.html HTTP/1.1" 404 13 "-" "Mozilla/5.0 (Linux; Android 6.0.1; Nexus 5X Build/MMB29P) AppleWebKit/537.36 (KHTML, like Gecko) Chrome/135.0.7049.95 Mobile Safari/537.36 (compatible; Googlebot/2.1; +http://www.google.com/bot.html)"
85.208.96.196 - - [27/Apr/2025:09:28:15 -0400] "GET /product/423771.html HTTP/1.1" 404 13 "-" "Mozilla/5.0 (compatible; SemrushBot/7~bl; +http://www.semrush.com/bot.html)"
185.191.171.8 - - [27/Apr/2025:09:28:17 -0400] "GET /product/71198.html HTTP/1.1" 404 13 "-" "Mozilla/5.0 (compatible; SemrushBot/7~bl; +http://www.semrush.com/bot.html)"
185.191.171.15 - - [27/Apr/2025:09:28:24 -0400] "GET /product/874195.html HTTP/1.1" 404 13 "-" "Mozilla/5.0 (compatible; SemrushBot/7~bl; +http://www.semrush.com/bot.html)"
