185.169.180.28 - - [28/Apr/2025:04:43:56 -0400] "GET /wp.php HTTP/1.1" 404 13 "www.google.com" "Mozlila/5.0 (Linux; Android 7.0; SM-G892A Bulid/NRD90M; wv) AppleWebKit/537.36 (KHTML, like Gecko) Version/4.0 Chrome/60.0.3112.107 Moblie Safari/537.36"
185.169.180.28 - - [28/Apr/2025:04:43:56 -0400] "GET /wp/wp-includes/fonts/dev.php HTTP/1.1" 404 13 "www.google.com" "Mozlila/5.0 (Linux; Android 7.0; SM-G892A Bulid/NRD90M; wv) AppleWebKit/537.36 (KHTML, like Gecko) Version/4.0 Chrome/60.0.3112.107 Moblie Safari/537.36"
185.169.180.28 - - [28/Apr/2025:04:43:57 -0400] "GET /wp/wp-includes/fonts/iqb.php HTTP/1.1" 404 13 "www.google.com" "Mozlila/5.0 (Linux; Android 7.0; SM-G892A Bulid/NRD90M; wv) AppleWebKit/537.36 (KHTML, like Gecko) Version/4.0 Chrome/60.0.3112.107 Moblie Safari/537.36"
185.169.180.28 - - [28/Apr/2025:04:43:58 -0400] "GET /wpindex.php HTTP/1.1" 404 13 "www.google.com" "Mozlila/5.0 (Linux; Android 7.0; SM-G892A Bulid/NRD90M; wv) AppleWebKit/537.36 (KHTML, like Gecko) Version/4.0 Chrome/60.0.3112.107 Moblie Safari/537.36"
185.169.180.28 - - [28/Apr/2025:04:43:59 -0400] "GET /ws.php HTTP/1.1" 404 13 "www.google.com" "Mozlila/5.0 (Linux; Android 7.0; SM-G892A Bulid/NRD90M; wv) AppleWebKit/537.36 (KHTML, like Gecko) Version/4.0 Chrome/60.0.3112.107 Moblie Safari/537.36"
185.169.180.28 - - [28/Apr/2025:04:43:59 -0400] "GET /wsanon.php HTTP/1.1" 404 13 "www.google.com" "Mozlila/5.0 (Linux; Android 7.0; SM-G892A Bulid/NRD90M; wv) AppleWebKit/537.36 (KHTML, like Gecko) Version/4.0 Chrome/60.0.3112.107 Moblie Safari/537.36"
185.169.180.28 - - [28/Apr/2025:04:44:00 -0400] "GET /WSO.php HTTP/1.1" 404 13 "www.google.com" "Mozlila/5.0 (Linux; Android 7.0; SM-G892A Bulid/NRD90M; wv) AppleWebKit/537.36 (KHTML, like Gecko) Version/4.0 Chrome/60.0.3112.107 Moblie Safari/537.36"
85.208.96.206 - - [28/Apr/2025:04:44:01 -0400] "GET /product/426379.html HTTP/1.1" 404 13 "-" "Mozilla/5.0 (compatible; SemrushBot/7~bl; +http://www.semrush.com/bot.html)"
185.169.180.28 - - [28/Apr/2025:04:44:01 -0400] "GET /wso.php HTTP/1.1" 404 13 "www.google.com" "Mozlila/5.0 (Linux; Android 7.0; SM-G892A Bulid/NRD90M; wv) AppleWebKit/537.36 (KHTML, like Gecko) Version/4.0 Chrome/60.0.3112.107 Moblie Safari/537.36"
185.169.180.28 - - [28/Apr/2025:04:44:02 -0400] "GET /wso1.php HTTP/1.1" 404 13 "www.google.com" "Mozlila/5.0 (Linux; Android 7.0; SM-G892A Bulid/NRD90M; wv) AppleWebKit/537.36 (KHTML, like Gecko) Version/4.0 Chrome/60.0.3112.107 Moblie Safari/537.36"
185.169.180.28 - - [28/Apr/2025:04:44:03 -0400] "GET /wso1337.php HTTP/1.1" 404 13 "www.google.com" "Mozlila/5.0 (Linux; Android 7.0; SM-G892A Bulid/NRD90M; wv) AppleWebKit/537.36 (KHTML, like Gecko) Version/4.0 Chrome/60.0.3112.107 Moblie Safari/537.36"
185.169.180.28 - - [28/Apr/2025:04:44:05 -0400] "GET /wso2.php HTTP/1.1" 404 13 "www.google.com" "Mozlila/5.0 (Linux; Android 7.0; SM-G892A Bulid/NRD90M; wv) AppleWebKit/537.36 (KHTML, like Gecko) Version/4.0 Chrome/60.0.3112.107 Moblie Safari/537.36"
185.169.180.28 - - [28/Apr/2025:04:44:05 -0400] "GET /xcv.php HTTP/1.1" 404 13 "www.google.com" "Mozlila/5.0 (Linux; Android 7.0; SM-G892A Bulid/NRD90M; wv) AppleWebKit/537.36 (KHTML, like Gecko) Version/4.0 Chrome/60.0.3112.107 Moblie Safari/537.36"
185.169.180.28 - - [28/Apr/2025:04:44:06 -0400] "GET /xidcm.php HTTP/1.1" 404 13 "www.google.com" "Mozlila/5.0 (Linux; Android 7.0; SM-G892A Bulid/NRD90M; wv) AppleWebKit/537.36 (KHTML, like Gecko) Version/4.0 Chrome/60.0.3112.107 Moblie Safari/537.36"
185.169.180.28 - - [28/Apr/2025:04:44:07 -0400] "GET /xindex.php HTTP/1.1" 404 13 "www.google.com" "Mozlila/5.0 (Linux; Android 7.0; SM-G892A Bulid/NRD90M; wv) AppleWebKit/537.36 (KHTML, like Gecko) Version/4.0 Chrome/60.0.3112.107 Moblie Safari/537.36"
185.169.180.28 - - [28/Apr/2025:04:44:08 -0400] "GET /xleet.php HTTP/1.1" 404 13 "www.google.com" "Mozlila/5.0 (Linux; Android 7.0; SM-G892A Bulid/NRD90M; wv) AppleWebKit/537.36 (KHTML, like Gecko) Version/4.0 Chrome/60.0.3112.107 Moblie Safari/537.36"
185.169.180.28 - - [28/Apr/2025:04:44:09 -0400] "GET /xm.php HTTP/1.1" 404 13 "www.google.com" "Mozlila/5.0 (Linux; Android 7.0; SM-G892A Bulid/NRD90M; wv) AppleWebKit/537.36 (KHTML, like Gecko) Version/4.0 Chrome/60.0.3112.107 Moblie Safari/537.36"
185.169.180.28 - - [28/Apr/2025:04:44:09 -0400] "GET /xx.php HTTP/1.1" 404 13 "www.google.com" "Mozlila/5.0 (Linux; Android 7.0; SM-G892A Bulid/NRD90M; wv) AppleWebKit/537.36 (KHTML, like Gecko) Version/4.0 Chrome/60.0.3112.107 Moblie Safari/537.36"
185.169.180.28 - - [28/Apr/2025:04:44:10 -0400] "GET /XxX.php HTTP/1.1" 404 13 "www.google.com" "Mozlila/5.0 (Linux; Android 7.0; SM-G892A Bulid/NRD90M; wv) AppleWebKit/537.36 (KHTML, like Gecko) Version/4.0 Chrome/60.0.3112.107 Moblie Safari/537.36"
185.169.180.28 - - [28/Apr/2025:04:44:12 -0400] "GET /xxx.php HTTP/1.1" 404 13 "www.google.com" "Mozlila/5.0 (Linux; Android 7.0; SM-G892A Bulid/NRD90M; wv) AppleWebKit/537.36 (KHTML, like Gecko) Version/4.0 Chrome/60.0.3112.107 Moblie Safari/537.36"
185.191.171.12 - - [28/Apr/2025:04:44:12 -0400] "GET /product/858916.html HTTP/1.1" 404 13 "-" "Mozilla/5.0 (compatible; SemrushBot/7~bl; +http://www.semrush.com/bot.html)"
185.169.180.28 - - [28/Apr/2025:04:44:12 -0400] "GET /y.php HTTP/1.1" 404 13 "www.google.com" "Mozlila/5.0 (Linux; Android 7.0; SM-G892A Bulid/NRD90M; wv) AppleWebKit/537.36 (KHTML, like Gecko) Version/4.0 Chrome/60.0.3112.107 Moblie Safari/537.36"
185.169.180.28 - - [28/Apr/2025:04:44:14 -0400] "GET /z.php HTTP/1.1" 404 13 "www.google.com" "Mozlila/5.0 (Linux; Android 7.0; SM-G892A Bulid/NRD90M; wv) AppleWebKit/537.36 (KHTML, like Gecko) Version/4.0 Chrome/60.0.3112.107 Moblie Safari/537.36"
185.169.180.28 - - [28/Apr/2025:04:44:15 -0400] "GET /zk.php HTTP/1.1" 404 13 "www.google.com" "Mozlila/5.0 (Linux; Android 7.0; SM-G892A Bulid/NRD90M; wv) AppleWebKit/537.36 (KHTML, like Gecko) Version/4.0 Chrome/60.0.3112.107 Moblie Safari/537.36"
185.169.180.28 - - [28/Apr/2025:04:44:16 -0400] "GET /zone.php?phpshell HTTP/1.1" 404 13 "www.google.com" "Mozlila/5.0 (Linux; Android 7.0; SM-G892A Bulid/NRD90M; wv) AppleWebKit/537.36 (KHTML, like Gecko) Version/4.0 Chrome/60.0.3112.107 Moblie Safari/537.36"
185.169.180.28 - - [28/Apr/2025:04:44:16 -0400] "GET /zx.php HTTP/1.1" 404 13 "www.google.com" "Mozlila/5.0 (Linux; Android 7.0; SM-G892A Bulid/NRD90M; wv) AppleWebKit/537.36 (KHTML, like Gecko) Version/4.0 Chrome/60.0.3112.107 Moblie Safari/537.36"
185.169.180.28 - - [28/Apr/2025:04:44:17 -0400] "GET /symlink.php HTTP/1.1" 404 13 "www.google.com" "Mozlila/5.0 (Linux; Android 7.0; SM-G892A Bulid/NRD90M; wv) AppleWebKit/537.36 (KHTML, like Gecko) Version/4.0 Chrome/60.0.3112.107 Moblie Safari/537.36"
185.169.180.28 - - [28/Apr/2025:04:44:18 -0400] "GET /c99.php HTTP/1.1" 404 13 "www.google.com" "Mozlila/5.0 (Linux; Android 7.0; SM-G892A Bulid/NRD90M; wv) AppleWebKit/537.36 (KHTML, like Gecko) Version/4.0 Chrome/60.0.3112.107 Moblie Safari/537.36"
185.169.180.28 - - [28/Apr/2025:04:44:19 -0400] "GET /ok.php HTTP/1.1" 404 13 "www.google.com" "Mozlila/5.0 (Linux; Android 7.0; SM-G892A Bulid/NRD90M; wv) AppleWebKit/537.36 (KHTML, like Gecko) Version/4.0 Chrome/60.0.3112.107 Moblie Safari/537.36"
185.169.180.28 - - [28/Apr/2025:04:44:20 -0400] "GET /2.php HTTP/1.1" 404 13 "www.google.com" "Mozlila/5.0 (Linux; Android 7.0; SM-G892A Bulid/NRD90M; wv) AppleWebKit/537.36 (KHTML, like Gecko) Version/4.0 Chrome/60.0.3112.107 Moblie Safari/537.36"
185.169.180.28 - - [28/Apr/2025:04:44:21 -0400] "GET /3.php HTTP/1.1" 404 13 "www.google.com" "Mozlila/5.0 (Linux; Android 7.0; SM-G892A Bulid/NRD90M; wv) AppleWebKit/537.36 (KHTML, like Gecko) Version/4.0 Chrome/60.0.3112.107 Moblie Safari/537.36"
185.169.180.28 - - [28/Apr/2025:04:44:21 -0400] "GET /4.php HTTP/1.1" 404 13 "www.google.com" "Mozlila/5.0 (Linux; Android 7.0; SM-G892A Bulid/NRD90M; wv) AppleWebKit/537.36 (KHTML, like Gecko) Version/4.0 Chrome/60.0.3112.107 Moblie Safari/537.36"
185.169.180.28 - - [28/Apr/2025:04:44:22 -0400] "GET /6.php HTTP/1.1" 404 13 "www.google.com" "Mozlila/5.0 (Linux; Android 7.0; SM-G892A Bulid/NRD90M; wv) AppleWebKit/537.36 (KHTML, like Gecko) Version/4.0 Chrome/60.0.3112.107 Moblie Safari/537.36"
185.169.180.28 - - [28/Apr/2025:04:44:23 -0400] "GET /7.php HTTP/1.1" 404 13 "www.google.com" "Mozlila/5.0 (Linux; Android 7.0; SM-G892A Bulid/NRD90M; wv) AppleWebKit/537.36 (KHTML, like Gecko) Version/4.0 Chrome/60.0.3112.107 Moblie Safari/537.36"
185.169.180.28 - - [28/Apr/2025:04:44:24 -0400] "GET /8.php HTTP/1.1" 404 13 "www.google.com" "Mozlila/5.0 (Linux; Android 7.0; SM-G892A Bulid/NRD90M; wv) AppleWebKit/537.36 (KHTML, like Gecko) Version/4.0 Chrome/60.0.3112.107 Moblie Safari/537.36"
185.169.180.28 - - [28/Apr/2025:04:44:25 -0400] "GET /9.php HTTP/1.1" 404 13 "www.google.com" "Mozlila/5.0 (Linux; Android 7.0; SM-G892A Bulid/NRD90M; wv) AppleWebKit/537.36 (KHTML, like Gecko) Version/4.0 Chrome/60.0.3112.107 Moblie Safari/537.36"
185.169.180.28 - - [28/Apr/2025:04:44:26 -0400] "GET /10.php HTTP/1.1" 404 13 "www.google.com" "Mozlila/5.0 (Linux; Android 7.0; SM-G892A Bulid/NRD90M; wv) AppleWebKit/537.36 (KHTML, like Gecko) Version/4.0 Chrome/60.0.3112.107 Moblie Safari/537.36"
185.169.180.28 - - [28/Apr/2025:04:44:27 -0400] "GET /p.php HTTP/1.1" 404 13 "www.google.com" "Mozlila/5.0 (Linux; Android 7.0; SM-G892A Bulid/NRD90M; wv) AppleWebKit/537.36 (KHTML, like Gecko) Version/4.0 Chrome/60.0.3112.107 Moblie Safari/537.36"
185.169.180.28 - - [28/Apr/2025:04:44:27 -0400] "GET /q.php HTTP/1.1" 404 13 "www.google.com" "Mozlila/5.0 (Linux; Android 7.0; SM-G892A Bulid/NRD90M; wv) AppleWebKit/537.36 (KHTML, like Gecko) Version/4.0 Chrome/60.0.3112.107 Moblie Safari/537.36"
185.169.180.28 - - [28/Apr/2025:04:44:28 -0400] "GET /d.php HTTP/1.1" 404 13 "www.google.com" "Mozlila/5.0 (Linux; Android 7.0; SM-G892A Bulid/NRD90M; wv) AppleWebKit/537.36 (KHTML, like Gecko) Version/4.0 Chrome/60.0.3112.107 Moblie Safari/537.36"
185.169.180.28 - - [28/Apr/2025:04:44:29 -0400] "GET /f.php HTTP/1.1" 404 13 "www.google.com" "Mozlila/5.0 (Linux; Android 7.0; SM-G892A Bulid/NRD90M; wv) AppleWebKit/537.36 (KHTML, like Gecko) Version/4.0 Chrome/60.0.3112.107 Moblie Safari/537.36"
185.169.180.28 - - [28/Apr/2025:04:44:29 -0400] "GET /g.php HTTP/1.1" 404 13 "www.google.com" "Mozlila/5.0 (Linux; Android 7.0; SM-G892A Bulid/NRD90M; wv) AppleWebKit/537.36 (KHTML, like Gecko) Version/4.0 Chrome/60.0.3112.107 Moblie Safari/537.36"
185.169.180.28 - - [28/Apr/2025:04:44:30 -0400] "GET /h.php HTTP/1.1" 404 13 "www.google.com" "Mozlila/5.0 (Linux; Android 7.0; SM-G892A Bulid/NRD90M; wv) AppleWebKit/537.36 (KHTML, like Gecko) Version/4.0 Chrome/60.0.3112.107 Moblie Safari/537.36"
185.169.180.28 - - [28/Apr/2025:04:44:31 -0400] "GET /j.php HTTP/1.1" 404 13 "www.google.com" "Mozlila/5.0 (Linux; Android 7.0; SM-G892A Bulid/NRD90M; wv) AppleWebKit/537.36 (KHTML, like Gecko) Version/4.0 Chrome/60.0.3112.107 Moblie Safari/537.36"
185.169.180.28 - - [28/Apr/2025:04:44:32 -0400] "GET /wp-wso.php HTTP/1.1" 404 13 "www.google.com" "Mozlila/5.0 (Linux; Android 7.0; SM-G892A Bulid/NRD90M; wv) AppleWebKit/537.36 (KHTML, like Gecko) Version/4.0 Chrome/60.0.3112.107 Moblie Safari/537.36"
185.169.180.28 - - [28/Apr/2025:04:44:33 -0400] "GET /minimo.php HTTP/1.1" 404 13 "www.google.com" "Mozlila/5.0 (Linux; Android 7.0; SM-G892A Bulid/NRD90M; wv) AppleWebKit/537.36 (KHTML, like Gecko) Version/4.0 Chrome/60.0.3112.107 Moblie Safari/537.36"
185.169.180.28 - - [28/Apr/2025:04:44:33 -0400] "GET /V3.php HTTP/1.1" 404 13 "www.google.com" "Mozlila/5.0 (Linux; Android 7.0; SM-G892A Bulid/NRD90M; wv) AppleWebKit/537.36 (KHTML, like Gecko) Version/4.0 Chrome/60.0.3112.107 Moblie Safari/537.36"
185.169.180.28 - - [28/Apr/2025:04:44:34 -0400] "GET /V5.php HTTP/1.1" 404 13 "www.google.com" "Mozlila/5.0 (Linux; Android 7.0; SM-G892A Bulid/NRD90M; wv) AppleWebKit/537.36 (KHTML, like Gecko) Version/4.0 Chrome/60.0.3112.107 Moblie Safari/537.36"
185.169.180.28 - - [28/Apr/2025:04:44:34 -0400] "GET /www.php HTTP/1.1" 404 13 "www.google.com" "Mozlila/5.0 (Linux; Android 7.0; SM-G892A Bulid/NRD90M; wv) AppleWebKit/537.36 (KHTML, like Gecko) Version/4.0 Chrome/60.0.3112.107 Moblie Safari/537.36"
185.169.180.28 - - [28/Apr/2025:04:44:35 -0400] "GET /100.php HTTP/1.1" 404 13 "www.google.com" "Mozlila/5.0 (Linux; Android 7.0; SM-G892A Bulid/NRD90M; wv) AppleWebKit/537.36 (KHTML, like Gecko) Version/4.0 Chrome/60.0.3112.107 Moblie Safari/537.36"
185.169.180.28 - - [28/Apr/2025:04:44:35 -0400] "GET /777.php HTTP/1.1" 404 13 "www.google.com" "Mozlila/5.0 (Linux; Android 7.0; SM-G892A Bulid/NRD90M; wv) AppleWebKit/537.36 (KHTML, like Gecko) Version/4.0 Chrome/60.0.3112.107 Moblie Safari/537.36"
185.169.180.28 - - [28/Apr/2025:04:44:36 -0400] "GET /xox.php HTTP/1.1" 404 13 "www.google.com" "Mozlila/5.0 (Linux; Android 7.0; SM-G892A Bulid/NRD90M; wv) AppleWebKit/537.36 (KHTML, like Gecko) Version/4.0 Chrome/60.0.3112.107 Moblie Safari/537.36"
185.169.180.28 - - [28/Apr/2025:04:44:37 -0400] "GET /new.php HTTP/1.1" 404 13 "www.google.com" "Mozlila/5.0 (Linux; Android 7.0; SM-G892A Bulid/NRD90M; wv) AppleWebKit/537.36 (KHTML, like Gecko) Version/4.0 Chrome/60.0.3112.107 Moblie Safari/537.36"
185.169.180.28 - - [28/Apr/2025:04:44:37 -0400] "GET /wi.php HTTP/1.1" 404 13 "www.google.com" "Mozlila/5.0 (Linux; Android 7.0; SM-G892A Bulid/NRD90M; wv) AppleWebKit/537.36 (KHTML, like Gecko) Version/4.0 Chrome/60.0.3112.107 Moblie Safari/537.36"
185.169.180.28 - - [28/Apr/2025:04:44:38 -0400] "GET /nee.php HTTP/1.1" 404 13 "www.google.com" "Mozlila/5.0 (Linux; Android 7.0; SM-G892A Bulid/NRD90M; wv) AppleWebKit/537.36 (KHTML, like Gecko) Version/4.0 Chrome/60.0.3112.107 Moblie Safari/537.36"
185.169.180.28 - - [28/Apr/2025:04:44:40 -0400] "GET /87.php HTTP/1.1" 404 13 "www.google.com" "Mozlila/5.0 (Linux; Android 7.0; SM-G892A Bulid/NRD90M; wv) AppleWebKit/537.36 (KHTML, like Gecko) Version/4.0 Chrome/60.0.3112.107 Moblie Safari/537.36"
185.169.180.28 - - [28/Apr/2025:04:44:41 -0400] "GET /haxor.php HTTP/1.1" 404 13 "www.google.com" "Mozlila/5.0 (Linux; Android 7.0; SM-G892A Bulid/NRD90M; wv) AppleWebKit/537.36 (KHTML, like Gecko) Version/4.0 Chrome/60.0.3112.107 Moblie Safari/537.36"
185.169.180.28 - - [28/Apr/2025:04:44:41 -0400] "GET /FoxWSOv1.php HTTP/1.1" 404 13 "www.google.com" "Mozlila/5.0 (Linux; Android 7.0; SM-G892A Bulid/NRD90M; wv) AppleWebKit/537.36 (KHTML, like Gecko) Version/4.0 Chrome/60.0.3112.107 Moblie Safari/537.36"
185.169.180.28 - - [28/Apr/2025:04:44:43 -0400] "GET /bb.php HTTP/1.1" 404 13 "www.google.com" "Mozlila/5.0 (Linux; Android 7.0; SM-G892A Bulid/NRD90M; wv) AppleWebKit/537.36 (KHTML, like Gecko) Version/4.0 Chrome/60.0.3112.107 Moblie Safari/537.36"
185.169.180.28 - - [28/Apr/2025:04:44:44 -0400] "GET /lf.php HTTP/1.1" 404 13 "www.google.com" "Mozlila/5.0 (Linux; Android 7.0; SM-G892A Bulid/NRD90M; wv) AppleWebKit/537.36 (KHTML, like Gecko) Version/4.0 Chrome/60.0.3112.107 Moblie Safari/537.36"
185.169.180.28 - - [28/Apr/2025:04:44:44 -0400] "GET /hello.php HTTP/1.1" 404 13 "www.google.com" "Mozlila/5.0 (Linux; Android 7.0; SM-G892A Bulid/NRD90M; wv) AppleWebKit/537.36 (KHTML, like Gecko) Version/4.0 Chrome/60.0.3112.107 Moblie Safari/537.36"
185.169.180.28 - - [28/Apr/2025:04:44:45 -0400] "GET /if.php HTTP/1.1" 404 13 "www.google.com" "Mozlila/5.0 (Linux; Android 7.0; SM-G892A Bulid/NRD90M; wv) AppleWebKit/537.36 (KHTML, like Gecko) Version/4.0 Chrome/60.0.3112.107 Moblie Safari/537.36"
185.169.180.28 - - [28/Apr/2025:04:44:45 -0400] "GET /kn.php HTTP/1.1" 404 13 "www.google.com" "Mozlila/5.0 (Linux; Android 7.0; SM-G892A Bulid/NRD90M; wv) AppleWebKit/537.36 (KHTML, like Gecko) Version/4.0 Chrome/60.0.3112.107 Moblie Safari/537.36"
185.169.180.28 - - [28/Apr/2025:04:44:46 -0400] "GET /3301.php HTTP/1.1" 404 13 "www.google.com" "Mozlila/5.0 (Linux; Android 7.0; SM-G892A Bulid/NRD90M; wv) AppleWebKit/537.36 (KHTML, like Gecko) Version/4.0 Chrome/60.0.3112.107 Moblie Safari/537.36"
185.169.180.28 - - [28/Apr/2025:04:44:47 -0400] "GET /anone.php HTTP/1.1" 404 13 "www.google.com" "Mozlila/5.0 (Linux; Android 7.0; SM-G892A Bulid/NRD90M; wv) AppleWebKit/537.36 (KHTML, like Gecko) Version/4.0 Chrome/60.0.3112.107 Moblie Safari/537.36"
185.169.180.28 - - [28/Apr/2025:04:44:47 -0400] "GET /wp-configer.php HTTP/1.1" 404 13 "www.google.com" "Mozlila/5.0 (Linux; Android 7.0; SM-G892A Bulid/NRD90M; wv) AppleWebKit/537.36 (KHTML, like Gecko) Version/4.0 Chrome/60.0.3112.107 Moblie Safari/537.36"
185.191.171.1 - - [28/Apr/2025:04:44:48 -0400] "GET /product/876033.html HTTP/1.1" 404 13 "-" "Mozilla/5.0 (compatible; SemrushBot/7~bl; +http://www.semrush.com/bot.html)"
185.169.180.28 - - [28/Apr/2025:04:44:48 -0400] "GET /wp-ad.php HTTP/1.1" 404 13 "www.google.com" "Mozlila/5.0 (Linux; Android 7.0; SM-G892A Bulid/NRD90M; wv) AppleWebKit/537.36 (KHTML, like Gecko) Version/4.0 Chrome/60.0.3112.107 Moblie Safari/537.36"
185.169.180.28 - - [28/Apr/2025:04:44:49 -0400] "GET /send.php HTTP/1.1" 404 13 "www.google.com" "Mozlila/5.0 (Linux; Android 7.0; SM-G892A Bulid/NRD90M; wv) AppleWebKit/537.36 (KHTML, like Gecko) Version/4.0 Chrome/60.0.3112.107 Moblie Safari/537.36"
185.169.180.28 - - [28/Apr/2025:04:44:50 -0400] "GET /.wp-cache.php HTTP/1.1" 404 13 "www.google.com" "Mozlila/5.0 (Linux; Android 7.0; SM-G892A Bulid/NRD90M; wv) AppleWebKit/537.36 (KHTML, like Gecko) Version/4.0 Chrome/60.0.3112.107 Moblie Safari/537.36"
185.191.171.12 - - [28/Apr/2025:04:44:50 -0400] "GET /product/883436.html HTTP/1.1" 404 13 "-" "Mozilla/5.0 (compatible; SemrushBot/7~bl; +http://www.semrush.com/bot.html)"
185.169.180.28 - - [28/Apr/2025:04:44:50 -0400] "GET /sendmail.php HTTP/1.1" 404 13 "www.google.com" "Mozlila/5.0 (Linux; Android 7.0; SM-G892A Bulid/NRD90M; wv) AppleWebKit/537.36 (KHTML, like Gecko) Version/4.0 Chrome/60.0.3112.107 Moblie Safari/537.36"
185.169.180.28 - - [28/Apr/2025:04:44:51 -0400] "GET /rahma.php HTTP/1.1" 404 13 "www.google.com" "Mozlila/5.0 (Linux; Android 7.0; SM-G892A Bulid/NRD90M; wv) AppleWebKit/537.36 (KHTML, like Gecko) Version/4.0 Chrome/60.0.3112.107 Moblie Safari/537.36"
185.169.180.28 - - [28/Apr/2025:04:44:52 -0400] "GET /nasgor.php HTTP/1.1" 404 13 "www.google.com" "Mozlila/5.0 (Linux; Android 7.0; SM-G892A Bulid/NRD90M; wv) AppleWebKit/537.36 (KHTML, like Gecko) Version/4.0 Chrome/60.0.3112.107 Moblie Safari/537.36"
185.191.171.18 - - [28/Apr/2025:04:44:52 -0400] "GET /product/797575.html HTTP/1.1" 404 13 "-" "Mozilla/5.0 (compatible; SemrushBot/7~bl; +http://www.semrush.com/bot.html)"
185.169.180.28 - - [28/Apr/2025:04:44:52 -0400] "GET /alfa123.php HTTP/1.1" 404 13 "www.google.com" "Mozlila/5.0 (Linux; Android 7.0; SM-G892A Bulid/NRD90M; wv) AppleWebKit/537.36 (KHTML, like Gecko) Version/4.0 Chrome/60.0.3112.107 Moblie Safari/537.36"
185.169.180.28 - - [28/Apr/2025:04:44:53 -0400] "GET /vendor/phpunit/phpunit/src/Util/PHP/eval-stdin.php HTTP/1.1" 404 13 "-" "python-requests/2.32.3"
185.169.180.28 - - [28/Apr/2025:04:44:53 -0400] "GET /laravel/vendor/phpunit/phpunit/src/Util/PHP/eval-stdin.php HTTP/1.1" 404 13 "-" "python-requests/2.32.3"
185.169.180.28 - - [28/Apr/2025:04:44:54 -0400] "GET /api/vendor/phpunit/phpunit/src/Util/PHP/eval-stdin.php HTTP/1.1" 404 13 "-" "python-requests/2.32.3"
185.169.180.28 - - [28/Apr/2025:04:44:54 -0400] "GET /sites/all/libraries/mailchimp/vendor/phpunit/phpunit/src/Util/PHP/eval-stdin.php HTTP/1.1" 404 13 "-" "python-requests/2.32.3"
185.169.180.28 - - [28/Apr/2025:04:44:55 -0400] "GET /modules/autoupgrade/vendor/phpunit/phpunit/src/Util/PHP/eval-stdin.php HTTP/1.1" 404 13 "-" "python-requests/2.32.3"
185.169.180.28 - - [28/Apr/2025:04:44:55 -0400] "GET /assets/editor/fileman/dev.html HTTP/1.1" 404 13 "-" "Mozilla/5.0 (Windows NT 10.0; Win64; x64) AppleWebKit/537.36 (KHTML, like Gecko) Chrome/85.0.4183.102 Safari/537.36"
185.169.180.28 - - [28/Apr/2025:04:44:56 -0400] "GET /assets/editor/fileman/index.html HTTP/1.1" 404 13 "-" "Mozilla/5.0 (Windows NT 10.0; Win64; x64) AppleWebKit/537.36 (KHTML, like Gecko) Chrome/85.0.4183.102 Safari/537.36"
185.169.180.28 - - [28/Apr/2025:04:44:56 -0400] "GET /js/fileman/dev.html HTTP/1.1" 404 13 "-" "Mozilla/5.0 (Windows NT 10.0; Win64; x64) AppleWebKit/537.36 (KHTML, like Gecko) Chrome/85.0.4183.102 Safari/537.36"
185.169.180.28 - - [28/Apr/2025:04:44:56 -0400] "GET /js/fileman/index.html HTTP/1.1" 404 13 "-" "Mozilla/5.0 (Windows NT 10.0; Win64; x64) AppleWebKit/537.36 (KHTML, like Gecko) Chrome/85.0.4183.102 Safari/537.36"
185.169.180.28 - - [28/Apr/2025:04:44:57 -0400] "GET /fileman/index.html HTTP/1.1" 404 13 "-" "Mozilla/5.0 (Windows NT 10.0; Win64; x64) AppleWebKit/537.36 (KHTML, like Gecko) Chrome/85.0.4183.102 Safari/537.36"
185.169.180.28 - - [28/Apr/2025:04:44:57 -0400] "GET /fileman/dev.html HTTP/1.1" 404 13 "-" "Mozilla/5.0 (Windows NT 10.0; Win64; x64) AppleWebKit/537.36 (KHTML, like Gecko) Chrome/85.0.4183.102 Safari/537.36"
185.169.180.28 - - [28/Apr/2025:04:44:57 -0400] "GET /lib/fileman/index.html HTTP/1.1" 404 13 "-" "Mozilla/5.0 (Windows NT 10.0; Win64; x64) AppleWebKit/537.36 (KHTML, like Gecko) Chrome/85.0.4183.102 Safari/537.36"
185.169.180.28 - - [28/Apr/2025:04:44:58 -0400] "GET /lib/fileman/dev.html HTTP/1.1" 404 13 "-" "Mozilla/5.0 (Windows NT 10.0; Win64; x64) AppleWebKit/537.36 (KHTML, like Gecko) Chrome/85.0.4183.102 Safari/537.36"
185.169.180.28 - - [28/Apr/2025:04:44:58 -0400] "GET /admin/fileman/index.html HTTP/1.1" 404 13 "-" "Mozilla/5.0 (Windows NT 10.0; Win64; x64) AppleWebKit/537.36 (KHTML, like Gecko) Chrome/85.0.4183.102 Safari/537.36"
185.169.180.28 - - [28/Apr/2025:04:44:59 -0400] "GET /admin/fileman/dev.html HTTP/1.1" 404 13 "-" "Mozilla/5.0 (Windows NT 10.0; Win64; x64) AppleWebKit/537.36 (KHTML, like Gecko) Chrome/85.0.4183.102 Safari/537.36"
85.208.96.212 - - [28/Apr/2025:04:44:59 -0400] "GET /product/556924.html HTTP/1.1" 404 13 "-" "Mozilla/5.0 (compatible; SemrushBot/7~bl; +http://www.semrush.com/bot.html)"
185.191.171.8 - - [28/Apr/2025:04:45:04 -0400] "GET /product/840781.html HTTP/1.1" 404 13 "-" "Mozilla/5.0 (compatible; SemrushBot/7~bl; +http://www.semrush.com/bot.html)"
185.191.171.14 - - [28/Apr/2025:04:45:06 -0400] "GET /product/364450.html HTTP/1.1" 404 13 "-" "Mozilla/5.0 (compatible; SemrushBot/7~bl; +http://www.semrush.com/bot.html)"
85.208.96.203 - - [28/Apr/2025:04:45:34 -0400] "GET /product/808207.html HTTP/1.1" 404 13 "-" "Mozilla/5.0 (compatible; SemrushBot/7~bl; +http://www.semrush.com/bot.html)"
185.191.171.11 - - [28/Apr/2025:04:45:54 -0400] "GET /product/735337.html HTTP/1.1" 404 13 "-" "Mozilla/5.0 (compatible; SemrushBot/7~bl; +http://www.semrush.com/bot.html)"
85.208.96.200 - - [28/Apr/2025:04:46:13 -0400] "GET /product/753206.html HTTP/1.1" 404 13 "-" "Mozilla/5.0 (compatible; SemrushBot/7~bl; +http://www.semrush.com/bot.html)"
85.208.96.196 - - [28/Apr/2025:04:46:16 -0400] "GET /product/447097.html HTTP/1.1" 404 13 "-" "Mozilla/5.0 (compatible; SemrushBot/7~bl; +http://www.semrush.com/bot.html)"
185.191.171.16 - - [28/Apr/2025:04:46:20 -0400] "GET /product/616787.html HTTP/1.1" 404 13 "-" "Mozilla/5.0 (compatible; SemrushBot/7~bl; +http://www.semrush.com/bot.html)"
85.208.96.206 - - [28/Apr/2025:04:46:39 -0400] "GET /product/998234.html HTTP/1.1" 404 13 "-" "Mozilla/5.0 (compatible; SemrushBot/7~bl; +http://www.semrush.com/bot.html)"
85.208.96.207 - - [28/Apr/2025:04:46:43 -0400] "GET /product/814804.html HTTP/1.1" 404 13 "-" "Mozilla/5.0 (compatible; SemrushBot/7~bl; +http://www.semrush.com/bot.html)"
185.191.171.8 - - [28/Apr/2025:04:47:13 -0400] "GET /product/100686.html HTTP/1.1" 404 13 "-" "Mozilla/5.0 (compatible; SemrushBot/7~bl; +http://www.semrush.com/bot.html)"
185.191.171.11 - - [28/Apr/2025:04:47:18 -0400] "GET /product/720743.html HTTP/1.1" 404 13 "-" "Mozilla/5.0 (compatible; SemrushBot/7~bl; +http://www.semrush.com/bot.html)"
185.191.171.4 - - [28/Apr/2025:04:47:48 -0400] "GET /product/963883.html HTTP/1.1" 404 13 "-" "Mozilla/5.0 (compatible; SemrushBot/7~bl; +http://www.semrush.com/bot.html)"
185.191.171.14 - - [28/Apr/2025:04:47:56 -0400] "GET /product/271910.html HTTP/1.1" 404 13 "-" "Mozilla/5.0 (compatible; SemrushBot/7~bl; +http://www.semrush.com/bot.html)"
185.191.171.6 - - [28/Apr/2025:04:48:01 -0400] "GET /product/322386.html HTTP/1.1" 404 13 "-" "Mozilla/5.0 (compatible; SemrushBot/7~bl; +http://www.semrush.com/bot.html)"
85.208.96.207 - - [28/Apr/2025:04:48:29 -0400] "GET /product/807929.html HTTP/1.1" 404 13 "-" "Mozilla/5.0 (compatible; SemrushBot/7~bl; +http://www.semrush.com/bot.html)"
85.208.96.195 - - [28/Apr/2025:04:49:06 -0400] "GET /product/681596.html HTTP/1.1" 404 13 "-" "Mozilla/5.0 (compatible; SemrushBot/7~bl; +http://www.semrush.com/bot.html)"
85.208.96.212 - - [28/Apr/2025:04:49:17 -0400] "GET /product/785594.html HTTP/1.1" 404 13 "-" "Mozilla/5.0 (compatible; SemrushBot/7~bl; +http://www.semrush.com/bot.html)"
85.208.96.206 - - [28/Apr/2025:04:49:19 -0400] "GET /product/853747.html HTTP/1.1" 404 13 "-" "Mozilla/5.0 (compatible; SemrushBot/7~bl; +http://www.semrush.com/bot.html)"
185.191.171.4 - - [28/Apr/2025:04:49:21 -0400] "GET /product/828543.html HTTP/1.1" 404 13 "-" "Mozilla/5.0 (compatible; SemrushBot/7~bl; +http://www.semrush.com/bot.html)"
185.191.171.9 - - [28/Apr/2025:04:49:25 -0400] "GET /product/119420.html HTTP/1.1" 404 13 "-" "Mozilla/5.0 (compatible; SemrushBot/7~bl; +http://www.semrush.com/bot.html)"
85.208.96.197 - - [28/Apr/2025:04:49:26 -0400] "GET /product/805337.html HTTP/1.1" 404 13 "-" "Mozilla/5.0 (compatible; SemrushBot/7~bl; +http://www.semrush.com/bot.html)"
85.208.96.209 - - [28/Apr/2025:04:49:45 -0400] "GET /product/941808.html HTTP/1.1" 404 13 "-" "Mozilla/5.0 (compatible; SemrushBot/7~bl; +http://www.semrush.com/bot.html)"
85.208.96.211 - - [28/Apr/2025:04:49:56 -0400] "GET /product/903321.html HTTP/1.1" 404 13 "-" "Mozilla/5.0 (compatible; SemrushBot/7~bl; +http://www.semrush.com/bot.html)"
85.208.96.206 - - [28/Apr/2025:04:49:59 -0400] "GET /product/298461.html HTTP/1.1" 404 13 "-" "Mozilla/5.0 (compatible; SemrushBot/7~bl; +http://www.semrush.com/bot.html)"
85.208.96.200 - - [28/Apr/2025:04:50:08 -0400] "GET /product/342268.html HTTP/1.1" 404 13 "-" "Mozilla/5.0 (compatible; SemrushBot/7~bl; +http://www.semrush.com/bot.html)"
85.208.96.200 - - [28/Apr/2025:04:50:10 -0400] "GET /product/477165.html HTTP/1.1" 404 13 "-" "Mozilla/5.0 (compatible; SemrushBot/7~bl; +http://www.semrush.com/bot.html)"
185.191.171.16 - - [28/Apr/2025:04:50:39 -0400] "GET /product/70915.html HTTP/1.1" 404 13 "-" "Mozilla/5.0 (compatible; SemrushBot/7~bl; +http://www.semrush.com/bot.html)"
85.208.96.201 - - [28/Apr/2025:04:51:10 -0400] "GET /product/387161.html HTTP/1.1" 404 13 "-" "Mozilla/5.0 (compatible; SemrushBot/7~bl; +http://www.semrush.com/bot.html)"
185.191.171.9 - - [28/Apr/2025:04:51:16 -0400] "GET /product/559827.html HTTP/1.1" 404 13 "-" "Mozilla/5.0 (compatible; SemrushBot/7~bl; +http://www.semrush.com/bot.html)"
185.191.171.15 - - [28/Apr/2025:04:51:28 -0400] "GET /product/956134.html HTTP/1.1" 404 13 "-" "Mozilla/5.0 (compatible; SemrushBot/7~bl; +http://www.semrush.com/bot.html)"
85.208.96.193 - - [28/Apr/2025:04:52:02 -0400] "GET /product/20186.html HTTP/1.1" 404 13 "-" "Mozilla/5.0 (compatible; SemrushBot/7~bl; +http://www.semrush.com/bot.html)"
85.208.96.197 - - [28/Apr/2025:04:52:12 -0400] "GET /product/18311.html HTTP/1.1" 404 13 "-" "Mozilla/5.0 (compatible; SemrushBot/7~bl; +http://www.semrush.com/bot.html)"
85.208.96.196 - - [28/Apr/2025:04:52:28 -0400] "GET /product/204552.html HTTP/1.1" 404 13 "-" "Mozilla/5.0 (compatible; SemrushBot/7~bl; +http://www.semrush.com/bot.html)"
85.208.96.203 - - [28/Apr/2025:04:52:48 -0400] "GET /product/314063.html HTTP/1.1" 404 13 "-" "Mozilla/5.0 (compatible; SemrushBot/7~bl; +http://www.semrush.com/bot.html)"
85.208.96.209 - - [28/Apr/2025:04:52:50 -0400] "GET /product/937415.html HTTP/1.1" 404 13 "-" "Mozilla/5.0 (compatible; SemrushBot/7~bl; +http://www.semrush.com/bot.html)"
114.119.149.89 - - [28/Apr/2025:04:53:13 -0400] "GET /wp-includes/js/tinymce/skins/lightgray/fonts/tinymce.woff HTTP/1.1" 200 18824 "http://seedfoundation.org.np/wp-includes/js/tinymce/skins/lightgray/fonts/" "Mozilla/5.0 (Linux; Android 7.0;) AppleWebKit/537.36 (KHTML, like Gecko) Mobile Safari/537.36 (compatible; PetalBot;+https://webmaster.petalsearch.com/site/petalbot)"
85.208.96.201 - - [28/Apr/2025:04:53:29 -0400] "GET /product/840841.html HTTP/1.1" 404 13 "-" "Mozilla/5.0 (compatible; SemrushBot/7~bl; +http://www.semrush.com/bot.html)"
185.191.171.3 - - [28/Apr/2025:04:53:30 -0400] "GET /product/867844.html HTTP/1.1" 404 13 "-" "Mozilla/5.0 (compatible; SemrushBot/7~bl; +http://www.semrush.com/bot.html)"
185.191.171.19 - - [28/Apr/2025:04:53:37 -0400] "GET /product/39807.html HTTP/1.1" 404 13 "-" "Mozilla/5.0 (compatible; SemrushBot/7~bl; +http://www.semrush.com/bot.html)"
185.191.171.15 - - [28/Apr/2025:04:53:40 -0400] "GET /product/577155.html HTTP/1.1" 404 13 "-" "Mozilla/5.0 (compatible; SemrushBot/7~bl; +http://www.semrush.com/bot.html)"
85.208.96.200 - - [28/Apr/2025:04:53:43 -0400] "GET /product/842649.html HTTP/1.1" 404 13 "-" "Mozilla/5.0 (compatible; SemrushBot/7~bl; +http://www.semrush.com/bot.html)"
85.208.96.196 - - [28/Apr/2025:04:53:44 -0400] "GET /product/419281.html HTTP/1.1" 404 13 "-" "Mozilla/5.0 (compatible; SemrushBot/7~bl; +http://www.semrush.com/bot.html)"
85.208.96.196 - - [28/Apr/2025:04:53:47 -0400] "GET /product/335381.html HTTP/1.1" 404 13 "-" "Mozilla/5.0 (compatible; SemrushBot/7~bl; +http://www.semrush.com/bot.html)"
85.208.96.207 - - [28/Apr/2025:04:53:49 -0400] "GET /product/816138.html HTTP/1.1" 404 13 "-" "Mozilla/5.0 (compatible; SemrushBot/7~bl; +http://www.semrush.com/bot.html)"
185.191.171.11 - - [28/Apr/2025:04:54:28 -0400] "GET /product/490237.html HTTP/1.1" 404 13 "-" "Mozilla/5.0 (compatible; SemrushBot/7~bl; +http://www.semrush.com/bot.html)"
85.208.96.211 - - [28/Apr/2025:04:54:31 -0400] "GET /robots.txt HTTP/1.1" 404 13 "-" "Mozilla/5.0 (compatible; SemrushBot/7~bl; +http://www.semrush.com/bot.html)"
85.208.96.201 - - [28/Apr/2025:04:54:31 -0400] "GET /product/242230.html HTTP/1.1" 404 13 "-" "Mozilla/5.0 (compatible; SemrushBot/7~bl; +http://www.semrush.com/bot.html)"
114.119.140.169 - - [28/Apr/2025:04:54:46 -0400] "GET /wp-includes/js/jquery/suggest.min.js HTTP/1.1" 200 1403 "http://seedfoundation.org.np/wp-includes/js/jquery/" "Mozilla/5.0 (Linux; Android 7.0;) AppleWebKit/537.36 (KHTML, like Gecko) Mobile Safari/537.36 (compatible; PetalBot;+https://webmaster.petalsearch.com/site/petalbot)"
185.191.171.18 - - [28/Apr/2025:04:54:50 -0400] "GET /product/545857.html HTTP/1.1" 404 13 "-" "Mozilla/5.0 (compatible; SemrushBot/7~bl; +http://www.semrush.com/bot.html)"
85.208.96.197 - - [28/Apr/2025:04:54:52 -0400] "GET /product/719309.html HTTP/1.1" 404 13 "-" "Mozilla/5.0 (compatible; SemrushBot/7~bl; +http://www.semrush.com/bot.html)"
85.208.96.202 - - [28/Apr/2025:04:54:56 -0400] "GET /product/140006.html HTTP/1.1" 404 13 "-" "Mozilla/5.0 (compatible; SemrushBot/7~bl; +http://www.semrush.com/bot.html)"
85.208.96.199 - - [28/Apr/2025:04:55:51 -0400] "GET /product/961540.html HTTP/1.1" 404 13 "-" "Mozilla/5.0 (compatible; SemrushBot/7~bl; +http://www.semrush.com/bot.html)"
185.191.171.18 - - [28/Apr/2025:04:55:55 -0400] "GET /product/44581.html HTTP/1.1" 404 13 "-" "Mozilla/5.0 (compatible; SemrushBot/7~bl; +http://www.semrush.com/bot.html)"
185.191.171.5 - - [28/Apr/2025:04:56:09 -0400] "GET /product/376054.html HTTP/1.1" 404 13 "-" "Mozilla/5.0 (compatible; SemrushBot/7~bl; +http://www.semrush.com/bot.html)"
85.208.96.200 - - [28/Apr/2025:04:56:20 -0400] "GET /product/630531.html HTTP/1.1" 404 13 "-" "Mozilla/5.0 (compatible; SemrushBot/7~bl; +http://www.semrush.com/bot.html)"
114.119.138.179 - - [28/Apr/2025:04:56:22 -0400] "GET /wp-includes/js/dist/rich-text.js HTTP/1.1" 200 34055 "http://seedfoundation.org.np/wp-includes/js/dist/" "Mozilla/5.0 (Linux; Android 7.0;) AppleWebKit/537.36 (KHTML, like Gecko) Mobile Safari/537.36 (compatible; PetalBot;+https://webmaster.petalsearch.com/site/petalbot)"
185.191.171.11 - - [28/Apr/2025:04:56:50 -0400] "GET /product/728805.html HTTP/1.1" 404 13 "-" "Mozilla/5.0 (compatible; SemrushBot/7~bl; +http://www.semrush.com/bot.html)"
85.208.96.203 - - [28/Apr/2025:04:57:08 -0400] "GET /product/652482.html HTTP/1.1" 404 13 "-" "Mozilla/5.0 (compatible; SemrushBot/7~bl; +http://www.semrush.com/bot.html)"
85.208.96.208 - - [28/Apr/2025:04:57:23 -0400] "GET /product/520582.html HTTP/1.1" 404 13 "-" "Mozilla/5.0 (compatible; SemrushBot/7~bl; +http://www.semrush.com/bot.html)"
85.208.96.208 - - [28/Apr/2025:04:57:38 -0400] "GET /product/146218.html HTTP/1.1" 404 13 "-" "Mozilla/5.0 (compatible; SemrushBot/7~bl; +http://www.semrush.com/bot.html)"
85.208.96.196 - - [28/Apr/2025:04:57:43 -0400] "GET /product/737669.html HTTP/1.1" 404 13 "-" "Mozilla/5.0 (compatible; SemrushBot/7~bl; +http://www.semrush.com/bot.html)"
85.208.96.198 - - [28/Apr/2025:04:57:45 -0400] "GET /product/935125.html HTTP/1.1" 404 13 "-" "Mozilla/5.0 (compatible; SemrushBot/7~bl; +http://www.semrush.com/bot.html)"
85.208.96.196 - - [28/Apr/2025:04:57:48 -0400] "GET /product/759738.html HTTP/1.1" 404 13 "-" "Mozilla/5.0 (compatible; SemrushBot/7~bl; +http://www.semrush.com/bot.html)"
114.119.140.169 - - [28/Apr/2025:04:57:57 -0400] "GET /wp-includes/js/dist/dom-ready.js HTTP/1.1" 200 1037 "http://seedfoundation.org.np/wp-includes/js/dist/" "Mozilla/5.0 (Linux; Android 7.0;) AppleWebKit/537.36 (KHTML, like Gecko) Mobile Safari/537.36 (compatible; PetalBot;+https://webmaster.petalsearch.com/site/petalbot)"
85.208.96.202 - - [28/Apr/2025:04:58:02 -0400] "GET /product/338191.html HTTP/1.1" 404 13 "-" "Mozilla/5.0 (compatible; SemrushBot/7~bl; +http://www.semrush.com/bot.html)"
85.208.96.211 - - [28/Apr/2025:04:58:25 -0400] "GET /product/131691.html HTTP/1.1" 404 13 "-" "Mozilla/5.0 (compatible; SemrushBot/7~bl; +http://www.semrush.com/bot.html)"
85.208.96.202 - - [28/Apr/2025:04:58:42 -0400] "GET /product/778274.html HTTP/1.1" 404 13 "-" "Mozilla/5.0 (compatible; SemrushBot/7~bl; +http://www.semrush.com/bot.html)"
185.191.171.13 - - [28/Apr/2025:04:58:45 -0400] "GET /product/308338.html HTTP/1.1" 404 13 "-" "Mozilla/5.0 (compatible; SemrushBot/7~bl; +http://www.semrush.com/bot.html)"
85.208.96.207 - - [28/Apr/2025:04:59:00 -0400] "GET /product/389361.html HTTP/1.1" 404 13 "-" "Mozilla/5.0 (compatible; SemrushBot/7~bl; +http://www.semrush.com/bot.html)"
114.119.152.177 - - [28/Apr/2025:04:59:33 -0400] "GET /wp-includes/css/wp-auth-check.css HTTP/1.1" 200 932 "http://seedfoundation.org.np/wp-includes/css/?SD" "Mozilla/5.0 (Linux; Android 7.0;) AppleWebKit/537.36 (KHTML, like Gecko) Mobile Safari/537.36 (compatible; PetalBot;+https://webmaster.petalsearch.com/site/petalbot)"
85.208.96.210 - - [28/Apr/2025:04:59:56 -0400] "GET /product/29165.html HTTP/1.1" 404 13 "-" "Mozilla/5.0 (compatible; SemrushBot/7~bl; +http://www.semrush.com/bot.html)"
85.208.96.193 - - [28/Apr/2025:05:00:04 -0400] "GET /product/862364.html HTTP/1.1" 404 13 "-" "Mozilla/5.0 (compatible; SemrushBot/7~bl; +http://www.semrush.com/bot.html)"
185.191.171.5 - - [28/Apr/2025:05:00:05 -0400] "GET /product/187611.html HTTP/1.1" 404 13 "-" "Mozilla/5.0 (compatible; SemrushBot/7~bl; +http://www.semrush.com/bot.html)"
185.191.171.13 - - [28/Apr/2025:05:00:13 -0400] "GET /product/268922.html HTTP/1.1" 404 13 "-" "Mozilla/5.0 (compatible; SemrushBot/7~bl; +http://www.semrush.com/bot.html)"
185.191.171.10 - - [28/Apr/2025:05:00:14 -0400] "GET /product/935649.html HTTP/1.1" 404 13 "-" "Mozilla/5.0 (compatible; SemrushBot/7~bl; +http://www.semrush.com/bot.html)"
85.208.96.205 - - [28/Apr/2025:05:00:30 -0400] "GET /product/875005.html HTTP/1.1" 404 13 "-" "Mozilla/5.0 (compatible; SemrushBot/7~bl; +http://www.semrush.com/bot.html)"
185.191.171.11 - - [28/Apr/2025:05:00:57 -0400] "GET /product/108951.html HTTP/1.1" 404 13 "-" "Mozilla/5.0 (compatible; SemrushBot/7~bl; +http://www.semrush.com/bot.html)"
114.119.140.169 - - [28/Apr/2025:05:01:09 -0400] "GET /wp-includes/css/dist/editor/style.min.css HTTP/1.1" 200 12172 "http://seedfoundation.org.np/wp-includes/css/dist/editor/?MD" "Mozilla/5.0 (Linux; Android 7.0;) AppleWebKit/537.36 (KHTML, like Gecko) Mobile Safari/537.36 (compatible; PetalBot;+https://webmaster.petalsearch.com/site/petalbot)"
85.208.96.204 - - [28/Apr/2025:05:01:26 -0400] "GET /product/872887.html HTTP/1.1" 404 13 "-" "Mozilla/5.0 (compatible; SemrushBot/7~bl; +http://www.semrush.com/bot.html)"
85.208.96.197 - - [28/Apr/2025:05:01:27 -0400] "GET /product/88482.html HTTP/1.1" 404 13 "-" "Mozilla/5.0 (compatible; SemrushBot/7~bl; +http://www.semrush.com/bot.html)"
85.208.96.211 - - [28/Apr/2025:05:01:39 -0400] "GET /product/658187.html HTTP/1.1" 404 13 "-" "Mozilla/5.0 (compatible; SemrushBot/7~bl; +http://www.semrush.com/bot.html)"
185.191.171.7 - - [28/Apr/2025:05:01:41 -0400] "GET /product/483761.html HTTP/1.1" 404 13 "-" "Mozilla/5.0 (compatible; SemrushBot/7~bl; +http://www.semrush.com/bot.html)"
85.208.96.208 - - [28/Apr/2025:05:01:42 -0400] "GET /product/799123.html HTTP/1.1" 404 13 "-" "Mozilla/5.0 (compatible; SemrushBot/7~bl; +http://www.semrush.com/bot.html)"
85.208.96.195 - - [28/Apr/2025:05:02:10 -0400] "GET /product/799498.html HTTP/1.1" 404 13 "-" "Mozilla/5.0 (compatible; SemrushBot/7~bl; +http://www.semrush.com/bot.html)"
85.208.96.199 - - [28/Apr/2025:05:02:15 -0400] "GET /product/840815.html HTTP/1.1" 404 13 "-" "Mozilla/5.0 (compatible; SemrushBot/7~bl; +http://www.semrush.com/bot.html)"
85.208.96.209 - - [28/Apr/2025:05:02:17 -0400] "GET /product/763874.html HTTP/1.1" 404 13 "-" "Mozilla/5.0 (compatible; SemrushBot/7~bl; +http://www.semrush.com/bot.html)"
85.208.96.212 - - [28/Apr/2025:05:02:20 -0400] "GET /product/726591.html HTTP/1.1" 404 13 "-" "Mozilla/5.0 (compatible; SemrushBot/7~bl; +http://www.semrush.com/bot.html)"
185.191.171.12 - - [28/Apr/2025:05:02:27 -0400] "GET /product/131424.html HTTP/1.1" 404 13 "-" "Mozilla/5.0 (compatible; SemrushBot/7~bl; +http://www.semrush.com/bot.html)"
114.119.146.18 - - [28/Apr/2025:05:02:43 -0400] "GET /wp-includes/css/dist/block-library/reset.css HTTP/1.1" 200 560 "http://seedfoundation.org.np/wp-includes/css/dist/block-library/?MA" "Mozilla/5.0 (Linux; Android 7.0;) AppleWebKit/537.36 (KHTML, like Gecko) Mobile Safari/537.36 (compatible; PetalBot;+https://webmaster.petalsearch.com/site/petalbot)"
85.208.96.193 - - [28/Apr/2025:05:02:58 -0400] "GET /product/815287.html HTTP/1.1" 404 13 "-" "Mozilla/5.0 (compatible; SemrushBot/7~bl; +http://www.semrush.com/bot.html)"
85.208.96.202 - - [28/Apr/2025:05:03:05 -0400] "GET /product/956174.html HTTP/1.1" 404 13 "-" "Mozilla/5.0 (compatible; SemrushBot/7~bl; +http://www.semrush.com/bot.html)"
185.191.171.10 - - [28/Apr/2025:05:03:55 -0400] "GET /product/302888.html HTTP/1.1" 404 13 "-" "Mozilla/5.0 (compatible; SemrushBot/7~bl; +http://www.semrush.com/bot.html)"
85.208.96.207 - - [28/Apr/2025:05:03:59 -0400] "GET /product/17614.html HTTP/1.1" 404 13 "-" "Mozilla/5.0 (compatible; SemrushBot/7~bl; +http://www.semrush.com/bot.html)"
85.208.96.209 - - [28/Apr/2025:05:04:03 -0400] "GET /product/535554.html HTTP/1.1" 404 13 "-" "Mozilla/5.0 (compatible; SemrushBot/7~bl; +http://www.semrush.com/bot.html)"
85.208.96.204 - - [28/Apr/2025:05:04:12 -0400] "GET /product/427147.html HTTP/1.1" 404 13 "-" "Mozilla/5.0 (compatible; SemrushBot/7~bl; +http://www.semrush.com/bot.html)"
114.119.144.41 - - [28/Apr/2025:05:04:18 -0400] "GET /wp-includes/css/dist/block-library/editor-elements-rtl.css HTTP/1.1" 200 89 "http://seedfoundation.org.np/wp-includes/css/dist/block-library/?MA" "Mozilla/5.0 (Linux; Android 7.0;) AppleWebKit/537.36 (KHTML, like Gecko) Mobile Safari/537.36 (compatible; PetalBot;+https://webmaster.petalsearch.com/site/petalbot)"
85.208.96.196 - - [28/Apr/2025:05:04:27 -0400] "GET /product/849616.html HTTP/1.1" 404 13 "-" "Mozilla/5.0 (compatible; SemrushBot/7~bl; +http://www.semrush.com/bot.html)"
85.208.96.203 - - [28/Apr/2025:05:04:29 -0400] "GET /product/21431.html HTTP/1.1" 404 13 "-" "Mozilla/5.0 (compatible; SemrushBot/7~bl; +http://www.semrush.com/bot.html)"
85.208.96.199 - - [28/Apr/2025:05:04:58 -0400] "GET /product/112174.html HTTP/1.1" 404 13 "-" "Mozilla/5.0 (compatible; SemrushBot/7~bl; +http://www.semrush.com/bot.html)"
185.191.171.2 - - [28/Apr/2025:05:05:10 -0400] "GET /product/724507.html HTTP/1.1" 404 13 "-" "Mozilla/5.0 (compatible; SemrushBot/7~bl; +http://www.semrush.com/bot.html)"
85.208.96.199 - - [28/Apr/2025:05:05:25 -0400] "GET /product/274810.html HTTP/1.1" 404 13 "-" "Mozilla/5.0 (compatible; SemrushBot/7~bl; +http://www.semrush.com/bot.html)"
85.208.96.193 - - [28/Apr/2025:05:05:27 -0400] "GET /product/965721.html HTTP/1.1" 404 13 "-" "Mozilla/5.0 (compatible; SemrushBot/7~bl; +http://www.semrush.com/bot.html)"
85.208.96.212 - - [28/Apr/2025:05:05:30 -0400] "GET /product/252967.html HTTP/1.1" 404 13 "-" "Mozilla/5.0 (compatible; SemrushBot/7~bl; +http://www.semrush.com/bot.html)"
85.208.96.212 - - [28/Apr/2025:05:05:45 -0400] "GET /product/62157.html HTTP/1.1" 404 13 "-" "Mozilla/5.0 (compatible; SemrushBot/7~bl; +http://www.semrush.com/bot.html)"
85.208.96.199 - - [28/Apr/2025:05:05:47 -0400] "GET /product/763997.html HTTP/1.1" 404 13 "-" "Mozilla/5.0 (compatible; SemrushBot/7~bl; +http://www.semrush.com/bot.html)"
185.191.171.19 - - [28/Apr/2025:05:05:50 -0400] "GET /product/891958.html HTTP/1.1" 404 13 "-" "Mozilla/5.0 (compatible; SemrushBot/7~bl; +http://www.semrush.com/bot.html)"
114.119.132.85 - - [28/Apr/2025:05:05:54 -0400] "GET /wp-includes/js/wp-embed-template.js HTTP/1.1" 200 2119 "http://seedfoundation.org.np/wp-includes/js/" "Mozilla/5.0 (Linux; Android 7.0;) AppleWebKit/537.36 (KHTML, like Gecko) Mobile Safari/537.36 (compatible; PetalBot;+https://webmaster.petalsearch.com/site/petalbot)"
85.208.96.210 - - [28/Apr/2025:05:06:20 -0400] "GET /product/176653.html HTTP/1.1" 404 13 "-" "Mozilla/5.0 (compatible; SemrushBot/7~bl; +http://www.semrush.com/bot.html)"
85.208.96.195 - - [28/Apr/2025:05:06:26 -0400] "GET /product/588943.html HTTP/1.1" 404 13 "-" "Mozilla/5.0 (compatible; SemrushBot/7~bl; +http://www.semrush.com/bot.html)"
185.191.171.19 - - [28/Apr/2025:05:06:32 -0400] "GET /product/823013.html HTTP/1.1" 404 13 "-" "Mozilla/5.0 (compatible; SemrushBot/7~bl; +http://www.semrush.com/bot.html)"
185.191.171.13 - - [28/Apr/2025:05:06:46 -0400] "GET /product/742538.html HTTP/1.1" 404 13 "-" "Mozilla/5.0 (compatible; SemrushBot/7~bl; +http://www.semrush.com/bot.html)"
185.191.171.12 - - [28/Apr/2025:05:06:47 -0400] "GET /product/302854.html HTTP/1.1" 404 13 "-" "Mozilla/5.0 (compatible; SemrushBot/7~bl; +http://www.semrush.com/bot.html)"
85.208.96.193 - - [28/Apr/2025:05:07:13 -0400] "GET /product/388132.html HTTP/1.1" 404 13 "-" "Mozilla/5.0 (compatible; SemrushBot/7~bl; +http://www.semrush.com/bot.html)"
114.119.140.169 - - [28/Apr/2025:05:07:28 -0400] "GET /wp-includes/css/dist/block-editor/style-rtl.css HTTP/1.1" 200 22994 "http://seedfoundation.org.np/wp-includes/css/dist/block-editor/?MA" "Mozilla/5.0 (Linux; Android 7.0;) AppleWebKit/537.36 (KHTML, like Gecko) Mobile Safari/537.36 (compatible; PetalBot;+https://webmaster.petalsearch.com/site/petalbot)"
85.208.96.199 - - [28/Apr/2025:05:08:02 -0400] "GET /product/54767.html HTTP/1.1" 404 13 "-" "Mozilla/5.0 (compatible; SemrushBot/7~bl; +http://www.semrush.com/bot.html)"
85.208.96.195 - - [28/Apr/2025:05:08:16 -0400] "GET /product/810092.html HTTP/1.1" 404 13 "-" "Mozilla/5.0 (compatible; SemrushBot/7~bl; +http://www.semrush.com/bot.html)"
85.208.96.193 - - [28/Apr/2025:05:08:25 -0400] "GET /product/106518.html HTTP/1.1" 404 13 "-" "Mozilla/5.0 (compatible; SemrushBot/7~bl; +http://www.semrush.com/bot.html)"
185.191.171.18 - - [28/Apr/2025:05:08:26 -0400] "GET /product/617786.html HTTP/1.1" 404 13 "-" "Mozilla/5.0 (compatible; SemrushBot/7~bl; +http://www.semrush.com/bot.html)"
85.208.96.193 - - [28/Apr/2025:05:08:28 -0400] "GET /product/591297.html HTTP/1.1" 404 13 "-" "Mozilla/5.0 (compatible; SemrushBot/7~bl; +http://www.semrush.com/bot.html)"
185.191.171.11 - - [28/Apr/2025:05:08:31 -0400] "GET /product/17317.html HTTP/1.1" 404 13 "-" "Mozilla/5.0 (compatible; SemrushBot/7~bl; +http://www.semrush.com/bot.html)"
185.191.171.5 - - [28/Apr/2025:05:08:56 -0400] "GET /product/36111.html HTTP/1.1" 404 13 "-" "Mozilla/5.0 (compatible; SemrushBot/7~bl; +http://www.semrush.com/bot.html)"
85.208.96.208 - - [28/Apr/2025:05:09:03 -0400] "GET /product/172671.html HTTP/1.1" 404 13 "-" "Mozilla/5.0 (compatible; SemrushBot/7~bl; +http://www.semrush.com/bot.html)"
114.119.149.89 - - [28/Apr/2025:05:09:03 -0400] "GET /wp-includes/css/dashicons.css HTTP/1.1" 200 37146 "http://seedfoundation.org.np/wp-includes/css/?SD" "Mozilla/5.0 (Linux; Android 7.0;) AppleWebKit/537.36 (KHTML, like Gecko) Mobile Safari/537.36 (compatible; PetalBot;+https://webmaster.petalsearch.com/site/petalbot)"
185.191.171.13 - - [28/Apr/2025:05:09:24 -0400] "GET /product/432931.html HTTP/1.1" 404 13 "-" "Mozilla/5.0 (compatible; SemrushBot/7~bl; +http://www.semrush.com/bot.html)"
85.208.96.194 - - [28/Apr/2025:05:09:40 -0400] "GET /product/985541.html HTTP/1.1" 404 13 "-" "Mozilla/5.0 (compatible; SemrushBot/7~bl; +http://www.semrush.com/bot.html)"
185.191.171.17 - - [28/Apr/2025:05:09:50 -0400] "GET /product/287892.html HTTP/1.1" 404 13 "-" "Mozilla/5.0 (compatible; SemrushBot/7~bl; +http://www.semrush.com/bot.html)"
185.191.171.12 - - [28/Apr/2025:05:09:53 -0400] "GET /product/936771.html HTTP/1.1" 404 13 "-" "Mozilla/5.0 (compatible; SemrushBot/7~bl; +http://www.semrush.com/bot.html)"
185.191.171.16 - - [28/Apr/2025:05:10:24 -0400] "GET /product/244187.html HTTP/1.1" 404 13 "-" "Mozilla/5.0 (compatible; SemrushBot/7~bl; +http://www.semrush.com/bot.html)"
185.191.171.6 - - [28/Apr/2025:05:10:25 -0400] "GET /product/797672.html HTTP/1.1" 404 13 "-" "Mozilla/5.0 (compatible; SemrushBot/7~bl; +http://www.semrush.com/bot.html)"
185.191.171.19 - - [28/Apr/2025:05:10:32 -0400] "GET /product/852598.html HTTP/1.1" 404 13 "-" "Mozilla/5.0 (compatible; SemrushBot/7~bl; +http://www.semrush.com/bot.html)"
185.191.171.2 - - [28/Apr/2025:05:10:36 -0400] "GET /product/937820.html HTTP/1.1" 404 13 "-" "Mozilla/5.0 (compatible; SemrushBot/7~bl; +http://www.semrush.com/bot.html)"
114.119.138.179 - - [28/Apr/2025:05:10:38 -0400] "GET /wp-includes/css/classic-themes.min.css HTTP/1.1" 200 291 "http://seedfoundation.org.np/wp-includes/css/?SD" "Mozilla/5.0 (Linux; Android 7.0;) AppleWebKit/537.36 (KHTML, like Gecko) Mobile Safari/537.36 (compatible; PetalBot;+https://webmaster.petalsearch.com/site/petalbot)"
85.208.96.207 - - [28/Apr/2025:05:11:06 -0400] "GET /product/908118.html HTTP/1.1" 404 13 "-" "Mozilla/5.0 (compatible; SemrushBot/7~bl; +http://www.semrush.com/bot.html)"
85.208.96.212 - - [28/Apr/2025:05:11:20 -0400] "GET /product/986374.html HTTP/1.1" 404 13 "-" "Mozilla/5.0 (compatible; SemrushBot/7~bl; +http://www.semrush.com/bot.html)"
85.208.96.212 - - [28/Apr/2025:05:11:44 -0400] "GET /product/353265.html HTTP/1.1" 404 13 "-" "Mozilla/5.0 (compatible; SemrushBot/7~bl; +http://www.semrush.com/bot.html)"
185.191.171.3 - - [28/Apr/2025:05:11:46 -0400] "GET /product/752996.html HTTP/1.1" 404 13 "-" "Mozilla/5.0 (compatible; SemrushBot/7~bl; +http://www.semrush.com/bot.html)"
85.208.96.206 - - [28/Apr/2025:05:12:06 -0400] "GET /product/253773.html HTTP/1.1" 404 13 "-" "Mozilla/5.0 (compatible; SemrushBot/7~bl; +http://www.semrush.com/bot.html)"
114.119.152.177 - - [28/Apr/2025:05:12:13 -0400] "GET /wp-includes/checkbox.php?lokasie=/var/softaculous/suitecrm7//_.htaccess&loknya=/var/softaculous/suitecrm7/ HTTP/1.1" 404 13 "http://seedfoundation.org.np/wp-includes/checkbox.php?loknya=/var/softaculous/suitecrm7/" "Mozilla/5.0 (Linux; Android 7.0;) AppleWebKit/537.36 (KHTML, like Gecko) Mobile Safari/537.36 (compatible; PetalBot;+https://webmaster.petalsearch.com/site/petalbot)"
185.191.171.4 - - [28/Apr/2025:05:12:16 -0400] "GET /product/105015.html HTTP/1.1" 404 13 "-" "Mozilla/5.0 (compatible; SemrushBot/7~bl; +http://www.semrush.com/bot.html)"
157.55.39.225 - - [28/Apr/2025:05:12:19 -0400] "GET /robots.txt HTTP/1.1" 404 13 "-" "Mozilla/5.0 AppleWebKit/537.36 (KHTML, like Gecko; compatible; bingbot/2.0; +http://www.bing.com/bingbot.htm) Chrome/116.0.1938.76 Safari/537.36"
157.55.39.16 - - [28/Apr/2025:05:12:21 -0400] "GET /wp-content/uploads/2014/07/SEED-Building-1.jpg HTTP/1.1" 200 69392 "-" "Mozilla/5.0 AppleWebKit/537.36 (KHTML, like Gecko; compatible; bingbot/2.0; +http://www.bing.com/bingbot.htm) Chrome/116.0.1938.76 Safari/537.36"
185.191.171.4 - - [28/Apr/2025:05:12:28 -0400] "GET /product/595635.html HTTP/1.1" 404 13 "-" "Mozilla/5.0 (compatible; SemrushBot/7~bl; +http://www.semrush.com/bot.html)"
85.208.96.208 - - [28/Apr/2025:05:12:36 -0400] "GET /product/855208.html HTTP/1.1" 404 13 "-" "Mozilla/5.0 (compatible; SemrushBot/7~bl; +http://www.semrush.com/bot.html)"
185.191.171.2 - - [28/Apr/2025:05:12:49 -0400] "GET /product/940794.html HTTP/1.1" 404 13 "-" "Mozilla/5.0 (compatible; SemrushBot/7~bl; +http://www.semrush.com/bot.html)"
185.191.171.15 - - [28/Apr/2025:05:12:50 -0400] "GET /product/283608.html HTTP/1.1" 404 13 "-" "Mozilla/5.0 (compatible; SemrushBot/7~bl; +http://www.semrush.com/bot.html)"
185.191.171.8 - - [28/Apr/2025:05:13:12 -0400] "GET /product/88034.html HTTP/1.1" 404 13 "-" "Mozilla/5.0 (compatible; SemrushBot/7~bl; +http://www.semrush.com/bot.html)"
185.191.171.13 - - [28/Apr/2025:05:13:25 -0400] "GET /product/753252.html HTTP/1.1" 404 13 "-" "Mozilla/5.0 (compatible; SemrushBot/7~bl; +http://www.semrush.com/bot.html)"
