20.15.133.191 - - [28/Apr/2025:08:51:48 -0400] "GET / HTTP/1.1" 200 0 "-" "Mozilla/5.0 AppleWebKit/537.36 (KHTML, like Gecko; compatible; bingbot/2.0; +http://www.bing.com/bingbot.htm) Chrome/116.0.1938.76 Safari/537.36"
172.183.179.197 - - [28/Apr/2025:08:52:14 -0400] "GET / HTTP/1.1" 200 0 "-" "Mozilla/5.0 AppleWebKit/537.36 (KHTML, like Gecko; compatible; bingbot/2.0; +http://www.bing.com/bingbot.htm) Chrome/116.0.1938.76 Safari/537.36"
52.167.144.221 - - [28/Apr/2025:08:52:48 -0400] "GET / HTTP/1.1" 200 0 "-" "Mozilla/5.0 AppleWebKit/537.36 (KHTML, like Gecko; compatible; bingbot/2.0; +http://www.bing.com/bingbot.htm) Chrome/116.0.1938.76 Safari/537.36"
136.243.228.178 - - [28/Apr/2025:08:53:07 -0400] "GET /robots.txt HTTP/1.1" 404 13 "-" "Mozilla/5.0 (compatible; DataForSeoBot/1.0; +https://dataforseo.com/dataforseo-bot)"
136.243.228.178 - - [28/Apr/2025:08:53:08 -0400] "GET /sitemap.xml HTTP/1.1" 404 13 "-" "Mozilla/5.0 (compatible; DataForSeoBot/1.0; +https://dataforseo.com/dataforseo-bot)"
114.119.157.143 - - [28/Apr/2025:08:53:27 -0400] "GET /news/unwarranted-tussle-provincial-capitals?share=facebook HTTP/1.1" 404 13 "http://www.cityof7lakes.com/news/unwarranted-tussle-provincial-capitals/" "Mozilla/5.0 (Linux; Android 7.0;) AppleWebKit/537.36 (KHTML, like Gecko) Mobile Safari/537.36 (compatible; PetalBot;+https://webmaster.petalsearch.com/site/petalbot)"
20.15.133.191 - - [28/Apr/2025:08:53:38 -0400] "GET / HTTP/1.1" 200 0 "-" "Mozilla/5.0 AppleWebKit/537.36 (KHTML, like Gecko; compatible; bingbot/2.0; +http://www.bing.com/bingbot.htm) Chrome/116.0.1938.76 Safari/537.36"
20.15.133.191 - - [28/Apr/2025:08:53:41 -0400] "GET / HTTP/1.1" 200 0 "-" "Mozilla/5.0 AppleWebKit/537.36 (KHTML, like Gecko; compatible; bingbot/2.0; +http://www.bing.com/bingbot.htm) Chrome/116.0.1938.76 Safari/537.36"
52.167.144.221 - - [28/Apr/2025:08:53:48 -0400] "GET / HTTP/1.1" 200 0 "-" "Mozilla/5.0 AppleWebKit/537.36 (KHTML, like Gecko; compatible; bingbot/2.0; +http://www.bing.com/bingbot.htm) Chrome/116.0.1938.76 Safari/537.36"
172.183.179.197 - - [28/Apr/2025:08:54:05 -0400] "GET / HTTP/1.1" 200 0 "-" "Mozilla/5.0 AppleWebKit/537.36 (KHTML, like Gecko; compatible; bingbot/2.0; +http://www.bing.com/bingbot.htm) Chrome/116.0.1938.76 Safari/537.36"
172.183.179.197 - - [28/Apr/2025:08:54:08 -0400] "GET / HTTP/1.1" 200 0 "-" "Mozilla/5.0 AppleWebKit/537.36 (KHTML, like Gecko; compatible; bingbot/2.0; +http://www.bing.com/bingbot.htm) Chrome/116.0.1938.76 Safari/537.36"
52.167.144.221 - - [28/Apr/2025:08:54:38 -0400] "GET / HTTP/1.1" 200 0 "-" "Mozilla/5.0 AppleWebKit/537.36 (KHTML, like Gecko; compatible; bingbot/2.0; +http://www.bing.com/bingbot.htm) Chrome/116.0.1938.76 Safari/537.36"
20.15.133.191 - - [28/Apr/2025:08:54:58 -0400] "GET / HTTP/1.1" 200 0 "-" "Mozilla/5.0 AppleWebKit/537.36 (KHTML, like Gecko; compatible; bingbot/2.0; +http://www.bing.com/bingbot.htm) Chrome/116.0.1938.76 Safari/537.36"
172.183.179.197 - - [28/Apr/2025:08:55:05 -0400] "GET / HTTP/1.1" 200 0 "-" "Mozilla/5.0 AppleWebKit/537.36 (KHTML, like Gecko; compatible; bingbot/2.0; +http://www.bing.com/bingbot.htm) Chrome/116.0.1938.76 Safari/537.36"
52.167.144.221 - - [28/Apr/2025:08:55:38 -0400] "GET / HTTP/1.1" 200 0 "-" "Mozilla/5.0 AppleWebKit/537.36 (KHTML, like Gecko; compatible; bingbot/2.0; +http://www.bing.com/bingbot.htm) Chrome/116.0.1938.76 Safari/537.36"
20.15.133.191 - - [28/Apr/2025:08:55:49 -0400] "GET / HTTP/1.1" 200 0 "-" "Mozilla/5.0 AppleWebKit/537.36 (KHTML, like Gecko; compatible; bingbot/2.0; +http://www.bing.com/bingbot.htm) Chrome/116.0.1938.76 Safari/537.36"
172.183.179.197 - - [28/Apr/2025:08:56:15 -0400] "GET / HTTP/1.1" 200 0 "-" "Mozilla/5.0 AppleWebKit/537.36 (KHTML, like Gecko; compatible; bingbot/2.0; +http://www.bing.com/bingbot.htm) Chrome/116.0.1938.76 Safari/537.36"
52.167.144.221 - - [28/Apr/2025:08:56:39 -0400] "GET / HTTP/1.1" 200 0 "-" "Mozilla/5.0 AppleWebKit/537.36 (KHTML, like Gecko; compatible; bingbot/2.0; +http://www.bing.com/bingbot.htm) Chrome/116.0.1938.76 Safari/537.36"
20.15.133.174 - - [28/Apr/2025:08:56:49 -0400] "GET / HTTP/1.1" 200 0 "-" "Mozilla/5.0 AppleWebKit/537.36 (KHTML, like Gecko; compatible; bingbot/2.0; +http://www.bing.com/bingbot.htm) Chrome/116.0.1938.76 Safari/537.36"
172.183.179.197 - - [28/Apr/2025:08:57:05 -0400] "GET / HTTP/1.1" 200 0 "-" "Mozilla/5.0 AppleWebKit/537.36 (KHTML, like Gecko; compatible; bingbot/2.0; +http://www.bing.com/bingbot.htm) Chrome/116.0.1938.76 Safari/537.36"
20.15.133.174 - - [28/Apr/2025:08:57:43 -0400] "GET / HTTP/1.1" 200 0 "-" "Mozilla/5.0 AppleWebKit/537.36 (KHTML, like Gecko; compatible; bingbot/2.0; +http://www.bing.com/bingbot.htm) Chrome/116.0.1938.76 Safari/537.36"
52.167.144.221 - - [28/Apr/2025:08:57:48 -0400] "GET / HTTP/1.1" 200 0 "-" "Mozilla/5.0 AppleWebKit/537.36 (KHTML, like Gecko; compatible; bingbot/2.0; +http://www.bing.com/bingbot.htm) Chrome/116.0.1938.76 Safari/537.36"
172.183.179.197 - - [28/Apr/2025:08:58:05 -0400] "GET / HTTP/1.1" 200 0 "-" "Mozilla/5.0 AppleWebKit/537.36 (KHTML, like Gecko; compatible; bingbot/2.0; +http://www.bing.com/bingbot.htm) Chrome/116.0.1938.76 Safari/537.36"
47.238.13.17 - - [28/Apr/2025:08:58:32 -0400] "GET /news/english-news/c7lnews/s-korean-envoy-to-nepal-calls-for-continued-search-efforts-for-7-missing-in-avalanche HTTP/1.1" 404 13 "-" "Mozilla/5.0 (Macintosh; Intel Mac OS X 10_15_7) AppleWebKit/537.36 (KHTML, like Gecko) Chrome/109.0.0.0 Safari/537.36"
52.167.144.221 - - [28/Apr/2025:08:58:38 -0400] "GET / HTTP/1.1" 200 0 "-" "Mozilla/5.0 AppleWebKit/537.36 (KHTML, like Gecko; compatible; bingbot/2.0; +http://www.bing.com/bingbot.htm) Chrome/116.0.1938.76 Safari/537.36"
20.15.133.174 - - [28/Apr/2025:08:58:40 -0400] "GET / HTTP/1.1" 200 0 "-" "Mozilla/5.0 AppleWebKit/537.36 (KHTML, like Gecko; compatible; bingbot/2.0; +http://www.bing.com/bingbot.htm) Chrome/116.0.1938.76 Safari/537.36"
172.183.179.197 - - [28/Apr/2025:08:59:06 -0400] "GET / HTTP/1.1" 200 0 "-" "Mozilla/5.0 AppleWebKit/537.36 (KHTML, like Gecko; compatible; bingbot/2.0; +http://www.bing.com/bingbot.htm) Chrome/116.0.1938.76 Safari/537.36"
52.167.144.207 - - [28/Apr/2025:08:59:40 -0400] "GET / HTTP/1.1" 200 0 "-" "Mozilla/5.0 AppleWebKit/537.36 (KHTML, like Gecko; compatible; bingbot/2.0; +http://www.bing.com/bingbot.htm) Chrome/116.0.1938.76 Safari/537.36"
20.15.133.174 - - [28/Apr/2025:08:59:50 -0400] "GET / HTTP/1.1" 200 0 "-" "Mozilla/5.0 AppleWebKit/537.36 (KHTML, like Gecko; compatible; bingbot/2.0; +http://www.bing.com/bingbot.htm) Chrome/116.0.1938.76 Safari/537.36"
172.183.180.97 - - [28/Apr/2025:09:00:10 -0400] "GET / HTTP/1.1" 200 0 "-" "Mozilla/5.0 AppleWebKit/537.36 (KHTML, like Gecko; compatible; bingbot/2.0; +http://www.bing.com/bingbot.htm) Chrome/116.0.1938.76 Safari/537.36"
52.167.144.207 - - [28/Apr/2025:09:00:39 -0400] "GET / HTTP/1.1" 200 0 "-" "Mozilla/5.0 AppleWebKit/537.36 (KHTML, like Gecko; compatible; bingbot/2.0; +http://www.bing.com/bingbot.htm) Chrome/116.0.1938.76 Safari/537.36"
172.183.180.97 - - [28/Apr/2025:09:01:06 -0400] "GET / HTTP/1.1" 200 0 "-" "Mozilla/5.0 AppleWebKit/537.36 (KHTML, like Gecko; compatible; bingbot/2.0; +http://www.bing.com/bingbot.htm) Chrome/116.0.1938.76 Safari/537.36"
52.167.144.207 - - [28/Apr/2025:09:01:39 -0400] "GET / HTTP/1.1" 200 0 "-" "Mozilla/5.0 AppleWebKit/537.36 (KHTML, like Gecko; compatible; bingbot/2.0; +http://www.bing.com/bingbot.htm) Chrome/116.0.1938.76 Safari/537.36"
172.183.180.97 - - [28/Apr/2025:09:02:05 -0400] "GET / HTTP/1.1" 200 0 "-" "Mozilla/5.0 AppleWebKit/537.36 (KHTML, like Gecko; compatible; bingbot/2.0; +http://www.bing.com/bingbot.htm) Chrome/116.0.1938.76 Safari/537.36"
52.167.144.207 - - [28/Apr/2025:09:02:39 -0400] "GET / HTTP/1.1" 200 0 "-" "Mozilla/5.0 AppleWebKit/537.36 (KHTML, like Gecko; compatible; bingbot/2.0; +http://www.bing.com/bingbot.htm) Chrome/116.0.1938.76 Safari/537.36"
172.183.180.97 - - [28/Apr/2025:09:03:05 -0400] "GET / HTTP/1.1" 200 0 "-" "Mozilla/5.0 AppleWebKit/537.36 (KHTML, like Gecko; compatible; bingbot/2.0; +http://www.bing.com/bingbot.htm) Chrome/116.0.1938.76 Safari/537.36"
52.167.144.207 - - [28/Apr/2025:09:03:39 -0400] "GET / HTTP/1.1" 200 0 "-" "Mozilla/5.0 AppleWebKit/537.36 (KHTML, like Gecko; compatible; bingbot/2.0; +http://www.bing.com/bingbot.htm) Chrome/116.0.1938.76 Safari/537.36"
52.167.144.207 - - [28/Apr/2025:09:04:39 -0400] "GET / HTTP/1.1" 200 0 "-" "Mozilla/5.0 AppleWebKit/537.36 (KHTML, like Gecko; compatible; bingbot/2.0; +http://www.bing.com/bingbot.htm) Chrome/116.0.1938.76 Safari/537.36"
173.252.95.26 - - [28/Apr/2025:09:04:48 -0400] "GET /news/english-news/c7lnews/nepal-bags-four-medals-in-sag-table-tennis/ HTTP/1.1" 404 13 "-" "facebookexternalhit/1.1 (+http://www.facebook.com/externalhit_uatext.php)"
173.252.95.6 - - [28/Apr/2025:09:04:48 -0400] "GET /news/english-news/c7lnews/nepal-bags-four-medals-in-sag-table-tennis/ HTTP/1.1" 404 13 "-" "facebookexternalhit/1.1 (+http://www.facebook.com/externalhit_uatext.php)"
195.234.109.134 - - [28/Apr/2025:09:04:49 -0400] "GET /wp-content/uploads/2019/12/table-tennis-Nepal.jpg HTTP/1.1" 404 13 "-" "Photon/1.0"
195.234.109.124 - - [28/Apr/2025:09:04:49 -0400] "GET /wp-content/uploads/2018/12/Lekhnath-mahotsab-press-meet-mangsir-19.jpg HTTP/1.1" 404 13 "-" "Photon/1.0"
172.183.180.97 - - [28/Apr/2025:09:04:56 -0400] "GET / HTTP/1.1" 200 0 "-" "Mozilla/5.0 AppleWebKit/537.36 (KHTML, like Gecko; compatible; bingbot/2.0; +http://www.bing.com/bingbot.htm) Chrome/116.0.1938.76 Safari/537.36"
172.183.180.97 - - [28/Apr/2025:09:04:59 -0400] "GET / HTTP/1.1" 200 0 "-" "Mozilla/5.0 AppleWebKit/537.36 (KHTML, like Gecko; compatible; bingbot/2.0; +http://www.bing.com/bingbot.htm) Chrome/116.0.1938.76 Safari/537.36"
66.220.149.112 - - [28/Apr/2025:09:05:15 -0400] "GET /news/english-news/c7lnews/militants-attack-in-indian-kashmir-as-it-locks-down-for-anniversary/ HTTP/1.1" 404 13 "-" "facebookexternalhit/1.1 (+http://www.facebook.com/externalhit_uatext.php)"
66.220.149.1 - - [28/Apr/2025:09:05:15 -0400] "GET /tech/top-5-best-video-editing-software-for-pc100-free/ HTTP/1.1" 404 13 "-" "facebookexternalhit/1.1 (+http://www.facebook.com/externalhit_uatext.php)"
66.220.149.7 - - [28/Apr/2025:09:05:15 -0400] "GET /news/english-news/c7lnews/militants-attack-in-indian-kashmir-as-it-locks-down-for-anniversary/ HTTP/1.1" 404 13 "-" "facebookexternalhit/1.1 (+http://www.facebook.com/externalhit_uatext.php)"
66.220.149.14 - - [28/Apr/2025:09:05:15 -0400] "GET /tech/top-5-best-video-editing-software-for-pc100-free/ HTTP/1.1" 404 13 "-" "facebookexternalhit/1.1 (+http://www.facebook.com/externalhit_uatext.php)"
20.15.133.174 - - [28/Apr/2025:09:05:21 -0400] "GET / HTTP/1.1" 200 0 "-" "Mozilla/5.0 AppleWebKit/537.36 (KHTML, like Gecko; compatible; bingbot/2.0; +http://www.bing.com/bingbot.htm) Chrome/116.0.1938.76 Safari/537.36"
20.15.133.174 - - [28/Apr/2025:09:05:35 -0400] "GET / HTTP/1.1" 200 0 "-" "Mozilla/5.0 AppleWebKit/537.36 (KHTML, like Gecko; compatible; bingbot/2.0; +http://www.bing.com/bingbot.htm) Chrome/116.0.1938.76 Safari/537.36"
52.167.144.207 - - [28/Apr/2025:09:05:40 -0400] "GET / HTTP/1.1" 200 0 "-" "Mozilla/5.0 AppleWebKit/537.36 (KHTML, like Gecko; compatible; bingbot/2.0; +http://www.bing.com/bingbot.htm) Chrome/116.0.1938.76 Safari/537.36"
172.183.180.97 - - [28/Apr/2025:09:05:56 -0400] "GET / HTTP/1.1" 200 0 "-" "Mozilla/5.0 AppleWebKit/537.36 (KHTML, like Gecko; compatible; bingbot/2.0; +http://www.bing.com/bingbot.htm) Chrome/116.0.1938.76 Safari/537.36"
52.167.144.207 - - [28/Apr/2025:09:06:30 -0400] "GET / HTTP/1.1" 200 0 "-" "Mozilla/5.0 AppleWebKit/537.36 (KHTML, like Gecko; compatible; bingbot/2.0; +http://www.bing.com/bingbot.htm) Chrome/116.0.1938.76 Safari/537.36"
20.15.133.174 - - [28/Apr/2025:09:06:55 -0400] "GET / HTTP/1.1" 200 0 "-" "Mozilla/5.0 AppleWebKit/537.36 (KHTML, like Gecko; compatible; bingbot/2.0; +http://www.bing.com/bingbot.htm) Chrome/116.0.1938.76 Safari/537.36"
172.183.180.97 - - [28/Apr/2025:09:07:06 -0400] "GET / HTTP/1.1" 200 0 "-" "Mozilla/5.0 AppleWebKit/537.36 (KHTML, like Gecko; compatible; bingbot/2.0; +http://www.bing.com/bingbot.htm) Chrome/116.0.1938.76 Safari/537.36"
52.167.144.207 - - [28/Apr/2025:09:07:40 -0400] "GET / HTTP/1.1" 200 0 "-" "Mozilla/5.0 AppleWebKit/537.36 (KHTML, like Gecko; compatible; bingbot/2.0; +http://www.bing.com/bingbot.htm) Chrome/116.0.1938.76 Safari/537.36"
20.15.133.174 - - [28/Apr/2025:09:07:45 -0400] "GET / HTTP/1.1" 200 0 "-" "Mozilla/5.0 AppleWebKit/537.36 (KHTML, like Gecko; compatible; bingbot/2.0; +http://www.bing.com/bingbot.htm) Chrome/116.0.1938.76 Safari/537.36"
172.183.180.97 - - [28/Apr/2025:09:07:56 -0400] "GET / HTTP/1.1" 200 0 "-" "Mozilla/5.0 AppleWebKit/537.36 (KHTML, like Gecko; compatible; bingbot/2.0; +http://www.bing.com/bingbot.htm) Chrome/116.0.1938.76 Safari/537.36"
52.167.144.207 - - [28/Apr/2025:09:08:29 -0400] "GET / HTTP/1.1" 200 0 "-" "Mozilla/5.0 AppleWebKit/537.36 (KHTML, like Gecko; compatible; bingbot/2.0; +http://www.bing.com/bingbot.htm) Chrome/116.0.1938.76 Safari/537.36"
172.183.180.97 - - [28/Apr/2025:09:08:56 -0400] "GET / HTTP/1.1" 200 0 "-" "Mozilla/5.0 AppleWebKit/537.36 (KHTML, like Gecko; compatible; bingbot/2.0; +http://www.bing.com/bingbot.htm) Chrome/116.0.1938.76 Safari/537.36"
20.15.133.174 - - [28/Apr/2025:09:09:05 -0400] "GET / HTTP/1.1" 200 0 "-" "Mozilla/5.0 AppleWebKit/537.36 (KHTML, like Gecko; compatible; bingbot/2.0; +http://www.bing.com/bingbot.htm) Chrome/116.0.1938.76 Safari/537.36"
20.15.133.174 - - [28/Apr/2025:09:09:25 -0400] "GET / HTTP/1.1" 200 0 "-" "Mozilla/5.0 AppleWebKit/537.36 (KHTML, like Gecko; compatible; bingbot/2.0; +http://www.bing.com/bingbot.htm) Chrome/116.0.1938.76 Safari/537.36"
52.167.144.207 - - [28/Apr/2025:09:09:29 -0400] "GET / HTTP/1.1" 200 0 "-" "Mozilla/5.0 AppleWebKit/537.36 (KHTML, like Gecko; compatible; bingbot/2.0; +http://www.bing.com/bingbot.htm) Chrome/116.0.1938.76 Safari/537.36"
172.183.180.97 - - [28/Apr/2025:09:09:56 -0400] "GET / HTTP/1.1" 200 0 "-" "Mozilla/5.0 AppleWebKit/537.36 (KHTML, like Gecko; compatible; bingbot/2.0; +http://www.bing.com/bingbot.htm) Chrome/116.0.1938.76 Safari/537.36"
52.167.144.177 - - [28/Apr/2025:09:10:30 -0400] "GET / HTTP/1.1" 200 0 "-" "Mozilla/5.0 AppleWebKit/537.36 (KHTML, like Gecko; compatible; bingbot/2.0; +http://www.bing.com/bingbot.htm) Chrome/116.0.1938.76 Safari/537.36"
172.183.180.97 - - [28/Apr/2025:09:10:57 -0400] "GET / HTTP/1.1" 200 0 "-" "Mozilla/5.0 AppleWebKit/537.36 (KHTML, like Gecko; compatible; bingbot/2.0; +http://www.bing.com/bingbot.htm) Chrome/116.0.1938.76 Safari/537.36"
20.15.133.174 - - [28/Apr/2025:09:11:06 -0400] "GET / HTTP/1.1" 200 0 "-" "Mozilla/5.0 AppleWebKit/537.36 (KHTML, like Gecko; compatible; bingbot/2.0; +http://www.bing.com/bingbot.htm) Chrome/116.0.1938.76 Safari/537.36"
20.15.133.174 - - [28/Apr/2025:09:11:27 -0400] "GET / HTTP/1.1" 200 0 "-" "Mozilla/5.0 AppleWebKit/537.36 (KHTML, like Gecko; compatible; bingbot/2.0; +http://www.bing.com/bingbot.htm) Chrome/116.0.1938.76 Safari/537.36"
52.167.144.177 - - [28/Apr/2025:09:11:30 -0400] "GET / HTTP/1.1" 200 0 "-" "Mozilla/5.0 AppleWebKit/537.36 (KHTML, like Gecko; compatible; bingbot/2.0; +http://www.bing.com/bingbot.htm) Chrome/116.0.1938.76 Safari/537.36"
52.167.144.177 - - [28/Apr/2025:09:12:30 -0400] "GET / HTTP/1.1" 200 0 "-" "Mozilla/5.0 AppleWebKit/537.36 (KHTML, like Gecko; compatible; bingbot/2.0; +http://www.bing.com/bingbot.htm) Chrome/116.0.1938.76 Safari/537.36"
20.15.133.174 - - [28/Apr/2025:09:12:35 -0400] "GET / HTTP/1.1" 200 0 "-" "Mozilla/5.0 AppleWebKit/537.36 (KHTML, like Gecko; compatible; bingbot/2.0; +http://www.bing.com/bingbot.htm) Chrome/116.0.1938.76 Safari/537.36"
172.183.180.97 - - [28/Apr/2025:09:12:46 -0400] "GET / HTTP/1.1" 200 0 "-" "Mozilla/5.0 AppleWebKit/537.36 (KHTML, like Gecko; compatible; bingbot/2.0; +http://www.bing.com/bingbot.htm) Chrome/116.0.1938.76 Safari/537.36"
172.183.180.97 - - [28/Apr/2025:09:12:48 -0400] "GET / HTTP/1.1" 200 0 "-" "Mozilla/5.0 AppleWebKit/537.36 (KHTML, like Gecko; compatible; bingbot/2.0; +http://www.bing.com/bingbot.htm) Chrome/116.0.1938.76 Safari/537.36"
20.15.133.174 - - [28/Apr/2025:09:13:26 -0400] "GET / HTTP/1.1" 200 0 "-" "Mozilla/5.0 AppleWebKit/537.36 (KHTML, like Gecko; compatible; bingbot/2.0; +http://www.bing.com/bingbot.htm) Chrome/116.0.1938.76 Safari/537.36"
52.167.144.177 - - [28/Apr/2025:09:13:30 -0400] "GET / HTTP/1.1" 200 0 "-" "Mozilla/5.0 AppleWebKit/537.36 (KHTML, like Gecko; compatible; bingbot/2.0; +http://www.bing.com/bingbot.htm) Chrome/116.0.1938.76 Safari/537.36"
172.183.180.97 - - [28/Apr/2025:09:13:46 -0400] "GET / HTTP/1.1" 200 0 "-" "Mozilla/5.0 AppleWebKit/537.36 (KHTML, like Gecko; compatible; bingbot/2.0; +http://www.bing.com/bingbot.htm) Chrome/116.0.1938.76 Safari/537.36"
52.167.144.177 - - [28/Apr/2025:09:14:20 -0400] "GET / HTTP/1.1" 200 0 "-" "Mozilla/5.0 AppleWebKit/537.36 (KHTML, like Gecko; compatible; bingbot/2.0; +http://www.bing.com/bingbot.htm) Chrome/116.0.1938.76 Safari/537.36"
20.15.133.174 - - [28/Apr/2025:09:14:27 -0400] "GET / HTTP/1.1" 200 0 "-" "Mozilla/5.0 AppleWebKit/537.36 (KHTML, like Gecko; compatible; bingbot/2.0; +http://www.bing.com/bingbot.htm) Chrome/116.0.1938.76 Safari/537.36"
172.183.180.97 - - [28/Apr/2025:09:14:46 -0400] "GET / HTTP/1.1" 200 0 "-" "Mozilla/5.0 AppleWebKit/537.36 (KHTML, like Gecko; compatible; bingbot/2.0; +http://www.bing.com/bingbot.htm) Chrome/116.0.1938.76 Safari/537.36"
52.167.144.177 - - [28/Apr/2025:09:15:20 -0400] "GET / HTTP/1.1" 200 0 "-" "Mozilla/5.0 AppleWebKit/537.36 (KHTML, like Gecko; compatible; bingbot/2.0; +http://www.bing.com/bingbot.htm) Chrome/116.0.1938.76 Safari/537.36"
20.15.133.174 - - [28/Apr/2025:09:15:26 -0400] "GET / HTTP/1.1" 200 0 "-" "Mozilla/5.0 AppleWebKit/537.36 (KHTML, like Gecko; compatible; bingbot/2.0; +http://www.bing.com/bingbot.htm) Chrome/116.0.1938.76 Safari/537.36"
109.195.177.136 - - [28/Apr/2025:09:15:29 -0400] "GET / HTTP/1.0" 200 0 "http://cityof7lakes.com/" "Mozilla/5.0 (Windows NT 10.0; Win64; x64) AppleWebKit/537.36 (KHTML, like Gecko) Chrome/130.0.0.0 Safari/537.36"
172.183.180.97 - - [28/Apr/2025:09:15:46 -0400] "GET / HTTP/1.1" 200 0 "-" "Mozilla/5.0 AppleWebKit/537.36 (KHTML, like Gecko; compatible; bingbot/2.0; +http://www.bing.com/bingbot.htm) Chrome/116.0.1938.76 Safari/537.36"
52.167.144.177 - - [28/Apr/2025:09:16:21 -0400] "GET / HTTP/1.1" 200 0 "-" "Mozilla/5.0 AppleWebKit/537.36 (KHTML, like Gecko; compatible; bingbot/2.0; +http://www.bing.com/bingbot.htm) Chrome/116.0.1938.76 Safari/537.36"
20.15.133.175 - - [28/Apr/2025:09:16:26 -0400] "GET / HTTP/1.1" 200 0 "-" "Mozilla/5.0 AppleWebKit/537.36 (KHTML, like Gecko; compatible; bingbot/2.0; +http://www.bing.com/bingbot.htm) Chrome/116.0.1938.76 Safari/537.36"
172.183.180.97 - - [28/Apr/2025:09:16:47 -0400] "GET / HTTP/1.1" 200 0 "-" "Mozilla/5.0 AppleWebKit/537.36 (KHTML, like Gecko; compatible; bingbot/2.0; +http://www.bing.com/bingbot.htm) Chrome/116.0.1938.76 Safari/537.36"
20.15.133.175 - - [28/Apr/2025:09:17:16 -0400] "GET / HTTP/1.1" 200 0 "-" "Mozilla/5.0 AppleWebKit/537.36 (KHTML, like Gecko; compatible; bingbot/2.0; +http://www.bing.com/bingbot.htm) Chrome/116.0.1938.76 Safari/537.36"
52.167.144.177 - - [28/Apr/2025:09:17:21 -0400] "GET / HTTP/1.1" 200 0 "-" "Mozilla/5.0 AppleWebKit/537.36 (KHTML, like Gecko; compatible; bingbot/2.0; +http://www.bing.com/bingbot.htm) Chrome/116.0.1938.76 Safari/537.36"
172.183.180.97 - - [28/Apr/2025:09:17:47 -0400] "GET / HTTP/1.1" 200 0 "-" "Mozilla/5.0 AppleWebKit/537.36 (KHTML, like Gecko; compatible; bingbot/2.0; +http://www.bing.com/bingbot.htm) Chrome/116.0.1938.76 Safari/537.36"
20.15.133.175 - - [28/Apr/2025:09:18:16 -0400] "GET / HTTP/1.1" 200 0 "-" "Mozilla/5.0 AppleWebKit/537.36 (KHTML, like Gecko; compatible; bingbot/2.0; +http://www.bing.com/bingbot.htm) Chrome/116.0.1938.76 Safari/537.36"
52.167.144.177 - - [28/Apr/2025:09:18:20 -0400] "GET / HTTP/1.1" 200 0 "-" "Mozilla/5.0 AppleWebKit/537.36 (KHTML, like Gecko; compatible; bingbot/2.0; +http://www.bing.com/bingbot.htm) Chrome/116.0.1938.76 Safari/537.36"
172.183.180.97 - - [28/Apr/2025:09:18:47 -0400] "GET / HTTP/1.1" 200 0 "-" "Mozilla/5.0 AppleWebKit/537.36 (KHTML, like Gecko; compatible; bingbot/2.0; +http://www.bing.com/bingbot.htm) Chrome/116.0.1938.76 Safari/537.36"
20.15.133.175 - - [28/Apr/2025:09:20:39 -0400] "GET / HTTP/1.1" 200 0 "-" "Mozilla/5.0 AppleWebKit/537.36 (KHTML, like Gecko; compatible; bingbot/2.0; +http://www.bing.com/bingbot.htm) Chrome/116.0.1938.76 Safari/537.36"
47.238.13.14 - - [28/Apr/2025:09:21:18 -0400] "GET /news/donated-to-sunaulo-nepal/?random-post=1 HTTP/1.1" 404 13 "-" "Mozilla/5.0 (Macintosh; Intel Mac OS X 10_15_7) AppleWebKit/537.36 (KHTML, like Gecko) Chrome/109.0.0.0 Safari/537.36"
52.167.144.207 - - [28/Apr/2025:09:21:22 -0400] "GET / HTTP/1.1" 200 0 "-" "Mozilla/5.0 AppleWebKit/537.36 (KHTML, like Gecko; compatible; bingbot/2.0; +http://www.bing.com/bingbot.htm) Chrome/116.0.1938.76 Safari/537.36"
172.183.180.97 - - [28/Apr/2025:09:21:38 -0400] "GET / HTTP/1.1" 200 0 "-" "Mozilla/5.0 AppleWebKit/537.36 (KHTML, like Gecko; compatible; bingbot/2.0; +http://www.bing.com/bingbot.htm) Chrome/116.0.1938.76 Safari/537.36"
20.15.133.175 - - [28/Apr/2025:09:21:40 -0400] "GET / HTTP/1.1" 200 0 "-" "Mozilla/5.0 AppleWebKit/537.36 (KHTML, like Gecko; compatible; bingbot/2.0; +http://www.bing.com/bingbot.htm) Chrome/116.0.1938.76 Safari/537.36"
172.183.180.97 - - [28/Apr/2025:09:21:41 -0400] "GET / HTTP/1.1" 200 0 "-" "Mozilla/5.0 AppleWebKit/537.36 (KHTML, like Gecko; compatible; bingbot/2.0; +http://www.bing.com/bingbot.htm) Chrome/116.0.1938.76 Safari/537.36"
52.167.144.207 - - [28/Apr/2025:09:22:11 -0400] "GET / HTTP/1.1" 200 0 "-" "Mozilla/5.0 AppleWebKit/537.36 (KHTML, like Gecko; compatible; bingbot/2.0; +http://www.bing.com/bingbot.htm) Chrome/116.0.1938.76 Safari/537.36"
20.15.133.175 - - [28/Apr/2025:09:19:16 -0400] "GET / HTTP/1.1" 200 0 "-" "Mozilla/5.0 AppleWebKit/537.36 (KHTML, like Gecko; compatible; bingbot/2.0; +http://www.bing.com/bingbot.htm) Chrome/116.0.1938.76 Safari/537.36"
52.167.144.177 - - [28/Apr/2025:09:19:21 -0400] "GET / HTTP/1.1" 200 0 "-" "Mozilla/5.0 AppleWebKit/537.36 (KHTML, like Gecko; compatible; bingbot/2.0; +http://www.bing.com/bingbot.htm) Chrome/116.0.1938.76 Safari/537.36"
172.183.180.97 - - [28/Apr/2025:09:19:47 -0400] "GET / HTTP/1.1" 200 0 "-" "Mozilla/5.0 AppleWebKit/537.36 (KHTML, like Gecko; compatible; bingbot/2.0; +http://www.bing.com/bingbot.htm) Chrome/116.0.1938.76 Safari/537.36"
52.167.144.177 - - [28/Apr/2025:09:20:20 -0400] "GET / HTTP/1.1" 200 0 "-" "Mozilla/5.0 AppleWebKit/537.36 (KHTML, like Gecko; compatible; bingbot/2.0; +http://www.bing.com/bingbot.htm) Chrome/116.0.1938.76 Safari/537.36"
20.15.133.175 - - [28/Apr/2025:09:22:47 -0400] "GET / HTTP/1.1" 200 0 "-" "Mozilla/5.0 AppleWebKit/537.36 (KHTML, like Gecko; compatible; bingbot/2.0; +http://www.bing.com/bingbot.htm) Chrome/116.0.1938.76 Safari/537.36"
52.167.144.207 - - [28/Apr/2025:09:23:11 -0400] "GET / HTTP/1.1" 200 0 "-" "Mozilla/5.0 AppleWebKit/537.36 (KHTML, like Gecko; compatible; bingbot/2.0; +http://www.bing.com/bingbot.htm) Chrome/116.0.1938.76 Safari/537.36"
20.15.133.175 - - [28/Apr/2025:09:23:18 -0400] "GET / HTTP/1.1" 200 0 "-" "Mozilla/5.0 AppleWebKit/537.36 (KHTML, like Gecko; compatible; bingbot/2.0; +http://www.bing.com/bingbot.htm) Chrome/116.0.1938.76 Safari/537.36"
172.183.180.97 - - [28/Apr/2025:09:23:37 -0400] "GET / HTTP/1.1" 200 0 "-" "Mozilla/5.0 AppleWebKit/537.36 (KHTML, like Gecko; compatible; bingbot/2.0; +http://www.bing.com/bingbot.htm) Chrome/116.0.1938.76 Safari/537.36"
172.183.180.97 - - [28/Apr/2025:09:23:39 -0400] "GET / HTTP/1.1" 200 0 "-" "Mozilla/5.0 AppleWebKit/537.36 (KHTML, like Gecko; compatible; bingbot/2.0; +http://www.bing.com/bingbot.htm) Chrome/116.0.1938.76 Safari/537.36"
52.167.144.207 - - [28/Apr/2025:09:24:11 -0400] "GET / HTTP/1.1" 200 0 "-" "Mozilla/5.0 AppleWebKit/537.36 (KHTML, like Gecko; compatible; bingbot/2.0; +http://www.bing.com/bingbot.htm) Chrome/116.0.1938.76 Safari/537.36"
172.183.180.97 - - [28/Apr/2025:09:24:37 -0400] "GET / HTTP/1.1" 200 0 "-" "Mozilla/5.0 AppleWebKit/537.36 (KHTML, like Gecko; compatible; bingbot/2.0; +http://www.bing.com/bingbot.htm) Chrome/116.0.1938.76 Safari/537.36"
20.15.133.175 - - [28/Apr/2025:09:24:38 -0400] "GET / HTTP/1.1" 200 0 "-" "Mozilla/5.0 AppleWebKit/537.36 (KHTML, like Gecko; compatible; bingbot/2.0; +http://www.bing.com/bingbot.htm) Chrome/116.0.1938.76 Safari/537.36"
69.63.189.5 - - [28/Apr/2025:09:24:58 -0400] "GET /wp-content/uploads/2022/10/039489A9-8F8A-4288-92F4-C34E10CB4884.jpeg HTTP/1.1" 404 13 "-" "facebookexternalhit/1.1 (+http://www.facebook.com/externalhit_uatext.php)"
20.15.133.175 - - [28/Apr/2025:09:25:10 -0400] "GET / HTTP/1.1" 200 0 "-" "Mozilla/5.0 AppleWebKit/537.36 (KHTML, like Gecko; compatible; bingbot/2.0; +http://www.bing.com/bingbot.htm) Chrome/116.0.1938.76 Safari/537.36"
52.167.144.207 - - [28/Apr/2025:09:25:11 -0400] "GET / HTTP/1.1" 200 0 "-" "Mozilla/5.0 AppleWebKit/537.36 (KHTML, like Gecko; compatible; bingbot/2.0; +http://www.bing.com/bingbot.htm) Chrome/116.0.1938.76 Safari/537.36"
172.183.180.97 - - [28/Apr/2025:09:25:37 -0400] "GET / HTTP/1.1" 200 0 "-" "Mozilla/5.0 AppleWebKit/537.36 (KHTML, like Gecko; compatible; bingbot/2.0; +http://www.bing.com/bingbot.htm) Chrome/116.0.1938.76 Safari/537.36"
20.15.133.175 - - [28/Apr/2025:09:26:09 -0400] "GET / HTTP/1.1" 200 0 "-" "Mozilla/5.0 AppleWebKit/537.36 (KHTML, like Gecko; compatible; bingbot/2.0; +http://www.bing.com/bingbot.htm) Chrome/116.0.1938.76 Safari/537.36"
52.167.144.207 - - [28/Apr/2025:09:26:11 -0400] "GET / HTTP/1.1" 200 0 "-" "Mozilla/5.0 AppleWebKit/537.36 (KHTML, like Gecko; compatible; bingbot/2.0; +http://www.bing.com/bingbot.htm) Chrome/116.0.1938.76 Safari/537.36"
172.183.180.97 - - [28/Apr/2025:09:26:37 -0400] "GET / HTTP/1.1" 200 0 "-" "Mozilla/5.0 AppleWebKit/537.36 (KHTML, like Gecko; compatible; bingbot/2.0; +http://www.bing.com/bingbot.htm) Chrome/116.0.1938.76 Safari/537.36"
52.167.144.207 - - [28/Apr/2025:09:27:12 -0400] "GET / HTTP/1.1" 200 0 "-" "Mozilla/5.0 AppleWebKit/537.36 (KHTML, like Gecko; compatible; bingbot/2.0; +http://www.bing.com/bingbot.htm) Chrome/116.0.1938.76 Safari/537.36"
172.183.180.97 - - [28/Apr/2025:09:27:38 -0400] "GET / HTTP/1.1" 200 0 "-" "Mozilla/5.0 AppleWebKit/537.36 (KHTML, like Gecko; compatible; bingbot/2.0; +http://www.bing.com/bingbot.htm) Chrome/116.0.1938.76 Safari/537.36"
20.15.133.191 - - [28/Apr/2025:09:27:49 -0400] "GET / HTTP/1.1" 200 0 "-" "Mozilla/5.0 AppleWebKit/537.36 (KHTML, like Gecko; compatible; bingbot/2.0; +http://www.bing.com/bingbot.htm) Chrome/116.0.1938.76 Safari/537.36"
20.15.133.191 - - [28/Apr/2025:09:28:10 -0400] "GET / HTTP/1.1" 200 0 "-" "Mozilla/5.0 AppleWebKit/537.36 (KHTML, like Gecko; compatible; bingbot/2.0; +http://www.bing.com/bingbot.htm) Chrome/116.0.1938.76 Safari/537.36"
52.167.144.207 - - [28/Apr/2025:09:28:12 -0400] "GET / HTTP/1.1" 200 0 "-" "Mozilla/5.0 AppleWebKit/537.36 (KHTML, like Gecko; compatible; bingbot/2.0; +http://www.bing.com/bingbot.htm) Chrome/116.0.1938.76 Safari/537.36"
172.183.180.97 - - [28/Apr/2025:09:28:38 -0400] "GET / HTTP/1.1" 200 0 "-" "Mozilla/5.0 AppleWebKit/537.36 (KHTML, like Gecko; compatible; bingbot/2.0; +http://www.bing.com/bingbot.htm) Chrome/116.0.1938.76 Safari/537.36"
51.75.129.164 - - [28/Apr/2025:09:28:54 -0400] "GET /robots.txt HTTP/1.1" 404 13 "-" "Mozilla/5.0 (compatible; MJ12bot/v1.4.8; http://mj12bot.com/)"
51.75.129.164 - - [28/Apr/2025:09:28:56 -0400] "GET /tag/%E0%A5%A8%E0%A5%AA-%E0%A4%AE%E0%A4%82%E0%A4%B8%E0%A4%BF%E0%A4%B0-%E0%A4%AA%E0%A5%8D%E0%A4%B0%E0%A4%A4%E0%A4%BF%E0%A4%A8%E0%A4%BF%E0%A4%A7%E0%A4%BF-%E0%A4%B8%E0%A4%AD%E0%A4%BE-%E0%A4%B0-%E0%A4%AA/ HTTP/1.1" 404 13 "-" "Mozilla/5.0 (compatible; MJ12bot/v1.4.8; http://mj12bot.com/)"
51.75.129.164 - - [28/Apr/2025:09:28:57 -0400] "GET /tag/%E0%A5%A8%E0%A5%AA-%E0%A4%AE%E0%A4%82%E0%A4%B8%E0%A4%BF%E0%A4%B0-%E0%A4%AA%E0%A5%8D%E0%A4%B0%E0%A4%A4%E0%A4%BF%E0%A4%A8%E0%A4%BF%E0%A4%A7%E0%A4%BF-%E0%A4%B8%E0%A4%AD%E0%A4%BE-%E0%A4%B0-%E0%A4%AA/feed/ HTTP/1.1" 404 13 "-" "Mozilla/5.0 (compatible; MJ12bot/v1.4.8; http://mj12bot.com/)"
51.75.129.164 - - [28/Apr/2025:09:29:02 -0400] "GET /tag/%E0%A5%A8%E0%A5%AD-%E0%A4%94%E0%A4%82-%E0%A4%B9%E0%A4%AA%E0%A5%8D%E0%A4%A4%E0%A4%BE%E0%A4%95%E0%A5%8B-%E0%A4%AC%E0%A5%87%E0%A4%97%E0%A4%A8%E0%A4%BE%E0%A4%B8%E0%A4%A4%E0%A4%BE%E0%A4%B2-%E0%A4%B8/ HTTP/1.1" 404 13 "-" "Mozilla/5.0 (compatible; MJ12bot/v1.4.8; http://mj12bot.com/)"
51.75.129.164 - - [28/Apr/2025:09:29:03 -0400] "GET /tag/%E0%A5%A8%E0%A5%AD-%E0%A4%94%E0%A4%82-%E0%A4%B9%E0%A4%AA%E0%A5%8D%E0%A4%A4%E0%A4%BE%E0%A4%95%E0%A5%8B-%E0%A4%AC%E0%A5%87%E0%A4%97%E0%A4%A8%E0%A4%BE%E0%A4%B8%E0%A4%A4%E0%A4%BE%E0%A4%B2-%E0%A4%B8/feed/ HTTP/1.1" 404 13 "-" "Mozilla/5.0 (compatible; MJ12bot/v1.4.8; http://mj12bot.com/)"
51.75.129.164 - - [28/Apr/2025:09:29:07 -0400] "GET /tag/%E0%A5%A8%E0%A5%AF-%E0%A4%AE%E0%A4%82%E0%A4%B8%E0%A4%BF%E0%A4%B0-%E0%A4%B8%E0%A4%B0%E0%A4%95%E0%A4%BE%E0%A4%B0%E0%A5%80-%E0%A4%B8%E0%A5%8D%E0%A4%95%E0%A5%81%E0%A4%B2%E0%A4%95%E0%A4%BE-%E0%A4%B2/ HTTP/1.1" 404 13 "-" "Mozilla/5.0 (compatible; MJ12bot/v1.4.8; http://mj12bot.com/)"
51.75.129.164 - - [28/Apr/2025:09:29:10 -0400] "GET /tag/%E0%A5%A8%E0%A5%AF-%E0%A4%AE%E0%A4%82%E0%A4%B8%E0%A4%BF%E0%A4%B0-%E0%A4%B8%E0%A4%B0%E0%A4%95%E0%A4%BE%E0%A4%B0%E0%A5%80-%E0%A4%B8%E0%A5%8D%E0%A4%95%E0%A5%81%E0%A4%B2%E0%A4%95%E0%A4%BE-%E0%A4%B2/?random-post=1 HTTP/1.1" 404 13 "-" "Mozilla/5.0 (compatible; MJ12bot/v1.4.8; http://mj12bot.com/)"
51.75.129.164 - - [28/Apr/2025:09:29:12 -0400] "GET /tag/%E0%A5%A8%E0%A5%AF-%E0%A4%AE%E0%A4%82%E0%A4%B8%E0%A4%BF%E0%A4%B0-%E0%A4%B8%E0%A4%B0%E0%A4%95%E0%A4%BE%E0%A4%B0%E0%A5%80-%E0%A4%B8%E0%A5%8D%E0%A4%95%E0%A5%81%E0%A4%B2%E0%A4%95%E0%A4%BE-%E0%A4%B2/feed/ HTTP/1.1" 404 13 "-" "Mozilla/5.0 (compatible; MJ12bot/v1.4.8; http://mj12bot.com/)"
52.167.144.207 - - [28/Apr/2025:09:29:12 -0400] "GET / HTTP/1.1" 200 0 "-" "Mozilla/5.0 AppleWebKit/537.36 (KHTML, like Gecko; compatible; bingbot/2.0; +http://www.bing.com/bingbot.htm) Chrome/116.0.1938.76 Safari/537.36"
51.75.129.164 - - [28/Apr/2025:09:29:14 -0400] "GET /tag/%E0%A5%AA-%E0%A4%AA%E0%A5%8C%E0%A4%B7-%E0%A4%B2%E0%A5%87%E0%A4%96%E0%A4%A8%E0%A4%BE%E0%A4%A5-%E0%A4%95%E0%A5%8D%E0%A4%B7%E0%A5%87%E0%A4%A4%E0%A5%8D%E0%A4%B0%E0%A4%AE%E0%A4%BE-%E0%A4%95%E0%A5%8D/ HTTP/1.1" 404 13 "-" "Mozilla/5.0 (compatible; MJ12bot/v1.4.8; http://mj12bot.com/)"
51.75.129.164 - - [28/Apr/2025:09:29:15 -0400] "GET /tag/%E0%A5%AA-%E0%A4%AA%E0%A5%8C%E0%A4%B7-%E0%A4%B2%E0%A5%87%E0%A4%96%E0%A4%A8%E0%A4%BE%E0%A4%A5-%E0%A4%95%E0%A5%8D%E0%A4%B7%E0%A5%87%E0%A4%A4%E0%A5%8D%E0%A4%B0%E0%A4%AE%E0%A4%BE-%E0%A4%95%E0%A5%8D/feed/ HTTP/1.1" 404 13 "-" "Mozilla/5.0 (compatible; MJ12bot/v1.4.8; http://mj12bot.com/)"
51.75.129.164 - - [28/Apr/2025:09:29:17 -0400] "GET /tag/%E0%A5%AC-%E0%A4%B0%E0%A5%81%E0%A4%AA%E0%A5%88%E0%A4%AF%E0%A4%BE%E0%A4%81%E0%A4%AE%E0%A4%BE-%E0%A5%A7-%E0%A4%98%E0%A4%A8%E0%A5%8D%E0%A4%9F%E0%A4%BE-%E0%A4%95%E0%A4%B2/ HTTP/1.1" 404 13 "-" "Mozilla/5.0 (compatible; MJ12bot/v1.4.8; http://mj12bot.com/)"
51.75.129.164 - - [28/Apr/2025:09:29:19 -0400] "GET /tag/%E0%A5%AC-%E0%A4%B0%E0%A5%81%E0%A4%AA%E0%A5%88%E0%A4%AF%E0%A4%BE%E0%A4%81%E0%A4%AE%E0%A4%BE-%E0%A5%A7-%E0%A4%98%E0%A4%A8%E0%A5%8D%E0%A4%9F%E0%A4%BE-%E0%A4%95%E0%A4%B2/feed/ HTTP/1.1" 404 13 "-" "Mozilla/5.0 (compatible; MJ12bot/v1.4.8; http://mj12bot.com/)"
51.75.129.164 - - [28/Apr/2025:09:29:23 -0400] "GET /tag/%E0%A5%AD%E0%A5%AD-%E0%A4%B8%E0%A5%8D%E0%A4%A5%E0%A4%BE%E0%A4%A8%E0%A4%95%E0%A5%8B-%E0%A4%A8%E0%A4%A4%E0%A4%BF%E0%A4%9C%E0%A4%BE-%E0%A4%B8%E0%A4%BE%E0%A4%B0%E0%A5%8D%E0%A4%B5%E0%A4%9C%E0%A4%A8/ HTTP/1.1" 404 13 "-" "Mozilla/5.0 (compatible; MJ12bot/v1.4.8; http://mj12bot.com/)"
51.75.129.164 - - [28/Apr/2025:09:29:29 -0400] "GET /tag/%E0%A5%AD%E0%A5%AD-%E0%A4%B8%E0%A5%8D%E0%A4%A5%E0%A4%BE%E0%A4%A8%E0%A4%95%E0%A5%8B-%E0%A4%A8%E0%A4%A4%E0%A4%BF%E0%A4%9C%E0%A4%BE-%E0%A4%B8%E0%A4%BE%E0%A4%B0%E0%A5%8D%E0%A4%B5%E0%A4%9C%E0%A4%A8/?random-post=1 HTTP/1.1" 404 13 "-" "Mozilla/5.0 (compatible; MJ12bot/v1.4.8; http://mj12bot.com/)"
51.75.129.164 - - [28/Apr/2025:09:29:31 -0400] "GET /tag/%E0%A5%AD%E0%A5%AD-%E0%A4%B8%E0%A5%8D%E0%A4%A5%E0%A4%BE%E0%A4%A8%E0%A4%95%E0%A5%8B-%E0%A4%A8%E0%A4%A4%E0%A4%BF%E0%A4%9C%E0%A4%BE-%E0%A4%B8%E0%A4%BE%E0%A4%B0%E0%A5%8D%E0%A4%B5%E0%A4%9C%E0%A4%A8/feed/ HTTP/1.1" 404 13 "-" "Mozilla/5.0 (compatible; MJ12bot/v1.4.8; http://mj12bot.com/)"
38.242.232.156 - - [28/Apr/2025:09:29:31 -0400] "GET /robots.txt HTTP/1.1" 404 13 "-" "Mozilla/5.0 (compatible; MJ12bot/v1.4.8; http://mj12bot.com/)"
51.75.129.164 - - [28/Apr/2025:09:29:36 -0400] "GET /tag/%E0%A5%AD-%E0%A4%B5%E0%A4%B0%E0%A5%8D%E0%A4%B7%E0%A5%80%E0%A4%AF-%E0%A4%AC%E0%A4%BE%E0%A4%B2%E0%A4%95-%E0%A4%B8%E0%A4%B9%E0%A4%BF%E0%A4%A4-%E0%A4%A4%E0%A4%BF%E0%A4%A8%E0%A4%9C%E0%A4%A8%E0%A4%BE/ HTTP/1.1" 404 13 "-" "Mozilla/5.0 (compatible; MJ12bot/v1.4.8; http://mj12bot.com/)"
38.242.232.156 - - [28/Apr/2025:09:29:36 -0400] "GET /c7lnews/%E0%A4%AF%E0%A5%81%E0%A4%B0%E0%A5%8B-%E0%A5%AC-%E0%A4%AE%E0%A4%BE%E0%A4%AA%E0%A4%A6%E0%A4%A3%E0%A5%8D%E0%A4%A1%E0%A4%95%E0%A5%8B-%E0%A4%87%E0%A4%A8%E0%A5%8D%E0%A4%A7%E0%A4%A8-%E0%A4%86%E0%A4%89/ HTTP/1.1" 404 13 "-" "Mozilla/5.0 (compatible; MJ12bot/v1.4.8; http://mj12bot.com/)"
51.75.129.164 - - [28/Apr/2025:09:29:38 -0400] "GET /tag/new-nepali-movie-lake-side-%E0%A4%B2%E0%A5%87%E0%A4%95-%E0%A4%B8%E0%A4%BE%E0%A4%88%E0%A4%A1/ HTTP/1.1" 404 13 "-" "Mozilla/5.0 (compatible; MJ12bot/v1.4.8; http://mj12bot.com/)"
172.183.180.97 - - [28/Apr/2025:09:29:38 -0400] "GET / HTTP/1.1" 200 0 "-" "Mozilla/5.0 AppleWebKit/537.36 (KHTML, like Gecko; compatible; bingbot/2.0; +http://www.bing.com/bingbot.htm) Chrome/116.0.1938.76 Safari/537.36"
38.242.232.156 - - [28/Apr/2025:09:29:42 -0400] "GET /category/nepalinews/kaski-news-%E0%A4%95%E0%A4%BE%E0%A4%B8%E0%A5%8D%E0%A4%95%E0%A5%80/ HTTP/1.1" 404 13 "-" "Mozilla/5.0 (compatible; MJ12bot/v1.4.8; http://mj12bot.com/)"
51.75.129.164 - - [28/Apr/2025:09:29:42 -0400] "GET /tag/new-nepali-movie-lake-side-%E0%A4%B2%E0%A5%87%E0%A4%95-%E0%A4%B8%E0%A4%BE%E0%A4%88%E0%A4%A1/feed/ HTTP/1.1" 404 13 "-" "Mozilla/5.0 (compatible; MJ12bot/v1.4.8; http://mj12bot.com/)"
38.242.232.156 - - [28/Apr/2025:09:29:46 -0400] "GET /category/nepalinews/kaski-news-%E0%A4%95%E0%A4%BE%E0%A4%B8%E0%A5%8D%E0%A4%95%E0%A5%80/feed/ HTTP/1.1" 404 13 "-" "Mozilla/5.0 (compatible; MJ12bot/v1.4.8; http://mj12bot.com/)"
51.75.129.164 - - [28/Apr/2025:09:29:47 -0400] "GET /tag/song-dam-dam-dam-bajyo-%E0%A4%A1%E0%A4%AE-%E0%A4%A1%E0%A4%AE-%E0%A4%A1%E0%A4%AE-%E0%A4%AC%E0%A4%9C%E0%A5%8D%E0%A4%AF%E0%A5%8B/ HTTP/1.1" 404 13 "-" "Mozilla/5.0 (compatible; MJ12bot/v1.4.8; http://mj12bot.com/)"
51.75.129.164 - - [28/Apr/2025:09:29:54 -0400] "GET /tag/song-dam-dam-dam-bajyo-%E0%A4%A1%E0%A4%AE-%E0%A4%A1%E0%A4%AE-%E0%A4%A1%E0%A4%AE-%E0%A4%AC%E0%A4%9C%E0%A5%8D%E0%A4%AF%E0%A5%8B/feed/ HTTP/1.1" 404 13 "-" "Mozilla/5.0 (compatible; MJ12bot/v1.4.8; http://mj12bot.com/)"
51.75.129.164 - - [28/Apr/2025:09:29:56 -0400] "GET /tag/timi-bahek-%E0%A4%A4%E0%A4%BF%E0%A4%AE%E0%A5%80-%E0%A4%AC%E0%A4%BE%E0%A4%B9%E0%A5%87%E0%A4%95%E2%80%8B-phiroj-basnet-ft-akesha-bista/ HTTP/1.1" 404 13 "-" "Mozilla/5.0 (compatible; MJ12bot/v1.4.8; http://mj12bot.com/)"
51.75.129.164 - - [28/Apr/2025:09:30:02 -0400] "GET /tag/%E0%A4%86%E0%A4%9C-%E0%A5%A7-%E0%A4%B8%E0%A4%AF-%E0%A5%AE-%E0%A4%94%E0%A4%82-%E0%A4%85%E0%A4%A8%E0%A5%8D%E0%A4%A4%E0%A4%B0%E0%A5%8D%E0%A4%B0%E0%A4%BE%E0%A4%B7%E0%A5%8D%E0%A4%9F%E0%A5%8D%E0%A4%B0/ HTTP/1.1" 404 13 "-" "Mozilla/5.0 (compatible; MJ12bot/v1.4.8; http://mj12bot.com/)"
38.242.232.156 - - [28/Apr/2025:09:30:05 -0400] "GET /cityof7lakes-com%E2%95%91pride-of-lekhnath-a-complete-web-portal-representing-lekhnath-%E2%95%91-city-of-seven-lakes-lekhnath-begnas-lake-rupa-lake-sita-cave/feed/ HTTP/1.1" 404 13 "-" "Mozilla/5.0 (compatible; MJ12bot/v1.4.8; http://mj12bot.com/)"
51.75.129.164 - - [28/Apr/2025:09:30:06 -0400] "GET /tag/%E0%A4%86%E0%A4%A6%E0%A4%B0%E0%A5%8D%E0%A4%B6-%E0%A4%95%E0%A4%AA/ HTTP/1.1" 404 13 "-" "Mozilla/5.0 (compatible; MJ12bot/v1.4.8; http://mj12bot.com/)"
20.15.133.191 - - [28/Apr/2025:09:30:11 -0400] "GET / HTTP/1.1" 200 0 "-" "Mozilla/5.0 AppleWebKit/537.36 (KHTML, like Gecko; compatible; bingbot/2.0; +http://www.bing.com/bingbot.htm) Chrome/116.0.1938.76 Safari/537.36"
52.167.144.207 - - [28/Apr/2025:09:30:11 -0400] "GET / HTTP/1.1" 200 0 "-" "Mozilla/5.0 AppleWebKit/537.36 (KHTML, like Gecko; compatible; bingbot/2.0; +http://www.bing.com/bingbot.htm) Chrome/116.0.1938.76 Safari/537.36"
51.75.129.164 - - [28/Apr/2025:09:30:12 -0400] "GET /tag/%E0%A4%86%E0%A4%A6%E0%A4%B0%E0%A5%8D%E0%A4%B6-%E0%A4%AE%E0%A4%B9%E0%A5%8B%E0%A4%A4%E0%A5%8D%E0%A4%B8%E0%A4%B5%E0%A4%95%E0%A5%8B-%E0%A4%A4%E0%A4%AF%E0%A4%BE%E0%A4%B0%E0%A5%80-%E0%A4%85%E0%A4%A8/ HTTP/1.1" 404 13 "-" "Mozilla/5.0 (compatible; MJ12bot/v1.4.8; http://mj12bot.com/)"
20.15.133.191 - - [28/Apr/2025:09:30:12 -0400] "GET / HTTP/1.1" 200 0 "-" "Mozilla/5.0 AppleWebKit/537.36 (KHTML, like Gecko; compatible; bingbot/2.0; +http://www.bing.com/bingbot.htm) Chrome/116.0.1938.76 Safari/537.36"
38.242.232.156 - - [28/Apr/2025:09:30:16 -0400] "GET /cityof7lakes-com%E2%95%91pride-of-lekhnath-online-from-lekhnathnews-of-nepal/ HTTP/1.1" 404 13 "-" "Mozilla/5.0 (compatible; MJ12bot/v1.4.8; http://mj12bot.com/)"
51.75.129.164 - - [28/Apr/2025:09:30:17 -0400] "GET /tag/%E0%A4%86%E0%A4%A7%E0%A4%BE%E0%A4%B0%E0%A4%AD%E0%A5%82%E0%A4%A4-%E0%A4%A4%E0%A4%B9-%E0%A4%89%E0%A4%A4%E0%A5%80%E0%A4%B0%E0%A5%8D%E0%A4%A3-%E0%A4%AA%E0%A4%B0%E0%A5%80%E0%A4%95%E0%A5%8D%E0%A4%B7/ HTTP/1.1" 404 13 "-" "Mozilla/5.0 (compatible; MJ12bot/v1.4.8; http://mj12bot.com/)"
51.75.129.164 - - [28/Apr/2025:09:30:23 -0400] "GET /tag/%E0%A4%87%E0%A4%A8%E0%A5%8D%E0%A4%AB%E0%A5%8B%E0%A4%AE%E0%A5%87%E0%A4%9F%E0%A4%BF%E0%A4%95%E0%A5%8D%E0%A4%B8-%E0%A4%95%E0%A4%B2%E0%A5%87%E0%A4%9C%E0%A4%AE%E0%A4%BE-%E0%A4%AC%E0%A5%8B%E0%A4%B2%E0%A5%8D/ HTTP/1.1" 404 13 "-" "Mozilla/5.0 (compatible; MJ12bot/v1.4.8; http://mj12bot.com/)"
51.75.129.164 - - [28/Apr/2025:09:30:26 -0400] "GET /tag/%E0%A4%95%E0%A4%B0%E0%A4%BF%E0%A4%AC-%E0%A5%A8%E0%A5%A6-%E0%A4%B9%E0%A4%9C%E0%A4%BE%E0%A4%B0-%E0%A4%95%E0%A4%B0%E0%A5%8D%E0%A4%AE%E0%A4%9A%E0%A4%BE%E0%A4%B0%E0%A5%80-%E0%A4%AA%E0%A4%B0%E0%A4%BF/ HTTP/1.1" 404 13 "-" "Mozilla/5.0 (compatible; MJ12bot/v1.4.8; http://mj12bot.com/)"
38.242.232.156 - - [28/Apr/2025:09:30:26 -0400] "GET /cityof7lakes-com%E2%95%91pride-of-lekhnath-online-from-lekhnathnews-of-nepal/feed/ HTTP/1.1" 404 13 "-" "Mozilla/5.0 (compatible; MJ12bot/v1.4.8; http://mj12bot.com/)"
51.75.129.164 - - [28/Apr/2025:09:30:33 -0400] "GET /tag/%E0%A4%95%E0%A4%B5%E0%A4%BF%E0%A4%B6%E0%A4%BF%E0%A4%B0%E0%A5%8B%E0%A4%AE%E0%A4%A3%E0%A4%BF-%E0%A4%B2%E0%A5%87%E0%A4%96%E0%A4%A8%E0%A4%BE%E0%A4%A5-%E0%A4%AA%E0%A5%8C%E0%A4%A1%E0%A5%8D%E0%A4%AF%E0%A4%BE/ HTTP/1.1" 404 13 "-" "Mozilla/5.0 (compatible; MJ12bot/v1.4.8; http://mj12bot.com/)"
38.242.232.156 - - [28/Apr/2025:09:30:33 -0400] "GET /entertainment/hum-jayega-%E0%A4%B9%E0%A4%AE-%E0%A4%9C%E0%A4%BE%E0%A4%8F%E0%A4%97%E0%A4%BE/ HTTP/1.1" 404 13 "-" "Mozilla/5.0 (compatible; MJ12bot/v1.4.8; http://mj12bot.com/)"
51.75.129.164 - - [28/Apr/2025:09:30:37 -0400] "GET /tag/%E0%A4%95%E0%A4%BE%E0%A4%A0%E0%A4%AE%E0%A4%BE%E0%A4%A1%E0%A5%8C%E0%A4%82%E0%A4%AC%E0%A4%BE%E0%A4%9F-%E0%A4%AA%E0%A5%8B%E0%A4%96%E0%A4%B0%E0%A4%BE-%E0%A4%86%E0%A4%89%E0%A4%A6%E0%A5%88-%E0%A4%97/ HTTP/1.1" 404 13 "-" "Mozilla/5.0 (compatible; MJ12bot/v1.4.8; http://mj12bot.com/)"
172.183.180.97 - - [28/Apr/2025:09:30:38 -0400] "GET / HTTP/1.1" 200 0 "-" "Mozilla/5.0 AppleWebKit/537.36 (KHTML, like Gecko; compatible; bingbot/2.0; +http://www.bing.com/bingbot.htm) Chrome/116.0.1938.76 Safari/537.36"
51.75.129.164 - - [28/Apr/2025:09:30:41 -0400] "GET /tag/%E0%A4%95%E0%A4%BE%E0%A4%A0%E0%A4%BE%E0%A4%AE%E0%A4%BE%E0%A4%A3%E0%A5%8D%E0%A4%A1%E0%A5%8C-%E0%A4%85%E0%A4%AA%E0%A4%B0%E0%A4%BE%E0%A4%A7-%E0%A4%85%E0%A4%A8%E0%A5%81%E0%A4%B8%E0%A4%A8%E0%A5%8D%E0%A4%A7/ HTTP/1.1" 404 13 "-" "Mozilla/5.0 (compatible; MJ12bot/v1.4.8; http://mj12bot.com/)"
51.75.129.164 - - [28/Apr/2025:09:30:44 -0400] "GET /tag/%E0%A4%95%E0%A4%BE%E0%A4%B8%E0%A5%8D%E0%A4%95%E0%A5%80-%E0%A4%95%E0%A5%8D%E0%A4%B7%E0%A5%87%E0%A4%A4%E0%A5%8D%E0%A4%B0-%E0%A4%A8%E0%A4%AE%E0%A5%8D%E0%A4%AC%E0%A4%B0-%E0%A5%A7-%E0%A4%95-%E0%A4%AE/ HTTP/1.1" 404 13 "-" "Mozilla/5.0 (compatible; MJ12bot/v1.4.8; http://mj12bot.com/)"
51.75.129.164 - - [28/Apr/2025:09:30:48 -0400] "GET /tag/%E0%A4%95%E0%A4%BE%E0%A4%B8%E0%A5%8D%E0%A4%95%E0%A5%80-%E0%A4%95%E0%A5%8D%E0%A4%B7%E0%A5%87%E0%A4%A4%E0%A5%8D%E0%A4%B0-%E0%A4%A8%E0%A4%AE%E0%A5%8D%E0%A4%AC%E0%A4%B0-%E0%A5%A7-%E0%A4%96-%E0%A4%AE/ HTTP/1.1" 404 13 "-" "Mozilla/5.0 (compatible; MJ12bot/v1.4.8; http://mj12bot.com/)"
51.75.129.164 - - [28/Apr/2025:09:30:51 -0400] "GET /tag/%E0%A4%95%E0%A4%BE%E0%A4%B8%E0%A5%8D%E0%A4%95%E0%A5%80%E0%A4%AC%E0%A4%BE%E0%A4%9F-%E0%A4%AA%E0%A4%B9%E0%A4%BF%E0%A4%B2%E0%A5%8B-%E0%A4%AA%E0%A5%8D%E0%A4%B0%E0%A4%A6%E0%A5%87%E0%A4%B6%E0%A4%B8%E0%A4%AD/ HTTP/1.1" 404 13 "-" "Mozilla/5.0 (compatible; MJ12bot/v1.4.8; http://mj12bot.com/)"
51.75.129.164 - - [28/Apr/2025:09:30:53 -0400] "GET /tag/%E0%A4%A1%E0%A4%BE%E0%A4%A1%E0%A4%BE%E0%A4%95%E0%A5%8B%E0%A4%A8%E0%A4%BE%E0%A4%95-%E0%A4%AA%E0%A5%8D%E0%A4%B0%E0%A4%B9%E0%A4%B0%E0%A5%80-%E0%A4%9A%E0%A5%8C%E0%A4%95%E0%A5%80%E0%A4%AE%E0%A4%BE/ HTTP/1.1" 404 13 "-" "Mozilla/5.0 (compatible; MJ12bot/v1.4.8; http://mj12bot.com/)"
38.242.232.156 - - [28/Apr/2025:09:30:54 -0400] "GET /entertainment/new-dashain-tihar-song-2074-jahajko-ticket-%E0%A4%9C%E0%A4%B9%E0%A4%BE%E0%A4%9C%E0%A4%95%E0%A5%8B-%E0%A4%9F%E0%A4%BF%E0%A4%95%E0%A4%9F-bishnu-khatri-anupa-thapa-2017/ HTTP/1.1" 404 13 "-" "Mozilla/5.0 (compatible; MJ12bot/v1.4.8; http://mj12bot.com/)"
51.75.129.164 - - [28/Apr/2025:09:30:55 -0400] "GET /tag/%E0%A4%A1%E0%A4%BE%E0%A4%AF%E0%A4%AE%E0%A4%A3%E0%A5%8D%E0%A4%A1-%E0%A4%AE%E0%A4%BE-%E0%A4%B5%E0%A4%BF%E0%A4%95%E0%A5%8B-%E0%A5%A8%E0%A5%AF-%E0%A4%94%E0%A4%82-%E0%A4%AC%E0%A4%BE%E0%A4%B0%E0%A5%8D/ HTTP/1.1" 404 13 "-" "Mozilla/5.0 (compatible; MJ12bot/v1.4.8; http://mj12bot.com/)"
51.75.129.164 - - [28/Apr/2025:09:31:01 -0400] "GET /tag/%E0%A4%A6%E0%A5%8B%E0%A4%B6%E0%A5%8D%E0%A4%B0%E0%A5%8B-%E0%A4%B5%E0%A5%87%E0%A4%97%E0%A4%A8%E0%A4%BE%E0%A4%B8-%E0%A4%95%E0%A4%AA-%E0%A4%9C%E0%A4%BE%E0%A4%B0%E0%A5%80/ HTTP/1.1" 404 13 "-" "Mozilla/5.0 (compatible; MJ12bot/v1.4.8; http://mj12bot.com/)"
52.167.144.207 - - [28/Apr/2025:09:31:01 -0400] "GET / HTTP/1.1" 200 0 "-" "Mozilla/5.0 AppleWebKit/537.36 (KHTML, like Gecko; compatible; bingbot/2.0; +http://www.bing.com/bingbot.htm) Chrome/116.0.1938.76 Safari/537.36"
51.75.129.164 - - [28/Apr/2025:09:31:06 -0400] "GET /tag/%E0%A4%A6%E0%A5%8B%E0%A4%B6%E0%A5%8D%E0%A4%B0%E0%A5%8B-%E0%A4%B5%E0%A5%87%E0%A4%97%E0%A4%A8%E0%A4%BE%E0%A4%B8-%E0%A4%95%E0%A4%AA%E0%A4%95%E0%A5%8B-%E0%A4%89%E0%A4%AA%E0%A4%BE%E0%A4%A7%E0%A5%80/ HTTP/1.1" 404 13 "-" "Mozilla/5.0 (compatible; MJ12bot/v1.4.8; http://mj12bot.com/)"
38.242.232.156 - - [28/Apr/2025:09:31:11 -0400] "GET /events/%E0%A4%AE%E0%A4%BF%E0%A4%B8-%E0%A4%95%E0%A5%8D%E0%A4%B5%E0%A4%BF%E0%A4%A8-%E0%A4%B2%E0%A5%87%E0%A4%96%E0%A4%A8%E0%A4%BE%E0%A4%A5-%E0%A4%AC%E0%A5%8D%E0%A4%AF%E0%A5%81%E0%A4%9F%E0%A5%80-%E0%A4%95/feed/ HTTP/1.1" 404 13 "-" "Mozilla/5.0 (compatible; MJ12bot/v1.4.8; http://mj12bot.com/)"
51.75.129.164 - - [28/Apr/2025:09:31:13 -0400] "GET /tag/%E0%A4%A6%E0%A5%8B%E0%A4%B6%E0%A5%8D%E0%A4%B0%E0%A5%8B-%E0%A4%B5%E0%A5%87%E0%A4%97%E0%A4%A8%E0%A4%BE%E0%A4%B8-%E0%A4%95%E0%A4%AA%E0%A4%95%E0%A5%8B-%E0%A4%A4%E0%A4%AF%E0%A4%BE%E0%A4%B0%E0%A5%80/ HTTP/1.1" 404 13 "-" "Mozilla/5.0 (compatible; MJ12bot/v1.4.8; http://mj12bot.com/)"
51.75.129.164 - - [28/Apr/2025:09:31:18 -0400] "GET /tag/%E0%A4%A6%E0%A5%8B%E0%A4%B9%E0%A5%8B%E0%A4%B0%E0%A5%80%E0%A4%B2%E0%A5%87-%E0%A4%9C%E0%A4%AE%E0%A5%8D%E0%A4%AF%E0%A5%8B-%E0%A4%B2%E0%A5%87%E0%A4%96%E0%A4%A8%E0%A4%BE%E0%A4%A5-%E0%A4%AE%E0%A4%B9/ HTTP/1.1" 404 13 "-" "Mozilla/5.0 (compatible; MJ12bot/v1.4.8; http://mj12bot.com/)"
51.75.129.164 - - [28/Apr/2025:09:31:25 -0400] "GET /tag/%E0%A4%A8%E0%A4%B5-%E0%A4%B5%E0%A4%B0%E0%A5%8D%E0%A4%B7-%E0%A4%A7%E0%A4%BE%E0%A4%B0%E0%A5%8D%E0%A4%AE%E0%A4%BF%E0%A4%95-%E0%A4%AE%E0%A4%B9%E0%A5%8B%E0%A4%A4%E0%A5%8D%E0%A4%B8%E0%A4%B5-%E0%A4%A4/ HTTP/1.1" 404 13 "-" "Mozilla/5.0 (compatible; MJ12bot/v1.4.8; http://mj12bot.com/)"
38.242.232.156 - - [28/Apr/2025:09:31:28 -0400] "GET /events/%E0%A5%AB%E0%A5%AC-%E0%A4%94%E0%A4%82-%E0%A4%B8%E0%A4%B9%E0%A4%95%E0%A4%BE%E0%A4%B0%E0%A5%80-%E0%A4%A6%E0%A4%BF%E0%A4%B5%E0%A4%B8-%E0%A4%AB%E0%A5%8B%E0%A4%9F%E0%A5%8B-%E0%A4%AB%E0%A4%BF%E0%A4%9A/feed/ HTTP/1.1" 404 13 "-" "Mozilla/5.0 (compatible; MJ12bot/v1.4.8; http://mj12bot.com/)"
172.183.180.97 - - [28/Apr/2025:09:31:28 -0400] "GET / HTTP/1.1" 200 0 "-" "Mozilla/5.0 AppleWebKit/537.36 (KHTML, like Gecko; compatible; bingbot/2.0; +http://www.bing.com/bingbot.htm) Chrome/116.0.1938.76 Safari/537.36"
51.75.129.164 - - [28/Apr/2025:09:31:30 -0400] "GET /tag/%E0%A4%A8%E0%A4%B5%E0%A5%8C-%E0%A4%AA%E0%A5%8B%E0%A4%96%E0%A4%B0%E0%A4%BE-%E0%A4%AE%E0%A4%B9%E0%A5%8B%E0%A4%A4%E0%A5%8D%E0%A4%B8%E0%A4%B5%E0%A4%95%E0%A5%8B-%E0%A4%A4%E0%A4%AF%E0%A4%BE%E0%A4%B0/ HTTP/1.1" 404 13 "-" "Mozilla/5.0 (compatible; MJ12bot/v1.4.8; http://mj12bot.com/)"
38.242.232.156 - - [28/Apr/2025:09:31:33 -0400] "GET /events/%E0%A4%AE%E0%A4%BF%E0%A4%B8-%E0%A4%95%E0%A5%8D%E0%A4%B5%E0%A4%BF%E0%A4%A8-%E0%A4%B2%E0%A5%87%E0%A4%96%E0%A4%A8%E0%A4%BE%E0%A4%A5-%E0%A4%AC%E0%A5%8D%E0%A4%AF%E0%A5%81%E0%A4%9F%E0%A5%80-%E0%A4%95/ HTTP/1.1" 404 13 "-" "Mozilla/5.0 (compatible; MJ12bot/v1.4.8; http://mj12bot.com/)"
51.75.129.164 - - [28/Apr/2025:09:31:37 -0400] "GET /tag/%E0%A4%A8%E0%A4%B5%E0%A5%8C-%E0%A4%AA%E0%A5%8B%E0%A4%96%E0%A4%B0%E0%A4%BE-%E0%A4%AE%E0%A4%B9%E0%A5%8B%E0%A4%A4%E0%A5%8D%E0%A4%B8%E0%A4%B5%E0%A4%AC%E0%A4%BE%E0%A4%9F-%E0%A5%AA%E0%A5%AA-%E0%A4%B2/ HTTP/1.1" 404 13 "-" "Mozilla/5.0 (compatible; MJ12bot/v1.4.8; http://mj12bot.com/)"
38.242.232.156 - - [28/Apr/2025:09:31:41 -0400] "GET /events/%E0%A5%AB%E0%A5%AC-%E0%A4%94%E0%A4%82-%E0%A4%B8%E0%A4%B9%E0%A4%95%E0%A4%BE%E0%A4%B0%E0%A5%80-%E0%A4%A6%E0%A4%BF%E0%A4%B5%E0%A4%B8-%E0%A4%AB%E0%A5%8B%E0%A4%9F%E0%A5%8B-%E0%A4%AB%E0%A4%BF%E0%A4%9A/ HTTP/1.1" 404 13 "-" "Mozilla/5.0 (compatible; MJ12bot/v1.4.8; http://mj12bot.com/)"
51.75.129.164 - - [28/Apr/2025:09:31:42 -0400] "GET /tag/%E0%A4%A8%E0%A4%B5%E0%A5%8C%E0%A4%82-%E0%A4%AC%E0%A4%97%E0%A4%B0-%E0%A4%AD%E0%A4%BE%E0%A4%87%E0%A4%96%E0%A4%B2%E0%A4%95-%E0%A4%AD%E0%A5%87%E0%A4%9F%E0%A5%8D%E0%A4%B0%E0%A4%BE%E0%A4%A8-%E0%A4%8F/ HTTP/1.1" 404 13 "-" "Mozilla/5.0 (compatible; MJ12bot/v1.4.8; http://mj12bot.com/)"
38.242.232.156 - - [28/Apr/2025:09:31:45 -0400] "GET /lekhnath/%E0%A4%86%E0%A4%AF%E0%A4%95%E0%A4%B0-%E0%A4%B8%E0%A4%82%E0%A4%95%E0%A4%B2%E0%A4%A8-%E0%A4%B8%E0%A4%BE%E0%A4%A5%E0%A5%88-%E0%A4%AC%E0%A4%BE%E0%A4%A3%E0%A4%BF%E0%A4%9C%E0%A5%8D%E0%A4%AF-%E0%A4%B5/ HTTP/1.1" 404 13 "-" "Mozilla/5.0 (compatible; MJ12bot/v1.4.8; http://mj12bot.com/)"
51.75.129.164 - - [28/Apr/2025:09:31:49 -0400] "GET /tag/%E0%A4%A8%E0%A5%87%E0%A4%AA%E0%A4%BE%E0%A4%B2-%E0%A4%95%E0%A4%AA%E0%A4%A1%E0%A4%BE-%E0%A4%A4%E0%A4%A5%E0%A4%BE-%E0%A4%B8%E0%A4%BF%E0%A4%B2%E0%A4%BE%E0%A4%87-%E0%A4%B5%E0%A5%8D%E0%A4%AF%E0%A4%B5/ HTTP/1.1" 404 13 "-" "Mozilla/5.0 (compatible; MJ12bot/v1.4.8; http://mj12bot.com/)"
51.75.129.164 - - [28/Apr/2025:09:31:55 -0400] "GET /tag/%E0%A4%A8%E0%A5%87%E0%A4%AA%E0%A4%BE%E0%A4%B2-%E0%A4%95%E0%A4%AA%E0%A4%A1%E0%A4%BE-%E0%A4%A4%E0%A4%A5%E0%A4%BE-%E0%A4%B8%E0%A4%BF%E0%A4%B2%E0%A4%BE%E0%A4%88-%E0%A4%B5%E0%A5%8D%E0%A4%AF%E0%A4%B5/ HTTP/1.1" 404 13 "-" "Mozilla/5.0 (compatible; MJ12bot/v1.4.8; http://mj12bot.com/)"
51.75.129.164 - - [28/Apr/2025:09:32:02 -0400] "GET /tag/%E0%A4%A8%E0%A5%87%E0%A4%AA%E0%A4%BE%E0%A4%B2%E0%A5%80-%E0%A4%AB%E0%A4%BF%E0%A4%B2%E0%A5%8D%E0%A4%AE/ HTTP/1.1" 404 13 "-" "Mozilla/5.0 (compatible; MJ12bot/v1.4.8; http://mj12bot.com/)"
20.15.133.191 - - [28/Apr/2025:09:32:02 -0400] "GET / HTTP/1.1" 200 0 "-" "Mozilla/5.0 AppleWebKit/537.36 (KHTML, like Gecko; compatible; bingbot/2.0; +http://www.bing.com/bingbot.htm) Chrome/116.0.1938.76 Safari/537.36"
38.242.232.156 - - [28/Apr/2025:09:32:02 -0400] "GET /lekhnath/%E0%A4%86%E0%A4%AF%E0%A4%95%E0%A4%B0-%E0%A4%B8%E0%A4%82%E0%A4%95%E0%A4%B2%E0%A4%A8-%E0%A4%B8%E0%A4%BE%E0%A4%A5%E0%A5%88-%E0%A4%AC%E0%A4%BE%E0%A4%A3%E0%A4%BF%E0%A4%9C%E0%A5%8D%E0%A4%AF-%E0%A4%B5/feed/ HTTP/1.1" 404 13 "-" "Mozilla/5.0 (compatible; MJ12bot/v1.4.8; http://mj12bot.com/)"
20.15.133.191 - - [28/Apr/2025:09:32:03 -0400] "GET / HTTP/1.1" 200 0 "-" "Mozilla/5.0 AppleWebKit/537.36 (KHTML, like Gecko; compatible; bingbot/2.0; +http://www.bing.com/bingbot.htm) Chrome/116.0.1938.76 Safari/537.36"
38.242.232.156 - - [28/Apr/2025:09:32:09 -0400] "GET /lekhnath/%E0%A4%9A%E0%A4%95%E0%A5%8D%E0%A4%B0%E0%A4%A6%E0%A5%87%E0%A4%B5%E0%A5%80-%E0%A4%B8%E0%A4%B9%E0%A4%95%E0%A4%BE%E0%A4%B0%E0%A5%80-%E0%A4%B8%E0%A4%82%E0%A4%B8%E0%A5%8D%E0%A4%A5%E0%A4%BE-%E0%A4%AE/ HTTP/1.1" 404 13 "-" "Mozilla/5.0 (compatible; MJ12bot/v1.4.8; http://mj12bot.com/)"
51.75.129.164 - - [28/Apr/2025:09:32:11 -0400] "GET /tag/%E0%A4%AA%E0%A4%9A%E0%A4%AD%E0%A5%88%E0%A4%AF%E0%A4%BE%E0%A4%AE%E0%A4%BE-%E0%A4%B5%E0%A4%A1%E0%A4%BE%E0%A4%B8%E0%A5%8D%E0%A4%A4%E0%A4%B0%E0%A5%80%E0%A4%AF-%E0%A4%AD%E0%A4%B2%E0%A4%BF%E0%A4%AC%E0%A4%B2/ HTTP/1.1" 404 13 "-" "Mozilla/5.0 (compatible; MJ12bot/v1.4.8; http://mj12bot.com/)"
38.242.232.156 - - [28/Apr/2025:09:32:12 -0400] "GET /lekhnath/%E0%A4%9A%E0%A4%95%E0%A5%8D%E0%A4%B0%E0%A4%A6%E0%A5%87%E0%A4%B5%E0%A5%80-%E0%A4%B8%E0%A4%B9%E0%A4%95%E0%A4%BE%E0%A4%B0%E0%A5%80-%E0%A4%B8%E0%A4%82%E0%A4%B8%E0%A5%8D%E0%A4%A5%E0%A4%BE-%E0%A4%AE/feed/ HTTP/1.1" 404 13 "-" "Mozilla/5.0 (compatible; MJ12bot/v1.4.8; http://mj12bot.com/)"
52.167.144.207 - - [28/Apr/2025:09:32:12 -0400] "GET / HTTP/1.1" 200 0 "-" "Mozilla/5.0 AppleWebKit/537.36 (KHTML, like Gecko; compatible; bingbot/2.0; +http://www.bing.com/bingbot.htm) Chrome/116.0.1938.76 Safari/537.36"
