172.183.180.97 - - [28/Apr/2025:06:24:43 -0400] "GET / HTTP/1.1" 200 0 "-" "Mozilla/5.0 AppleWebKit/537.36 (KHTML, like Gecko; compatible; bingbot/2.0; +http://www.bing.com/bingbot.htm) Chrome/116.0.1938.76 Safari/537.36"
52.167.144.232 - - [28/Apr/2025:06:25:15 -0400] "GET / HTTP/1.1" 200 0 "-" "Mozilla/5.0 AppleWebKit/537.36 (KHTML, like Gecko; compatible; bingbot/2.0; +http://www.bing.com/bingbot.htm) Chrome/116.0.1938.76 Safari/537.36"
172.183.179.197 - - [28/Apr/2025:06:25:43 -0400] "GET / HTTP/1.1" 200 0 "-" "Mozilla/5.0 AppleWebKit/537.36 (KHTML, like Gecko; compatible; bingbot/2.0; +http://www.bing.com/bingbot.htm) Chrome/116.0.1938.76 Safari/537.36"
52.167.144.232 - - [28/Apr/2025:06:26:15 -0400] "GET / HTTP/1.1" 200 0 "-" "Mozilla/5.0 AppleWebKit/537.36 (KHTML, like Gecko; compatible; bingbot/2.0; +http://www.bing.com/bingbot.htm) Chrome/116.0.1938.76 Safari/537.36"
172.183.179.197 - - [28/Apr/2025:06:26:43 -0400] "GET / HTTP/1.1" 200 0 "-" "Mozilla/5.0 AppleWebKit/537.36 (KHTML, like Gecko; compatible; bingbot/2.0; +http://www.bing.com/bingbot.htm) Chrome/116.0.1938.76 Safari/537.36"
52.167.144.232 - - [28/Apr/2025:06:27:15 -0400] "GET / HTTP/1.1" 200 0 "-" "Mozilla/5.0 AppleWebKit/537.36 (KHTML, like Gecko; compatible; bingbot/2.0; +http://www.bing.com/bingbot.htm) Chrome/116.0.1938.76 Safari/537.36"
172.183.179.197 - - [28/Apr/2025:06:27:43 -0400] "GET / HTTP/1.1" 200 0 "-" "Mozilla/5.0 AppleWebKit/537.36 (KHTML, like Gecko; compatible; bingbot/2.0; +http://www.bing.com/bingbot.htm) Chrome/116.0.1938.76 Safari/537.36"
52.167.144.232 - - [28/Apr/2025:06:28:14 -0400] "GET / HTTP/1.1" 200 0 "-" "Mozilla/5.0 AppleWebKit/537.36 (KHTML, like Gecko; compatible; bingbot/2.0; +http://www.bing.com/bingbot.htm) Chrome/116.0.1938.76 Safari/537.36"
172.183.179.197 - - [28/Apr/2025:06:28:34 -0400] "GET / HTTP/1.1" 200 0 "-" "Mozilla/5.0 AppleWebKit/537.36 (KHTML, like Gecko; compatible; bingbot/2.0; +http://www.bing.com/bingbot.htm) Chrome/116.0.1938.76 Safari/537.36"
52.167.144.232 - - [28/Apr/2025:06:29:15 -0400] "GET / HTTP/1.1" 200 0 "-" "Mozilla/5.0 AppleWebKit/537.36 (KHTML, like Gecko; compatible; bingbot/2.0; +http://www.bing.com/bingbot.htm) Chrome/116.0.1938.76 Safari/537.36"
172.183.179.197 - - [28/Apr/2025:06:29:33 -0400] "GET / HTTP/1.1" 200 0 "-" "Mozilla/5.0 AppleWebKit/537.36 (KHTML, like Gecko; compatible; bingbot/2.0; +http://www.bing.com/bingbot.htm) Chrome/116.0.1938.76 Safari/537.36"
52.167.144.232 - - [28/Apr/2025:06:30:17 -0400] "GET / HTTP/1.1" 200 0 "-" "Mozilla/5.0 AppleWebKit/537.36 (KHTML, like Gecko; compatible; bingbot/2.0; +http://www.bing.com/bingbot.htm) Chrome/116.0.1938.76 Safari/537.36"
172.183.179.197 - - [28/Apr/2025:06:30:33 -0400] "GET / HTTP/1.1" 200 0 "-" "Mozilla/5.0 AppleWebKit/537.36 (KHTML, like Gecko; compatible; bingbot/2.0; +http://www.bing.com/bingbot.htm) Chrome/116.0.1938.76 Safari/537.36"
52.167.144.232 - - [28/Apr/2025:06:31:15 -0400] "GET / HTTP/1.1" 200 0 "-" "Mozilla/5.0 AppleWebKit/537.36 (KHTML, like Gecko; compatible; bingbot/2.0; +http://www.bing.com/bingbot.htm) Chrome/116.0.1938.76 Safari/537.36"
172.183.179.197 - - [28/Apr/2025:06:31:33 -0400] "GET / HTTP/1.1" 200 0 "-" "Mozilla/5.0 AppleWebKit/537.36 (KHTML, like Gecko; compatible; bingbot/2.0; +http://www.bing.com/bingbot.htm) Chrome/116.0.1938.76 Safari/537.36"
47.79.120.209 - - [28/Apr/2025:06:31:41 -0400] "GET /lekhnath/lekhnath-mahotsab-2072/?share=twitter HTTP/1.1" 404 13 "-" "Mozilla/5.0 (Linux; Android 10; K) AppleWebKit/537.36 (KHTML, like Gecko) Chrome/122.0.0.0 Mobile Safari/537.36"
20.15.133.174 - - [28/Apr/2025:06:31:46 -0400] "GET / HTTP/1.1" 200 0 "-" "Mozilla/5.0 AppleWebKit/537.36 (KHTML, like Gecko; compatible; bingbot/2.0; +http://www.bing.com/bingbot.htm) Chrome/116.0.1938.76 Safari/537.36"
195.191.219.130 - - [28/Apr/2025:06:31:58 -0400] "GET /robots.txt HTTP/1.1" 404 13 "-" "Mozilla/5.0 (compatible; MJ12bot/v2.0.0; http://mj12bot.com/)"
195.191.219.130 - - [28/Apr/2025:06:31:58 -0400] "GET /nepalinews/%E0%A4%B0%E0%A4%A4%E0%A5%8D%E0%A4%A8-%E0%A4%B6%E0%A5%8B%E0%A4%AD%E0%A4%BE%E0%A4%AE%E0%A4%BE-%E0%A4%85%E0%A4%AD%E0%A4%BF%E0%A4%AD%E0%A4%BE%E0%A4%B5%E0%A4%95-%E0%A4%B6%E0%A4%BF%E0%A4%95%E0%A5%8D/?share=facebook HTTP/1.1" 404 13 "-" "Mozilla/5.0 (compatible; MJ12bot/v2.0.0; http://mj12bot.com/)"
195.191.219.130 - - [28/Apr/2025:06:31:59 -0400] "GET /nepalinews/%E0%A4%B0%E0%A4%A4%E0%A5%8D%E0%A4%A8-%E0%A4%B6%E0%A5%8B%E0%A4%AD%E0%A4%BE%E0%A4%AE%E0%A4%BE-%E0%A4%85%E0%A4%AD%E0%A4%BF%E0%A4%AD%E0%A4%BE%E0%A4%B5%E0%A4%95-%E0%A4%B6%E0%A4%BF%E0%A4%95%E0%A5%8D/?share=twitter HTTP/1.1" 404 13 "-" "Mozilla/5.0 (compatible; MJ12bot/v2.0.0; http://mj12bot.com/)"
195.191.219.130 - - [28/Apr/2025:06:32:00 -0400] "GET /nepalinews/%E0%A4%B2%E0%A5%87%E0%A4%96%E0%A4%A8%E0%A4%BE%E0%A4%A5-%E0%A4%9C%E0%A5%87%E0%A4%B8%E0%A4%BF%E0%A4%B8%E0%A4%95%E0%A5%8B-%E0%A4%85%E0%A4%A7%E0%A5%8D%E0%A4%AF%E0%A4%95%E0%A5%8D%E0%A4%B7%E0%A4%AE%E0%A4%BE/?share=twitter HTTP/1.1" 404 13 "-" "Mozilla/5.0 (compatible; MJ12bot/v2.0.0; http://mj12bot.com/)"
195.191.219.130 - - [28/Apr/2025:06:32:01 -0400] "GET /nepalinews/%E0%A4%B8%E0%A4%82%E0%A4%AF%E0%A5%81%E0%A4%95%E0%A5%8D%E0%A4%A4-%E0%A4%B5%E0%A5%83%E0%A4%95%E0%A5%8D%E0%A4%B7%E0%A4%BE%E0%A4%B0%E0%A5%8B%E0%A4%AA%E0%A4%A3-%E0%A4%95%E0%A4%BE%E0%A4%B0%E0%A5%8D%E0%A4%AF/?share=facebook HTTP/1.1" 404 13 "-" "Mozilla/5.0 (compatible; MJ12bot/v2.0.0; http://mj12bot.com/)"
195.191.219.130 - - [28/Apr/2025:06:32:02 -0400] "GET /nepalinews/%E0%A4%B8%E0%A4%82%E0%A4%AF%E0%A5%81%E0%A4%95%E0%A5%8D%E0%A4%A4-%E0%A4%B5%E0%A5%83%E0%A4%95%E0%A5%8D%E0%A4%B7%E0%A4%BE%E0%A4%B0%E0%A5%8B%E0%A4%AA%E0%A4%A3-%E0%A4%95%E0%A4%BE%E0%A4%B0%E0%A5%8D%E0%A4%AF/?share=twitter HTTP/1.1" 404 13 "-" "Mozilla/5.0 (compatible; MJ12bot/v2.0.0; http://mj12bot.com/)"
195.191.219.130 - - [28/Apr/2025:06:32:03 -0400] "GET /news/%E0%A4%9F%E0%A5%8D%E0%A4%B0%E0%A4%BE%E0%A4%AB%E0%A4%BF%E0%A4%95%E0%A4%A6%E0%A5%8D%E0%A4%A7%E0%A4%BE%E0%A4%B0%E0%A4%BE-%E0%A4%9A%E0%A4%BE%E0%A4%B2%E0%A4%95%E0%A4%95%E0%A5%8B-%E0%A4%B8%E0%A5%8D%E0%A4%B5/?share=facebook HTTP/1.1" 404 13 "-" "Mozilla/5.0 (compatible; MJ12bot/v2.0.0; http://mj12bot.com/)"
195.191.219.130 - - [28/Apr/2025:06:32:04 -0400] "GET /news/%E0%A4%9F%E0%A5%8D%E0%A4%B0%E0%A4%BE%E0%A4%AB%E0%A4%BF%E0%A4%95%E0%A4%A6%E0%A5%8D%E0%A4%A7%E0%A4%BE%E0%A4%B0%E0%A4%BE-%E0%A4%9A%E0%A4%BE%E0%A4%B2%E0%A4%95%E0%A4%95%E0%A5%8B-%E0%A4%B8%E0%A5%8D%E0%A4%B5/?share=twitter HTTP/1.1" 404 13 "-" "Mozilla/5.0 (compatible; MJ12bot/v2.0.0; http://mj12bot.com/)"
195.191.219.130 - - [28/Apr/2025:06:32:06 -0400] "GET /news/nepal-news/%E0%A4%AE%E0%A5%8B%E0%A4%AC%E0%A4%BE%E0%A4%87%E0%A4%B2%E0%A4%AC%E0%A4%BE%E0%A4%9F-%E0%A4%B8%E0%A5%87%E0%A4%B2%E0%A5%8D%E0%A4%AB%E0%A5%80-%E0%A4%96%E0%A4%BF%E0%A4%9A%E0%A5%8D%E0%A4%A8-%E0%A4%B2/?share=facebook HTTP/1.1" 404 13 "-" "Mozilla/5.0 (compatible; MJ12bot/v2.0.0; http://mj12bot.com/)"
52.167.144.232 - - [28/Apr/2025:06:32:06 -0400] "GET / HTTP/1.1" 200 0 "-" "Mozilla/5.0 AppleWebKit/537.36 (KHTML, like Gecko; compatible; bingbot/2.0; +http://www.bing.com/bingbot.htm) Chrome/116.0.1938.76 Safari/537.36"
20.15.133.174 - - [28/Apr/2025:06:32:10 -0400] "GET / HTTP/1.1" 200 0 "-" "Mozilla/5.0 AppleWebKit/537.36 (KHTML, like Gecko; compatible; bingbot/2.0; +http://www.bing.com/bingbot.htm) Chrome/116.0.1938.76 Safari/537.36"
195.191.219.130 - - [28/Apr/2025:06:32:24 -0400] "GET /robots.txt HTTP/1.1" 404 13 "-" "Mozilla/5.0 (compatible; MJ12bot/v2.0.0; http://mj12bot.com/)"
195.191.219.130 - - [28/Apr/2025:06:32:24 -0400] "GET /c7lnews/%E0%A4%AF%E0%A5%81%E0%A4%B0%E0%A5%8B-%E0%A5%AC-%E0%A4%AE%E0%A4%BE%E0%A4%AA%E0%A4%A6%E0%A4%A3%E0%A5%8D%E0%A4%A1%E0%A4%95%E0%A5%8B-%E0%A4%87%E0%A4%A8%E0%A5%8D%E0%A4%A7%E0%A4%A8-%E0%A4%86%E0%A4%89/?random-post=1 HTTP/1.1" 404 13 "-" "Mozilla/5.0 (compatible; MJ12bot/v2.0.0; http://mj12bot.com/)"
195.191.219.130 - - [28/Apr/2025:06:32:25 -0400] "GET /c7lnews/%E0%A4%AF%E0%A5%81%E0%A4%B0%E0%A5%8B-%E0%A5%AC-%E0%A4%AE%E0%A4%BE%E0%A4%AA%E0%A4%A6%E0%A4%A3%E0%A5%8D%E0%A4%A1%E0%A4%95%E0%A5%8B-%E0%A4%87%E0%A4%A8%E0%A5%8D%E0%A4%A7%E0%A4%A8-%E0%A4%86%E0%A4%89/?share=facebook HTTP/1.1" 404 13 "-" "Mozilla/5.0 (compatible; MJ12bot/v2.0.0; http://mj12bot.com/)"
195.191.219.130 - - [28/Apr/2025:06:32:26 -0400] "GET /c7lnews/%E0%A4%AF%E0%A5%81%E0%A4%B0%E0%A5%8B-%E0%A5%AC-%E0%A4%AE%E0%A4%BE%E0%A4%AA%E0%A4%A6%E0%A4%A3%E0%A5%8D%E0%A4%A1%E0%A4%95%E0%A5%8B-%E0%A4%87%E0%A4%A8%E0%A5%8D%E0%A4%A7%E0%A4%A8-%E0%A4%86%E0%A4%89/?share=twitter HTTP/1.1" 404 13 "-" "Mozilla/5.0 (compatible; MJ12bot/v2.0.0; http://mj12bot.com/)"
195.191.219.130 - - [28/Apr/2025:06:32:27 -0400] "GET /category/nepalinews/kaski-news-%E0%A4%95%E0%A4%BE%E0%A4%B8%E0%A5%8D%E0%A4%95%E0%A5%80/?random-post=1 HTTP/1.1" 404 13 "-" "Mozilla/5.0 (compatible; MJ12bot/v2.0.0; http://mj12bot.com/)"
195.191.219.130 - - [28/Apr/2025:06:32:28 -0400] "GET /category/nepalinews/politics-news-%E0%A4%B0%E0%A4%BE%E0%A4%9C%E0%A4%A8%E0%A5%80%E0%A4%A4%E0%A4%BF/?random-post=1 HTTP/1.1" 404 13 "-" "Mozilla/5.0 (compatible; MJ12bot/v2.0.0; http://mj12bot.com/)"
195.191.219.130 - - [28/Apr/2025:06:32:30 -0400] "GET /category/nepalinews/pradesh-news-%E0%A4%AA%E0%A5%8D%E0%A4%B0%E0%A4%A6%E0%A5%87%E0%A4%B6/?random-post=1 HTTP/1.1" 404 13 "-" "Mozilla/5.0 (compatible; MJ12bot/v2.0.0; http://mj12bot.com/)"
195.191.219.130 - - [28/Apr/2025:06:32:31 -0400] "GET /cityof7lakes-com%E2%95%91pride-of-lekhnath-online-from-lekhnathnews-of-nepal/?random-post=1 HTTP/1.1" 404 13 "-" "Mozilla/5.0 (compatible; MJ12bot/v2.0.0; http://mj12bot.com/)"
195.191.219.130 - - [28/Apr/2025:06:32:33 -0400] "GET /entertainment/hum-jayega-%E0%A4%B9%E0%A4%AE-%E0%A4%9C%E0%A4%BE%E0%A4%8F%E0%A4%97%E0%A4%BE/?random-post=1 HTTP/1.1" 404 13 "-" "Mozilla/5.0 (compatible; MJ12bot/v2.0.0; http://mj12bot.com/)"
172.183.179.197 - - [28/Apr/2025:06:32:33 -0400] "GET / HTTP/1.1" 200 0 "-" "Mozilla/5.0 AppleWebKit/537.36 (KHTML, like Gecko; compatible; bingbot/2.0; +http://www.bing.com/bingbot.htm) Chrome/116.0.1938.76 Safari/537.36"
195.191.219.130 - - [28/Apr/2025:06:32:33 -0400] "GET /entertainment/hum-jayega-%E0%A4%B9%E0%A4%AE-%E0%A4%9C%E0%A4%BE%E0%A4%8F%E0%A4%97%E0%A4%BE/?share=facebook HTTP/1.1" 404 13 "-" "Mozilla/5.0 (compatible; MJ12bot/v2.0.0; http://mj12bot.com/)"
195.191.219.130 - - [28/Apr/2025:06:32:34 -0400] "GET /entertainment/hum-jayega-%E0%A4%B9%E0%A4%AE-%E0%A4%9C%E0%A4%BE%E0%A4%8F%E0%A4%97%E0%A4%BE/?share=twitter HTTP/1.1" 404 13 "-" "Mozilla/5.0 (compatible; MJ12bot/v2.0.0; http://mj12bot.com/)"
195.191.219.130 - - [28/Apr/2025:06:32:35 -0400] "GET /lekhnath/%E0%A4%9A%E0%A4%95%E0%A5%8D%E0%A4%B0%E0%A4%A6%E0%A5%87%E0%A4%B5%E0%A5%80-%E0%A4%B8%E0%A4%B9%E0%A4%95%E0%A4%BE%E0%A4%B0%E0%A5%80-%E0%A4%B8%E0%A4%82%E0%A4%B8%E0%A5%8D%E0%A4%A5%E0%A4%BE-%E0%A4%AE/?share=twitter HTTP/1.1" 404 13 "-" "Mozilla/5.0 (compatible; MJ12bot/v2.0.0; http://mj12bot.com/)"
195.191.219.130 - - [28/Apr/2025:06:32:37 -0400] "GET /lekhnath/%E0%A4%AD%E0%A4%A6%E0%A5%8C-%E0%A5%A8%E0%A5%AA-%E0%A4%A6%E0%A5%87%E0%A4%96%E0%A4%BF-%E0%A4%B2%E0%A5%87%E0%A4%96%E0%A4%A8%E0%A4%BE%E0%A4%A5-%E0%A4%9C%E0%A5%87%E0%A4%B8%E0%A5%80%E0%A4%9C-%E0%A4%B8/?share=facebook HTTP/1.1" 404 13 "-" "Mozilla/5.0 (compatible; MJ12bot/v2.0.0; http://mj12bot.com/)"
195.191.219.130 - - [28/Apr/2025:06:32:38 -0400] "GET /lekhnath/%E0%A4%AD%E0%A4%A6%E0%A5%8C-%E0%A5%A8%E0%A5%AA-%E0%A4%A6%E0%A5%87%E0%A4%96%E0%A4%BF-%E0%A4%B2%E0%A5%87%E0%A4%96%E0%A4%A8%E0%A4%BE%E0%A4%A5-%E0%A4%9C%E0%A5%87%E0%A4%B8%E0%A5%80%E0%A4%9C-%E0%A4%B8/?share=twitter HTTP/1.1" 404 13 "-" "Mozilla/5.0 (compatible; MJ12bot/v2.0.0; http://mj12bot.com/)"
195.191.219.130 - - [28/Apr/2025:06:32:39 -0400] "GET /lekhnath/%E0%A4%AE%E0%A4%B9%E0%A4%BE%E0%A4%AF%E0%A4%9C%E0%A5%8D%E0%A4%9E-%E0%A4%B8%E0%A4%AB%E0%A4%B2-%E0%A4%AA%E0%A4%BE%E0%A4%B0%E0%A5%8D%E0%A4%A8-%E0%A4%AA%E0%A5%8D%E0%A4%B0%E0%A4%A4%E0%A4%BF%E0%A4%AC/?share=facebook HTTP/1.1" 404 13 "-" "Mozilla/5.0 (compatible; MJ12bot/v2.0.0; http://mj12bot.com/)"
195.191.219.130 - - [28/Apr/2025:06:32:40 -0400] "GET /lekhnath/%E0%A4%AE%E0%A4%B9%E0%A4%BE%E0%A4%AF%E0%A4%9C%E0%A5%8D%E0%A4%9E-%E0%A4%B8%E0%A4%AB%E0%A4%B2-%E0%A4%AA%E0%A4%BE%E0%A4%B0%E0%A5%8D%E0%A4%A8-%E0%A4%AA%E0%A5%8D%E0%A4%B0%E0%A4%A4%E0%A4%BF%E0%A4%AC/?share=twitter HTTP/1.1" 404 13 "-" "Mozilla/5.0 (compatible; MJ12bot/v2.0.0; http://mj12bot.com/)"
195.191.219.130 - - [28/Apr/2025:06:32:42 -0400] "GET /lekhnath/%E0%A4%B2%E0%A5%87%E0%A4%96%E0%A4%A8%E0%A4%BE%E0%A4%A5%E0%A4%95%E0%A5%8B-%E0%A4%AE%E0%A5%88%E0%A4%A6%E0%A5%80%E0%A4%AE%E0%A4%BE-%E0%A4%9A%E0%A4%BF%E0%A4%A1%E0%A4%BF%E0%A4%AF%E0%A4%BE%E0%A4%96%E0%A4%BE/?share=twitter HTTP/1.1" 404 13 "-" "Mozilla/5.0 (compatible; MJ12bot/v2.0.0; http://mj12bot.com/)"
195.191.219.130 - - [28/Apr/2025:06:32:42 -0400] "GET /lekhnath/%E0%A4%B2%E0%A5%87%E0%A4%96%E0%A4%A8%E0%A4%BE%E0%A4%A5-%E0%A4%AA%E0%A4%A8%E0%A4%BF-%E0%A4%B5%E0%A4%BF%E0%A4%AE%E0%A4%BE%E0%A4%A8%E0%A4%B8%E0%A5%8D%E0%A4%A5%E0%A4%B2-%E0%A4%B8%E0%A4%B0%E0%A5%8B/?share=facebook HTTP/1.1" 404 13 "-" "Mozilla/5.0 (compatible; MJ12bot/v2.0.0; http://mj12bot.com/)"
195.191.219.130 - - [28/Apr/2025:06:32:45 -0400] "GET /nepalinews/%E0%A4%85%E0%A4%A8%E0%A5%8C%E0%A4%A0%E0%A5%8B-%E0%A4%B5%E0%A4%BF%E0%A4%A6%E0%A5%8D%E0%A4%AF%E0%A4%BE%E0%A4%B2%E0%A4%AF-%E0%A4%95%E0%A4%AE%E0%A4%BE%E0%A4%88-%E0%A4%AA%E0%A4%A8%E0%A4%BF-%E0%A4%AA/?random-post=1 HTTP/1.1" 404 13 "-" "Mozilla/5.0 (compatible; MJ12bot/v2.0.0; http://mj12bot.com/)"
195.191.219.130 - - [28/Apr/2025:06:32:46 -0400] "GET /nepalinews/%E0%A4%A8%E0%A5%87%E0%A4%95%E0%A4%AA%E0%A4%BE-%E0%A4%AE%E0%A4%BE%E0%A4%93%E0%A4%B5%E0%A4%BE%E0%A4%A6%E0%A5%80-%E0%A4%95%E0%A5%87%E0%A4%A8%E0%A5%8D%E0%A4%A6%E0%A5%8D%E0%A4%B0%E0%A4%95%E0%A4%BE/?share=twitter HTTP/1.1" 404 13 "-" "Mozilla/5.0 (compatible; MJ12bot/v2.0.0; http://mj12bot.com/)"
195.191.219.130 - - [28/Apr/2025:06:32:47 -0400] "GET /nepalinews/%E0%A4%A8%E0%A5%87%E0%A4%AA%E0%A4%BE%E0%A4%B2%E0%A5%80-%E0%A4%95%E0%A4%BE%E0%A4%81%E0%A4%97%E0%A5%8D%E0%A4%B0%E0%A5%87%E0%A4%B8%E0%A4%95%E0%A4%BE-%E0%A4%B5%E0%A4%B0%E0%A4%BF%E0%A4%B7%E0%A5%8D%E0%A4%A0/?share=facebook HTTP/1.1" 404 13 "-" "Mozilla/5.0 (compatible; MJ12bot/v2.0.0; http://mj12bot.com/)"
195.191.219.130 - - [28/Apr/2025:06:32:48 -0400] "GET /nepalinews/%E0%A4%A8%E0%A5%87%E0%A4%AA%E0%A4%BE%E0%A4%B2%E0%A5%80-%E0%A4%95%E0%A4%BE%E0%A4%81%E0%A4%97%E0%A5%8D%E0%A4%B0%E0%A5%87%E0%A4%B8%E0%A4%95%E0%A4%BE-%E0%A4%B5%E0%A4%B0%E0%A4%BF%E0%A4%B7%E0%A5%8D%E0%A4%A0/?share=twitter HTTP/1.1" 404 13 "-" "Mozilla/5.0 (compatible; MJ12bot/v2.0.0; http://mj12bot.com/)"
195.191.219.130 - - [28/Apr/2025:06:32:49 -0400] "GET /nepalinews/%E0%A4%AA%E0%A5%87%E0%A4%9F%E0%A5%8D%E0%A4%B0%E0%A5%8B%E0%A4%B2%E0%A4%BF%E0%A4%AF%E0%A4%AE-%E0%A4%AA%E0%A4%A6%E0%A4%BE%E0%A4%B0%E0%A5%8D%E0%A4%A5%E0%A4%95%E0%A5%8B-%E0%A4%AE%E0%A5%82%E0%A4%B2%E0%A5%8D/?share=facebook HTTP/1.1" 404 13 "-" "Mozilla/5.0 (compatible; MJ12bot/v2.0.0; http://mj12bot.com/)"
195.191.219.130 - - [28/Apr/2025:06:32:50 -0400] "GET /nepalinews/%E0%A4%AA%E0%A5%87%E0%A4%9F%E0%A5%8D%E0%A4%B0%E0%A5%8B%E0%A4%B2%E0%A4%BF%E0%A4%AF%E0%A4%AE-%E0%A4%AA%E0%A4%A6%E0%A4%BE%E0%A4%B0%E0%A5%8D%E0%A4%A5%E0%A4%95%E0%A5%8B-%E0%A4%AE%E0%A5%82%E0%A4%B2%E0%A5%8D/?share=twitter HTTP/1.1" 404 13 "-" "Mozilla/5.0 (compatible; MJ12bot/v2.0.0; http://mj12bot.com/)"
195.191.219.130 - - [28/Apr/2025:06:32:51 -0400] "GET /nepalinews/%E0%A4%AA%E0%A5%8B%E0%A4%B2%E0%A5%87-%E0%A5%A9%E0%A5%A6-%E0%A4%A0%E0%A4%BE%E0%A4%A1%E0%A5%8D%E0%A4%A1%E0%A4%BE%E0%A4%A1%E0%A4%BE%E0%A4%AE%E0%A4%BE-%E0%A4%AE%E0%A4%A8%E0%A4%95%E0%A4%BE%E0%A4%AE/?share=facebook HTTP/1.1" 404 13 "-" "Mozilla/5.0 (compatible; MJ12bot/v2.0.0; http://mj12bot.com/)"
195.191.219.130 - - [28/Apr/2025:06:32:52 -0400] "GET /nepalinews/%E0%A4%AA%E0%A5%8B%E0%A4%B2%E0%A5%87-%E0%A5%A9%E0%A5%A6-%E0%A4%A0%E0%A4%BE%E0%A4%A1%E0%A5%8D%E0%A4%A1%E0%A4%BE%E0%A4%A1%E0%A4%BE%E0%A4%AE%E0%A4%BE-%E0%A4%AE%E0%A4%A8%E0%A4%95%E0%A4%BE%E0%A4%AE/?share=twitter HTTP/1.1" 404 13 "-" "Mozilla/5.0 (compatible; MJ12bot/v2.0.0; http://mj12bot.com/)"
195.191.219.130 - - [28/Apr/2025:06:32:53 -0400] "GET /nepalinews/%E0%A4%AA%E0%A5%8B%E0%A4%B2%E0%A5%87-%E0%A5%A9%E0%A5%A9-%E0%A4%AD%E0%A4%B0%E0%A4%A4%E0%A4%AA%E0%A5%8B%E0%A4%96%E0%A4%B0%E0%A5%80%E0%A4%95%E0%A5%8B-%E0%A4%B8%E0%A4%B0%E0%A4%B8%E0%A5%8D%E0%A4%B5/?share=facebook HTTP/1.1" 404 13 "-" "Mozilla/5.0 (compatible; MJ12bot/v2.0.0; http://mj12bot.com/)"
195.191.219.130 - - [28/Apr/2025:06:32:54 -0400] "GET /nepalinews/%E0%A4%AA%E0%A5%8B%E0%A4%B2%E0%A5%87-%E0%A5%A9%E0%A5%A9-%E0%A4%AD%E0%A4%B0%E0%A4%A4%E0%A4%AA%E0%A5%8B%E0%A4%96%E0%A4%B0%E0%A5%80%E0%A4%95%E0%A5%8B-%E0%A4%B8%E0%A4%B0%E0%A4%B8%E0%A5%8D%E0%A4%B5/?share=twitter HTTP/1.1" 404 13 "-" "Mozilla/5.0 (compatible; MJ12bot/v2.0.0; http://mj12bot.com/)"
195.191.219.130 - - [28/Apr/2025:06:32:55 -0400] "GET /nepalinews/%E0%A4%AC%E0%A5%87%E0%A4%97%E0%A4%A8%E0%A4%BE%E0%A4%B8%E0%A4%A4%E0%A4%BE%E0%A4%B2%E0%A4%AE%E0%A4%BE-%E0%A4%AA%E0%A4%BF%E0%A4%A4%E0%A5%83%E0%A4%89%E0%A4%A7%E0%A5%8D%E0%A4%A6%E0%A4%BE%E0%A4%B0-%E0%A4%A4/?share=facebook HTTP/1.1" 404 13 "-" "Mozilla/5.0 (compatible; MJ12bot/v2.0.0; http://mj12bot.com/)"
195.191.219.130 - - [28/Apr/2025:06:32:56 -0400] "GET /nepalinews/%E0%A4%AC%E0%A5%87%E0%A4%97%E0%A4%A8%E0%A4%BE%E0%A4%B8%E0%A4%A4%E0%A4%BE%E0%A4%B2%E0%A4%AE%E0%A4%BE-%E0%A4%AA%E0%A4%BF%E0%A4%A4%E0%A5%83%E0%A4%89%E0%A4%A7%E0%A5%8D%E0%A4%A6%E0%A4%BE%E0%A4%B0-%E0%A4%A4/?share=twitter HTTP/1.1" 404 13 "-" "Mozilla/5.0 (compatible; MJ12bot/v2.0.0; http://mj12bot.com/)"
195.191.219.130 - - [28/Apr/2025:06:32:57 -0400] "GET /nepalinews/%E0%A4%B0%E0%A4%A4%E0%A5%8D%E0%A4%A8-%E0%A4%B6%E0%A5%8B%E0%A4%AD%E0%A4%BE%E0%A4%AE%E0%A4%BE-%E0%A4%85%E0%A4%AD%E0%A4%BF%E0%A4%AD%E0%A4%BE%E0%A4%B5%E0%A4%95-%E0%A4%B6%E0%A4%BF%E0%A4%95%E0%A5%8D/?random-post=1 HTTP/1.1" 404 13 "-" "Mozilla/5.0 (compatible; MJ12bot/v2.0.0; http://mj12bot.com/)"
195.191.219.130 - - [28/Apr/2025:06:32:58 -0400] "GET /nepalinews/%E0%A4%B8%E0%A4%82%E0%A4%AF%E0%A5%81%E0%A4%95%E0%A5%8D%E0%A4%A4-%E0%A4%B5%E0%A5%83%E0%A4%95%E0%A5%8D%E0%A4%B7%E0%A4%BE%E0%A4%B0%E0%A5%8B%E0%A4%AA%E0%A4%A3-%E0%A4%95%E0%A4%BE%E0%A4%B0%E0%A5%8D%E0%A4%AF/?share=facebook HTTP/1.1" 404 13 "-" "Mozilla/5.0 (compatible; MJ12bot/v2.0.0; http://mj12bot.com/)"
195.191.219.130 - - [28/Apr/2025:06:32:59 -0400] "GET /nepalinews/%E0%A4%B8%E0%A4%82%E0%A4%AF%E0%A5%81%E0%A4%95%E0%A5%8D%E0%A4%A4-%E0%A4%B5%E0%A5%83%E0%A4%95%E0%A5%8D%E0%A4%B7%E0%A4%BE%E0%A4%B0%E0%A5%8B%E0%A4%AA%E0%A4%A3-%E0%A4%95%E0%A4%BE%E0%A4%B0%E0%A5%8D%E0%A4%AF/?share=twitter HTTP/1.1" 404 13 "-" "Mozilla/5.0 (compatible; MJ12bot/v2.0.0; http://mj12bot.com/)"
195.191.219.130 - - [28/Apr/2025:06:33:00 -0400] "GET /nepalinews/%E0%A4%B8%E0%A4%B0%E0%A5%8D%E0%A4%AC%E0%A5%87%E0%A4%A8%E0%A5%8D%E0%A4%A6%E0%A5%8D%E0%A4%B0-%E0%A4%AC%E0%A4%A8%E0%A5%87-%E0%A4%A8%E0%A5%87%E0%A4%B5%E0%A4%BF-%E0%A4%B8%E0%A4%82%E0%A4%98-%E0%A4%95/?random-post=1 HTTP/1.1" 404 13 "-" "Mozilla/5.0 (compatible; MJ12bot/v2.0.0; http://mj12bot.com/)"
195.191.219.130 - - [28/Apr/2025:06:33:02 -0400] "GET /nepalinews/%E0%A5%A7%E0%A5%AC-%E0%A4%94%E0%A4%82-%E0%A4%B8%E0%A4%82%E0%A4%B8%E0%A5%8D%E0%A4%95%E0%A4%B0%E0%A4%A3%E0%A4%95%E0%A5%8B-%E0%A4%86%E0%A4%B9%E0%A4%BE-%E0%A4%B0%E0%A4%BE%E0%A4%B0%E0%A4%BE-%E0%A4%97/?random-post=1 HTTP/1.1" 404 13 "-" "Mozilla/5.0 (compatible; MJ12bot/v2.0.0; http://mj12bot.com/)"
195.191.219.130 - - [28/Apr/2025:06:33:03 -0400] "GET /nepalinews/%E0%A5%A7%E0%A5%AC-%E0%A4%94%E0%A4%82-%E0%A4%B8%E0%A4%82%E0%A4%B8%E0%A5%8D%E0%A4%95%E0%A4%B0%E0%A4%A3%E0%A4%95%E0%A5%8B-%E0%A4%86%E0%A4%B9%E0%A4%BE-%E0%A4%B0%E0%A4%BE%E0%A4%B0%E0%A4%BE-%E0%A4%97/?share=facebook HTTP/1.1" 404 13 "-" "Mozilla/5.0 (compatible; MJ12bot/v2.0.0; http://mj12bot.com/)"
195.191.219.130 - - [28/Apr/2025:06:33:04 -0400] "GET /nepalinews/%E0%A5%A7%E0%A5%AC-%E0%A4%94%E0%A4%82-%E0%A4%B8%E0%A4%82%E0%A4%B8%E0%A5%8D%E0%A4%95%E0%A4%B0%E0%A4%A3%E0%A4%95%E0%A5%8B-%E0%A4%86%E0%A4%B9%E0%A4%BE-%E0%A4%B0%E0%A4%BE%E0%A4%B0%E0%A4%BE-%E0%A4%97/?share=twitter HTTP/1.1" 404 13 "-" "Mozilla/5.0 (compatible; MJ12bot/v2.0.0; http://mj12bot.com/)"
195.191.219.130 - - [28/Apr/2025:06:33:06 -0400] "GET /nepalinews/%E0%A5%A7-%E0%A4%85%E0%A4%B0%E0%A5%8D%E0%A4%AC-%E0%A5%A8%E0%A5%AB-%E0%A4%95%E0%A4%B0%E0%A5%8B%E0%A4%A1-%E0%A4%B0%E0%A5%81%E0%A4%AA%E0%A5%88%E0%A4%AF%E0%A4%BE%E0%A4%81-%E0%A4%AC%E0%A4%B0%E0%A4%BE/?share=facebook HTTP/1.1" 404 13 "-" "Mozilla/5.0 (compatible; MJ12bot/v2.0.0; http://mj12bot.com/)"
52.167.144.232 - - [28/Apr/2025:06:33:06 -0400] "GET / HTTP/1.1" 200 0 "-" "Mozilla/5.0 AppleWebKit/537.36 (KHTML, like Gecko; compatible; bingbot/2.0; +http://www.bing.com/bingbot.htm) Chrome/116.0.1938.76 Safari/537.36"
195.191.219.130 - - [28/Apr/2025:06:33:06 -0400] "GET /news/%E0%A4%9F%E0%A5%8D%E0%A4%B0%E0%A4%BE%E0%A4%AB%E0%A4%BF%E0%A4%95%E0%A4%A6%E0%A5%8D%E0%A4%A7%E0%A4%BE%E0%A4%B0%E0%A4%BE-%E0%A4%9A%E0%A4%BE%E0%A4%B2%E0%A4%95%E0%A4%95%E0%A5%8B-%E0%A4%B8%E0%A5%8D%E0%A4%B5/?random-post=1 HTTP/1.1" 404 13 "-" "Mozilla/5.0 (compatible; MJ12bot/v2.0.0; http://mj12bot.com/)"
195.191.219.130 - - [28/Apr/2025:06:33:08 -0400] "GET /news/%E0%A4%9F%E0%A5%8D%E0%A4%B0%E0%A4%BE%E0%A4%AB%E0%A4%BF%E0%A4%95%E0%A4%A6%E0%A5%8D%E0%A4%A7%E0%A4%BE%E0%A4%B0%E0%A4%BE-%E0%A4%9A%E0%A4%BE%E0%A4%B2%E0%A4%95%E0%A4%95%E0%A5%8B-%E0%A4%B8%E0%A5%8D%E0%A4%B5/?share=facebook HTTP/1.1" 404 13 "-" "Mozilla/5.0 (compatible; MJ12bot/v2.0.0; http://mj12bot.com/)"
195.191.219.130 - - [28/Apr/2025:06:33:08 -0400] "GET /news/%E2%80%8Bmetropolitan-police-intensifies-cctv-installation-drive/?share=twitter HTTP/1.1" 404 13 "-" "Mozilla/5.0 (compatible; MJ12bot/v2.0.0; http://mj12bot.com/)"
195.191.219.130 - - [28/Apr/2025:06:33:09 -0400] "GET /news/english-news/c7lnews/%E0%A4%AF%E0%A5%81%E0%A4%B0%E0%A5%8B-%E0%A5%AC-%E0%A4%AE%E0%A4%BE%E0%A4%AA%E0%A4%A6%E0%A4%A3%E0%A5%8D%E0%A4%A1%E0%A4%95%E0%A5%8B-%E0%A4%87%E0%A4%A8%E0%A5%8D%E0%A4%A7%E0%A4%A8-%E0%A4%86%E0%A4%89/?share=facebook HTTP/1.1" 404 13 "-" "Mozilla/5.0 (compatible; MJ12bot/v2.0.0; http://mj12bot.com/)"
195.191.219.130 - - [28/Apr/2025:06:33:10 -0400] "GET /news/english-news/c7lnews/%E0%A4%AF%E0%A5%81%E0%A4%B0%E0%A5%8B-%E0%A5%AC-%E0%A4%AE%E0%A4%BE%E0%A4%AA%E0%A4%A6%E0%A4%A3%E0%A5%8D%E0%A4%A1%E0%A4%95%E0%A5%8B-%E0%A4%87%E0%A4%A8%E0%A5%8D%E0%A4%A7%E0%A4%A8-%E0%A4%86%E0%A4%89/?share=twitter HTTP/1.1" 404 13 "-" "Mozilla/5.0 (compatible; MJ12bot/v2.0.0; http://mj12bot.com/)"
195.191.219.130 - - [28/Apr/2025:06:33:11 -0400] "GET /news/nepal-news/%E0%A4%AE%E0%A5%8B%E0%A4%AC%E0%A4%BE%E0%A4%87%E0%A4%B2%E0%A4%AC%E0%A4%BE%E0%A4%9F-%E0%A4%B8%E0%A5%87%E0%A4%B2%E0%A5%8D%E0%A4%AB%E0%A5%80-%E0%A4%96%E0%A4%BF%E0%A4%9A%E0%A5%8D%E0%A4%A8-%E0%A4%B2/?random-post=1 HTTP/1.1" 404 13 "-" "Mozilla/5.0 (compatible; MJ12bot/v2.0.0; http://mj12bot.com/)"
195.191.219.130 - - [28/Apr/2025:06:33:12 -0400] "GET /news/nepal-news/%E0%A4%AE%E0%A5%8B%E0%A4%AC%E0%A4%BE%E0%A4%87%E0%A4%B2%E0%A4%AC%E0%A4%BE%E0%A4%9F-%E0%A4%B8%E0%A5%87%E0%A4%B2%E0%A5%8D%E0%A4%AB%E0%A5%80-%E0%A4%96%E0%A4%BF%E0%A4%9A%E0%A5%8D%E0%A4%A8-%E0%A4%B2/?share=facebook HTTP/1.1" 404 13 "-" "Mozilla/5.0 (compatible; MJ12bot/v2.0.0; http://mj12bot.com/)"
195.191.219.130 - - [28/Apr/2025:06:33:13 -0400] "GET /news/nepal-news/%E0%A4%AE%E0%A5%8B%E0%A4%AC%E0%A4%BE%E0%A4%87%E0%A4%B2%E0%A4%AC%E0%A4%BE%E0%A4%9F-%E0%A4%B8%E0%A5%87%E0%A4%B2%E0%A5%8D%E0%A4%AB%E0%A5%80-%E0%A4%96%E0%A4%BF%E0%A4%9A%E0%A5%8D%E0%A4%A8-%E0%A4%B2/?share=twitter HTTP/1.1" 404 13 "-" "Mozilla/5.0 (compatible; MJ12bot/v2.0.0; http://mj12bot.com/)"
195.191.219.130 - - [28/Apr/2025:06:33:15 -0400] "GET /tag/%E0%A4%85%E0%A4%9C%E0%A5%8D%E0%A4%9E%E0%A4%BE%E0%A4%A4-%E0%A4%B0%E0%A5%8B%E0%A4%97%E0%A4%AC%E0%A4%BE%E0%A4%9F-%E0%A5%A9%E0%A5%AB%E0%A5%A6%E0%A5%A6-%E0%A4%95%E0%A5%81%E0%A4%96%E0%A5%81%E0%A4%B0/?random-post=1 HTTP/1.1" 404 13 "-" "Mozilla/5.0 (compatible; MJ12bot/v2.0.0; http://mj12bot.com/)"
195.191.219.130 - - [28/Apr/2025:06:33:15 -0400] "GET /tag/%E0%A4%85%E0%A4%B8%E0%A5%8B%E0%A4%9C-%E0%A5%A9%E0%A5%A6-%E0%A4%97%E0%A4%A4%E0%A5%87%E0%A4%B8%E0%A4%AE%E0%A5%8D%E0%A4%AE-%E0%A4%86%E0%A4%B5%E0%A5%87%E0%A4%A6%E0%A4%A8-%E0%A4%A6%E0%A4%BF%E0%A4%A8/?random-post=1 HTTP/1.1" 404 13 "-" "Mozilla/5.0 (compatible; MJ12bot/v2.0.0; http://mj12bot.com/)"
195.191.219.130 - - [28/Apr/2025:06:33:16 -0400] "GET /tag/%E0%A4%A8%E0%A4%B5%E0%A5%8C-%E0%A4%AA%E0%A5%8B%E0%A4%96%E0%A4%B0%E0%A4%BE-%E0%A4%AE%E0%A4%B9%E0%A5%8B%E0%A4%A4%E0%A5%8D%E0%A4%B8%E0%A4%B5%E0%A4%95%E0%A5%8B-%E0%A4%A4%E0%A4%AF%E0%A4%BE%E0%A4%B0/?random-post=1 HTTP/1.1" 404 13 "-" "Mozilla/5.0 (compatible; MJ12bot/v2.0.0; http://mj12bot.com/)"
195.191.219.130 - - [28/Apr/2025:06:33:17 -0400] "GET /tag/%E0%A4%A8%E0%A4%B5%E0%A5%8C-%E0%A4%AA%E0%A5%8B%E0%A4%96%E0%A4%B0%E0%A4%BE-%E0%A4%AE%E0%A4%B9%E0%A5%8B%E0%A4%A4%E0%A5%8D%E0%A4%B8%E0%A4%B5%E0%A4%AC%E0%A4%BE%E0%A4%9F-%E0%A5%AA%E0%A5%AA-%E0%A4%B2/?random-post=1 HTTP/1.1" 404 13 "-" "Mozilla/5.0 (compatible; MJ12bot/v2.0.0; http://mj12bot.com/)"
195.191.219.130 - - [28/Apr/2025:06:33:18 -0400] "GET /tag/%E0%A4%A8%E0%A4%B5-%E0%A4%B5%E0%A4%B0%E0%A5%8D%E0%A4%B7-%E0%A4%A7%E0%A4%BE%E0%A4%B0%E0%A5%8D%E0%A4%AE%E0%A4%BF%E0%A4%95-%E0%A4%AE%E0%A4%B9%E0%A5%8B%E0%A4%A4%E0%A5%8D%E0%A4%B8%E0%A4%B5-%E0%A4%A4/?random-post=1 HTTP/1.1" 404 13 "-" "Mozilla/5.0 (compatible; MJ12bot/v2.0.0; http://mj12bot.com/)"
195.191.219.130 - - [28/Apr/2025:06:33:19 -0400] "GET /tag/%E0%A4%A8%E0%A5%87%E0%A4%AA%E0%A4%BE%E0%A4%B2%E0%A5%80-%E0%A4%95%E0%A4%BE%E0%A4%82%E0%A4%97%E0%A5%8D%E0%A4%B0%E0%A5%87%E0%A4%B8%E0%A4%AE%E0%A4%BE-%E0%A4%B5%E0%A5%8D%E0%A4%AF%E0%A4%95%E0%A5%8D%E0%A4%A4/?random-post=1 HTTP/1.1" 404 13 "-" "Mozilla/5.0 (compatible; MJ12bot/v2.0.0; http://mj12bot.com/)"
195.191.219.130 - - [28/Apr/2025:06:33:20 -0400] "GET /tag/%E0%A4%A8%E0%A5%87%E0%A4%AA%E0%A4%BE%E0%A4%B2%E0%A5%80-%E0%A4%AB%E0%A4%BF%E0%A4%B2%E0%A5%8D%E0%A4%AE/?random-post=1 HTTP/1.1" 404 13 "-" "Mozilla/5.0 (compatible; MJ12bot/v2.0.0; http://mj12bot.com/)"
195.191.219.130 - - [28/Apr/2025:06:33:22 -0400] "GET /tag/%E0%A4%A8%E0%A5%87%E0%A4%AA%E0%A4%BE%E0%A4%B2-%E0%A4%95%E0%A4%AA%E0%A4%A1%E0%A4%BE-%E0%A4%A4%E0%A4%A5%E0%A4%BE-%E0%A4%B8%E0%A4%BF%E0%A4%B2%E0%A4%BE%E0%A4%87-%E0%A4%B5%E0%A5%8D%E0%A4%AF%E0%A4%B5/?random-post=1 HTTP/1.1" 404 13 "-" "Mozilla/5.0 (compatible; MJ12bot/v2.0.0; http://mj12bot.com/)"
195.191.219.130 - - [28/Apr/2025:06:33:22 -0400] "GET /tag/%E0%A4%A8%E0%A5%87%E0%A4%AA%E0%A4%BE%E0%A4%B2-%E0%A4%95%E0%A4%AA%E0%A4%A1%E0%A4%BE-%E0%A4%A4%E0%A4%A5%E0%A4%BE-%E0%A4%B8%E0%A4%BF%E0%A4%B2%E0%A4%BE%E0%A4%88-%E0%A4%B5%E0%A5%8D%E0%A4%AF%E0%A4%B5/?random-post=1 HTTP/1.1" 404 13 "-" "Mozilla/5.0 (compatible; MJ12bot/v2.0.0; http://mj12bot.com/)"
172.183.179.197 - - [28/Apr/2025:06:33:33 -0400] "GET / HTTP/1.1" 200 0 "-" "Mozilla/5.0 AppleWebKit/537.36 (KHTML, like Gecko; compatible; bingbot/2.0; +http://www.bing.com/bingbot.htm) Chrome/116.0.1938.76 Safari/537.36"
20.15.133.174 - - [28/Apr/2025:06:34:00 -0400] "GET / HTTP/1.1" 200 0 "-" "Mozilla/5.0 AppleWebKit/537.36 (KHTML, like Gecko; compatible; bingbot/2.0; +http://www.bing.com/bingbot.htm) Chrome/116.0.1938.76 Safari/537.36"
20.15.133.174 - - [28/Apr/2025:06:34:02 -0400] "GET / HTTP/1.1" 200 0 "-" "Mozilla/5.0 AppleWebKit/537.36 (KHTML, like Gecko; compatible; bingbot/2.0; +http://www.bing.com/bingbot.htm) Chrome/116.0.1938.76 Safari/537.36"
52.167.144.232 - - [28/Apr/2025:06:34:06 -0400] "GET / HTTP/1.1" 200 0 "-" "Mozilla/5.0 AppleWebKit/537.36 (KHTML, like Gecko; compatible; bingbot/2.0; +http://www.bing.com/bingbot.htm) Chrome/116.0.1938.76 Safari/537.36"
172.183.179.197 - - [28/Apr/2025:06:34:35 -0400] "GET / HTTP/1.1" 200 0 "-" "Mozilla/5.0 AppleWebKit/537.36 (KHTML, like Gecko; compatible; bingbot/2.0; +http://www.bing.com/bingbot.htm) Chrome/116.0.1938.76 Safari/537.36"
185.143.228.98 - - [28/Apr/2025:06:35:00 -0400] "GET /.env HTTP/1.1" 404 13 "-" "Mozilla/5.0 (Linux; U; Android 4.4.2; en-US; HM NOTE 1W Build/KOT49H) AppleWebKit/534.30 (KHTML, like Gecko) Version/4.0 UCBrowser/11.0.5.850 U3/0.8.0 Mobile Safari/534.30"
52.167.144.232 - - [28/Apr/2025:06:35:07 -0400] "GET / HTTP/1.1" 200 0 "-" "Mozilla/5.0 AppleWebKit/537.36 (KHTML, like Gecko; compatible; bingbot/2.0; +http://www.bing.com/bingbot.htm) Chrome/116.0.1938.76 Safari/537.36"
185.143.228.98 - - [28/Apr/2025:06:35:08 -0400] "POST / HTTP/1.1" 200 0 "-" "Mozilla/5.0 (Linux; U; Android 4.4.2; en-US; HM NOTE 1W Build/KOT49H) AppleWebKit/534.30 (KHTML, like Gecko) Version/4.0 UCBrowser/11.0.5.850 U3/0.8.0 Mobile Safari/534.30"
20.15.133.174 - - [28/Apr/2025:06:35:20 -0400] "GET / HTTP/1.1" 200 0 "-" "Mozilla/5.0 AppleWebKit/537.36 (KHTML, like Gecko; compatible; bingbot/2.0; +http://www.bing.com/bingbot.htm) Chrome/116.0.1938.76 Safari/537.36"
47.82.25.29 - - [28/Apr/2025:06:35:54 -0400] "GET /tag/lekhnath-mahotsab/ HTTP/1.1" 404 13 "-" "Mozilla/5.0 (Windows NT 10.0; Win64; x64; rv:123.0) Gecko/20100101 Firefox/123.0"
52.167.144.232 - - [28/Apr/2025:06:36:06 -0400] "GET / HTTP/1.1" 200 0 "-" "Mozilla/5.0 AppleWebKit/537.36 (KHTML, like Gecko; compatible; bingbot/2.0; +http://www.bing.com/bingbot.htm) Chrome/116.0.1938.76 Safari/537.36"
20.15.133.174 - - [28/Apr/2025:06:36:30 -0400] "GET / HTTP/1.1" 200 0 "-" "Mozilla/5.0 AppleWebKit/537.36 (KHTML, like Gecko; compatible; bingbot/2.0; +http://www.bing.com/bingbot.htm) Chrome/116.0.1938.76 Safari/537.36"
172.183.180.97 - - [28/Apr/2025:06:36:34 -0400] "GET / HTTP/1.1" 200 0 "-" "Mozilla/5.0 AppleWebKit/537.36 (KHTML, like Gecko; compatible; bingbot/2.0; +http://www.bing.com/bingbot.htm) Chrome/116.0.1938.76 Safari/537.36"
172.183.180.97 - - [28/Apr/2025:06:36:37 -0400] "GET / HTTP/1.1" 200 0 "-" "Mozilla/5.0 AppleWebKit/537.36 (KHTML, like Gecko; compatible; bingbot/2.0; +http://www.bing.com/bingbot.htm) Chrome/116.0.1938.76 Safari/537.36"
40.77.167.132 - - [28/Apr/2025:06:37:06 -0400] "GET / HTTP/1.1" 200 0 "-" "Mozilla/5.0 AppleWebKit/537.36 (KHTML, like Gecko; compatible; bingbot/2.0; +http://www.bing.com/bingbot.htm) Chrome/116.0.1938.76 Safari/537.36"
20.15.133.174 - - [28/Apr/2025:06:37:31 -0400] "GET / HTTP/1.1" 200 0 "-" "Mozilla/5.0 AppleWebKit/537.36 (KHTML, like Gecko; compatible; bingbot/2.0; +http://www.bing.com/bingbot.htm) Chrome/116.0.1938.76 Safari/537.36"
40.77.167.132 - - [28/Apr/2025:06:38:06 -0400] "GET / HTTP/1.1" 200 0 "-" "Mozilla/5.0 AppleWebKit/537.36 (KHTML, like Gecko; compatible; bingbot/2.0; +http://www.bing.com/bingbot.htm) Chrome/116.0.1938.76 Safari/537.36"
20.15.133.174 - - [28/Apr/2025:06:38:20 -0400] "GET / HTTP/1.1" 200 0 "-" "Mozilla/5.0 AppleWebKit/537.36 (KHTML, like Gecko; compatible; bingbot/2.0; +http://www.bing.com/bingbot.htm) Chrome/116.0.1938.76 Safari/537.36"
172.183.180.97 - - [28/Apr/2025:06:38:24 -0400] "GET / HTTP/1.1" 200 0 "-" "Mozilla/5.0 AppleWebKit/537.36 (KHTML, like Gecko; compatible; bingbot/2.0; +http://www.bing.com/bingbot.htm) Chrome/116.0.1938.76 Safari/537.36"
172.183.180.97 - - [28/Apr/2025:06:38:26 -0400] "GET / HTTP/1.1" 200 0 "-" "Mozilla/5.0 AppleWebKit/537.36 (KHTML, like Gecko; compatible; bingbot/2.0; +http://www.bing.com/bingbot.htm) Chrome/116.0.1938.76 Safari/537.36"
40.77.167.132 - - [28/Apr/2025:06:39:05 -0400] "GET / HTTP/1.1" 200 0 "-" "Mozilla/5.0 AppleWebKit/537.36 (KHTML, like Gecko; compatible; bingbot/2.0; +http://www.bing.com/bingbot.htm) Chrome/116.0.1938.76 Safari/537.36"
20.15.133.174 - - [28/Apr/2025:06:39:21 -0400] "GET / HTTP/1.1" 200 0 "-" "Mozilla/5.0 AppleWebKit/537.36 (KHTML, like Gecko; compatible; bingbot/2.0; +http://www.bing.com/bingbot.htm) Chrome/116.0.1938.76 Safari/537.36"
172.183.180.97 - - [28/Apr/2025:06:39:24 -0400] "GET / HTTP/1.1" 200 0 "-" "Mozilla/5.0 AppleWebKit/537.36 (KHTML, like Gecko; compatible; bingbot/2.0; +http://www.bing.com/bingbot.htm) Chrome/116.0.1938.76 Safari/537.36"
40.77.167.132 - - [28/Apr/2025:06:40:06 -0400] "GET / HTTP/1.1" 200 0 "-" "Mozilla/5.0 AppleWebKit/537.36 (KHTML, like Gecko; compatible; bingbot/2.0; +http://www.bing.com/bingbot.htm) Chrome/116.0.1938.76 Safari/537.36"
20.15.133.174 - - [28/Apr/2025:06:40:20 -0400] "GET / HTTP/1.1" 200 0 "-" "Mozilla/5.0 AppleWebKit/537.36 (KHTML, like Gecko; compatible; bingbot/2.0; +http://www.bing.com/bingbot.htm) Chrome/116.0.1938.76 Safari/537.36"
172.183.180.97 - - [28/Apr/2025:06:40:25 -0400] "GET / HTTP/1.1" 200 0 "-" "Mozilla/5.0 AppleWebKit/537.36 (KHTML, like Gecko; compatible; bingbot/2.0; +http://www.bing.com/bingbot.htm) Chrome/116.0.1938.76 Safari/537.36"
40.77.167.132 - - [28/Apr/2025:06:40:56 -0400] "GET / HTTP/1.1" 200 0 "-" "Mozilla/5.0 AppleWebKit/537.36 (KHTML, like Gecko; compatible; bingbot/2.0; +http://www.bing.com/bingbot.htm) Chrome/116.0.1938.76 Safari/537.36"
172.183.180.97 - - [28/Apr/2025:06:41:24 -0400] "GET / HTTP/1.1" 200 0 "-" "Mozilla/5.0 AppleWebKit/537.36 (KHTML, like Gecko; compatible; bingbot/2.0; +http://www.bing.com/bingbot.htm) Chrome/116.0.1938.76 Safari/537.36"
20.15.133.174 - - [28/Apr/2025:06:41:30 -0400] "GET / HTTP/1.1" 200 0 "-" "Mozilla/5.0 AppleWebKit/537.36 (KHTML, like Gecko; compatible; bingbot/2.0; +http://www.bing.com/bingbot.htm) Chrome/116.0.1938.76 Safari/537.36"
40.77.167.132 - - [28/Apr/2025:06:42:06 -0400] "GET / HTTP/1.1" 200 0 "-" "Mozilla/5.0 AppleWebKit/537.36 (KHTML, like Gecko; compatible; bingbot/2.0; +http://www.bing.com/bingbot.htm) Chrome/116.0.1938.76 Safari/537.36"
172.183.180.97 - - [28/Apr/2025:06:42:24 -0400] "GET / HTTP/1.1" 200 0 "-" "Mozilla/5.0 AppleWebKit/537.36 (KHTML, like Gecko; compatible; bingbot/2.0; +http://www.bing.com/bingbot.htm) Chrome/116.0.1938.76 Safari/537.36"
20.15.133.174 - - [28/Apr/2025:06:42:52 -0400] "GET / HTTP/1.1" 200 0 "-" "Mozilla/5.0 AppleWebKit/537.36 (KHTML, like Gecko; compatible; bingbot/2.0; +http://www.bing.com/bingbot.htm) Chrome/116.0.1938.76 Safari/537.36"
20.15.133.174 - - [28/Apr/2025:06:42:54 -0400] "GET / HTTP/1.1" 200 0 "-" "Mozilla/5.0 AppleWebKit/537.36 (KHTML, like Gecko; compatible; bingbot/2.0; +http://www.bing.com/bingbot.htm) Chrome/116.0.1938.76 Safari/537.36"
40.77.167.132 - - [28/Apr/2025:06:42:56 -0400] "GET / HTTP/1.1" 200 0 "-" "Mozilla/5.0 AppleWebKit/537.36 (KHTML, like Gecko; compatible; bingbot/2.0; +http://www.bing.com/bingbot.htm) Chrome/116.0.1938.76 Safari/537.36"
172.183.180.97 - - [28/Apr/2025:06:43:24 -0400] "GET / HTTP/1.1" 200 0 "-" "Mozilla/5.0 AppleWebKit/537.36 (KHTML, like Gecko; compatible; bingbot/2.0; +http://www.bing.com/bingbot.htm) Chrome/116.0.1938.76 Safari/537.36"
40.77.167.132 - - [28/Apr/2025:06:43:56 -0400] "GET / HTTP/1.1" 200 0 "-" "Mozilla/5.0 AppleWebKit/537.36 (KHTML, like Gecko; compatible; bingbot/2.0; +http://www.bing.com/bingbot.htm) Chrome/116.0.1938.76 Safari/537.36"
172.183.180.97 - - [28/Apr/2025:06:44:24 -0400] "GET / HTTP/1.1" 200 0 "-" "Mozilla/5.0 AppleWebKit/537.36 (KHTML, like Gecko; compatible; bingbot/2.0; +http://www.bing.com/bingbot.htm) Chrome/116.0.1938.76 Safari/537.36"
40.77.167.132 - - [28/Apr/2025:06:44:56 -0400] "GET / HTTP/1.1" 200 0 "-" "Mozilla/5.0 AppleWebKit/537.36 (KHTML, like Gecko; compatible; bingbot/2.0; +http://www.bing.com/bingbot.htm) Chrome/116.0.1938.76 Safari/537.36"
66.249.79.4 - - [28/Apr/2025:06:45:53 -0400] "GET /product/765224/c=281 HTTP/1.1" 404 13 "-" "Mozilla/5.0 (Linux; Android 6.0.1; Nexus 5X Build/MMB29P) AppleWebKit/537.36 (KHTML, like Gecko) Chrome/135.0.7049.95 Mobile Safari/537.36 (compatible; Googlebot/2.1; +http://www.google.com/bot.html)"
40.77.167.132 - - [28/Apr/2025:06:45:56 -0400] "GET / HTTP/1.1" 200 0 "-" "Mozilla/5.0 AppleWebKit/537.36 (KHTML, like Gecko; compatible; bingbot/2.0; +http://www.bing.com/bingbot.htm) Chrome/116.0.1938.76 Safari/537.36"
172.183.180.97 - - [28/Apr/2025:06:46:15 -0400] "GET / HTTP/1.1" 200 0 "-" "Mozilla/5.0 AppleWebKit/537.36 (KHTML, like Gecko; compatible; bingbot/2.0; +http://www.bing.com/bingbot.htm) Chrome/116.0.1938.76 Safari/537.36"
172.183.180.97 - - [28/Apr/2025:06:46:18 -0400] "GET / HTTP/1.1" 200 0 "-" "Mozilla/5.0 AppleWebKit/537.36 (KHTML, like Gecko; compatible; bingbot/2.0; +http://www.bing.com/bingbot.htm) Chrome/116.0.1938.76 Safari/537.36"
20.15.133.174 - - [28/Apr/2025:06:46:42 -0400] "GET / HTTP/1.1" 200 0 "-" "Mozilla/5.0 AppleWebKit/537.36 (KHTML, like Gecko; compatible; bingbot/2.0; +http://www.bing.com/bingbot.htm) Chrome/116.0.1938.76 Safari/537.36"
20.15.133.174 - - [28/Apr/2025:06:46:44 -0400] "GET / HTTP/1.1" 200 0 "-" "Mozilla/5.0 AppleWebKit/537.36 (KHTML, like Gecko; compatible; bingbot/2.0; +http://www.bing.com/bingbot.htm) Chrome/116.0.1938.76 Safari/537.36"
20.15.133.174 - - [28/Apr/2025:06:46:45 -0400] "GET / HTTP/1.1" 200 0 "-" "Mozilla/5.0 AppleWebKit/537.36 (KHTML, like Gecko; compatible; bingbot/2.0; +http://www.bing.com/bingbot.htm) Chrome/116.0.1938.76 Safari/537.36"
20.15.133.174 - - [28/Apr/2025:06:46:52 -0400] "GET / HTTP/1.1" 200 0 "-" "Mozilla/5.0 AppleWebKit/537.36 (KHTML, like Gecko; compatible; bingbot/2.0; +http://www.bing.com/bingbot.htm) Chrome/116.0.1938.76 Safari/537.36"
40.77.167.132 - - [28/Apr/2025:06:46:57 -0400] "GET / HTTP/1.1" 200 0 "-" "Mozilla/5.0 AppleWebKit/537.36 (KHTML, like Gecko; compatible; bingbot/2.0; +http://www.bing.com/bingbot.htm) Chrome/116.0.1938.76 Safari/537.36"
40.77.167.47 - - [28/Apr/2025:06:47:56 -0400] "GET / HTTP/1.1" 200 0 "-" "Mozilla/5.0 AppleWebKit/537.36 (KHTML, like Gecko; compatible; bingbot/2.0; +http://www.bing.com/bingbot.htm) Chrome/116.0.1938.76 Safari/537.36"
172.183.179.197 - - [28/Apr/2025:06:48:15 -0400] "GET / HTTP/1.1" 200 0 "-" "Mozilla/5.0 AppleWebKit/537.36 (KHTML, like Gecko; compatible; bingbot/2.0; +http://www.bing.com/bingbot.htm) Chrome/116.0.1938.76 Safari/537.36"
172.183.179.197 - - [28/Apr/2025:06:48:17 -0400] "GET / HTTP/1.1" 200 0 "-" "Mozilla/5.0 AppleWebKit/537.36 (KHTML, like Gecko; compatible; bingbot/2.0; +http://www.bing.com/bingbot.htm) Chrome/116.0.1938.76 Safari/537.36"
114.119.159.236 - - [28/Apr/2025:06:48:24 -0400] "GET /news/english-news/c7lnews/india-ready-to-help-with-nepals-journey-to-prosperity-ambassador-puri?random-post=1 HTTP/1.1" 404 13 "http://www.cityof7lakes.com/news/english-news/c7lnews/india-ready-to-help-with-nepals-journey-to-prosperity-ambassador-puri?random-post=1" "Mozilla/5.0 (Linux; Android 7.0;) AppleWebKit/537.36 (KHTML, like Gecko) Mobile Safari/537.36 (compatible; PetalBot;+https://webmaster.petalsearch.com/site/petalbot)"
40.77.167.47 - - [28/Apr/2025:06:48:56 -0400] "GET / HTTP/1.1" 200 0 "-" "Mozilla/5.0 AppleWebKit/537.36 (KHTML, like Gecko; compatible; bingbot/2.0; +http://www.bing.com/bingbot.htm) Chrome/116.0.1938.76 Safari/537.36"
172.183.179.197 - - [28/Apr/2025:06:49:15 -0400] "GET / HTTP/1.1" 200 0 "-" "Mozilla/5.0 AppleWebKit/537.36 (KHTML, like Gecko; compatible; bingbot/2.0; +http://www.bing.com/bingbot.htm) Chrome/116.0.1938.76 Safari/537.36"
52.167.144.197 - - [28/Apr/2025:06:49:46 -0400] "GET /news HTTP/1.1" 404 13 "-" "Mozilla/5.0 AppleWebKit/537.36 (KHTML, like Gecko; compatible; bingbot/2.0; +http://www.bing.com/bingbot.htm) Chrome/116.0.1938.76 Safari/537.36"
40.77.167.47 - - [28/Apr/2025:06:49:56 -0400] "GET / HTTP/1.1" 200 0 "-" "Mozilla/5.0 AppleWebKit/537.36 (KHTML, like Gecko; compatible; bingbot/2.0; +http://www.bing.com/bingbot.htm) Chrome/116.0.1938.76 Safari/537.36"
40.77.167.47 - - [28/Apr/2025:06:50:46 -0400] "GET / HTTP/1.1" 200 0 "-" "Mozilla/5.0 AppleWebKit/537.36 (KHTML, like Gecko; compatible; bingbot/2.0; +http://www.bing.com/bingbot.htm) Chrome/116.0.1938.76 Safari/537.36"
173.252.87.3 - - [28/Apr/2025:06:50:50 -0400] "GET / HTTP/1.1" 200 0 "-" "facebookexternalhit/1.1 (+http://www.facebook.com/externalhit_uatext.php)"
173.252.87.7 - - [28/Apr/2025:06:50:51 -0400] "GET / HTTP/1.1" 200 0 "-" "facebookexternalhit/1.1 (+http://www.facebook.com/externalhit_uatext.php)"
172.183.179.197 - - [28/Apr/2025:06:51:15 -0400] "GET / HTTP/1.1" 200 0 "-" "Mozilla/5.0 AppleWebKit/537.36 (KHTML, like Gecko; compatible; bingbot/2.0; +http://www.bing.com/bingbot.htm) Chrome/116.0.1938.76 Safari/537.36"
172.183.179.197 - - [28/Apr/2025:06:51:17 -0400] "GET / HTTP/1.1" 200 0 "-" "Mozilla/5.0 AppleWebKit/537.36 (KHTML, like Gecko; compatible; bingbot/2.0; +http://www.bing.com/bingbot.htm) Chrome/116.0.1938.76 Safari/537.36"
66.249.79.3 - - [28/Apr/2025:06:51:19 -0400] "GET /cauciucuri-maxxis-trepador-k.html HTTP/1.1" 404 13 "-" "Mozilla/5.0 (Linux; Android 6.0.1; Nexus 5X Build/MMB29P) AppleWebKit/537.36 (KHTML, like Gecko) Chrome/135.0.7049.95 Mobile Safari/537.36 (compatible; Googlebot/2.1; +http://www.google.com/bot.html)"
34.86.232.18 - - [28/Apr/2025:06:51:39 -0400] "GET /news-sitemap.xml HTTP/1.1" 404 13 "-" "Mozilla/5.0 (Macintosh; Intel Mac OS X 10_10_1) AppleWebKit/537.36 (KHTML, like Gecko) Chrome/39.0.2171.95 Safari/537.36"
54.90.185.99 - - [28/Apr/2025:06:51:44 -0400] "GET /?ezoic_domain_verify=1&TqD9nPdiRG HTTP/1.1" 200 0 "-" "Mozilla/5.0 (Windows NT 10.0; Win64; x64) AppleWebKit/537.36 (KHTML, like Gecko) Chrome/90.0.4430.85 Safari/537.36 X-Middleton/1 (compatible; EzoicBot-IntegrationCheck; +https://www.ezoic.com/bot/)"
40.77.167.47 - - [28/Apr/2025:06:51:47 -0400] "GET / HTTP/1.1" 200 0 "-" "Mozilla/5.0 AppleWebKit/537.36 (KHTML, like Gecko; compatible; bingbot/2.0; +http://www.bing.com/bingbot.htm) Chrome/116.0.1938.76 Safari/537.36"
172.183.179.197 - - [28/Apr/2025:06:52:15 -0400] "GET / HTTP/1.1" 200 0 "-" "Mozilla/5.0 AppleWebKit/537.36 (KHTML, like Gecko; compatible; bingbot/2.0; +http://www.bing.com/bingbot.htm) Chrome/116.0.1938.76 Safari/537.36"
40.77.167.47 - - [28/Apr/2025:06:52:47 -0400] "GET / HTTP/1.1" 200 0 "-" "Mozilla/5.0 AppleWebKit/537.36 (KHTML, like Gecko; compatible; bingbot/2.0; +http://www.bing.com/bingbot.htm) Chrome/116.0.1938.76 Safari/537.36"
20.15.133.174 - - [28/Apr/2025:06:53:13 -0400] "GET / HTTP/1.1" 200 0 "-" "Mozilla/5.0 AppleWebKit/537.36 (KHTML, like Gecko; compatible; bingbot/2.0; +http://www.bing.com/bingbot.htm) Chrome/116.0.1938.76 Safari/537.36"
20.15.133.174 - - [28/Apr/2025:06:53:15 -0400] "GET / HTTP/1.1" 200 0 "-" "Mozilla/5.0 AppleWebKit/537.36 (KHTML, like Gecko; compatible; bingbot/2.0; +http://www.bing.com/bingbot.htm) Chrome/116.0.1938.76 Safari/537.36"
172.183.179.197 - - [28/Apr/2025:06:53:15 -0400] "GET / HTTP/1.1" 200 0 "-" "Mozilla/5.0 AppleWebKit/537.36 (KHTML, like Gecko; compatible; bingbot/2.0; +http://www.bing.com/bingbot.htm) Chrome/116.0.1938.76 Safari/537.36"
20.15.133.174 - - [28/Apr/2025:06:53:17 -0400] "GET / HTTP/1.1" 200 0 "-" "Mozilla/5.0 AppleWebKit/537.36 (KHTML, like Gecko; compatible; bingbot/2.0; +http://www.bing.com/bingbot.htm) Chrome/116.0.1938.76 Safari/537.36"
20.15.133.174 - - [28/Apr/2025:06:53:19 -0400] "GET / HTTP/1.1" 200 0 "-" "Mozilla/5.0 AppleWebKit/537.36 (KHTML, like Gecko; compatible; bingbot/2.0; +http://www.bing.com/bingbot.htm) Chrome/116.0.1938.76 Safari/537.36"
20.15.133.174 - - [28/Apr/2025:06:53:21 -0400] "GET / HTTP/1.1" 200 0 "-" "Mozilla/5.0 AppleWebKit/537.36 (KHTML, like Gecko; compatible; bingbot/2.0; +http://www.bing.com/bingbot.htm) Chrome/116.0.1938.76 Safari/537.36"
20.15.133.174 - - [28/Apr/2025:06:53:23 -0400] "GET / HTTP/1.1" 200 0 "-" "Mozilla/5.0 AppleWebKit/537.36 (KHTML, like Gecko; compatible; bingbot/2.0; +http://www.bing.com/bingbot.htm) Chrome/116.0.1938.76 Safari/537.36"
20.15.133.174 - - [28/Apr/2025:06:53:44 -0400] "GET / HTTP/1.1" 200 0 "-" "Mozilla/5.0 AppleWebKit/537.36 (KHTML, like Gecko; compatible; bingbot/2.0; +http://www.bing.com/bingbot.htm) Chrome/116.0.1938.76 Safari/537.36"
40.77.167.47 - - [28/Apr/2025:06:53:47 -0400] "GET / HTTP/1.1" 200 0 "-" "Mozilla/5.0 AppleWebKit/537.36 (KHTML, like Gecko; compatible; bingbot/2.0; +http://www.bing.com/bingbot.htm) Chrome/116.0.1938.76 Safari/537.36"
172.183.179.197 - - [28/Apr/2025:06:54:15 -0400] "GET / HTTP/1.1" 200 0 "-" "Mozilla/5.0 AppleWebKit/537.36 (KHTML, like Gecko; compatible; bingbot/2.0; +http://www.bing.com/bingbot.htm) Chrome/116.0.1938.76 Safari/537.36"
20.15.133.174 - - [28/Apr/2025:06:54:45 -0400] "GET / HTTP/1.1" 200 0 "-" "Mozilla/5.0 AppleWebKit/537.36 (KHTML, like Gecko; compatible; bingbot/2.0; +http://www.bing.com/bingbot.htm) Chrome/116.0.1938.76 Safari/537.36"
40.77.167.47 - - [28/Apr/2025:06:54:47 -0400] "GET / HTTP/1.1" 200 0 "-" "Mozilla/5.0 AppleWebKit/537.36 (KHTML, like Gecko; compatible; bingbot/2.0; +http://www.bing.com/bingbot.htm) Chrome/116.0.1938.76 Safari/537.36"
40.77.167.47 - - [28/Apr/2025:06:55:49 -0400] "GET / HTTP/1.1" 200 0 "-" "Mozilla/5.0 AppleWebKit/537.36 (KHTML, like Gecko; compatible; bingbot/2.0; +http://www.bing.com/bingbot.htm) Chrome/116.0.1938.76 Safari/537.36"
172.183.179.197 - - [28/Apr/2025:06:56:06 -0400] "GET / HTTP/1.1" 200 0 "-" "Mozilla/5.0 AppleWebKit/537.36 (KHTML, like Gecko; compatible; bingbot/2.0; +http://www.bing.com/bingbot.htm) Chrome/116.0.1938.76 Safari/537.36"
172.183.179.197 - - [28/Apr/2025:06:56:07 -0400] "GET / HTTP/1.1" 200 0 "-" "Mozilla/5.0 AppleWebKit/537.36 (KHTML, like Gecko; compatible; bingbot/2.0; +http://www.bing.com/bingbot.htm) Chrome/116.0.1938.76 Safari/537.36"
40.77.167.47 - - [28/Apr/2025:06:56:47 -0400] "GET / HTTP/1.1" 200 0 "-" "Mozilla/5.0 AppleWebKit/537.36 (KHTML, like Gecko; compatible; bingbot/2.0; +http://www.bing.com/bingbot.htm) Chrome/116.0.1938.76 Safari/537.36"
172.183.179.197 - - [28/Apr/2025:06:57:06 -0400] "GET / HTTP/1.1" 200 0 "-" "Mozilla/5.0 AppleWebKit/537.36 (KHTML, like Gecko; compatible; bingbot/2.0; +http://www.bing.com/bingbot.htm) Chrome/116.0.1938.76 Safari/537.36"
40.77.167.47 - - [28/Apr/2025:06:57:48 -0400] "GET / HTTP/1.1" 200 0 "-" "Mozilla/5.0 AppleWebKit/537.36 (KHTML, like Gecko; compatible; bingbot/2.0; +http://www.bing.com/bingbot.htm) Chrome/116.0.1938.76 Safari/537.36"
172.183.179.197 - - [28/Apr/2025:06:58:07 -0400] "GET / HTTP/1.1" 200 0 "-" "Mozilla/5.0 AppleWebKit/537.36 (KHTML, like Gecko; compatible; bingbot/2.0; +http://www.bing.com/bingbot.htm) Chrome/116.0.1938.76 Safari/537.36"
40.77.167.4 - - [28/Apr/2025:06:58:48 -0400] "GET / HTTP/1.1" 200 0 "-" "Mozilla/5.0 AppleWebKit/537.36 (KHTML, like Gecko; compatible; bingbot/2.0; +http://www.bing.com/bingbot.htm) Chrome/116.0.1938.76 Safari/537.36"
47.242.77.69 - - [28/Apr/2025:06:58:49 -0400] "GET /tag/kaski-police-nab-indian-man-with-us-pistol HTTP/1.1" 404 13 "-" "Mozilla/5.0 (Macintosh; Intel Mac OS X 10_15_7) AppleWebKit/537.36 (KHTML, like Gecko) Chrome/109.0.0.0 Safari/537.36"
20.15.133.175 - - [28/Apr/2025:06:58:52 -0400] "GET / HTTP/1.1" 200 0 "-" "Mozilla/5.0 AppleWebKit/537.36 (KHTML, like Gecko; compatible; bingbot/2.0; +http://www.bing.com/bingbot.htm) Chrome/116.0.1938.76 Safari/537.36"
172.183.179.197 - - [28/Apr/2025:06:59:06 -0400] "GET / HTTP/1.1" 200 0 "-" "Mozilla/5.0 AppleWebKit/537.36 (KHTML, like Gecko; compatible; bingbot/2.0; +http://www.bing.com/bingbot.htm) Chrome/116.0.1938.76 Safari/537.36"
40.77.167.4 - - [28/Apr/2025:06:59:37 -0400] "GET / HTTP/1.1" 200 0 "-" "Mozilla/5.0 AppleWebKit/537.36 (KHTML, like Gecko; compatible; bingbot/2.0; +http://www.bing.com/bingbot.htm) Chrome/116.0.1938.76 Safari/537.36"
47.242.77.69 - - [28/Apr/2025:07:00:02 -0400] "GET /tag/kantipur-tv-live HTTP/1.1" 404 13 "-" "Mozilla/5.0 (Macintosh; Intel Mac OS X 10_15_7) AppleWebKit/537.36 (KHTML, like Gecko) Chrome/109.0.0.0 Safari/537.36"
172.183.179.197 - - [28/Apr/2025:07:00:07 -0400] "GET / HTTP/1.1" 200 0 "-" "Mozilla/5.0 AppleWebKit/537.36 (KHTML, like Gecko; compatible; bingbot/2.0; +http://www.bing.com/bingbot.htm) Chrome/116.0.1938.76 Safari/537.36"
40.77.167.4 - - [28/Apr/2025:07:00:37 -0400] "GET / HTTP/1.1" 200 0 "-" "Mozilla/5.0 AppleWebKit/537.36 (KHTML, like Gecko; compatible; bingbot/2.0; +http://www.bing.com/bingbot.htm) Chrome/116.0.1938.76 Safari/537.36"
20.15.133.175 - - [28/Apr/2025:07:00:53 -0400] "GET / HTTP/1.1" 200 0 "-" "Mozilla/5.0 AppleWebKit/537.36 (KHTML, like Gecko; compatible; bingbot/2.0; +http://www.bing.com/bingbot.htm) Chrome/116.0.1938.76 Safari/537.36"
20.15.133.175 - - [28/Apr/2025:07:00:57 -0400] "GET / HTTP/1.1" 200 0 "-" "Mozilla/5.0 AppleWebKit/537.36 (KHTML, like Gecko; compatible; bingbot/2.0; +http://www.bing.com/bingbot.htm) Chrome/116.0.1938.76 Safari/537.36"
172.183.179.197 - - [28/Apr/2025:07:01:07 -0400] "GET / HTTP/1.1" 200 0 "-" "Mozilla/5.0 AppleWebKit/537.36 (KHTML, like Gecko; compatible; bingbot/2.0; +http://www.bing.com/bingbot.htm) Chrome/116.0.1938.76 Safari/537.36"
20.15.133.175 - - [28/Apr/2025:07:01:32 -0400] "GET / HTTP/1.1" 200 0 "-" "Mozilla/5.0 AppleWebKit/537.36 (KHTML, like Gecko; compatible; bingbot/2.0; +http://www.bing.com/bingbot.htm) Chrome/116.0.1938.76 Safari/537.36"
40.77.167.4 - - [28/Apr/2025:07:01:37 -0400] "GET / HTTP/1.1" 200 0 "-" "Mozilla/5.0 AppleWebKit/537.36 (KHTML, like Gecko; compatible; bingbot/2.0; +http://www.bing.com/bingbot.htm) Chrome/116.0.1938.76 Safari/537.36"
195.191.219.132 - - [28/Apr/2025:07:01:41 -0400] "GET /robots.txt HTTP/1.1" 404 13 "-" "Mozilla/5.0 (compatible; MJ12bot/v2.0.0; http://mj12bot.com/)"
195.191.219.132 - - [28/Apr/2025:07:01:44 -0400] "GET / HTTP/1.1" 200 0 "-" "Mozilla/5.0 (compatible; MJ12bot/v2.0.0; http://mj12bot.com/)"
172.183.179.197 - - [28/Apr/2025:07:02:06 -0400] "GET / HTTP/1.1" 200 0 "-" "Mozilla/5.0 AppleWebKit/537.36 (KHTML, like Gecko; compatible; bingbot/2.0; +http://www.bing.com/bingbot.htm) Chrome/116.0.1938.76 Safari/537.36"
43.133.220.37 - - [28/Apr/2025:07:02:33 -0400] "GET / HTTP/1.1" 200 0 "-" "Mozilla/5.0 (iPhone; CPU iPhone OS 13_2_3 like Mac OS X) AppleWebKit/605.1.15 (KHTML, like Gecko) Version/13.0.3 Mobile/15E148 Safari/604.1"
40.77.167.4 - - [28/Apr/2025:07:02:38 -0400] "GET / HTTP/1.1" 200 0 "-" "Mozilla/5.0 AppleWebKit/537.36 (KHTML, like Gecko; compatible; bingbot/2.0; +http://www.bing.com/bingbot.htm) Chrome/116.0.1938.76 Safari/537.36"
172.183.179.197 - - [28/Apr/2025:07:03:06 -0400] "GET / HTTP/1.1" 200 0 "-" "Mozilla/5.0 AppleWebKit/537.36 (KHTML, like Gecko; compatible; bingbot/2.0; +http://www.bing.com/bingbot.htm) Chrome/116.0.1938.76 Safari/537.36"
40.77.167.4 - - [28/Apr/2025:07:03:38 -0400] "GET / HTTP/1.1" 200 0 "-" "Mozilla/5.0 AppleWebKit/537.36 (KHTML, like Gecko; compatible; bingbot/2.0; +http://www.bing.com/bingbot.htm) Chrome/116.0.1938.76 Safari/537.36"
