66.249.79.37 - - [04/May/2025:01:24:17 -0400] "GET /wp-includes/js/wp-emoji-release.min.js?ver=6.1.5 HTTP/1.1" 200 4676 "http://shishuwasaccos.com.np/camiseta-de-palmeiras-2018-k.html" "Mozilla/5.0 (Linux; Android 6.0.1; Nexus 5X Build/MMB29P) AppleWebKit/537.36 (KHTML, like Gecko) Chrome/134.0.6998.165 Mobile Safari/537.36 (compatible; Googlebot/2.1; +http://www.google.com/bot.html)"
66.249.79.37 - - [04/May/2025:01:24:17 -0400] "GET /wp-includes/js/jquery/jquery-migrate.min.js?ver=3.3.2 HTTP/1.1" 200 4678 "http://shishuwasaccos.com.np/camiseta-de-palmeiras-2018-k.html" "Mozilla/5.0 (Linux; Android 6.0.1; Nexus 5X Build/MMB29P) AppleWebKit/537.36 (KHTML, like Gecko) Chrome/134.0.6998.165 Mobile Safari/537.36 (compatible; Googlebot/2.1; +http://www.google.com/bot.html)"
66.249.79.35 - - [04/May/2025:01:24:17 -0400] "GET /wp-content/plugins/contact-form-7/includes/css/styles.css?ver=5.7.5.1 HTTP/1.1" 200 878 "http://shishuwasaccos.com.np/camiseta-de-palmeiras-2018-k.html" "Mozilla/5.0 (Linux; Android 6.0.1; Nexus 5X Build/MMB29P) AppleWebKit/537.36 (KHTML, like Gecko) Chrome/134.0.6998.165 Mobile Safari/537.36 (compatible; Googlebot/2.1; +http://www.google.com/bot.html)"
66.249.79.37 - - [04/May/2025:01:24:17 -0400] "GET /wp-content/plugins/goodlayers-core/plugins/elegant/elegant-font.css?ver=6.1.5 HTTP/1.1" 200 3848 "http://shishuwasaccos.com.np/camiseta-de-palmeiras-2018-k.html" "Mozilla/5.0 (Linux; Android 6.0.1; Nexus 5X Build/MMB29P) AppleWebKit/537.36 (KHTML, like Gecko) Chrome/134.0.6998.165 Mobile Safari/537.36 (compatible; Googlebot/2.1; +http://www.google.com/bot.html)"
66.249.79.35 - - [04/May/2025:01:24:17 -0400] "GET /wp-content/plugins/goodlayers-core/plugins/style.css?ver=6.1.5 HTTP/1.1" 200 1992 "http://shishuwasaccos.com.np/camiseta-de-palmeiras-2018-k.html" "Mozilla/5.0 (Linux; Android 6.0.1; Nexus 5X Build/MMB29P) AppleWebKit/537.36 (KHTML, like Gecko) Chrome/134.0.6998.165 Mobile Safari/537.36 (compatible; Googlebot/2.1; +http://www.google.com/bot.html)"
66.249.79.35 - - [04/May/2025:01:24:17 -0400] "GET /wp-includes/css/classic-themes.min.css?ver=1 HTTP/1.1" 200 291 "http://shishuwasaccos.com.np/camiseta-de-palmeiras-2018-k.html" "Mozilla/5.0 (Linux; Android 6.0.1; Nexus 5X Build/MMB29P) AppleWebKit/537.36 (KHTML, like Gecko) Chrome/134.0.6998.165 Mobile Safari/537.36 (compatible; Googlebot/2.1; +http://www.google.com/bot.html)"
66.249.79.37 - - [04/May/2025:01:24:17 -0400] "GET /wp-content/plugins/wp-google-map-plugin/assets/css/frontend.css?ver=6.1.5 HTTP/1.1" 200 8763 "http://shishuwasaccos.com.np/camiseta-de-palmeiras-2018-k.html" "Mozilla/5.0 (Linux; Android 6.0.1; Nexus 5X Build/MMB29P) AppleWebKit/537.36 (KHTML, like Gecko) Chrome/134.0.6998.165 Mobile Safari/537.36 (compatible; Googlebot/2.1; +http://www.google.com/bot.html)"
66.249.79.37 - - [04/May/2025:01:24:17 -0400] "GET /wp-content/plugins/revslider/public/assets/css/rs6.css?ver=6.6.8 HTTP/1.1" 200 11947 "http://shishuwasaccos.com.np/camiseta-de-palmeiras-2018-k.html" "Mozilla/5.0 (Linux; Android 6.0.1; Nexus 5X Build/MMB29P) AppleWebKit/537.36 (KHTML, like Gecko) Chrome/134.0.6998.165 Mobile Safari/537.36 (compatible; Googlebot/2.1; +http://www.google.com/bot.html)"
66.249.79.36 - - [04/May/2025:01:24:18 -0400] "GET /wp-content/plugins/contact-form-7/includes/swv/js/index.js?ver=5.7.5.1 HTTP/1.1" 200 2894 "http://shishuwasaccos.com.np/camiseta-de-palmeiras-2018-k.html" "Mozilla/5.0 (Linux; Android 6.0.1; Nexus 5X Build/MMB29P) AppleWebKit/537.36 (KHTML, like Gecko) Chrome/134.0.6998.165 Mobile Safari/537.36 (compatible; Googlebot/2.1; +http://www.google.com/bot.html)"
66.249.79.35 - - [04/May/2025:01:24:18 -0400] "GET /wp-content/uploads/financity-style-custom.css?1684141411&ver=6.1.5 HTTP/1.1" 200 9912 "http://shishuwasaccos.com.np/camiseta-de-palmeiras-2018-k.html" "Mozilla/5.0 (Linux; Android 6.0.1; Nexus 5X Build/MMB29P) AppleWebKit/537.36 (KHTML, like Gecko) Chrome/134.0.6998.165 Mobile Safari/537.36 (compatible; Googlebot/2.1; +http://www.google.com/bot.html)"
66.249.79.37 - - [04/May/2025:01:24:18 -0400] "GET /wp-content/themes/shishuwa/css/style-core.css?ver=6.1.5 HTTP/1.1" 200 14764 "http://shishuwasaccos.com.np/camiseta-de-palmeiras-2018-k.html" "Mozilla/5.0 (Linux; Android 6.0.1; Nexus 5X Build/MMB29P) AppleWebKit/537.36 (KHTML, like Gecko) Chrome/134.0.6998.165 Mobile Safari/537.36 (compatible; Googlebot/2.1; +http://www.google.com/bot.html)"
66.249.79.37 - - [04/May/2025:01:24:19 -0400] "GET /wp-content/plugins/goodlayers-core/include/css/page-builder.css?ver=6.1.5 HTTP/1.1" 200 29851 "http://shishuwasaccos.com.np/camiseta-de-palmeiras-2018-k.html" "Mozilla/5.0 (Linux; Android 6.0.1; Nexus 5X Build/MMB29P) AppleWebKit/537.36 (KHTML, like Gecko) Chrome/134.0.6998.165 Mobile Safari/537.36 (compatible; Googlebot/2.1; +http://www.google.com/bot.html)"
66.249.79.37 - - [04/May/2025:01:24:19 -0400] "GET /wp-includes/js/jquery/jquery.min.js?ver=3.6.1 HTTP/1.1" 200 29744 "http://shishuwasaccos.com.np/camiseta-de-palmeiras-2018-k.html" "Mozilla/5.0 (Linux; Android 6.0.1; Nexus 5X Build/MMB29P) AppleWebKit/537.36 (KHTML, like Gecko) Chrome/134.0.6998.165 Mobile Safari/537.36 (compatible; Googlebot/2.1; +http://www.google.com/bot.html)"
66.249.79.37 - - [04/May/2025:01:24:19 -0400] "GET /wp-includes/css/dist/block-library/style.min.css?ver=6.1.5 HTTP/1.1" 200 14071 "http://shishuwasaccos.com.np/camiseta-de-palmeiras-2018-k.html" "Mozilla/5.0 (Linux; Android 6.0.1; Nexus 5X Build/MMB29P) AppleWebKit/537.36 (KHTML, like Gecko) Chrome/134.0.6998.165 Mobile Safari/537.36 (compatible; Googlebot/2.1; +http://www.google.com/bot.html)"
66.249.79.37 - - [04/May/2025:01:24:19 -0400] "GET /wp-content/plugins/goodlayers-core/plugins/fontawesome/font-awesome.css?ver=6.1.5 HTTP/1.1" 200 6600 "http://shishuwasaccos.com.np/camiseta-de-palmeiras-2018-k.html" "Mozilla/5.0 (Linux; Android 6.0.1; Nexus 5X Build/MMB29P) AppleWebKit/537.36 (KHTML, like Gecko) Chrome/134.0.6998.165 Mobile Safari/537.36 (compatible; Googlebot/2.1; +http://www.google.com/bot.html)"
66.249.79.36 - - [04/May/2025:01:24:20 -0400] "GET /wp-content/plugins/contact-form-7/includes/js/index.js?ver=5.7.5.1 HTTP/1.1" 200 3918 "http://shishuwasaccos.com.np/camiseta-de-palmeiras-2018-k.html" "Mozilla/5.0 (Linux; Android 6.0.1; Nexus 5X Build/MMB29P) AppleWebKit/537.36 (KHTML, like Gecko) Chrome/134.0.6998.165 Mobile Safari/537.36 (compatible; Googlebot/2.1; +http://www.google.com/bot.html)"
66.249.79.36 - - [04/May/2025:01:24:20 -0400] "GET /wp-content/plugins/goodlayers-core/plugins/script.js?ver=6.1.5 HTTP/1.1" 200 120456 "http://shishuwasaccos.com.np/camiseta-de-palmeiras-2018-k.html" "Mozilla/5.0 (Linux; Android 6.0.1; Nexus 5X Build/MMB29P) AppleWebKit/537.36 (KHTML, like Gecko) Chrome/134.0.6998.165 Mobile Safari/537.36 (compatible; Googlebot/2.1; +http://www.google.com/bot.html)"
66.249.79.37 - - [04/May/2025:01:24:21 -0400] "GET /wp-content/plugins/goodlayers-core/include/js/page-builder.js?ver=1.3.9 HTTP/1.1" 200 14791 "http://shishuwasaccos.com.np/camiseta-de-palmeiras-2018-k.html" "Mozilla/5.0 (Linux; Android 6.0.1; Nexus 5X Build/MMB29P) AppleWebKit/537.36 (KHTML, like Gecko) Chrome/134.0.6998.165 Mobile Safari/537.36 (compatible; Googlebot/2.1; +http://www.google.com/bot.html)"
66.249.79.36 - - [04/May/2025:01:24:21 -0400] "GET /wp-content/plugins/wp-google-map-plugin/assets/js/vendor/jscrollpane/jscrollpane.js?ver=6.1.5 HTTP/1.1" 200 5279 "http://shishuwasaccos.com.np/camiseta-de-palmeiras-2018-k.html" "Mozilla/5.0 (Linux; Android 6.0.1; Nexus 5X Build/MMB29P) AppleWebKit/537.36 (KHTML, like Gecko) Chrome/134.0.6998.165 Mobile Safari/537.36 (compatible; Googlebot/2.1; +http://www.google.com/bot.html)"
66.249.79.36 - - [04/May/2025:01:24:21 -0400] "GET /wp-content/plugins/wp-google-map-plugin/assets/js/vendor/infobox/infobox.js?ver=6.1.5 HTTP/1.1" 200 6575 "http://shishuwasaccos.com.np/camiseta-de-palmeiras-2018-k.html" "Mozilla/5.0 (Linux; Android 6.0.1; Nexus 5X Build/MMB29P) AppleWebKit/537.36 (KHTML, like Gecko) Chrome/134.0.6998.165 Mobile Safari/537.36 (compatible; Googlebot/2.1; +http://www.google.com/bot.html)"
66.249.79.36 - - [04/May/2025:01:24:21 -0400] "GET /wp-content/themes/shishuwa/js/script-core.js?ver=1.0.0 HTTP/1.1" 200 12791 "http://shishuwasaccos.com.np/camiseta-de-palmeiras-2018-k.html" "Mozilla/5.0 (Linux; Android 6.0.1; Nexus 5X Build/MMB29P) AppleWebKit/537.36 (KHTML, like Gecko) Chrome/134.0.6998.165 Mobile Safari/537.36 (compatible; Googlebot/2.1; +http://www.google.com/bot.html)"
66.249.79.35 - - [04/May/2025:01:24:21 -0400] "GET /wp-includes/js/jquery/jquery.masonry.min.js?ver=3.1.2b HTTP/1.1" 200 628 "http://shishuwasaccos.com.np/camiseta-de-palmeiras-2018-k.html" "Mozilla/5.0 (Linux; Android 6.0.1; Nexus 5X Build/MMB29P) AppleWebKit/537.36 (KHTML, like Gecko) Chrome/134.0.6998.165 Mobile Safari/537.36 (compatible; Googlebot/2.1; +http://www.google.com/bot.html)"
66.249.79.36 - - [04/May/2025:01:24:22 -0400] "GET /wp-includes/js/jquery/ui/effect.min.js?ver=1.13.2 HTTP/1.1" 200 6307 "http://shishuwasaccos.com.np/camiseta-de-palmeiras-2018-k.html" "Mozilla/5.0 (Linux; Android 6.0.1; Nexus 5X Build/MMB29P) AppleWebKit/537.36 (KHTML, like Gecko) Chrome/134.0.6998.165 Mobile Safari/537.36 (compatible; Googlebot/2.1; +http://www.google.com/bot.html)"
66.249.79.35 - - [04/May/2025:01:24:22 -0400] "GET /wp-content/plugins/wp-google-map-plugin/assets/js/vendor/markerclustererplus/markerclustererplus.js?ver=6.1.5 HTTP/1.1" 200 11521 "http://shishuwasaccos.com.np/camiseta-de-palmeiras-2018-k.html" "Mozilla/5.0 (Linux; Android 6.0.1; Nexus 5X Build/MMB29P) AppleWebKit/537.36 (KHTML, like Gecko) Chrome/134.0.6998.165 Mobile Safari/537.36 (compatible; Googlebot/2.1; +http://www.google.com/bot.html)"
66.249.79.35 - - [04/May/2025:01:24:22 -0400] "GET /wp-content/plugins/wp-google-map-plugin/assets/js/vendor/webfont/webfont.js?ver=6.1.5 HTTP/1.1" 200 5106 "http://shishuwasaccos.com.np/camiseta-de-palmeiras-2018-k.html" "Mozilla/5.0 (Linux; Android 6.0.1; Nexus 5X Build/MMB29P) AppleWebKit/537.36 (KHTML, like Gecko) Chrome/134.0.6998.165 Mobile Safari/537.36 (compatible; Googlebot/2.1; +http://www.google.com/bot.html)"
66.249.79.35 - - [04/May/2025:01:24:23 -0400] "GET /wp-content/plugins/revslider/public/assets/js/rs6.min.js?ver=6.6.8 HTTP/1.1" 200 103316 "http://shishuwasaccos.com.np/camiseta-de-palmeiras-2018-k.html" "Mozilla/5.0 (Linux; Android 6.0.1; Nexus 5X Build/MMB29P) AppleWebKit/537.36 (KHTML, like Gecko) Chrome/134.0.6998.165 Mobile Safari/537.36 (compatible; Googlebot/2.1; +http://www.google.com/bot.html)"
66.249.79.35 - - [04/May/2025:01:24:23 -0400] "GET /wp-content/plugins/wp-google-map-plugin/assets/js/maps.js?ver=6.1.5 HTTP/1.1" 200 10151 "http://shishuwasaccos.com.np/camiseta-de-palmeiras-2018-k.html" "Mozilla/5.0 (Linux; Android 6.0.1; Nexus 5X Build/MMB29P) AppleWebKit/537.36 (KHTML, like Gecko) Chrome/134.0.6998.165 Mobile Safari/537.36 (compatible; Googlebot/2.1; +http://www.google.com/bot.html)"
66.249.79.36 - - [04/May/2025:01:24:23 -0400] "GET /wp-content/plugins/revslider/public/assets/js/rbtools.min.js?ver=6.6.8 HTTP/1.1" 200 59937 "http://shishuwasaccos.com.np/camiseta-de-palmeiras-2018-k.html" "Mozilla/5.0 (Linux; Android 6.0.1; Nexus 5X Build/MMB29P) AppleWebKit/537.36 (KHTML, like Gecko) Chrome/134.0.6998.165 Mobile Safari/537.36 (compatible; Googlebot/2.1; +http://www.google.com/bot.html)"
66.249.79.35 - - [04/May/2025:01:24:24 -0400] "GET /wp-content/plugins/wp-google-map-plugin/assets/js/frontend.js?ver=6.1.5 HTTP/1.1" 200 3335 "http://shishuwasaccos.com.np/camiseta-de-palmeiras-2018-k.html" "Mozilla/5.0 (Linux; Android 6.0.1; Nexus 5X Build/MMB29P) AppleWebKit/537.36 (KHTML, like Gecko) Chrome/134.0.6998.165 Mobile Safari/537.36 (compatible; Googlebot/2.1; +http://www.google.com/bot.html)"
66.249.79.36 - - [04/May/2025:01:24:24 -0400] "GET /wp-includes/js/imagesloaded.min.js?ver=4.1.4 HTTP/1.1" 200 1687 "http://shishuwasaccos.com.np/camiseta-de-palmeiras-2018-k.html" "Mozilla/5.0 (Linux; Android 6.0.1; Nexus 5X Build/MMB29P) AppleWebKit/537.36 (KHTML, like Gecko) Chrome/134.0.6998.165 Mobile Safari/537.36 (compatible; Googlebot/2.1; +http://www.google.com/bot.html)"
66.249.79.35 - - [04/May/2025:01:24:24 -0400] "GET /wp-content/plugins/wp-google-map-plugin/assets/js/vendor/accordion/accordion.js?ver=6.1.5 HTTP/1.1" 200 1793 "http://shishuwasaccos.com.np/camiseta-de-palmeiras-2018-k.html" "Mozilla/5.0 (Linux; Android 6.0.1; Nexus 5X Build/MMB29P) AppleWebKit/537.36 (KHTML, like Gecko) Chrome/134.0.6998.165 Mobile Safari/537.36 (compatible; Googlebot/2.1; +http://www.google.com/bot.html)"
66.249.79.36 - - [04/May/2025:01:24:25 -0400] "GET /wp-includes/js/masonry.min.js?ver=4.2.2 HTTP/1.1" 200 7117 "http://shishuwasaccos.com.np/camiseta-de-palmeiras-2018-k.html" "Mozilla/5.0 (Linux; Android 6.0.1; Nexus 5X Build/MMB29P) AppleWebKit/537.36 (KHTML, like Gecko) Chrome/134.0.6998.165 Mobile Safari/537.36 (compatible; Googlebot/2.1; +http://www.google.com/bot.html)"
66.249.79.35 - - [04/May/2025:01:24:25 -0400] "GET /wp-json/contact-form-7/v1/contact-forms/5503/feedback/schema HTTP/1.1" 200 0 "http://shishuwasaccos.com.np/camiseta-de-palmeiras-2018-k.html" "Mozilla/5.0 (Linux; Android 6.0.1; Nexus 5X Build/MMB29P) AppleWebKit/537.36 (KHTML, like Gecko) Chrome/134.0.6998.165 Mobile Safari/537.36 (compatible; Googlebot/2.1; +http://www.google.com/bot.html)"
66.249.79.35 - - [04/May/2025:01:24:25 -0400] "GET /wp-json/contact-form-7/v1/contact-forms/5503/refill HTTP/1.1" 200 0 "http://shishuwasaccos.com.np/camiseta-de-palmeiras-2018-k.html" "Mozilla/5.0 (Linux; Android 6.0.1; Nexus 5X Build/MMB29P) AppleWebKit/537.36 (KHTML, like Gecko) Chrome/134.0.6998.165 Mobile Safari/537.36 (compatible; Googlebot/2.1; +http://www.google.com/bot.html)"
114.119.130.97 - - [04/May/2025:02:05:36 -0400] "GET /readme.html HTTP/1.1" 200 3260 "https://hax.or.id/archive/attacker/R13S" "Mozilla/5.0 (Linux; Android 7.0;) AppleWebKit/537.36 (KHTML, like Gecko) Mobile Safari/537.36 (compatible; PetalBot;+https://webmaster.petalsearch.com/site/petalbot)"
157.90.209.77 - - [04/May/2025:02:13:38 -0400] "GET /robots.txt HTTP/1.1" 200 153 "-" "Mozilla/5.0 (compatible; BLEXBot/1.0; +https://help.seranking.com/en/blex-crawler)"
3.146.105.75 - - [04/May/2025:02:55:21 -0400] "HEAD /wordpress HTTP/1.1" 200 0 "-" "Mozilla/5.0 (Windows NT 10.0; Win64; x64) AppleWebKit/537.36 (KHTML, like Gecko) Chrome/74.0.3729.169 Safari/537.36"
3.250.94.177 - - [04/May/2025:03:38:04 -0400] "GET / HTTP/1.0" 200 62979 "-" "Mozilla/5.0 (compatible; NetcraftSurveyAgent/1.0; +info@netcraft.com)"
43.153.104.196 - - [04/May/2025:03:50:08 -0400] "GET / HTTP/1.1" 200 14937 "-" "Mozilla/5.0 (iPhone; CPU iPhone OS 13_2_3 like Mac OS X) AppleWebKit/605.1.15 (KHTML, like Gecko) Version/13.0.3 Mobile/15E148 Safari/604.1"
66.249.79.37 - - [04/May/2025:04:11:11 -0400] "GET /robots.txt HTTP/1.1" 200 136 "-" "Mozilla/5.0 (compatible; Googlebot/2.1; +http://www.google.com/bot.html)"
66.249.79.36 - - [04/May/2025:04:11:32 -0400] "GET /novos-uniformes-sele%C3%A7%C3%B5es-2018-k.html HTTP/1.1" 200 12692 "-" "Mozilla/5.0 (Linux; Android 6.0.1; Nexus 5X Build/MMB29P) AppleWebKit/537.36 (KHTML, like Gecko) Chrome/135.0.7049.95 Mobile Safari/537.36 (compatible; Googlebot/2.1; +http://www.google.com/bot.html)"
66.249.79.35 - - [04/May/2025:04:11:58 -0400] "GET /wp-includes/css/classic-themes.min.css?ver=1 HTTP/1.1" 200 291 "http://shishuwasaccos.com.np/novos-uniformes-sele%C3%A7%C3%B5es-2018-k.html" "Mozilla/5.0 (Linux; Android 6.0.1; Nexus 5X Build/MMB29P) AppleWebKit/537.36 (KHTML, like Gecko) Chrome/134.0.6998.165 Mobile Safari/537.36 (compatible; Googlebot/2.1; +http://www.google.com/bot.html)"
66.249.79.35 - - [04/May/2025:04:11:58 -0400] "GET /wp-content/plugins/goodlayers-core/plugins/elegant/elegant-font.css?ver=6.1.5 HTTP/1.1" 200 3848 "http://shishuwasaccos.com.np/novos-uniformes-sele%C3%A7%C3%B5es-2018-k.html" "Mozilla/5.0 (Linux; Android 6.0.1; Nexus 5X Build/MMB29P) AppleWebKit/537.36 (KHTML, like Gecko) Chrome/134.0.6998.165 Mobile Safari/537.36 (compatible; Googlebot/2.1; +http://www.google.com/bot.html)"
66.249.79.35 - - [04/May/2025:04:11:58 -0400] "GET /wp-includes/js/jquery/jquery-migrate.min.js?ver=3.3.2 HTTP/1.1" 200 4678 "http://shishuwasaccos.com.np/novos-uniformes-sele%C3%A7%C3%B5es-2018-k.html" "Mozilla/5.0 (Linux; Android 6.0.1; Nexus 5X Build/MMB29P) AppleWebKit/537.36 (KHTML, like Gecko) Chrome/134.0.6998.165 Mobile Safari/537.36 (compatible; Googlebot/2.1; +http://www.google.com/bot.html)"
66.249.79.35 - - [04/May/2025:04:11:58 -0400] "GET /wp-content/uploads/financity-style-custom.css?1684141411&ver=6.1.5 HTTP/1.1" 200 9912 "http://shishuwasaccos.com.np/novos-uniformes-sele%C3%A7%C3%B5es-2018-k.html" "Mozilla/5.0 (Linux; Android 6.0.1; Nexus 5X Build/MMB29P) AppleWebKit/537.36 (KHTML, like Gecko) Chrome/134.0.6998.165 Mobile Safari/537.36 (compatible; Googlebot/2.1; +http://www.google.com/bot.html)"
66.249.79.35 - - [04/May/2025:04:11:58 -0400] "GET /wp-content/plugins/contact-form-7/includes/css/styles.css?ver=5.7.5.1 HTTP/1.1" 200 878 "http://shishuwasaccos.com.np/novos-uniformes-sele%C3%A7%C3%B5es-2018-k.html" "Mozilla/5.0 (Linux; Android 6.0.1; Nexus 5X Build/MMB29P) AppleWebKit/537.36 (KHTML, like Gecko) Chrome/134.0.6998.165 Mobile Safari/537.36 (compatible; Googlebot/2.1; +http://www.google.com/bot.html)"
66.249.79.35 - - [04/May/2025:04:11:58 -0400] "GET /wp-includes/css/dist/block-library/style.min.css?ver=6.1.5 HTTP/1.1" 200 14071 "http://shishuwasaccos.com.np/novos-uniformes-sele%C3%A7%C3%B5es-2018-k.html" "Mozilla/5.0 (Linux; Android 6.0.1; Nexus 5X Build/MMB29P) AppleWebKit/537.36 (KHTML, like Gecko) Chrome/134.0.6998.165 Mobile Safari/537.36 (compatible; Googlebot/2.1; +http://www.google.com/bot.html)"
66.249.79.35 - - [04/May/2025:04:11:58 -0400] "GET /wp-content/plugins/wp-google-map-plugin/assets/css/frontend.css?ver=6.1.5 HTTP/1.1" 200 8763 "http://shishuwasaccos.com.np/novos-uniformes-sele%C3%A7%C3%B5es-2018-k.html" "Mozilla/5.0 (Linux; Android 6.0.1; Nexus 5X Build/MMB29P) AppleWebKit/537.36 (KHTML, like Gecko) Chrome/134.0.6998.165 Mobile Safari/537.36 (compatible; Googlebot/2.1; +http://www.google.com/bot.html)"
66.249.79.35 - - [04/May/2025:04:11:59 -0400] "GET /wp-includes/js/wp-emoji-release.min.js?ver=6.1.5 HTTP/1.1" 200 4676 "http://shishuwasaccos.com.np/novos-uniformes-sele%C3%A7%C3%B5es-2018-k.html" "Mozilla/5.0 (Linux; Android 6.0.1; Nexus 5X Build/MMB29P) AppleWebKit/537.36 (KHTML, like Gecko) Chrome/134.0.6998.165 Mobile Safari/537.36 (compatible; Googlebot/2.1; +http://www.google.com/bot.html)"
66.249.79.35 - - [04/May/2025:04:11:59 -0400] "GET /wp-content/plugins/goodlayers-core/plugins/fontawesome/font-awesome.css?ver=6.1.5 HTTP/1.1" 200 6600 "http://shishuwasaccos.com.np/novos-uniformes-sele%C3%A7%C3%B5es-2018-k.html" "Mozilla/5.0 (Linux; Android 6.0.1; Nexus 5X Build/MMB29P) AppleWebKit/537.36 (KHTML, like Gecko) Chrome/134.0.6998.165 Mobile Safari/537.36 (compatible; Googlebot/2.1; +http://www.google.com/bot.html)"
66.249.79.35 - - [04/May/2025:04:11:59 -0400] "GET /wp-includes/js/jquery/jquery.min.js?ver=3.6.1 HTTP/1.1" 200 29744 "http://shishuwasaccos.com.np/novos-uniformes-sele%C3%A7%C3%B5es-2018-k.html" "Mozilla/5.0 (Linux; Android 6.0.1; Nexus 5X Build/MMB29P) AppleWebKit/537.36 (KHTML, like Gecko) Chrome/134.0.6998.165 Mobile Safari/537.36 (compatible; Googlebot/2.1; +http://www.google.com/bot.html)"
66.249.79.35 - - [04/May/2025:04:12:00 -0400] "GET /wp-content/plugins/revslider/public/assets/css/rs6.css?ver=6.6.8 HTTP/1.1" 200 11947 "http://shishuwasaccos.com.np/novos-uniformes-sele%C3%A7%C3%B5es-2018-k.html" "Mozilla/5.0 (Linux; Android 6.0.1; Nexus 5X Build/MMB29P) AppleWebKit/537.36 (KHTML, like Gecko) Chrome/134.0.6998.165 Mobile Safari/537.36 (compatible; Googlebot/2.1; +http://www.google.com/bot.html)"
66.249.79.35 - - [04/May/2025:04:12:00 -0400] "GET /wp-content/plugins/goodlayers-core/plugins/style.css?ver=6.1.5 HTTP/1.1" 200 1992 "http://shishuwasaccos.com.np/novos-uniformes-sele%C3%A7%C3%B5es-2018-k.html" "Mozilla/5.0 (Linux; Android 6.0.1; Nexus 5X Build/MMB29P) AppleWebKit/537.36 (KHTML, like Gecko) Chrome/134.0.6998.165 Mobile Safari/537.36 (compatible; Googlebot/2.1; +http://www.google.com/bot.html)"
66.249.79.35 - - [04/May/2025:04:12:01 -0400] "GET /wp-content/plugins/contact-form-7/includes/swv/js/index.js?ver=5.7.5.1 HTTP/1.1" 200 2894 "http://shishuwasaccos.com.np/novos-uniformes-sele%C3%A7%C3%B5es-2018-k.html" "Mozilla/5.0 (Linux; Android 6.0.1; Nexus 5X Build/MMB29P) AppleWebKit/537.36 (KHTML, like Gecko) Chrome/134.0.6998.165 Mobile Safari/537.36 (compatible; Googlebot/2.1; +http://www.google.com/bot.html)"
66.249.79.35 - - [04/May/2025:04:12:02 -0400] "GET /wp-content/plugins/goodlayers-core/include/css/page-builder.css?ver=6.1.5 HTTP/1.1" 200 29851 "http://shishuwasaccos.com.np/novos-uniformes-sele%C3%A7%C3%B5es-2018-k.html" "Mozilla/5.0 (Linux; Android 6.0.1; Nexus 5X Build/MMB29P) AppleWebKit/537.36 (KHTML, like Gecko) Chrome/134.0.6998.165 Mobile Safari/537.36 (compatible; Googlebot/2.1; +http://www.google.com/bot.html)"
66.249.79.35 - - [04/May/2025:04:12:02 -0400] "GET /wp-content/plugins/contact-form-7/includes/js/index.js?ver=5.7.5.1 HTTP/1.1" 200 3918 "http://shishuwasaccos.com.np/novos-uniformes-sele%C3%A7%C3%B5es-2018-k.html" "Mozilla/5.0 (Linux; Android 6.0.1; Nexus 5X Build/MMB29P) AppleWebKit/537.36 (KHTML, like Gecko) Chrome/134.0.6998.165 Mobile Safari/537.36 (compatible; Googlebot/2.1; +http://www.google.com/bot.html)"
66.249.79.35 - - [04/May/2025:04:12:02 -0400] "GET /wp-content/plugins/goodlayers-core/plugins/script.js?ver=6.1.5 HTTP/1.1" 200 120456 "http://shishuwasaccos.com.np/novos-uniformes-sele%C3%A7%C3%B5es-2018-k.html" "Mozilla/5.0 (Linux; Android 6.0.1; Nexus 5X Build/MMB29P) AppleWebKit/537.36 (KHTML, like Gecko) Chrome/134.0.6998.165 Mobile Safari/537.36 (compatible; Googlebot/2.1; +http://www.google.com/bot.html)"
66.249.79.35 - - [04/May/2025:04:12:03 -0400] "GET /wp-content/plugins/goodlayers-core/include/js/page-builder.js?ver=1.3.9 HTTP/1.1" 200 14791 "http://shishuwasaccos.com.np/novos-uniformes-sele%C3%A7%C3%B5es-2018-k.html" "Mozilla/5.0 (Linux; Android 6.0.1; Nexus 5X Build/MMB29P) AppleWebKit/537.36 (KHTML, like Gecko) Chrome/134.0.6998.165 Mobile Safari/537.36 (compatible; Googlebot/2.1; +http://www.google.com/bot.html)"
66.249.79.35 - - [04/May/2025:04:12:03 -0400] "GET /wp-includes/js/jquery/jquery.masonry.min.js?ver=3.1.2b HTTP/1.1" 200 628 "http://shishuwasaccos.com.np/novos-uniformes-sele%C3%A7%C3%B5es-2018-k.html" "Mozilla/5.0 (Linux; Android 6.0.1; Nexus 5X Build/MMB29P) AppleWebKit/537.36 (KHTML, like Gecko) Chrome/134.0.6998.165 Mobile Safari/537.36 (compatible; Googlebot/2.1; +http://www.google.com/bot.html)"
66.249.79.35 - - [04/May/2025:04:12:03 -0400] "GET /wp-content/plugins/revslider/public/assets/js/rbtools.min.js?ver=6.6.8 HTTP/1.1" 200 59937 "http://shishuwasaccos.com.np/novos-uniformes-sele%C3%A7%C3%B5es-2018-k.html" "Mozilla/5.0 (Linux; Android 6.0.1; Nexus 5X Build/MMB29P) AppleWebKit/537.36 (KHTML, like Gecko) Chrome/134.0.6998.165 Mobile Safari/537.36 (compatible; Googlebot/2.1; +http://www.google.com/bot.html)"
66.249.79.35 - - [04/May/2025:04:12:03 -0400] "GET /wp-includes/js/jquery/ui/effect.min.js?ver=1.13.2 HTTP/1.1" 200 6307 "http://shishuwasaccos.com.np/novos-uniformes-sele%C3%A7%C3%B5es-2018-k.html" "Mozilla/5.0 (Linux; Android 6.0.1; Nexus 5X Build/MMB29P) AppleWebKit/537.36 (KHTML, like Gecko) Chrome/134.0.6998.165 Mobile Safari/537.36 (compatible; Googlebot/2.1; +http://www.google.com/bot.html)"
66.249.79.35 - - [04/May/2025:04:12:04 -0400] "GET /wp-content/plugins/wp-google-map-plugin/assets/js/maps.js?ver=6.1.5 HTTP/1.1" 200 10151 "http://shishuwasaccos.com.np/novos-uniformes-sele%C3%A7%C3%B5es-2018-k.html" "Mozilla/5.0 (Linux; Android 6.0.1; Nexus 5X Build/MMB29P) AppleWebKit/537.36 (KHTML, like Gecko) Chrome/134.0.6998.165 Mobile Safari/537.36 (compatible; Googlebot/2.1; +http://www.google.com/bot.html)"
66.249.79.35 - - [04/May/2025:04:12:04 -0400] "GET /wp-includes/js/imagesloaded.min.js?ver=4.1.4 HTTP/1.1" 200 1687 "http://shishuwasaccos.com.np/novos-uniformes-sele%C3%A7%C3%B5es-2018-k.html" "Mozilla/5.0 (Linux; Android 6.0.1; Nexus 5X Build/MMB29P) AppleWebKit/537.36 (KHTML, like Gecko) Chrome/134.0.6998.165 Mobile Safari/537.36 (compatible; Googlebot/2.1; +http://www.google.com/bot.html)"
66.249.79.35 - - [04/May/2025:04:12:05 -0400] "GET /wp-content/plugins/wp-google-map-plugin/assets/js/vendor/jscrollpane/jscrollpane.js?ver=6.1.5 HTTP/1.1" 200 5279 "http://shishuwasaccos.com.np/novos-uniformes-sele%C3%A7%C3%B5es-2018-k.html" "Mozilla/5.0 (Linux; Android 6.0.1; Nexus 5X Build/MMB29P) AppleWebKit/537.36 (KHTML, like Gecko) Chrome/134.0.6998.165 Mobile Safari/537.36 (compatible; Googlebot/2.1; +http://www.google.com/bot.html)"
66.249.79.35 - - [04/May/2025:04:12:05 -0400] "GET /wp-includes/js/masonry.min.js?ver=4.2.2 HTTP/1.1" 200 7117 "http://shishuwasaccos.com.np/novos-uniformes-sele%C3%A7%C3%B5es-2018-k.html" "Mozilla/5.0 (Linux; Android 6.0.1; Nexus 5X Build/MMB29P) AppleWebKit/537.36 (KHTML, like Gecko) Chrome/134.0.6998.165 Mobile Safari/537.36 (compatible; Googlebot/2.1; +http://www.google.com/bot.html)"
66.249.79.35 - - [04/May/2025:04:12:05 -0400] "GET /wp-content/plugins/wp-google-map-plugin/assets/js/vendor/markerclustererplus/markerclustererplus.js?ver=6.1.5 HTTP/1.1" 200 11521 "http://shishuwasaccos.com.np/novos-uniformes-sele%C3%A7%C3%B5es-2018-k.html" "Mozilla/5.0 (Linux; Android 6.0.1; Nexus 5X Build/MMB29P) AppleWebKit/537.36 (KHTML, like Gecko) Chrome/134.0.6998.165 Mobile Safari/537.36 (compatible; Googlebot/2.1; +http://www.google.com/bot.html)"
66.249.79.35 - - [04/May/2025:04:12:06 -0400] "GET /wp-content/plugins/wp-google-map-plugin/assets/js/frontend.js?ver=6.1.5 HTTP/1.1" 200 3335 "http://shishuwasaccos.com.np/novos-uniformes-sele%C3%A7%C3%B5es-2018-k.html" "Mozilla/5.0 (Linux; Android 6.0.1; Nexus 5X Build/MMB29P) AppleWebKit/537.36 (KHTML, like Gecko) Chrome/134.0.6998.165 Mobile Safari/537.36 (compatible; Googlebot/2.1; +http://www.google.com/bot.html)"
66.249.79.35 - - [04/May/2025:04:12:06 -0400] "GET /wp-content/themes/shishuwa/js/script-core.js?ver=1.0.0 HTTP/1.1" 200 12791 "http://shishuwasaccos.com.np/novos-uniformes-sele%C3%A7%C3%B5es-2018-k.html" "Mozilla/5.0 (Linux; Android 6.0.1; Nexus 5X Build/MMB29P) AppleWebKit/537.36 (KHTML, like Gecko) Chrome/134.0.6998.165 Mobile Safari/537.36 (compatible; Googlebot/2.1; +http://www.google.com/bot.html)"
66.249.79.35 - - [04/May/2025:04:12:06 -0400] "GET /wp-content/plugins/wp-google-map-plugin/assets/js/vendor/webfont/webfont.js?ver=6.1.5 HTTP/1.1" 200 5106 "http://shishuwasaccos.com.np/novos-uniformes-sele%C3%A7%C3%B5es-2018-k.html" "Mozilla/5.0 (Linux; Android 6.0.1; Nexus 5X Build/MMB29P) AppleWebKit/537.36 (KHTML, like Gecko) Chrome/134.0.6998.165 Mobile Safari/537.36 (compatible; Googlebot/2.1; +http://www.google.com/bot.html)"
66.249.79.35 - - [04/May/2025:04:12:06 -0400] "GET /wp-content/plugins/wp-google-map-plugin/assets/js/vendor/accordion/accordion.js?ver=6.1.5 HTTP/1.1" 200 1793 "http://shishuwasaccos.com.np/novos-uniformes-sele%C3%A7%C3%B5es-2018-k.html" "Mozilla/5.0 (Linux; Android 6.0.1; Nexus 5X Build/MMB29P) AppleWebKit/537.36 (KHTML, like Gecko) Chrome/134.0.6998.165 Mobile Safari/537.36 (compatible; Googlebot/2.1; +http://www.google.com/bot.html)"
66.249.79.35 - - [04/May/2025:04:12:07 -0400] "GET /wp-content/plugins/wp-google-map-plugin/assets/js/vendor/infobox/infobox.js?ver=6.1.5 HTTP/1.1" 200 6575 "http://shishuwasaccos.com.np/novos-uniformes-sele%C3%A7%C3%B5es-2018-k.html" "Mozilla/5.0 (Linux; Android 6.0.1; Nexus 5X Build/MMB29P) AppleWebKit/537.36 (KHTML, like Gecko) Chrome/134.0.6998.165 Mobile Safari/537.36 (compatible; Googlebot/2.1; +http://www.google.com/bot.html)"
66.249.79.35 - - [04/May/2025:04:12:07 -0400] "GET /wp-content/plugins/revslider/public/assets/js/rs6.min.js?ver=6.6.8 HTTP/1.1" 200 103316 "http://shishuwasaccos.com.np/novos-uniformes-sele%C3%A7%C3%B5es-2018-k.html" "Mozilla/5.0 (Linux; Android 6.0.1; Nexus 5X Build/MMB29P) AppleWebKit/537.36 (KHTML, like Gecko) Chrome/134.0.6998.165 Mobile Safari/537.36 (compatible; Googlebot/2.1; +http://www.google.com/bot.html)"
66.249.79.35 - - [04/May/2025:04:12:07 -0400] "GET /wp-json/contact-form-7/v1/contact-forms/5503/feedback/schema HTTP/1.1" 200 0 "http://shishuwasaccos.com.np/novos-uniformes-sele%C3%A7%C3%B5es-2018-k.html" "Mozilla/5.0 (Linux; Android 6.0.1; Nexus 5X Build/MMB29P) AppleWebKit/537.36 (KHTML, like Gecko) Chrome/134.0.6998.165 Mobile Safari/537.36 (compatible; Googlebot/2.1; +http://www.google.com/bot.html)"
66.249.79.35 - - [04/May/2025:04:12:08 -0400] "GET /wp-json/contact-form-7/v1/contact-forms/5503/refill HTTP/1.1" 200 0 "http://shishuwasaccos.com.np/novos-uniformes-sele%C3%A7%C3%B5es-2018-k.html" "Mozilla/5.0 (Linux; Android 6.0.1; Nexus 5X Build/MMB29P) AppleWebKit/537.36 (KHTML, like Gecko) Chrome/134.0.6998.165 Mobile Safari/537.36 (compatible; Googlebot/2.1; +http://www.google.com/bot.html)"
66.249.79.37 - - [04/May/2025:04:49:56 -0400] "GET / HTTP/1.1" 200 12692 "-" "Mozilla/5.0 (compatible; Googlebot/2.1; +http://www.google.com/bot.html)"
66.249.79.36 - - [04/May/2025:04:50:24 -0400] "GET /wp-content/plugins/goodlayers-core/plugins/fontawesome/font-awesome.css?ver=6.1.5 HTTP/1.1" 200 6600 "http://shishuwasaccos.com.np/" "Mozilla/5.0 AppleWebKit/537.36 (KHTML, like Gecko; compatible; Googlebot/2.1; +http://www.google.com/bot.html) Chrome/134.0.6998.165 Safari/537.36"
66.249.79.36 - - [04/May/2025:04:50:24 -0400] "GET /wp-includes/css/classic-themes.min.css?ver=1 HTTP/1.1" 200 291 "http://shishuwasaccos.com.np/" "Mozilla/5.0 AppleWebKit/537.36 (KHTML, like Gecko; compatible; Googlebot/2.1; +http://www.google.com/bot.html) Chrome/134.0.6998.165 Safari/537.36"
66.249.79.35 - - [04/May/2025:04:50:24 -0400] "GET /wp-includes/js/jquery/jquery.min.js?ver=3.6.1 HTTP/1.1" 200 29744 "http://shishuwasaccos.com.np/" "Mozilla/5.0 AppleWebKit/537.36 (KHTML, like Gecko; compatible; Googlebot/2.1; +http://www.google.com/bot.html) Chrome/134.0.6998.165 Safari/537.36"
66.249.79.36 - - [04/May/2025:04:50:24 -0400] "GET /wp-includes/css/dist/block-library/style.min.css?ver=6.1.5 HTTP/1.1" 200 14071 "http://shishuwasaccos.com.np/" "Mozilla/5.0 AppleWebKit/537.36 (KHTML, like Gecko; compatible; Googlebot/2.1; +http://www.google.com/bot.html) Chrome/134.0.6998.165 Safari/537.36"
66.249.79.36 - - [04/May/2025:04:50:24 -0400] "GET /wp-includes/js/wp-emoji-release.min.js?ver=6.1.5 HTTP/1.1" 200 4676 "http://shishuwasaccos.com.np/" "Mozilla/5.0 AppleWebKit/537.36 (KHTML, like Gecko; compatible; Googlebot/2.1; +http://www.google.com/bot.html) Chrome/134.0.6998.165 Safari/537.36"
66.249.79.36 - - [04/May/2025:04:50:25 -0400] "GET /wp-content/plugins/goodlayers-core/plugins/elegant/elegant-font.css?ver=6.1.5 HTTP/1.1" 200 3848 "http://shishuwasaccos.com.np/" "Mozilla/5.0 AppleWebKit/537.36 (KHTML, like Gecko; compatible; Googlebot/2.1; +http://www.google.com/bot.html) Chrome/134.0.6998.165 Safari/537.36"
66.249.79.36 - - [04/May/2025:04:50:25 -0400] "GET /wp-content/uploads/financity-style-custom.css?1684141411&ver=6.1.5 HTTP/1.1" 200 9912 "http://shishuwasaccos.com.np/" "Mozilla/5.0 AppleWebKit/537.36 (KHTML, like Gecko; compatible; Googlebot/2.1; +http://www.google.com/bot.html) Chrome/134.0.6998.165 Safari/537.36"
66.249.79.36 - - [04/May/2025:04:50:26 -0400] "GET /wp-content/plugins/contact-form-7/includes/css/styles.css?ver=5.7.5.1 HTTP/1.1" 200 878 "http://shishuwasaccos.com.np/" "Mozilla/5.0 AppleWebKit/537.36 (KHTML, like Gecko; compatible; Googlebot/2.1; +http://www.google.com/bot.html) Chrome/134.0.6998.165 Safari/537.36"
66.249.79.36 - - [04/May/2025:04:50:27 -0400] "GET /wp-content/plugins/goodlayers-core/plugins/style.css?ver=6.1.5 HTTP/1.1" 200 1992 "http://shishuwasaccos.com.np/" "Mozilla/5.0 AppleWebKit/537.36 (KHTML, like Gecko; compatible; Googlebot/2.1; +http://www.google.com/bot.html) Chrome/134.0.6998.165 Safari/537.36"
66.249.79.35 - - [04/May/2025:04:50:27 -0400] "GET /wp-content/plugins/goodlayers-core/include/css/page-builder.css?ver=6.1.5 HTTP/1.1" 200 29851 "http://shishuwasaccos.com.np/" "Mozilla/5.0 AppleWebKit/537.36 (KHTML, like Gecko; compatible; Googlebot/2.1; +http://www.google.com/bot.html) Chrome/134.0.6998.165 Safari/537.36"
66.249.79.35 - - [04/May/2025:04:50:28 -0400] "GET /wp-content/plugins/wp-google-map-plugin/assets/css/frontend.css?ver=6.1.5 HTTP/1.1" 200 8763 "http://shishuwasaccos.com.np/" "Mozilla/5.0 AppleWebKit/537.36 (KHTML, like Gecko; compatible; Googlebot/2.1; +http://www.google.com/bot.html) Chrome/134.0.6998.165 Safari/537.36"
66.249.79.35 - - [04/May/2025:04:50:28 -0400] "GET /wp-content/themes/shishuwa/css/style-core.css?ver=6.1.5 HTTP/1.1" 200 14764 "http://shishuwasaccos.com.np/" "Mozilla/5.0 AppleWebKit/537.36 (KHTML, like Gecko; compatible; Googlebot/2.1; +http://www.google.com/bot.html) Chrome/134.0.6998.165 Safari/537.36"
66.249.79.35 - - [04/May/2025:04:50:29 -0400] "GET /wp-content/plugins/revslider/public/assets/css/rs6.css?ver=6.6.8 HTTP/1.1" 200 11947 "http://shishuwasaccos.com.np/" "Mozilla/5.0 AppleWebKit/537.36 (KHTML, like Gecko; compatible; Googlebot/2.1; +http://www.google.com/bot.html) Chrome/134.0.6998.165 Safari/537.36"
66.249.79.35 - - [04/May/2025:04:50:30 -0400] "GET /wp-includes/js/jquery/jquery-migrate.min.js?ver=3.3.2 HTTP/1.1" 200 4678 "http://shishuwasaccos.com.np/" "Mozilla/5.0 AppleWebKit/537.36 (KHTML, like Gecko; compatible; Googlebot/2.1; +http://www.google.com/bot.html) Chrome/134.0.6998.165 Safari/537.36"
66.249.79.35 - - [04/May/2025:04:50:30 -0400] "GET /wp-content/plugins/contact-form-7/includes/swv/js/index.js?ver=5.7.5.1 HTTP/1.1" 200 2894 "http://shishuwasaccos.com.np/" "Mozilla/5.0 AppleWebKit/537.36 (KHTML, like Gecko; compatible; Googlebot/2.1; +http://www.google.com/bot.html) Chrome/134.0.6998.165 Safari/537.36"
66.249.79.35 - - [04/May/2025:04:50:41 -0400] "GET /wp-content/plugins/goodlayers-core/plugins/script.js?ver=6.1.5 HTTP/1.1" 200 120456 "http://shishuwasaccos.com.np/" "Mozilla/5.0 AppleWebKit/537.36 (KHTML, like Gecko; compatible; Googlebot/2.1; +http://www.google.com/bot.html) Chrome/134.0.6998.165 Safari/537.36"
66.249.79.35 - - [04/May/2025:04:50:43 -0400] "GET /wp-content/plugins/goodlayers-core/include/js/page-builder.js?ver=1.3.9 HTTP/1.1" 200 14791 "http://shishuwasaccos.com.np/" "Mozilla/5.0 AppleWebKit/537.36 (KHTML, like Gecko; compatible; Googlebot/2.1; +http://www.google.com/bot.html) Chrome/134.0.6998.165 Safari/537.36"
66.249.79.35 - - [04/May/2025:04:50:43 -0400] "GET /wp-includes/js/jquery/ui/effect.min.js?ver=1.13.2 HTTP/1.1" 200 6307 "http://shishuwasaccos.com.np/" "Mozilla/5.0 AppleWebKit/537.36 (KHTML, like Gecko; compatible; Googlebot/2.1; +http://www.google.com/bot.html) Chrome/134.0.6998.165 Safari/537.36"
66.249.79.35 - - [04/May/2025:04:50:46 -0400] "GET /wp-content/themes/shishuwa/js/script-core.js?ver=1.0.0 HTTP/1.1" 200 12791 "http://shishuwasaccos.com.np/" "Mozilla/5.0 AppleWebKit/537.36 (KHTML, like Gecko; compatible; Googlebot/2.1; +http://www.google.com/bot.html) Chrome/134.0.6998.165 Safari/537.36"
66.249.79.35 - - [04/May/2025:04:50:46 -0400] "GET /wp-content/plugins/wp-google-map-plugin/assets/js/vendor/webfont/webfont.js?ver=6.1.5 HTTP/1.1" 200 5106 "http://shishuwasaccos.com.np/" "Mozilla/5.0 AppleWebKit/537.36 (KHTML, like Gecko; compatible; Googlebot/2.1; +http://www.google.com/bot.html) Chrome/134.0.6998.165 Safari/537.36"
66.249.79.35 - - [04/May/2025:04:51:00 -0400] "GET /wp-content/plugins/wp-google-map-plugin/assets/js/vendor/markerclustererplus/markerclustererplus.js?ver=6.1.5 HTTP/1.1" 200 11521 "http://shishuwasaccos.com.np/" "Mozilla/5.0 AppleWebKit/537.36 (KHTML, like Gecko; compatible; Googlebot/2.1; +http://www.google.com/bot.html) Chrome/134.0.6998.165 Safari/537.36"
66.249.79.35 - - [04/May/2025:04:51:00 -0400] "GET /wp-content/plugins/wp-google-map-plugin/assets/js/maps.js?ver=6.1.5 HTTP/1.1" 200 10151 "http://shishuwasaccos.com.np/" "Mozilla/5.0 AppleWebKit/537.36 (KHTML, like Gecko; compatible; Googlebot/2.1; +http://www.google.com/bot.html) Chrome/134.0.6998.165 Safari/537.36"
66.249.79.36 - - [04/May/2025:04:51:01 -0400] "GET /wp-includes/js/imagesloaded.min.js?ver=4.1.4 HTTP/1.1" 200 1687 "http://shishuwasaccos.com.np/" "Mozilla/5.0 AppleWebKit/537.36 (KHTML, like Gecko; compatible; Googlebot/2.1; +http://www.google.com/bot.html) Chrome/134.0.6998.165 Safari/537.36"
66.249.79.35 - - [04/May/2025:04:51:03 -0400] "GET /wp-includes/js/masonry.min.js?ver=4.2.2 HTTP/1.1" 200 7117 "http://shishuwasaccos.com.np/" "Mozilla/5.0 AppleWebKit/537.36 (KHTML, like Gecko; compatible; Googlebot/2.1; +http://www.google.com/bot.html) Chrome/134.0.6998.165 Safari/537.36"
66.249.79.37 - - [04/May/2025:04:51:03 -0400] "GET /wp-includes/js/jquery/jquery.masonry.min.js?ver=3.1.2b HTTP/1.1" 200 628 "http://shishuwasaccos.com.np/" "Mozilla/5.0 AppleWebKit/537.36 (KHTML, like Gecko; compatible; Googlebot/2.1; +http://www.google.com/bot.html) Chrome/134.0.6998.165 Safari/537.36"
66.249.79.36 - - [04/May/2025:04:51:05 -0400] "GET /wp-content/plugins/wp-google-map-plugin/assets/js/frontend.js?ver=6.1.5 HTTP/1.1" 200 3335 "http://shishuwasaccos.com.np/" "Mozilla/5.0 AppleWebKit/537.36 (KHTML, like Gecko; compatible; Googlebot/2.1; +http://www.google.com/bot.html) Chrome/134.0.6998.165 Safari/537.36"
66.249.79.35 - - [04/May/2025:04:51:07 -0400] "GET /wp-content/plugins/wp-google-map-plugin/assets/js/vendor/infobox/infobox.js?ver=6.1.5 HTTP/1.1" 200 6575 "http://shishuwasaccos.com.np/" "Mozilla/5.0 AppleWebKit/537.36 (KHTML, like Gecko; compatible; Googlebot/2.1; +http://www.google.com/bot.html) Chrome/134.0.6998.165 Safari/537.36"
66.249.79.36 - - [04/May/2025:04:51:08 -0400] "GET /wp-content/plugins/revslider/public/assets/js/rbtools.min.js?ver=6.6.8 HTTP/1.1" 200 59937 "http://shishuwasaccos.com.np/" "Mozilla/5.0 AppleWebKit/537.36 (KHTML, like Gecko; compatible; Googlebot/2.1; +http://www.google.com/bot.html) Chrome/134.0.6998.165 Safari/537.36"
52.48.0.42 - - [04/May/2025:06:14:09 -0400] "GET / HTTP/1.0" 200 62979 "-" "Mozilla/5.0 (compatible; NetcraftSurveyAgent/1.0; +info@netcraft.com)"
167.160.35.212 - - [04/May/2025:07:22:30 -0400] "GET / HTTP/1.1" 200 14937 "-" "Mozilla/5.0 (Macintosh; Intel Mac OS X 10.14; rv:82.0) Gecko/20100101 Firefox/82.0"
157.90.209.77 - - [04/May/2025:08:05:48 -0400] "GET /robots.txt HTTP/1.1" 200 0 "-" "Mozilla/5.0 (compatible; BLEXBot/1.0; +https://help.seranking.com/en/blex-crawler)"
185.82.72.133 - - [04/May/2025:08:36:27 -0400] "GET /contact/ HTTP/1.1" 200 12692 "-" "Mozilla/5.0 (Windows NT 10.0; Win64; x64) AppleWebKit/537.36 (KHTML, like Gecko) Chrome/114.0.0.0 Safari/537.36 Edg/114.0.1264.71"
185.82.72.158 - - [04/May/2025:08:36:56 -0400] "GET /wp-content/plugins/contact-form-7/includes/js/index.js?ver=5.7.5.1 HTTP/1.1" 200 3918 "http://shishuwasaccos.com.np/contact/" "Mozilla/5.0 (Windows NT 10.0; Win64; x64) AppleWebKit/537.36 (KHTML, like Gecko) Chrome/114.0.0.0 Safari/537.36 Edg/114.0.1264.71"
185.82.72.121 - - [04/May/2025:08:36:57 -0400] "POST /wp-json/contact-form-7/v1/contact-forms/5503/feedback HTTP/1.1" 200 12692 "http://shishuwasaccos.com.np/contact/" "Mozilla/5.0 (Windows NT 10.0; Win64; x64) AppleWebKit/537.36 (KHTML, like Gecko) Chrome/114.0.0.0 Safari/537.36 Edg/114.0.1264.71"
66.249.79.36 - - [04/May/2025:08:38:00 -0400] "GET /robots.txt HTTP/1.1" 200 136 "-" "Mozilla/5.0 (compatible; Googlebot/2.1; +http://www.google.com/bot.html)"
66.249.79.36 - - [04/May/2025:08:39:55 -0400] "GET /camisa-2-da-nigeria-2018-k.html HTTP/1.1" 200 12692 "-" "Mozilla/5.0 (Linux; Android 6.0.1; Nexus 5X Build/MMB29P) AppleWebKit/537.36 (KHTML, like Gecko) Chrome/135.0.7049.95 Mobile Safari/537.36 (compatible; Googlebot/2.1; +http://www.google.com/bot.html)"
66.249.79.35 - - [04/May/2025:08:40:23 -0400] "GET /wp-content/themes/shishuwa/css/style-core.css?ver=6.1.5 HTTP/1.1" 200 14764 "http://shishuwasaccos.com.np/camisa-2-da-nigeria-2018-k.html" "Mozilla/5.0 (Linux; Android 6.0.1; Nexus 5X Build/MMB29P) AppleWebKit/537.36 (KHTML, like Gecko) Chrome/134.0.6998.165 Mobile Safari/537.36 (compatible; Googlebot/2.1; +http://www.google.com/bot.html)"
66.249.79.35 - - [04/May/2025:08:40:24 -0400] "GET /wp-includes/css/classic-themes.min.css?ver=1 HTTP/1.1" 200 291 "http://shishuwasaccos.com.np/camisa-2-da-nigeria-2018-k.html" "Mozilla/5.0 (Linux; Android 6.0.1; Nexus 5X Build/MMB29P) AppleWebKit/537.36 (KHTML, like Gecko) Chrome/134.0.6998.165 Mobile Safari/537.36 (compatible; Googlebot/2.1; +http://www.google.com/bot.html)"
66.249.79.35 - - [04/May/2025:08:40:25 -0400] "GET /wp-includes/js/jquery/jquery-migrate.min.js?ver=3.3.2 HTTP/1.1" 200 4678 "http://shishuwasaccos.com.np/camisa-2-da-nigeria-2018-k.html" "Mozilla/5.0 (Linux; Android 6.0.1; Nexus 5X Build/MMB29P) AppleWebKit/537.36 (KHTML, like Gecko) Chrome/134.0.6998.165 Mobile Safari/537.36 (compatible; Googlebot/2.1; +http://www.google.com/bot.html)"
66.249.79.36 - - [04/May/2025:08:40:26 -0400] "GET /wp-content/plugins/revslider/public/assets/css/rs6.css?ver=6.6.8 HTTP/1.1" 200 11947 "http://shishuwasaccos.com.np/camisa-2-da-nigeria-2018-k.html" "Mozilla/5.0 (Linux; Android 6.0.1; Nexus 5X Build/MMB29P) AppleWebKit/537.36 (KHTML, like Gecko) Chrome/134.0.6998.165 Mobile Safari/537.36 (compatible; Googlebot/2.1; +http://www.google.com/bot.html)"
66.249.79.35 - - [04/May/2025:08:40:27 -0400] "GET /wp-content/plugins/contact-form-7/includes/css/styles.css?ver=5.7.5.1 HTTP/1.1" 200 878 "http://shishuwasaccos.com.np/camisa-2-da-nigeria-2018-k.html" "Mozilla/5.0 (Linux; Android 6.0.1; Nexus 5X Build/MMB29P) AppleWebKit/537.36 (KHTML, like Gecko) Chrome/134.0.6998.165 Mobile Safari/537.36 (compatible; Googlebot/2.1; +http://www.google.com/bot.html)"
66.249.79.35 - - [04/May/2025:08:40:28 -0400] "GET /wp-includes/js/wp-emoji-release.min.js?ver=6.1.5 HTTP/1.1" 200 4676 "http://shishuwasaccos.com.np/camisa-2-da-nigeria-2018-k.html" "Mozilla/5.0 (Linux; Android 6.0.1; Nexus 5X Build/MMB29P) AppleWebKit/537.36 (KHTML, like Gecko) Chrome/134.0.6998.165 Mobile Safari/537.36 (compatible; Googlebot/2.1; +http://www.google.com/bot.html)"
66.249.79.35 - - [04/May/2025:08:40:28 -0400] "GET /wp-content/plugins/goodlayers-core/plugins/fontawesome/font-awesome.css?ver=6.1.5 HTTP/1.1" 200 6600 "http://shishuwasaccos.com.np/camisa-2-da-nigeria-2018-k.html" "Mozilla/5.0 (Linux; Android 6.0.1; Nexus 5X Build/MMB29P) AppleWebKit/537.36 (KHTML, like Gecko) Chrome/134.0.6998.165 Mobile Safari/537.36 (compatible; Googlebot/2.1; +http://www.google.com/bot.html)"
66.249.79.35 - - [04/May/2025:08:40:28 -0400] "GET /wp-includes/js/jquery/jquery.min.js?ver=3.6.1 HTTP/1.1" 200 29744 "http://shishuwasaccos.com.np/camisa-2-da-nigeria-2018-k.html" "Mozilla/5.0 (Linux; Android 6.0.1; Nexus 5X Build/MMB29P) AppleWebKit/537.36 (KHTML, like Gecko) Chrome/134.0.6998.165 Mobile Safari/537.36 (compatible; Googlebot/2.1; +http://www.google.com/bot.html)"
66.249.79.35 - - [04/May/2025:08:40:29 -0400] "GET /wp-content/plugins/goodlayers-core/plugins/style.css?ver=6.1.5 HTTP/1.1" 200 1992 "http://shishuwasaccos.com.np/camisa-2-da-nigeria-2018-k.html" "Mozilla/5.0 (Linux; Android 6.0.1; Nexus 5X Build/MMB29P) AppleWebKit/537.36 (KHTML, like Gecko) Chrome/134.0.6998.165 Mobile Safari/537.36 (compatible; Googlebot/2.1; +http://www.google.com/bot.html)"
66.249.79.35 - - [04/May/2025:08:40:29 -0400] "GET /wp-content/uploads/financity-style-custom.css?1684141411&ver=6.1.5 HTTP/1.1" 200 9912 "http://shishuwasaccos.com.np/camisa-2-da-nigeria-2018-k.html" "Mozilla/5.0 (Linux; Android 6.0.1; Nexus 5X Build/MMB29P) AppleWebKit/537.36 (KHTML, like Gecko) Chrome/134.0.6998.165 Mobile Safari/537.36 (compatible; Googlebot/2.1; +http://www.google.com/bot.html)"
66.249.79.35 - - [04/May/2025:08:40:29 -0400] "GET /wp-content/plugins/goodlayers-core/plugins/elegant/elegant-font.css?ver=6.1.5 HTTP/1.1" 200 3848 "http://shishuwasaccos.com.np/camisa-2-da-nigeria-2018-k.html" "Mozilla/5.0 (Linux; Android 6.0.1; Nexus 5X Build/MMB29P) AppleWebKit/537.36 (KHTML, like Gecko) Chrome/134.0.6998.165 Mobile Safari/537.36 (compatible; Googlebot/2.1; +http://www.google.com/bot.html)"
66.249.79.35 - - [04/May/2025:08:40:30 -0400] "GET /wp-includes/css/dist/block-library/style.min.css?ver=6.1.5 HTTP/1.1" 200 14071 "http://shishuwasaccos.com.np/camisa-2-da-nigeria-2018-k.html" "Mozilla/5.0 (Linux; Android 6.0.1; Nexus 5X Build/MMB29P) AppleWebKit/537.36 (KHTML, like Gecko) Chrome/134.0.6998.165 Mobile Safari/537.36 (compatible; Googlebot/2.1; +http://www.google.com/bot.html)"
66.249.79.35 - - [04/May/2025:08:40:30 -0400] "GET /wp-content/plugins/goodlayers-core/include/css/page-builder.css?ver=6.1.5 HTTP/1.1" 200 29851 "http://shishuwasaccos.com.np/camisa-2-da-nigeria-2018-k.html" "Mozilla/5.0 (Linux; Android 6.0.1; Nexus 5X Build/MMB29P) AppleWebKit/537.36 (KHTML, like Gecko) Chrome/134.0.6998.165 Mobile Safari/537.36 (compatible; Googlebot/2.1; +http://www.google.com/bot.html)"
66.249.79.35 - - [04/May/2025:08:40:31 -0400] "GET /wp-content/plugins/wp-google-map-plugin/assets/css/frontend.css?ver=6.1.5 HTTP/1.1" 200 8763 "http://shishuwasaccos.com.np/camisa-2-da-nigeria-2018-k.html" "Mozilla/5.0 (Linux; Android 6.0.1; Nexus 5X Build/MMB29P) AppleWebKit/537.36 (KHTML, like Gecko) Chrome/134.0.6998.165 Mobile Safari/537.36 (compatible; Googlebot/2.1; +http://www.google.com/bot.html)"
66.249.79.35 - - [04/May/2025:08:40:32 -0400] "GET /wp-content/plugins/contact-form-7/includes/swv/js/index.js?ver=5.7.5.1 HTTP/1.1" 200 2894 "http://shishuwasaccos.com.np/camisa-2-da-nigeria-2018-k.html" "Mozilla/5.0 (Linux; Android 6.0.1; Nexus 5X Build/MMB29P) AppleWebKit/537.36 (KHTML, like Gecko) Chrome/134.0.6998.165 Mobile Safari/537.36 (compatible; Googlebot/2.1; +http://www.google.com/bot.html)"
66.249.79.35 - - [04/May/2025:08:40:35 -0400] "GET /wp-content/plugins/contact-form-7/includes/js/index.js?ver=5.7.5.1 HTTP/1.1" 200 3918 "http://shishuwasaccos.com.np/camisa-2-da-nigeria-2018-k.html" "Mozilla/5.0 (Linux; Android 6.0.1; Nexus 5X Build/MMB29P) AppleWebKit/537.36 (KHTML, like Gecko) Chrome/134.0.6998.165 Mobile Safari/537.36 (compatible; Googlebot/2.1; +http://www.google.com/bot.html)"
66.249.79.35 - - [04/May/2025:08:40:35 -0400] "GET /wp-includes/js/jquery/ui/effect.min.js?ver=1.13.2 HTTP/1.1" 200 6307 "http://shishuwasaccos.com.np/camisa-2-da-nigeria-2018-k.html" "Mozilla/5.0 (Linux; Android 6.0.1; Nexus 5X Build/MMB29P) AppleWebKit/537.36 (KHTML, like Gecko) Chrome/134.0.6998.165 Mobile Safari/537.36 (compatible; Googlebot/2.1; +http://www.google.com/bot.html)"
66.249.79.35 - - [04/May/2025:08:40:36 -0400] "GET /wp-content/plugins/wp-google-map-plugin/assets/js/frontend.js?ver=6.1.5 HTTP/1.1" 200 3335 "http://shishuwasaccos.com.np/camisa-2-da-nigeria-2018-k.html" "Mozilla/5.0 (Linux; Android 6.0.1; Nexus 5X Build/MMB29P) AppleWebKit/537.36 (KHTML, like Gecko) Chrome/134.0.6998.165 Mobile Safari/537.36 (compatible; Googlebot/2.1; +http://www.google.com/bot.html)"
66.249.79.35 - - [04/May/2025:08:40:36 -0400] "GET /wp-content/plugins/wp-google-map-plugin/assets/js/vendor/markerclustererplus/markerclustererplus.js?ver=6.1.5 HTTP/1.1" 200 11521 "http://shishuwasaccos.com.np/camisa-2-da-nigeria-2018-k.html" "Mozilla/5.0 (Linux; Android 6.0.1; Nexus 5X Build/MMB29P) AppleWebKit/537.36 (KHTML, like Gecko) Chrome/134.0.6998.165 Mobile Safari/537.36 (compatible; Googlebot/2.1; +http://www.google.com/bot.html)"
66.249.79.35 - - [04/May/2025:08:40:36 -0400] "GET /wp-content/plugins/goodlayers-core/include/js/page-builder.js?ver=1.3.9 HTTP/1.1" 200 14791 "http://shishuwasaccos.com.np/camisa-2-da-nigeria-2018-k.html" "Mozilla/5.0 (Linux; Android 6.0.1; Nexus 5X Build/MMB29P) AppleWebKit/537.36 (KHTML, like Gecko) Chrome/134.0.6998.165 Mobile Safari/537.36 (compatible; Googlebot/2.1; +http://www.google.com/bot.html)"
66.249.79.35 - - [04/May/2025:08:40:37 -0400] "GET /wp-content/themes/shishuwa/js/script-core.js?ver=1.0.0 HTTP/1.1" 200 12791 "http://shishuwasaccos.com.np/camisa-2-da-nigeria-2018-k.html" "Mozilla/5.0 (Linux; Android 6.0.1; Nexus 5X Build/MMB29P) AppleWebKit/537.36 (KHTML, like Gecko) Chrome/134.0.6998.165 Mobile Safari/537.36 (compatible; Googlebot/2.1; +http://www.google.com/bot.html)"
66.249.79.35 - - [04/May/2025:08:40:38 -0400] "GET /wp-content/plugins/goodlayers-core/plugins/script.js?ver=6.1.5 HTTP/1.1" 200 120456 "http://shishuwasaccos.com.np/camisa-2-da-nigeria-2018-k.html" "Mozilla/5.0 (Linux; Android 6.0.1; Nexus 5X Build/MMB29P) AppleWebKit/537.36 (KHTML, like Gecko) Chrome/134.0.6998.165 Mobile Safari/537.36 (compatible; Googlebot/2.1; +http://www.google.com/bot.html)"
66.249.79.35 - - [04/May/2025:08:40:38 -0400] "GET /wp-includes/js/masonry.min.js?ver=4.2.2 HTTP/1.1" 200 7117 "http://shishuwasaccos.com.np/camisa-2-da-nigeria-2018-k.html" "Mozilla/5.0 (Linux; Android 6.0.1; Nexus 5X Build/MMB29P) AppleWebKit/537.36 (KHTML, like Gecko) Chrome/134.0.6998.165 Mobile Safari/537.36 (compatible; Googlebot/2.1; +http://www.google.com/bot.html)"
66.249.79.35 - - [04/May/2025:08:40:39 -0400] "GET /wp-content/plugins/wp-google-map-plugin/assets/js/vendor/infobox/infobox.js?ver=6.1.5 HTTP/1.1" 200 6575 "http://shishuwasaccos.com.np/camisa-2-da-nigeria-2018-k.html" "Mozilla/5.0 (Linux; Android 6.0.1; Nexus 5X Build/MMB29P) AppleWebKit/537.36 (KHTML, like Gecko) Chrome/134.0.6998.165 Mobile Safari/537.36 (compatible; Googlebot/2.1; +http://www.google.com/bot.html)"
