52.167.144.176 - - [29/Apr/2025:09:01:46 -0400] "GET /wp-content/uploads/2022/01/A8AB1C64-5190-47E1-A953-3155DB343CE3.jpeg HTTP/1.1" 200 124509 "-" "Mozilla/5.0 AppleWebKit/537.36 (KHTML, like Gecko; compatible; bingbot/2.0; +http://www.bing.com/bingbot.htm) Chrome/116.0.1938.76 Safari/537.36"
40.77.167.17 - - [29/Apr/2025:09:10:07 -0400] "GET /category/41/list HTTP/1.1" 200 99 "-" "Mozilla/5.0 AppleWebKit/537.36 (KHTML, like Gecko; compatible; bingbot/2.0; +http://www.bing.com/bingbot.htm) Chrome/116.0.1938.76 Safari/537.36"
199.188.205.55 - - [29/Apr/2025:09:17:01 -0400] "POST /wp-cron.php?doing_wp_cron=1745932621.2585580348968505859375 HTTP/1.1" 200 0 "-" "WordPress/6.2.6; https://rupalake.org.np"
114.119.149.173 - - [29/Apr/2025:09:16:59 -0400] "GET /annual-general-progress-2073 HTTP/1.1" 301 0 "-" "Mozilla/5.0 (Linux; Android 7.0;) AppleWebKit/537.36 (KHTML, like Gecko) Mobile Safari/537.36 (compatible; PetalBot;+https://webmaster.petalsearch.com/site/petalbot)"
199.188.205.55 - - [29/Apr/2025:09:17:03 -0400] "POST /wp-cron.php?doing_wp_cron=1745932622.8970999717712402343750 HTTP/1.1" 200 0 "-" "WordPress/6.2.6; https://rupalake.org.np"
114.119.149.173 - - [29/Apr/2025:09:17:02 -0400] "GET /annual-general-progress-2073/ HTTP/1.1" 200 11390 "-" "Mozilla/5.0 (Linux; Android 7.0;) AppleWebKit/537.36 (KHTML, like Gecko) Mobile Safari/537.36 (compatible; PetalBot;+https://webmaster.petalsearch.com/site/petalbot)"
52.167.144.232 - - [29/Apr/2025:09:32:08 -0400] "GET /project-staff/ HTTP/1.1" 200 99 "-" "Mozilla/5.0 AppleWebKit/537.36 (KHTML, like Gecko; compatible; bingbot/2.0; +http://www.bing.com/bingbot.htm) Chrome/116.0.1938.76 Safari/537.36"
199.188.205.55 - - [29/Apr/2025:10:28:10 -0400] "POST /wp-cron.php?doing_wp_cron=1745936890.3770589828491210937500 HTTP/1.1" 200 0 "-" "WordPress/6.2.6; https://rupalake.org.np"
185.191.171.14 - - [29/Apr/2025:10:28:09 -0400] "GET /annual-progress-report-2072/ HTTP/1.1" 200 10801 "-" "Mozilla/5.0 (compatible; SemrushBot/7~bl; +http://www.semrush.com/bot.html)"
199.188.205.55 - - [29/Apr/2025:10:48:00 -0400] "POST /wp-cron.php?doing_wp_cron=1745938080.5688169002532958984375 HTTP/1.1" 200 0 "-" "WordPress/6.2.6; https://rupalake.org.np"
212.102.36.233 - - [29/Apr/2025:10:48:00 -0400] "GET / HTTP/1.1" 200 11489 "-" "Mozilla/5.0 (Kubuntu; Linux x86_64) AppleWebKit/537.36 (KHTML, like Gecko) Chrome/124.0.0.0 Safari/537.36"
52.167.144.163 - - [29/Apr/2025:10:52:35 -0400] "GET /turning-conflict-into-collaboration-in-managing-commons-a-case-of-rupa-lake-watershed-nepal/ HTTP/1.1" 200 99 "-" "Mozilla/5.0 AppleWebKit/537.36 (KHTML, like Gecko; compatible; bingbot/2.0; +http://www.bing.com/bingbot.htm) Chrome/116.0.1938.76 Safari/537.36"
199.188.205.55 - - [29/Apr/2025:11:04:13 -0400] "POST /wp-cron.php?doing_wp_cron=1745939053.5341110229492187500000 HTTP/1.1" 200 0 "-" "WordPress/6.2.6; https://rupalake.org.np"
114.119.149.173 - - [29/Apr/2025:11:04:13 -0400] "GET /img_0951/ HTTP/1.1" 301 0 "https://rupalake.org.np/gallery/" "Mozilla/5.0 (Linux; Android 7.0;) AppleWebKit/537.36 (KHTML, like Gecko) Mobile Safari/537.36 (compatible; PetalBot;+https://webmaster.petalsearch.com/site/petalbot)"
114.119.149.173 - - [29/Apr/2025:11:04:14 -0400] "GET /wp-content/uploads/2016/05/IMG_0951.jpg HTTP/1.1" 200 716085 "https://rupalake.org.np/gallery/" "Mozilla/5.0 (Linux; Android 7.0;) AppleWebKit/537.36 (KHTML, like Gecko) Mobile Safari/537.36 (compatible; PetalBot;+https://webmaster.petalsearch.com/site/petalbot)"
114.119.155.239 - - [29/Apr/2025:12:03:34 -0400] "GET /world-bank-member-visit-rupalake-2022/ HTTP/1.1" 200 11909 "https://rupalake.org.np/fish-production-in-rupatal/" "Mozilla/5.0 (Linux; Android 7.0;) AppleWebKit/537.36 (KHTML, like Gecko) Mobile Safari/537.36 (compatible; PetalBot;+https://webmaster.petalsearch.com/site/petalbot)"
52.167.144.67 - - [29/Apr/2025:12:05:13 -0400] "GET /robots.txt HTTP/1.1" 200 158 "-" "Mozilla/5.0 AppleWebKit/537.36 (KHTML, like Gecko; compatible; bingbot/2.0; +http://www.bing.com/bingbot.htm) Chrome/116.0.1938.76 Safari/537.36"
52.167.144.67 - - [29/Apr/2025:12:05:13 -0400] "GET /robots.txt HTTP/1.1" 200 158 "-" "Mozilla/5.0 AppleWebKit/537.36 (KHTML, like Gecko; compatible; bingbot/2.0; +http://www.bing.com/bingbot.htm) Chrome/116.0.1938.76 Safari/537.36"
40.77.167.4 - - [29/Apr/2025:12:05:25 -0400] "GET /sitemap.txt HTTP/1.1" 200 99 "-" "Mozilla/5.0 AppleWebKit/537.36 (KHTML, like Gecko; compatible; bingbot/2.0; +http://www.bing.com/bingbot.htm) Chrome/116.0.1938.76 Safari/537.36"
40.77.167.60 - - [29/Apr/2025:13:15:00 -0400] "GET /sitemap.txt HTTP/1.1" 200 99 "-" "Mozilla/5.0 AppleWebKit/537.36 (KHTML, like Gecko; compatible; bingbot/2.0; +http://www.bing.com/bingbot.htm) Chrome/116.0.1938.76 Safari/537.36"
199.188.205.55 - - [29/Apr/2025:14:03:07 -0400] "GET / HTTP/1.1" 200 11489 "-" "WordPress/6.2.6; http://rupalake.org.np"
87.250.224.219 - - [29/Apr/2025:14:07:39 -0400] "GET /robots.txt HTTP/1.1" 200 2177 "-" "Mozilla/5.0 (compatible; YandexBot/3.0; +http://yandex.com/bots)"
213.180.203.248 - - [29/Apr/2025:14:07:40 -0400] "GET /wp-content/themes/sahifa/favicon.ico HTTP/1.1" 200 1150 "-" "Mozilla/5.0 (compatible; YandexFavicons/1.0; +http://yandex.com/bots)"
199.188.205.55 - - [29/Apr/2025:15:08:06 -0400] "POST /wp-cron.php?doing_wp_cron=1745953686.1067500114440917968750 HTTP/1.1" 200 0 "-" "WordPress/6.2.6; https://rupalake.org.np"
114.119.155.239 - - [29/Apr/2025:15:08:05 -0400] "GET /rupalake-brochure/ HTTP/1.1" 200 11291 "https://rupalake.org.np/category/publication/" "Mozilla/5.0 (Linux; Android 7.0;) AppleWebKit/537.36 (KHTML, like Gecko) Mobile Safari/537.36 (compatible; PetalBot;+https://webmaster.petalsearch.com/site/petalbot)"
20.121.190.78 - - [29/Apr/2025:15:21:16 -0400] "GET /wp-content/uploads/2021/09/Rupalake-2021-pics-6-310x165.jpg HTTP/1.1" 200 15659 "-" "Mozilla/5.0 (Windows NT 10.0; Win64; x64) AppleWebKit/537.36 (KHTML, like Gecko) Chrome/109.0.0.0 Safari/537.36"
20.121.190.78 - - [29/Apr/2025:15:28:07 -0400] "GET /wp-content/uploads/2016/06/bb994bca-e72b-44c9-963d-8248a25bef26-310x165.png HTTP/1.1" 200 6827 "-" "Mozilla/5.0 (Windows NT 10.0; Win64; x64) AppleWebKit/537.36 (KHTML, like Gecko) Chrome/109.0.0.0 Safari/537.36"
20.121.190.78 - - [29/Apr/2025:15:43:29 -0400] "GET /wp-content/uploads/2016/09/Rupalake-Restoration-Fishery-Co-operative-Ltd-15th-AGM-bronchure-310x165.jpg HTTP/1.1" 200 21401 "-" "Mozilla/5.0 (Windows NT 10.0; Win64; x64) AppleWebKit/537.36 (KHTML, like Gecko) Chrome/109.0.0.0 Safari/537.36"
199.188.205.55 - - [29/Apr/2025:15:51:07 -0400] "POST /wp-cron.php?doing_wp_cron=1745956267.5884830951690673828125 HTTP/1.1" 200 0 "-" "WordPress/6.2.6; https://rupalake.org.np"
185.191.171.12 - - [29/Apr/2025:15:51:07 -0400] "GET /fish-production-in-rupatal/ HTTP/1.1" 200 11621 "-" "Mozilla/5.0 (compatible; SemrushBot/7~bl; +http://www.semrush.com/bot.html)"
20.121.190.78 - - [29/Apr/2025:15:59:45 -0400] "GET /wp-content/uploads/2022/10/Notice-about-No-Fishing-300x135.jpg HTTP/1.1" 200 13863 "-" "Mozilla/5.0 (Windows NT 10.0; Win64; x64) AppleWebKit/537.36 (KHTML, like Gecko) Chrome/109.0.0.0 Safari/537.36"
20.121.190.78 - - [29/Apr/2025:16:00:52 -0400] "GET /wp-content/uploads/2015/11/Rupa-Lake-Restoration-main-office-310x165.jpeg HTTP/1.1" 200 27973 "-" "Mozilla/5.0 (Windows NT 10.0; Win64; x64) AppleWebKit/537.36 (KHTML, like Gecko) Chrome/109.0.0.0 Safari/537.36"
20.121.190.78 - - [29/Apr/2025:16:16:49 -0400] "GET /wp-content/uploads/2022/10/World-Bank-Member-Visit-Rupalake-@2022-3-310x165.jpg HTTP/1.1" 200 17846 "-" "Mozilla/5.0 (Windows NT 10.0; Win64; x64) AppleWebKit/537.36 (KHTML, like Gecko) Chrome/109.0.0.0 Safari/537.36"
20.121.190.78 - - [29/Apr/2025:16:19:29 -0400] "GET /wp-content/uploads/2017/10/Rupalake-Restoration-Fishery-Co-operative-Ltd-bronchure-310x165.jpg HTTP/1.1" 200 14422 "-" "Mozilla/5.0 (Windows NT 10.0; Win64; x64) AppleWebKit/537.36 (KHTML, like Gecko) Chrome/109.0.0.0 Safari/537.36"
20.121.190.78 - - [29/Apr/2025:16:31:05 -0400] "GET /wp-content/uploads/2016/09/RupaLake-Cooperative-Brochure-Final-310x165.jpg HTTP/1.1" 200 21252 "-" "Mozilla/5.0 (Windows NT 10.0; Win64; x64) AppleWebKit/537.36 (KHTML, like Gecko) Chrome/109.0.0.0 Safari/537.36"
20.121.190.78 - - [29/Apr/2025:16:40:45 -0400] "GET /wp-content/uploads/2016/06/Native-Research-310x165.jpg HTTP/1.1" 200 20642 "-" "Mozilla/5.0 (Windows NT 10.0; Win64; x64) AppleWebKit/537.36 (KHTML, like Gecko) Chrome/109.0.0.0 Safari/537.36"
20.121.190.78 - - [29/Apr/2025:17:00:02 -0400] "GET /wp-content/uploads/2017/10/Rupalake-Restoration-Fishery-Co-operative-Ltd-2074-Annual-Report-Cover-2074-310x165.jpg HTTP/1.1" 200 22074 "-" "Mozilla/5.0 (Windows NT 10.0; Win64; x64) AppleWebKit/537.36 (KHTML, like Gecko) Chrome/109.0.0.0 Safari/537.36"
20.121.190.78 - - [29/Apr/2025:17:05:28 -0400] "GET /wp-content/uploads/2016/06/IMG_9643-310x165.jpg HTTP/1.1" 200 9480 "-" "Mozilla/5.0 (Windows NT 10.0; Win64; x64) AppleWebKit/537.36 (KHTML, like Gecko) Chrome/109.0.0.0 Safari/537.36"
20.121.190.78 - - [29/Apr/2025:17:09:22 -0400] "GET /wp-content/uploads/2022/10/21st-AGM-310x165.jpg HTTP/1.1" 200 15293 "-" "Mozilla/5.0 (Windows NT 10.0; Win64; x64) AppleWebKit/537.36 (KHTML, like Gecko) Chrome/109.0.0.0 Safari/537.36"
199.188.205.55 - - [29/Apr/2025:18:54:28 -0400] "POST /wp-cron.php?doing_wp_cron=1745967268.7946479320526123046875 HTTP/1.1" 200 0 "-" "WordPress/6.2.6; https://rupalake.org.np"
114.119.138.220 - - [29/Apr/2025:18:54:28 -0400] "GET /gallery/rupalake-2021-pics-25/ HTTP/1.1" 301 0 "https://rupalake.org.np/gallery/" "Mozilla/5.0 (Linux; Android 7.0;) AppleWebKit/537.36 (KHTML, like Gecko) Mobile Safari/537.36 (compatible; PetalBot;+https://webmaster.petalsearch.com/site/petalbot)"
114.119.138.220 - - [29/Apr/2025:18:54:29 -0400] "GET /wp-content/uploads/2021/09/Rupalake-2021-Pics-25.jpg HTTP/1.1" 200 94450 "https://rupalake.org.np/gallery/" "Mozilla/5.0 (Linux; Android 7.0;) AppleWebKit/537.36 (KHTML, like Gecko) Mobile Safari/537.36 (compatible; PetalBot;+https://webmaster.petalsearch.com/site/petalbot)"
66.249.79.131 - - [29/Apr/2025:18:59:47 -0400] "GET /index1.html HTTP/1.1" 200 1548 "-" "Mozilla/5.0 (Linux; Android 6.0.1; Nexus 5X Build/MMB29P) AppleWebKit/537.36 (KHTML, like Gecko) Chrome/135.0.7049.95 Mobile Safari/537.36 (compatible; Googlebot/2.1; +http://www.google.com/bot.html)"
66.249.79.132 - - [29/Apr/2025:19:12:33 -0400] "GET /ads.txt HTTP/1.1" 200 99 "-" "Mozilla/5.0 (compatible; Googlebot/2.1; +http://www.google.com/bot.html)"
199.188.205.55 - - [29/Apr/2025:19:15:17 -0400] "POST /wp-cron.php?doing_wp_cron=1745968517.4181890487670898437500 HTTP/1.1" 200 0 "-" "WordPress/6.2.6; https://rupalake.org.np"
114.119.155.239 - - [29/Apr/2025:19:15:13 -0400] "GET /research-programme-on-fishery-in-rupa-lake/img_9643/ HTTP/1.1" 301 0 "https://rupalake.org.np/gallery/" "Mozilla/5.0 (Linux; Android 7.0;) AppleWebKit/537.36 (KHTML, like Gecko) Mobile Safari/537.36 (compatible; PetalBot;+https://webmaster.petalsearch.com/site/petalbot)"
114.119.155.239 - - [29/Apr/2025:19:15:18 -0400] "GET /wp-content/uploads/2016/06/IMG_9643.jpg HTTP/1.1" 200 410385 "https://rupalake.org.np/gallery/" "Mozilla/5.0 (Linux; Android 7.0;) AppleWebKit/537.36 (KHTML, like Gecko) Mobile Safari/537.36 (compatible; PetalBot;+https://webmaster.petalsearch.com/site/petalbot)"
199.188.205.55 - - [29/Apr/2025:19:32:55 -0400] "POST /wp-cron.php?doing_wp_cron=1745969575.1858799457550048828125 HTTP/1.1" 200 0 "-" "WordPress/6.2.6; https://rupalake.org.np"
114.119.165.136 - - [29/Apr/2025:19:32:54 -0400] "GET /turning-conflict-into-collaboration-in-managing-commons-a-case-of-rupa-lake-watershed-nepal/ HTTP/1.1" 200 11660 "https://rupalake.org.np/rupalake-fish-catalogue/" "Mozilla/5.0 (Linux; Android 7.0;) AppleWebKit/537.36 (KHTML, like Gecko) Mobile Safari/537.36 (compatible; PetalBot;+https://webmaster.petalsearch.com/site/petalbot)"
199.188.205.55 - - [29/Apr/2025:19:34:18 -0400] "POST /wp-cron.php?doing_wp_cron=1745969658.6411769390106201171875 HTTP/1.1" 200 0 "-" "WordPress/6.2.6; https://rupalake.org.np"
114.119.149.173 - - [29/Apr/2025:19:34:18 -0400] "GET /feed/ HTTP/1.1" 200 3806 "https://rupalake.org.np/rupalake-fish-catalogue/" "Mozilla/5.0 (Linux; Android 7.0;) AppleWebKit/537.36 (KHTML, like Gecko) Mobile Safari/537.36 (compatible; PetalBot;+https://webmaster.petalsearch.com/site/petalbot)"
17.241.219.140 - - [29/Apr/2025:19:34:31 -0400] "GET /robots.txt HTTP/1.1" 200 236 "-" "Mozilla/5.0 (Macintosh; Intel Mac OS X 10_15_7) AppleWebKit/605.1.15 (KHTML, like Gecko) Version/17.4 Safari/605.1.15 (Applebot/0.1; +http://www.apple.com/go/applebot)"
17.241.219.140 - - [29/Apr/2025:19:34:32 -0400] "GET /fresh-rupalake-fish/ HTTP/1.1" 200 10882 "-" "Mozilla/5.0 (Macintosh; Intel Mac OS X 10_15_7) AppleWebKit/605.1.15 (KHTML, like Gecko) Version/17.4 Safari/605.1.15 (Applebot/0.1; +http://www.apple.com/go/applebot)"
199.188.205.55 - - [29/Apr/2025:19:50:13 -0400] "POST /wp-cron.php?doing_wp_cron=1745970613.3383100032806396484375 HTTP/1.1" 200 0 "-" "WordPress/6.2.6; https://rupalake.org.np"
114.119.165.136 - - [29/Apr/2025:19:50:12 -0400] "GET /gallery/rupalake-2021-pics-10/ HTTP/1.1" 301 0 "https://rupalake.org.np/gallery/" "Mozilla/5.0 (Linux; Android 7.0;) AppleWebKit/537.36 (KHTML, like Gecko) Mobile Safari/537.36 (compatible; PetalBot;+https://webmaster.petalsearch.com/site/petalbot)"
114.119.165.136 - - [29/Apr/2025:19:50:14 -0400] "GET /wp-content/uploads/2021/09/Rupalake-2021-pics-10.jpg HTTP/1.1" 200 170954 "https://rupalake.org.np/gallery/" "Mozilla/5.0 (Linux; Android 7.0;) AppleWebKit/537.36 (KHTML, like Gecko) Mobile Safari/537.36 (compatible; PetalBot;+https://webmaster.petalsearch.com/site/petalbot)"
199.188.205.55 - - [29/Apr/2025:21:34:20 -0400] "POST /wp-cron.php?doing_wp_cron=1745976860.5405230522155761718750 HTTP/1.1" 200 0 "-" "WordPress/6.2.6; https://rupalake.org.np"
85.208.96.204 - - [29/Apr/2025:21:34:20 -0400] "GET /notice-about-no-fishing/ HTTP/1.1" 200 11273 "-" "Mozilla/5.0 (compatible; SemrushBot/7~bl; +http://www.semrush.com/bot.html)"
199.188.205.55 - - [29/Apr/2025:21:41:27 -0400] "POST /wp-cron.php?doing_wp_cron=1745977287.2173309326171875000000 HTTP/1.1" 200 0 "-" "WordPress/6.2.6; https://rupalake.org.np"
45.156.130.10 - - [29/Apr/2025:21:41:26 -0400] "GET / HTTP/1.1" 200 11489 "-" "Mozilla/5.0 (Windows NT 10.0; WOW64) AppleWebKit/537.36 (KHTML, like Gecko) Chrome/66.0.3359.117 Safari/537.36"
199.188.205.55 - - [29/Apr/2025:22:01:59 -0400] "POST /wp-cron.php?doing_wp_cron=1745978519.5068130493164062500000 HTTP/1.1" 200 0 "-" "WordPress/6.2.6; https://rupalake.org.np"
178.62.251.89 - - [29/Apr/2025:22:01:58 -0400] "GET /e3e4b198-302b-4c44-996f-b81a2fa0b023/ HTTP/1.1" 301 0 "-" "Mozilla/5.0 (Macintosh; Intel Mac OS X 10_15_7) AppleWebKit/537.36 (KHTML, like Gecko) Chrome/124.0.0.0 Safari/537.36"
199.188.205.55 - - [29/Apr/2025:22:06:30 -0400] "POST /wp-cron.php?doing_wp_cron=1745978790.0118789672851562500000 HTTP/1.1" 200 0 "-" "WordPress/6.2.6; https://rupalake.org.np"
198.235.24.114 - - [29/Apr/2025:22:06:29 -0400] "GET / HTTP/1.1" 200 46553 "-" "Expanse, a Palo Alto Networks company, searches across the global IPv4 space multiple times per day to identify customers' presences on the Internet. If you would like to be excluded from our scans, please send IP addresses/domains to: scaninfo@paloaltonetworks.com"
52.167.144.185 - - [29/Apr/2025:22:31:40 -0400] "GET /wp-content/uploads/2017/10/DSC_2804-660x330.jpg HTTP/1.1" 200 32561 "-" "Mozilla/5.0 AppleWebKit/537.36 (KHTML, like Gecko; compatible; bingbot/2.0; +http://www.bing.com/bingbot.htm) Chrome/116.0.1938.76 Safari/537.36"
173.249.43.220 - - [29/Apr/2025:22:36:41 -0400] "GET /wp-content/themes/hello_dolly_v2.php HTTP/1.1" 404 8389 "www.google.com" "Mozilla/5.0 (Linux; Android 7.0; SM-G892A Build/NRD90M; wv) AppleWebKit/537.36 (KHTML, like Gecko) Version/4.0 Chrome/60.0.3112.107 Mobile Safari/537.36"
85.208.96.200 - - [29/Apr/2025:22:38:37 -0400] "GET /category/programmes/ HTTP/1.1" 200 9323 "-" "Mozilla/5.0 (compatible; SemrushBot/7~bl; +http://www.semrush.com/bot.html)"
199.188.205.55 - - [29/Apr/2025:23:04:23 -0400] "POST /wp-cron.php?doing_wp_cron=1745982263.4782578945159912109375 HTTP/1.1" 200 0 "-" "WordPress/6.2.6; https://rupalake.org.np"
206.189.25.181 - - [29/Apr/2025:23:04:23 -0400] "GET /gallery/rupalake-2021-pics-15/ HTTP/1.1" 301 0 "-" "Mozilla/5.0 (Windows NT 10.0; Win64; x64) AppleWebKit/537.36 (KHTML, like Gecko) Chrome/124.0.0.0 Safari/537.36"
199.188.205.55 - - [29/Apr/2025:23:51:11 -0400] "POST /wp-cron.php?doing_wp_cron=1745985071.1522860527038574218750 HTTP/1.1" 200 0 "-" "WordPress/6.2.6; https://rupalake.org.np"
143.198.41.219 - - [29/Apr/2025:23:51:10 -0400] "GET /gallery/rupa-lake-2020-6/ HTTP/1.1" 301 0 "-" "Mozilla/5.0 (Macintosh; Intel Mac OS X 10_15_7) AppleWebKit/537.36 (KHTML, like Gecko) Chrome/124.0.0.0 Safari/537.36"
114.119.151.64 - - [29/Apr/2025:23:57:21 -0400] "GET /wp-content/uploads/2021/09/Rupalake-2021-Pics-20-225x300.jpg HTTP/1.1" 200 21462 "https://rupalake.org.np/gallery/" "Mozilla/5.0 (Linux; Android 7.0;) AppleWebKit/537.36 (KHTML, like Gecko) Mobile Safari/537.36 (compatible; PetalBot;+https://webmaster.petalsearch.com/site/petalbot)"
199.188.205.55 - - [30/Apr/2025:00:00:44 -0400] "POST /wp-cron.php?doing_wp_cron=1745985644.2808630466461181640625 HTTP/1.1" 200 0 "-" "WordPress/6.2.6; https://rupalake.org.np"
114.119.149.173 - - [30/Apr/2025:00:00:42 -0400] "GET /audit-report-2074-rupatal/ HTTP/1.1" 200 11355 "https://rupalake.org.np/rupalake-fish-catalogue/" "Mozilla/5.0 (Linux; Android 7.0;) AppleWebKit/537.36 (KHTML, like Gecko) Mobile Safari/537.36 (compatible; PetalBot;+https://webmaster.petalsearch.com/site/petalbot)"
40.77.167.37 - - [30/Apr/2025:00:03:25 -0400] "GET /magazines/business/16810273103443 HTTP/1.1" 200 99 "-" "Mozilla/5.0 AppleWebKit/537.36 (KHTML, like Gecko; compatible; bingbot/2.0; +http://www.bing.com/bingbot.htm) Chrome/116.0.1938.76 Safari/537.36"
54.36.148.159 - - [30/Apr/2025:00:44:44 -0400] "GET /robots.txt HTTP/1.1" 200 158 "-" "Mozilla/5.0 (compatible; AhrefsBot/7.0; +http://ahrefs.com/robot/)"
199.188.205.55 - - [30/Apr/2025:00:44:48 -0400] "POST /wp-cron.php?doing_wp_cron=1745988288.1290678977966308593750 HTTP/1.1" 200 0 "-" "WordPress/6.2.6; https://rupalake.org.np"
51.222.253.5 - - [30/Apr/2025:00:44:45 -0400] "GET /category/programmes/ HTTP/1.1" 200 8187 "-" "Mozilla/5.0 (compatible; AhrefsBot/7.0; +http://ahrefs.com/robot/)"
51.222.253.9 - - [30/Apr/2025:00:48:53 -0400] "GET /core-staff/ HTTP/1.1" 200 8753 "-" "Mozilla/5.0 (compatible; AhrefsBot/7.0; +http://ahrefs.com/robot/)"
52.167.144.183 - - [30/Apr/2025:01:21:52 -0400] "GET /magazines/qualifications/16760340461184 HTTP/1.1" 200 99 "-" "Mozilla/5.0 AppleWebKit/537.36 (KHTML, like Gecko; compatible; bingbot/2.0; +http://www.bing.com/bingbot.htm) Chrome/116.0.1938.76 Safari/537.36"
199.188.205.55 - - [30/Apr/2025:02:01:20 -0400] "GET / HTTP/1.1" 200 11489 "-" "WordPress/6.2.6; http://rupalake.org.np"
199.188.205.55 - - [30/Apr/2025:02:41:59 -0400] "POST /wp-cron.php?doing_wp_cron=1745995318.9706060886383056640625 HTTP/1.1" 200 0 "-" "WordPress/6.2.6; https://rupalake.org.np"
159.89.42.231 - - [30/Apr/2025:02:41:58 -0400] "GET /gallery/rupalake-2021-pics-28/ HTTP/1.1" 301 0 "-" "Mozilla/5.0 (Macintosh; Intel Mac OS X 10_15_7) AppleWebKit/537.36 (KHTML, like Gecko) Chrome/124.0.0.0 Safari/537.36"
52.203.152.231 - - [30/Apr/2025:02:42:14 -0400] "GET /robots.txt HTTP/1.1" 200 236 "-" "Mozilla/5.0 AppleWebKit/537.36 (KHTML, like Gecko; compatible; Amazonbot/0.1; +https://developer.amazon.com/support/amazonbot) Chrome/119.0.6045.214 Safari/537.36"
199.188.205.55 - - [30/Apr/2025:02:42:15 -0400] "POST /wp-cron.php?doing_wp_cron=1745995335.5001370906829833984375 HTTP/1.1" 200 0 "-" "WordPress/6.2.6; https://rupalake.org.np"
54.225.181.161 - - [30/Apr/2025:02:42:14 -0400] "GET /notice-about-20th-agm/ HTTP/1.1" 200 11268 "-" "Mozilla/5.0 AppleWebKit/537.36 (KHTML, like Gecko; compatible; Amazonbot/0.1; +https://developer.amazon.com/support/amazonbot) Chrome/119.0.6045.214 Safari/537.36"
199.188.205.55 - - [30/Apr/2025:03:13:46 -0400] "POST /wp-cron.php?doing_wp_cron=1745997226.8760840892791748046875 HTTP/1.1" 200 0 "-" "WordPress/6.2.6; https://rupalake.org.np"
18.234.137.63 - - [30/Apr/2025:03:13:45 -0400] "GET / HTTP/1.1" 200 0 "-" "Mozilla/5.0 (X11; Linux x86_64) AppleWebKit/537.36 (KHTML, like Gecko) Chrome/92.0.4515.131 Safari/537.36"
114.119.155.239 - - [30/Apr/2025:03:13:47 -0400] "GET /author/admin/feed/ HTTP/1.1" 200 3830 "-" "Mozilla/5.0 (Linux; Android 7.0;) AppleWebKit/537.36 (KHTML, like Gecko) Mobile Safari/537.36 (compatible; PetalBot;+https://webmaster.petalsearch.com/site/petalbot)"
199.188.205.55 - - [30/Apr/2025:03:14:17 -0400] "POST /wp-cron.php?doing_wp_cron=1745997257.4843339920043945312500 HTTP/1.1" 200 0 "-" "WordPress/6.2.6; https://rupalake.org.np"
165.22.50.141 - - [30/Apr/2025:03:14:17 -0400] "GET /gallery/rupalake-2021-pics-9/ HTTP/1.1" 301 0 "-" "Mozilla/5.0 (Windows NT 10.0; Win64; x64) AppleWebKit/537.36 (KHTML, like Gecko) Chrome/124.0.0.0 Safari/537.36"
18.234.137.63 - - [30/Apr/2025:03:14:41 -0400] "GET //rupalake.org.np/wp-includes/js/jquery/jquery.min.js HTTP/1.1" 301 0 "-" "Mozilla/5.0 (Linux; Android 11; RMX1851) AppleWebKit/537.36 (KHTML, like Gecko) Chrome/90.0.4430.210 Mobile Safari/537.36"
18.234.137.63 - - [30/Apr/2025:03:14:41 -0400] "GET //rupalake.org.np/wp-content/themes/sahifa/js/ilightbox.packed.js HTTP/1.1" 301 0 "-" "Mozilla/5.0 (Macintosh; Intel Mac OS X 10_15_7) AppleWebKit/537.36 (KHTML, like Gecko) Chrome/100.0.4896.60 Safari/537.36 Edg/100.0.1185.29"
18.234.137.63 - - [30/Apr/2025:03:14:41 -0400] "GET //rupalake.org.np/wp-content/themes/sahifa/js/html5.js HTTP/1.1" 301 0 "-" "Mozilla/4.0 (compatible; MSIE 6.0; Windows CE; IEMobile 7.11) Sprint:PPC6800"
18.234.137.63 - - [30/Apr/2025:03:14:42 -0400] "GET //rupalake.org.np/wp-content/themes/sahifa/js/search.js HTTP/1.1" 301 0 "-" "Mozilla/5.0 (X11; Linux x86_64) AppleWebKit/537.36 (KHTML, like Gecko) Chrome/99.0.4844.51 Safari/537.36"
18.234.137.63 - - [30/Apr/2025:03:14:42 -0400] "GET //rupalake.org.np/wp-content/themes/sahifa/js/tie-scripts.js HTTP/1.1" 301 0 "-" "Mozilla/5.0 (Windows NT 10.0) AppleWebKit/537.36 (KHTML, like Gecko) Chrome/101.0.4951.54 Safari/537.36"
18.234.137.63 - - [30/Apr/2025:03:14:42 -0400] "GET //rupalake.org.np/wp-includes/js/jquery/jquery-migrate.min.js HTTP/1.1" 301 0 "-" "Mozilla/5.0 (Linux; Android 12; ASUS_I005DA) AppleWebKit/537.36 (KHTML, like Gecko) Chrome/100.0.4896.127 Mobile Safari/537.36 EdgA/100.0.1185.50"
18.234.137.63 - - [30/Apr/2025:03:14:41 -0400] "GET /wp-emoji-release.min.js HTTP/1.1" 404 8389 "-" "Mozilla/5.0 (iPhone; CPU iPhone OS 11_0 like Mac OS X) AppleWebKit/604.1.38 (KHTML, like Gecko) Version/11.0 Mobile/15A5362a Safari/604.1"
18.234.137.63 - - [30/Apr/2025:03:14:43 -0400] "GET //rupalake.org.np/wp-content/themes/sahifa/js/selectivizr-min.js HTTP/1.1" 301 0 "-" "Mozilla/5.0 (Linux; Android 10; VOG-L29) AppleWebKit/537.36 (KHTML, like Gecko) Chrome/100.0.4896.79 Mobile Safari/537.36"
199.188.205.55 - - [30/Apr/2025:03:15:42 -0400] "POST /wp-cron.php?doing_wp_cron=1745997342.4070639610290527343750 HTTP/1.1" 200 0 "-" "WordPress/6.2.6; https://rupalake.org.np"
18.234.137.63 - - [30/Apr/2025:03:15:41 -0400] "GET /wp-emoji-release.min.js HTTP/1.1" 404 8389 "-" "Opera/7.50 (Windows ME; U) [en]"
18.234.137.63 - - [30/Apr/2025:03:15:43 -0400] "GET //rupalake.org.np/wp-content/themes/sahifa/js/tie-scripts.js HTTP/1.1" 301 0 "-" "Mozilla/5.0 (Linux; U; Android 1.6; en-us; HTC_TATTOO_A3288 Build/DRC79) AppleWebKit/528.5 (KHTML, like Gecko) Version/3.1.2 Mobile Safari/525.20.1"
18.234.137.63 - - [30/Apr/2025:03:15:43 -0400] "GET //rupalake.org.np/wp-content/themes/sahifa/js/ilightbox.packed.js HTTP/1.1" 301 0 "-" "Mozilla/5.0 (OS/2; U; OS/2; en-US) AppleWebKit/533.3 (KHTML, like Gecko) QupZilla/1.3.1 Safari/533.3"
18.234.137.63 - - [30/Apr/2025:03:15:44 -0400] "GET //rupalake.org.np/wp-content/themes/sahifa/js/search.js HTTP/1.1" 301 0 "-" "Mozilla/5.0 (Windows NT 6.1; WOW64) AppleWebKit/535.7 (KHTML, like Gecko) Chrome/16.0.912.36 Safari/535.7"
18.234.137.63 - - [30/Apr/2025:03:15:44 -0400] "GET //rupalake.org.np/wp-includes/js/jquery/jquery.min.js HTTP/1.1" 301 0 "-" "Mozilla/5.0 (X11; CrOS x86_64 14469.59.0) AppleWebKit/537.36 (KHTML, like Gecko) Chrome/99.0.4844.94 Safari/537.36"
18.234.137.63 - - [30/Apr/2025:03:15:44 -0400] "GET //rupalake.org.np/wp-includes/js/jquery/jquery-migrate.min.js HTTP/1.1" 301 0 "-" "Mozilla/4.0 (compatible; MSIE 6.0; Windows CE; IEMobile 7.11) Sprint:PPC6800"
18.234.137.63 - - [30/Apr/2025:03:15:44 -0400] "GET //rupalake.org.np/wp-content/themes/sahifa/js/html5.js HTTP/1.1" 301 0 "-" "Mozilla/5.0 (Linux; Android 11; SM-A515F) AppleWebKit/537.36 (KHTML, like Gecko) Chrome/100.0.4896.127 Mobile Safari/537.36"
18.234.137.63 - - [30/Apr/2025:03:15:46 -0400] "GET //rupalake.org.np/wp-content/themes/sahifa/js/selectivizr-min.js HTTP/1.1" 200 0 "-" "Mozilla/5.0 (Linux; Android 7.0; SM-N920C) AppleWebKit/537.36 (KHTML, like Gecko) Chrome/101.0.4951.61 Mobile Safari/537.36"
199.188.205.55 - - [30/Apr/2025:03:16:35 -0400] "POST /wp-cron.php?doing_wp_cron=1745997395.0542380809783935546875 HTTP/1.1" 200 0 "-" "WordPress/6.2.6; https://rupalake.org.np"
18.234.137.63 - - [30/Apr/2025:03:16:34 -0400] "GET //rupalake.org.np/wp-includes/js/jquery/jquery-migrate.min.js HTTP/1.1" 301 0 "-" "Mozilla/5.0 (iPhone; CPU iPhone OS 15_4_1 like Mac OS X) AppleWebKit/605.1.15 (KHTML, like Gecko) Mobile/15E148 Zalo iOS/448 ZaloTheme/light ZaloLanguage/en"
18.234.137.63 - - [30/Apr/2025:03:16:34 -0400] "GET //rupalake.org.np/wp-content/themes/sahifa/js/tie-scripts.js HTTP/1.1" 301 0 "-" "Mozilla/5.0 (iPhone; CPU iPhone OS 8_3 like Mac OS X) AppleWebKit/600.1.4 (KHTML, like Gecko) Version/8.0 Mobile/12F70 Safari/600.1.4"
18.234.137.63 - - [30/Apr/2025:03:16:34 -0400] "GET //rupalake.org.np/wp-content/themes/sahifa/js/ilightbox.packed.js HTTP/1.1" 301 0 "-" "Mozilla/5.0 (Windows NT 10.0; WOW64) AppleWebKit/537.36 (KHTML, like Gecko) Chrome/92.0.4515.131 Safari/537.36 SLBrowser/8.0.0.3161 SLBChan/10"
18.234.137.63 - - [30/Apr/2025:03:16:34 -0400] "GET //rupalake.org.np/wp-includes/js/jquery/jquery.min.js HTTP/1.1" 301 0 "-" "Mozilla/5.0 (Macintosh; Intel Mac OS X 10_15_6) AppleWebKit/605.1.15 (KHTML, like Gecko) Version/15.2 Safari/605.1.15"
18.234.137.63 - - [30/Apr/2025:03:16:34 -0400] "GET //rupalake.org.np/wp-content/themes/sahifa/js/search.js HTTP/1.1" 301 0 "-" "SAMSUNG-SGH-A867/A867UCHJ3 SHP/VPP/R5 NetFront/35 SMM-MMS/1.2.0 profile/MIDP-2.0 configuration/CLDC-1.1 UP.Link/6.3.0.0.0"
18.234.137.63 - - [30/Apr/2025:03:16:34 -0400] "GET /wp-emoji-release.min.js HTTP/1.1" 404 8389 "-" "Mozilla/5.0 (Windows NT 10.0; Win64; x64) AppleWebKit/537.36 (KHTML, like Gecko) Chrome/64.0.3282.140 Safari/537.36 Edge/17.17134"
18.234.137.63 - - [30/Apr/2025:03:16:38 -0400] "GET //rupalake.org.np/wp-content/themes/sahifa/js/html5.js HTTP/1.1" 301 0 "-" "Mozilla/5.0 (Linux; Android 12; SM-N986U) AppleWebKit/537.36 (KHTML, like Gecko) Chrome/101.0.4951.41 Mobile Safari/537.36"
18.234.137.63 - - [30/Apr/2025:03:16:38 -0400] "GET //rupalake.org.np/wp-content/themes/sahifa/js/selectivizr-min.js HTTP/1.1" 301 0 "-" "Mozilla/5.0 (OS/2; Warp 4.5; rv:24.0) Gecko/20100101 Firefox/24.0"
199.188.205.55 - - [30/Apr/2025:03:19:33 -0400] "POST /wp-cron.php?doing_wp_cron=1745997573.0081040859222412109375 HTTP/1.1" 200 0 "-" "WordPress/6.2.6; https://rupalake.org.np"
18.234.137.63 - - [30/Apr/2025:03:19:32 -0400] "GET //rupalake.org.np/wp-includes/js/jquery/jquery.min.js HTTP/1.1" 301 0 "-" "Mozilla/5.0 (Macintosh; Intel Mac OS X 10_14_6) AppleWebKit/605.1.15 (KHTML, like Gecko) Version/14.1.2 Safari/605.1.15"
18.234.137.63 - - [30/Apr/2025:03:19:33 -0400] "GET //rupalake.org.np/wp-content/themes/sahifa/js/ilightbox.packed.js HTTP/1.1" 301 0 "-" "Mozilla/5.0 (Linux; Android 12; Pixel 4a (5G)) AppleWebKit/537.36 (KHTML, like Gecko) Chrome/101.0.4951.61 Mobile Safari/537.36"
18.234.137.63 - - [30/Apr/2025:03:19:32 -0400] "GET //rupalake.org.np/wp-content/themes/sahifa/js/selectivizr-min.js HTTP/1.1" 301 0 "-" "Mozilla/5.0 (Linux; U; Android 1.5; de-ch; HTC Hero Build/CUPCAKE) AppleWebKit/528.5 (KHTML, like Gecko) Version/3.1.2 Mobile Safari/525.20.1"
18.234.137.63 - - [30/Apr/2025:03:19:33 -0400] "GET //rupalake.org.np/wp-content/themes/sahifa/js/html5.js HTTP/1.1" 301 0 "-" "Mozilla/5.0 (Macintosh; Intel Mac OS X 10_16) AppleWebKit/605.1.15 (KHTML, like Gecko) Version/14.1.2 Safari/605.1.15"
18.234.137.63 - - [30/Apr/2025:03:19:33 -0400] "GET //rupalake.org.np/wp-content/themes/sahifa/js/tie-scripts.js HTTP/1.1" 301 0 "-" "Mozilla/5.0 (Macintosh; Intel Mac OS X 1083) AppleWebKit/537.36 (KHTML like Gecko) Chrome/28.0.1469.0 Safari/537.36"
18.234.137.63 - - [30/Apr/2025:03:19:33 -0400] "GET //rupalake.org.np/wp-content/themes/sahifa/js/search.js HTTP/1.1" 301 0 "-" "Mozilla/5.0 (Linux; Android 12; SM-G991B) AppleWebKit/537.36 (KHTML, like Gecko) Chrome/100.0.4896.127 Mobile Safari/537.36 EdgA/100.0.1185.50"
18.234.137.63 - - [30/Apr/2025:03:19:33 -0400] "GET //rupalake.org.np/wp-includes/js/jquery/jquery-migrate.min.js HTTP/1.1" 301 0 "-" "Mozilla/5.0 (Macintosh; Intel Mac OS X 10_15_7) AppleWebKit/537.36 (KHTML, like Gecko) Chrome/103.0.5056.0 Safari/537.36"
18.234.137.63 - - [30/Apr/2025:03:19:32 -0400] "GET /wp-emoji-release.min.js HTTP/1.1" 404 8389 "-" "Mozilla/5.0 (Macintosh; Intel Mac OS X 10_14_6) AppleWebKit/537.36 (KHTML, like Gecko) Chrome/99.0.4844.74 Safari/537.36"
199.188.205.55 - - [30/Apr/2025:03:21:04 -0400] "POST /wp-cron.php?doing_wp_cron=1745997664.1455409526824951171875 HTTP/1.1" 200 0 "-" "WordPress/6.2.6; https://rupalake.org.np"
18.234.137.63 - - [30/Apr/2025:03:21:03 -0400] "GET /wp-emoji-release.min.js HTTP/1.1" 404 8435 "-" "Mozilla/5.0 (compatible; MSIE 10.0; Windows Phone 8.0; Trident/6.0; IEMobile/10.0; ARM; Touch; NOKIA; Lumia 920)"
18.234.137.63 - - [30/Apr/2025:03:21:05 -0400] "GET //rupalake.org.np/wp-content/themes/sahifa/js/selectivizr-min.js HTTP/1.1" 301 0 "-" "Mozilla/5.0 (Macintosh; Intel Mac OS X 10_14_5) AppleWebKit/537.36 (KHTML, like Gecko) Chrome/101.0.4951.64 Safari/537.36"
18.234.137.63 - - [30/Apr/2025:03:21:05 -0400] "GET //rupalake.org.np/wp-content/themes/sahifa/js/tie-scripts.js HTTP/1.1" 301 0 "-" "msnbot/0.11 ( http://search.msn.com/msnbot.htm)"
18.234.137.63 - - [30/Apr/2025:03:21:05 -0400] "GET //rupalake.org.np/wp-content/themes/sahifa/js/html5.js HTTP/1.1" 301 0 "-" "Mozilla/5.0 (Macintosh; Intel Mac OS X 10_14_6) AppleWebKit/537.36 (KHTML, like Gecko) Chrome/79.0.3945.130 Safari/537.36"
18.234.137.63 - - [30/Apr/2025:03:21:05 -0400] "GET //rupalake.org.np/wp-includes/js/jquery/jquery.min.js HTTP/1.1" 301 0 "-" "Mozilla/5.0 (Linux; Android 5.1.1; Coolpad 3622A Build/LMY47V) AppleWebKit/537.36 (KHTML, like Gecko) Chrome/58.0.3029.83 Mobile Safari/537.36"
18.234.137.63 - - [30/Apr/2025:03:21:05 -0400] "GET //rupalake.org.np/wp-content/themes/sahifa/js/ilightbox.packed.js HTTP/1.1" 301 0 "-" "Mozilla/5.0 (webOS/1.3; U; en-US) AppleWebKit/525.27.1 (KHTML, like Gecko) Version/1.0 Safari/525.27.1 Desktop/1.0"
18.234.137.63 - - [30/Apr/2025:03:21:05 -0400] "GET //rupalake.org.np/wp-includes/js/jquery/jquery-migrate.min.js HTTP/1.1" 301 0 "-" "Mozilla/4.77 [en] (X11; I; IRIX;64 6.5 IP30)"
18.234.137.63 - - [30/Apr/2025:03:21:07 -0400] "GET //rupalake.org.np/wp-content/themes/sahifa/js/search.js HTTP/1.1" 301 0 "-" "Mozilla/5.0 (Linux; U; Android 3.0; en-us; Xoom Build/HRI39) AppleWebKit/525.10 (KHTML, like Gecko) Version/3.0.4 Mobile Safari/523.12.2"
199.188.205.55 - - [30/Apr/2025:03:22:11 -0400] "POST /wp-cron.php?doing_wp_cron=1745997731.0466210842132568359375 HTTP/1.1" 200 0 "-" "WordPress/6.2.6; https://rupalake.org.np"
18.234.137.63 - - [30/Apr/2025:03:22:09 -0400] "GET //rupalake.org.np/wp-content/themes/sahifa/js/html5.js HTTP/1.1" 301 0 "-" "Mozilla/5.0 (Linux; Android 12; motorola edge 20 pro) AppleWebKit/537.36 (KHTML, like Gecko) Chrome/101.0.4951.41 Mobile Safari/537.36"
18.234.137.63 - - [30/Apr/2025:03:22:12 -0400] "GET //rupalake.org.np/wp-includes/js/jquery/jquery-migrate.min.js HTTP/1.1" 200 111 "-" "Mozilla/5.0 (iPhone; U; CPU iPhone OS) (compatible; Googlebot-Mobile/2.1; http://www.google.com/bot.html)"
18.234.137.63 - - [30/Apr/2025:03:22:12 -0400] "GET //rupalake.org.np/wp-content/themes/sahifa/js/search.js HTTP/1.1" 301 0 "-" "Mozilla/5.0 (Windows NT 10.0; WOW64; rv:47.0) Gecko/20100101 Firefox/47.0"
18.234.137.63 - - [30/Apr/2025:03:22:12 -0400] "GET //rupalake.org.np/wp-includes/js/jquery/jquery.min.js HTTP/1.1" 301 0 "-" "Mozilla/5.0 (Linux; Android 12; Pixel 4) AppleWebKit/537.36 (KHTML, like Gecko) Chrome/101.0.4951.61 Mobile Safari/537.36"
18.234.137.63 - - [30/Apr/2025:03:22:12 -0400] "GET //rupalake.org.np/wp-content/themes/sahifa/js/selectivizr-min.js HTTP/1.1" 301 0 "-" "Mozilla/5.0 (Macintosh; Intel Mac OS X 10_14_4) AppleWebKit/537.36 (KHTML, like Gecko) Chrome/100.0.4896.127 Safari/537.36"
18.234.137.63 - - [30/Apr/2025:03:22:12 -0400] "GET //rupalake.org.np/wp-content/themes/sahifa/js/tie-scripts.js HTTP/1.1" 301 0 "-" "Mozilla/5.0 (Linux; Android 11; SM-A225F) AppleWebKit/537.36 (KHTML, like Gecko) Chrome/101.0.4951.41 Mobile Safari/537.36"
18.234.137.63 - - [30/Apr/2025:03:22:12 -0400] "GET /wp-emoji-release.min.js HTTP/1.1" 404 8389 "-" "Mozilla/5.0 (Windows NT 6.2; Win64; x64) AppleWebKit/537.36 (KHTML, like Gecko) Chrome/32.0.1667.0 Safari/537.36"
18.234.137.63 - - [30/Apr/2025:03:22:12 -0400] "GET //rupalake.org.np/wp-content/themes/sahifa/js/ilightbox.packed.js HTTP/1.1" 301 0 "-" "Mozilla/5.0 (X11; Linux x86_64) AppleWebKit/537.36 (KHTML, like Gecko) Chrome/99.0.4844.82 Safari/537.36"
52.167.144.159 - - [30/Apr/2025:03:51:29 -0400] "GET /project-staff/ HTTP/1.1" 200 99 "-" "Mozilla/5.0 AppleWebKit/537.36 (KHTML, like Gecko; compatible; bingbot/2.0; +http://www.bing.com/bingbot.htm) Chrome/116.0.1938.76 Safari/537.36"
40.77.167.136 - - [30/Apr/2025:04:02:29 -0400] "GET /pet-supplies/accessories/7400041479658 HTTP/1.1" 200 99 "-" "Mozilla/5.0 AppleWebKit/537.36 (KHTML, like Gecko; compatible; bingbot/2.0; +http://www.bing.com/bingbot.htm) Chrome/116.0.1938.76 Safari/537.36"
199.188.205.55 - - [30/Apr/2025:04:11:16 -0400] "POST /wp-cron.php?doing_wp_cron=1746000676.7489280700683593750000 HTTP/1.1" 200 0 "-" "WordPress/6.2.6; https://rupalake.org.np"
114.119.151.64 - - [30/Apr/2025:04:11:16 -0400] "GET /img_9685/ HTTP/1.1" 301 0 "https://rupalake.org.np/gallery/" "Mozilla/5.0 (Linux; Android 7.0;) AppleWebKit/537.36 (KHTML, like Gecko) Mobile Safari/537.36 (compatible; PetalBot;+https://webmaster.petalsearch.com/site/petalbot)"
114.119.151.64 - - [30/Apr/2025:04:11:19 -0400] "GET /wp-content/uploads/2016/05/IMG_9685.jpg HTTP/1.1" 200 469239 "https://rupalake.org.np/gallery/" "Mozilla/5.0 (Linux; Android 7.0;) AppleWebKit/537.36 (KHTML, like Gecko) Mobile Safari/537.36 (compatible; PetalBot;+https://webmaster.petalsearch.com/site/petalbot)"
199.188.205.55 - - [30/Apr/2025:04:27:38 -0400] "POST /wp-cron.php?doing_wp_cron=1746001658.1435210704803466796875 HTTP/1.1" 200 0 "-" "WordPress/6.2.6; https://rupalake.org.np"
199.195.252.29 - - [30/Apr/2025:04:27:37 -0400] "POST /wp-json/sure-triggers/v1/automation/action HTTP/1.1" 404 114 "-" "Mozilla/5.0 (Macintosh; Intel Mac OS X 10_15_7) AppleWebKit/537.36 (KHTML, like Gecko) Chrome/113.0.0.0 Safari/537.36"
207.46.13.17 - - [30/Apr/2025:04:28:26 -0400] "GET /scouressisb.xml HTTP/1.1" 200 99 "-" "Mozilla/5.0 AppleWebKit/537.36 (KHTML, like Gecko; compatible; bingbot/2.0; +http://www.bing.com/bingbot.htm) Chrome/116.0.1938.76 Safari/537.36"
207.46.13.17 - - [30/Apr/2025:04:28:27 -0400] "GET /sweetchastekou.xml HTTP/1.1" 200 99 "-" "Mozilla/5.0 AppleWebKit/537.36 (KHTML, like Gecko; compatible; bingbot/2.0; +http://www.bing.com/bingbot.htm) Chrome/116.0.1938.76 Safari/537.36"
52.167.144.228 - - [30/Apr/2025:04:28:31 -0400] "GET /snowlesssvc.xml HTTP/1.1" 200 99 "-" "Mozilla/5.0 AppleWebKit/537.36 (KHTML, like Gecko; compatible; bingbot/2.0; +http://www.bing.com/bingbot.htm) Chrome/116.0.1938.76 Safari/537.36"
52.167.144.228 - - [30/Apr/2025:04:28:31 -0400] "GET /ggaylordamb.xml HTTP/1.1" 200 99 "-" "Mozilla/5.0 AppleWebKit/537.36 (KHTML, like Gecko; compatible; bingbot/2.0; +http://www.bing.com/bingbot.htm) Chrome/116.0.1938.76 Safari/537.36"
52.167.144.228 - - [30/Apr/2025:04:28:31 -0400] "GET /gurtsckg.xml HTTP/1.1" 200 99 "-" "Mozilla/5.0 AppleWebKit/537.36 (KHTML, like Gecko; compatible; bingbot/2.0; +http://www.bing.com/bingbot.htm) Chrome/116.0.1938.76 Safari/537.36"
52.167.144.147 - - [30/Apr/2025:04:28:31 -0400] "GET /templarismgvm.xml HTTP/1.1" 200 99 "-" "Mozilla/5.0 AppleWebKit/537.36 (KHTML, like Gecko; compatible; bingbot/2.0; +http://www.bing.com/bingbot.htm) Chrome/116.0.1938.76 Safari/537.36"
52.167.144.147 - - [30/Apr/2025:04:28:41 -0400] "GET /diminuendoesuno.xml HTTP/1.1" 200 99 "-" "Mozilla/5.0 AppleWebKit/537.36 (KHTML, like Gecko; compatible; bingbot/2.0; +http://www.bing.com/bingbot.htm) Chrome/116.0.1938.76 Safari/537.36"
52.167.144.147 - - [30/Apr/2025:04:28:41 -0400] "GET /cacaomycetinfud.xml HTTP/1.1" 200 99 "-" "Mozilla/5.0 AppleWebKit/537.36 (KHTML, like Gecko; compatible; bingbot/2.0; +http://www.bing.com/bingbot.htm) Chrome/116.0.1938.76 Safari/537.36"
207.46.13.17 - - [30/Apr/2025:04:28:47 -0400] "GET /sulfurateohw.xml HTTP/1.1" 200 99 "-" "Mozilla/5.0 AppleWebKit/537.36 (KHTML, like Gecko; compatible; bingbot/2.0; +http://www.bing.com/bingbot.htm) Chrome/116.0.1938.76 Safari/537.36"
207.46.13.17 - - [30/Apr/2025:04:28:47 -0400] "GET /chassemareeesu.xml HTTP/1.1" 200 99 "-" "Mozilla/5.0 AppleWebKit/537.36 (KHTML, like Gecko; compatible; bingbot/2.0; +http://www.bing.com/bingbot.htm) Chrome/116.0.1938.76 Safari/537.36"
207.46.13.17 - - [30/Apr/2025:04:28:48 -0400] "GET /brackishnessqrp.xml HTTP/1.1" 200 99 "-" "Mozilla/5.0 AppleWebKit/537.36 (KHTML, like Gecko; compatible; bingbot/2.0; +http://www.bing.com/bingbot.htm) Chrome/116.0.1938.76 Safari/537.36"
207.46.13.17 - - [30/Apr/2025:04:28:48 -0400] "GET /overallegorizecpi.xml HTTP/1.1" 200 99 "-" "Mozilla/5.0 AppleWebKit/537.36 (KHTML, like Gecko; compatible; bingbot/2.0; +http://www.bing.com/bingbot.htm) Chrome/116.0.1938.76 Safari/537.36"
207.46.13.17 - - [30/Apr/2025:04:28:49 -0400] "GET /coronetkly.xml HTTP/1.1" 200 99 "-" "Mozilla/5.0 AppleWebKit/537.36 (KHTML, like Gecko; compatible; bingbot/2.0; +http://www.bing.com/bingbot.htm) Chrome/116.0.1938.76 Safari/537.36"
207.46.13.17 - - [30/Apr/2025:04:28:49 -0400] "GET /theromorphologyynl.xml HTTP/1.1" 200 99 "-" "Mozilla/5.0 AppleWebKit/537.36 (KHTML, like Gecko; compatible; bingbot/2.0; +http://www.bing.com/bingbot.htm) Chrome/116.0.1938.76 Safari/537.36"
52.167.144.228 - - [30/Apr/2025:04:28:53 -0400] "GET /laccaseygk.xml HTTP/1.1" 200 99 "-" "Mozilla/5.0 AppleWebKit/537.36 (KHTML, like Gecko; compatible; bingbot/2.0; +http://www.bing.com/bingbot.htm) Chrome/116.0.1938.76 Safari/537.36"
52.167.144.228 - - [30/Apr/2025:04:28:53 -0400] "GET /rareyfytro.xml HTTP/1.1" 200 99 "-" "Mozilla/5.0 AppleWebKit/537.36 (KHTML, like Gecko; compatible; bingbot/2.0; +http://www.bing.com/bingbot.htm) Chrome/116.0.1938.76 Safari/537.36"
52.167.144.228 - - [30/Apr/2025:04:28:53 -0400] "GET /nickolausfgq.xml HTTP/1.1" 200 99 "-" "Mozilla/5.0 AppleWebKit/537.36 (KHTML, like Gecko; compatible; bingbot/2.0; +http://www.bing.com/bingbot.htm) Chrome/116.0.1938.76 Safari/537.36"
52.167.144.228 - - [30/Apr/2025:04:28:54 -0400] "GET /glogauanu.xml HTTP/1.1" 200 99 "-" "Mozilla/5.0 AppleWebKit/537.36 (KHTML, like Gecko; compatible; bingbot/2.0; +http://www.bing.com/bingbot.htm) Chrome/116.0.1938.76 Safari/537.36"
52.167.144.228 - - [30/Apr/2025:04:28:54 -0400] "GET /overcommitsfep.xml HTTP/1.1" 200 99 "-" "Mozilla/5.0 AppleWebKit/537.36 (KHTML, like Gecko; compatible; bingbot/2.0; +http://www.bing.com/bingbot.htm) Chrome/116.0.1938.76 Safari/537.36"
52.167.144.228 - - [30/Apr/2025:04:28:54 -0400] "GET /lcsymbollvp.xml HTTP/1.1" 200 99 "-" "Mozilla/5.0 AppleWebKit/537.36 (KHTML, like Gecko; compatible; bingbot/2.0; +http://www.bing.com/bingbot.htm) Chrome/116.0.1938.76 Safari/537.36"
52.167.144.228 - - [30/Apr/2025:04:28:54 -0400] "GET /infimajfi.xml HTTP/1.1" 200 99 "-" "Mozilla/5.0 AppleWebKit/537.36 (KHTML, like Gecko; compatible; bingbot/2.0; +http://www.bing.com/bingbot.htm) Chrome/116.0.1938.76 Safari/537.36"
207.46.13.17 - - [30/Apr/2025:04:29:06 -0400] "GET /promoteetdt.xml HTTP/1.1" 200 99 "-" "Mozilla/5.0 AppleWebKit/537.36 (KHTML, like Gecko; compatible; bingbot/2.0; +http://www.bing.com/bingbot.htm) Chrome/116.0.1938.76 Safari/537.36"
207.46.13.17 - - [30/Apr/2025:04:29:06 -0400] "GET /sitemap_index.xml HTTP/1.1" 200 99 "-" "Mozilla/5.0 AppleWebKit/537.36 (KHTML, like Gecko; compatible; bingbot/2.0; +http://www.bing.com/bingbot.htm) Chrome/116.0.1938.76 Safari/537.36"
207.46.13.17 - - [30/Apr/2025:04:29:07 -0400] "GET /chorisoeya.xml HTTP/1.1" 200 99 "-" "Mozilla/5.0 AppleWebKit/537.36 (KHTML, like Gecko; compatible; bingbot/2.0; +http://www.bing.com/bingbot.htm) Chrome/116.0.1938.76 Safari/537.36"
207.46.13.17 - - [30/Apr/2025:04:29:07 -0400] "GET /layfeejso.xml HTTP/1.1" 200 99 "-" "Mozilla/5.0 AppleWebKit/537.36 (KHTML, like Gecko; compatible; bingbot/2.0; +http://www.bing.com/bingbot.htm) Chrome/116.0.1938.76 Safari/537.36"
207.46.13.17 - - [30/Apr/2025:04:29:09 -0400] "GET /kadischiljs.xml HTTP/1.1" 200 99 "-" "Mozilla/5.0 AppleWebKit/537.36 (KHTML, like Gecko; compatible; bingbot/2.0; +http://www.bing.com/bingbot.htm) Chrome/116.0.1938.76 Safari/537.36"
52.167.144.228 - - [30/Apr/2025:04:29:10 -0400] "GET /outdrewzdn.xml HTTP/1.1" 200 99 "-" "Mozilla/5.0 AppleWebKit/537.36 (KHTML, like Gecko; compatible; bingbot/2.0; +http://www.bing.com/bingbot.htm) Chrome/116.0.1938.76 Safari/537.36"
52.167.144.228 - - [30/Apr/2025:04:29:10 -0400] "GET /averruncatorheg.xml HTTP/1.1" 200 99 "-" "Mozilla/5.0 AppleWebKit/537.36 (KHTML, like Gecko; compatible; bingbot/2.0; +http://www.bing.com/bingbot.htm) Chrome/116.0.1938.76 Safari/537.36"
52.167.144.228 - - [30/Apr/2025:04:29:11 -0400] "GET /actionfje.xml HTTP/1.1" 200 99 "-" "Mozilla/5.0 AppleWebKit/537.36 (KHTML, like Gecko; compatible; bingbot/2.0; +http://www.bing.com/bingbot.htm) Chrome/116.0.1938.76 Safari/537.36"
52.167.144.228 - - [30/Apr/2025:04:29:11 -0400] "GET /bucellaaho.xml HTTP/1.1" 200 99 "-" "Mozilla/5.0 AppleWebKit/537.36 (KHTML, like Gecko; compatible; bingbot/2.0; +http://www.bing.com/bingbot.htm) Chrome/116.0.1938.76 Safari/537.36"
52.167.144.228 - - [30/Apr/2025:04:29:11 -0400] "GET /mitridatitegzv.xml HTTP/1.1" 200 99 "-" "Mozilla/5.0 AppleWebKit/537.36 (KHTML, like Gecko; compatible; bingbot/2.0; +http://www.bing.com/bingbot.htm) Chrome/116.0.1938.76 Safari/537.36"
52.167.144.228 - - [30/Apr/2025:04:29:12 -0400] "GET /beeferjxl.xml HTTP/1.1" 200 99 "-" "Mozilla/5.0 AppleWebKit/537.36 (KHTML, like Gecko; compatible; bingbot/2.0; +http://www.bing.com/bingbot.htm) Chrome/116.0.1938.76 Safari/537.36"
40.77.167.7 - - [30/Apr/2025:04:29:19 -0400] "GET /sportaffordingupp.xml HTTP/1.1" 200 99 "-" "Mozilla/5.0 AppleWebKit/537.36 (KHTML, like Gecko; compatible; bingbot/2.0; +http://www.bing.com/bingbot.htm) Chrome/116.0.1938.76 Safari/537.36"
40.77.167.7 - - [30/Apr/2025:04:29:20 -0400] "GET /eiconyhi.xml HTTP/1.1" 200 99 "-" "Mozilla/5.0 AppleWebKit/537.36 (KHTML, like Gecko; compatible; bingbot/2.0; +http://www.bing.com/bingbot.htm) Chrome/116.0.1938.76 Safari/537.36"
40.77.167.7 - - [30/Apr/2025:04:29:20 -0400] "GET /hardwickiavcf.xml HTTP/1.1" 200 99 "-" "Mozilla/5.0 AppleWebKit/537.36 (KHTML, like Gecko; compatible; bingbot/2.0; +http://www.bing.com/bingbot.htm) Chrome/116.0.1938.76 Safari/537.36"
40.77.167.7 - - [30/Apr/2025:04:29:21 -0400] "GET /atmosphericsurveillancejff.xml HTTP/1.1" 200 99 "-" "Mozilla/5.0 AppleWebKit/537.36 (KHTML, like Gecko; compatible; bingbot/2.0; +http://www.bing.com/bingbot.htm) Chrome/116.0.1938.76 Safari/537.36"
40.77.167.7 - - [30/Apr/2025:04:29:21 -0400] "GET /hemiprismkbp.xml HTTP/1.1" 200 99 "-" "Mozilla/5.0 AppleWebKit/537.36 (KHTML, like Gecko; compatible; bingbot/2.0; +http://www.bing.com/bingbot.htm) Chrome/116.0.1938.76 Safari/537.36"
40.77.167.7 - - [30/Apr/2025:04:29:21 -0400] "GET /nightstickhfz.xml HTTP/1.1" 200 99 "-" "Mozilla/5.0 AppleWebKit/537.36 (KHTML, like Gecko; compatible; bingbot/2.0; +http://www.bing.com/bingbot.htm) Chrome/116.0.1938.76 Safari/537.36"
207.46.13.17 - - [30/Apr/2025:04:29:30 -0400] "GET /hemichiastobasidiumevg.xml HTTP/1.1" 200 99 "-" "Mozilla/5.0 AppleWebKit/537.36 (KHTML, like Gecko; compatible; bingbot/2.0; +http://www.bing.com/bingbot.htm) Chrome/116.0.1938.76 Safari/537.36"
207.46.13.17 - - [30/Apr/2025:04:29:30 -0400] "GET /kernicterusfvg.xml HTTP/1.1" 200 99 "-" "Mozilla/5.0 AppleWebKit/537.36 (KHTML, like Gecko; compatible; bingbot/2.0; +http://www.bing.com/bingbot.htm) Chrome/116.0.1938.76 Safari/537.36"
40.77.167.7 - - [30/Apr/2025:04:29:36 -0400] "GET /fulfillersixm.xml HTTP/1.1" 200 99 "-" "Mozilla/5.0 AppleWebKit/537.36 (KHTML, like Gecko; compatible; bingbot/2.0; +http://www.bing.com/bingbot.htm) Chrome/116.0.1938.76 Safari/537.36"
40.77.167.7 - - [30/Apr/2025:04:29:37 -0400] "GET /stamppto.xml HTTP/1.1" 200 99 "-" "Mozilla/5.0 AppleWebKit/537.36 (KHTML, like Gecko; compatible; bingbot/2.0; +http://www.bing.com/bingbot.htm) Chrome/116.0.1938.76 Safari/537.36"
40.77.167.7 - - [30/Apr/2025:04:29:37 -0400] "GET /bonstaysxc.xml HTTP/1.1" 200 99 "-" "Mozilla/5.0 AppleWebKit/537.36 (KHTML, like Gecko; compatible; bingbot/2.0; +http://www.bing.com/bingbot.htm) Chrome/116.0.1938.76 Safari/537.36"
52.167.144.228 - - [30/Apr/2025:04:29:37 -0400] "GET /prunetindsy.xml HTTP/1.1" 200 99 "-" "Mozilla/5.0 AppleWebKit/537.36 (KHTML, like Gecko; compatible; bingbot/2.0; +http://www.bing.com/bingbot.htm) Chrome/116.0.1938.76 Safari/537.36"
40.77.167.7 - - [30/Apr/2025:04:29:38 -0400] "GET /umbellulebwv.xml HTTP/1.1" 200 99 "-" "Mozilla/5.0 AppleWebKit/537.36 (KHTML, like Gecko; compatible; bingbot/2.0; +http://www.bing.com/bingbot.htm) Chrome/116.0.1938.76 Safari/537.36"
207.46.13.17 - - [30/Apr/2025:04:29:47 -0400] "GET /missedizd.xml HTTP/1.1" 200 99 "-" "Mozilla/5.0 AppleWebKit/537.36 (KHTML, like Gecko; compatible; bingbot/2.0; +http://www.bing.com/bingbot.htm) Chrome/116.0.1938.76 Safari/537.36"
207.46.13.17 - - [30/Apr/2025:04:29:47 -0400] "GET /kaowoolvyz.xml HTTP/1.1" 200 99 "-" "Mozilla/5.0 AppleWebKit/537.36 (KHTML, like Gecko; compatible; bingbot/2.0; +http://www.bing.com/bingbot.htm) Chrome/116.0.1938.76 Safari/537.36"
207.46.13.17 - - [30/Apr/2025:04:29:47 -0400] "GET /nondetachabilitydhm.xml HTTP/1.1" 200 99 "-" "Mozilla/5.0 AppleWebKit/537.36 (KHTML, like Gecko; compatible; bingbot/2.0; +http://www.bing.com/bingbot.htm) Chrome/116.0.1938.76 Safari/537.36"
52.167.144.228 - - [30/Apr/2025:04:29:52 -0400] "GET /gjonesymk.xml HTTP/1.1" 200 99 "-" "Mozilla/5.0 AppleWebKit/537.36 (KHTML, like Gecko; compatible; bingbot/2.0; +http://www.bing.com/bingbot.htm) Chrome/116.0.1938.76 Safari/537.36"
52.167.144.228 - - [30/Apr/2025:04:29:53 -0400] "GET /elaphomycetaceaebbu.xml HTTP/1.1" 200 99 "-" "Mozilla/5.0 AppleWebKit/537.36 (KHTML, like Gecko; compatible; bingbot/2.0; +http://www.bing.com/bingbot.htm) Chrome/116.0.1938.76 Safari/537.36"
52.167.144.228 - - [30/Apr/2025:04:29:53 -0400] "GET /johnstoniteuvo.xml HTTP/1.1" 200 99 "-" "Mozilla/5.0 AppleWebKit/537.36 (KHTML, like Gecko; compatible; bingbot/2.0; +http://www.bing.com/bingbot.htm) Chrome/116.0.1938.76 Safari/537.36"
52.167.144.228 - - [30/Apr/2025:04:29:54 -0400] "GET /cageronofo.xml HTTP/1.1" 200 99 "-" "Mozilla/5.0 AppleWebKit/537.36 (KHTML, like Gecko; compatible; bingbot/2.0; +http://www.bing.com/bingbot.htm) Chrome/116.0.1938.76 Safari/537.36"
52.167.144.228 - - [30/Apr/2025:04:29:55 -0400] "GET /violenceqco.xml HTTP/1.1" 200 99 "-" "Mozilla/5.0 AppleWebKit/537.36 (KHTML, like Gecko; compatible; bingbot/2.0; +http://www.bing.com/bingbot.htm) Chrome/116.0.1938.76 Safari/537.36"
40.77.167.7 - - [30/Apr/2025:04:30:06 -0400] "GET /beniheneuqt.xml HTTP/1.1" 200 99 "-" "Mozilla/5.0 AppleWebKit/537.36 (KHTML, like Gecko; compatible; bingbot/2.0; +http://www.bing.com/bingbot.htm) Chrome/116.0.1938.76 Safari/537.36"
207.46.13.150 - - [30/Apr/2025:04:32:51 -0400] "GET /pretabulatedwhq.xml HTTP/1.1" 200 99 "-" "Mozilla/5.0 AppleWebKit/537.36 (KHTML, like Gecko; compatible; bingbot/2.0; +http://www.bing.com/bingbot.htm) Chrome/116.0.1938.76 Safari/537.36"
207.46.13.150 - - [30/Apr/2025:04:32:52 -0400] "GET /snootsyzv.xml HTTP/1.1" 200 99 "-" "Mozilla/5.0 AppleWebKit/537.36 (KHTML, like Gecko; compatible; bingbot/2.0; +http://www.bing.com/bingbot.htm) Chrome/116.0.1938.76 Safari/537.36"
52.167.144.228 - - [30/Apr/2025:04:32:57 -0400] "GET /definitionsdbg.xml HTTP/1.1" 200 99 "-" "Mozilla/5.0 AppleWebKit/537.36 (KHTML, like Gecko; compatible; bingbot/2.0; +http://www.bing.com/bingbot.htm) Chrome/116.0.1938.76 Safari/537.36"
52.167.144.228 - - [30/Apr/2025:04:32:58 -0400] "GET /survanceuvz.xml HTTP/1.1" 200 99 "-" "Mozilla/5.0 AppleWebKit/537.36 (KHTML, like Gecko; compatible; bingbot/2.0; +http://www.bing.com/bingbot.htm) Chrome/116.0.1938.76 Safari/537.36"
40.77.167.7 - - [30/Apr/2025:04:33:02 -0400] "GET /reconvenedtdo.xml HTTP/1.1" 200 99 "-" "Mozilla/5.0 AppleWebKit/537.36 (KHTML, like Gecko; compatible; bingbot/2.0; +http://www.bing.com/bingbot.htm) Chrome/116.0.1938.76 Safari/537.36"
40.77.167.7 - - [30/Apr/2025:04:33:03 -0400] "GET /goodnaturedlyqbx.xml HTTP/1.1" 200 99 "-" "Mozilla/5.0 AppleWebKit/537.36 (KHTML, like Gecko; compatible; bingbot/2.0; +http://www.bing.com/bingbot.htm) Chrome/116.0.1938.76 Safari/537.36"
