52.167.144.20 - - [01/May/2025:20:39:29 -0400] "GET /cacaomycetinfud.xml HTTP/1.1" 200 99 "-" "Mozilla/5.0 AppleWebKit/537.36 (KHTML, like Gecko; compatible; bingbot/2.0; +http://www.bing.com/bingbot.htm) Chrome/116.0.1938.76 Safari/537.36"
52.167.144.20 - - [01/May/2025:20:39:29 -0400] "GET /beniheneuqt.xml HTTP/1.1" 200 99 "-" "Mozilla/5.0 AppleWebKit/537.36 (KHTML, like Gecko; compatible; bingbot/2.0; +http://www.bing.com/bingbot.htm) Chrome/116.0.1938.76 Safari/537.36"
52.167.144.20 - - [01/May/2025:20:39:30 -0400] "GET /fulfillersixm.xml HTTP/1.1" 200 99 "-" "Mozilla/5.0 AppleWebKit/537.36 (KHTML, like Gecko; compatible; bingbot/2.0; +http://www.bing.com/bingbot.htm) Chrome/116.0.1938.76 Safari/537.36"
207.46.13.102 - - [01/May/2025:20:39:34 -0400] "GET /scouressisb.xml HTTP/1.1" 200 99 "-" "Mozilla/5.0 AppleWebKit/537.36 (KHTML, like Gecko; compatible; bingbot/2.0; +http://www.bing.com/bingbot.htm) Chrome/116.0.1938.76 Safari/537.36"
207.46.13.102 - - [01/May/2025:20:39:35 -0400] "GET /layfeejso.xml HTTP/1.1" 200 99 "-" "Mozilla/5.0 AppleWebKit/537.36 (KHTML, like Gecko; compatible; bingbot/2.0; +http://www.bing.com/bingbot.htm) Chrome/116.0.1938.76 Safari/537.36"
207.46.13.102 - - [01/May/2025:20:39:36 -0400] "GET /chorisoeya.xml HTTP/1.1" 200 99 "-" "Mozilla/5.0 AppleWebKit/537.36 (KHTML, like Gecko; compatible; bingbot/2.0; +http://www.bing.com/bingbot.htm) Chrome/116.0.1938.76 Safari/537.36"
52.167.144.19 - - [01/May/2025:20:39:41 -0400] "GET /elaphomycetaceaebbu.xml HTTP/1.1" 200 99 "-" "Mozilla/5.0 AppleWebKit/537.36 (KHTML, like Gecko; compatible; bingbot/2.0; +http://www.bing.com/bingbot.htm) Chrome/116.0.1938.76 Safari/537.36"
52.167.144.19 - - [01/May/2025:20:39:41 -0400] "GET /violenceqco.xml HTTP/1.1" 200 99 "-" "Mozilla/5.0 AppleWebKit/537.36 (KHTML, like Gecko; compatible; bingbot/2.0; +http://www.bing.com/bingbot.htm) Chrome/116.0.1938.76 Safari/537.36"
52.167.144.19 - - [01/May/2025:20:39:50 -0400] "GET /rareyfytro.xml HTTP/1.1" 200 99 "-" "Mozilla/5.0 AppleWebKit/537.36 (KHTML, like Gecko; compatible; bingbot/2.0; +http://www.bing.com/bingbot.htm) Chrome/116.0.1938.76 Safari/537.36"
52.167.144.19 - - [01/May/2025:20:39:50 -0400] "GET /snowlesssvc.xml HTTP/1.1" 200 99 "-" "Mozilla/5.0 AppleWebKit/537.36 (KHTML, like Gecko; compatible; bingbot/2.0; +http://www.bing.com/bingbot.htm) Chrome/116.0.1938.76 Safari/537.36"
52.167.144.19 - - [01/May/2025:20:39:50 -0400] "GET /mitridatitegzv.xml HTTP/1.1" 200 99 "-" "Mozilla/5.0 AppleWebKit/537.36 (KHTML, like Gecko; compatible; bingbot/2.0; +http://www.bing.com/bingbot.htm) Chrome/116.0.1938.76 Safari/537.36"
207.46.13.102 - - [01/May/2025:20:39:54 -0400] "GET /sweetchastekou.xml HTTP/1.1" 200 99 "-" "Mozilla/5.0 AppleWebKit/537.36 (KHTML, like Gecko; compatible; bingbot/2.0; +http://www.bing.com/bingbot.htm) Chrome/116.0.1938.76 Safari/537.36"
207.46.13.102 - - [01/May/2025:20:39:57 -0400] "GET /overallegorizecpi.xml HTTP/1.1" 200 99 "-" "Mozilla/5.0 AppleWebKit/537.36 (KHTML, like Gecko; compatible; bingbot/2.0; +http://www.bing.com/bingbot.htm) Chrome/116.0.1938.76 Safari/537.36"
207.46.13.102 - - [01/May/2025:20:39:58 -0400] "GET /kernicterusfvg.xml HTTP/1.1" 200 99 "-" "Mozilla/5.0 AppleWebKit/537.36 (KHTML, like Gecko; compatible; bingbot/2.0; +http://www.bing.com/bingbot.htm) Chrome/116.0.1938.76 Safari/537.36"
52.167.144.19 - - [01/May/2025:20:39:59 -0400] "GET /infimajfi.xml HTTP/1.1" 200 99 "-" "Mozilla/5.0 AppleWebKit/537.36 (KHTML, like Gecko; compatible; bingbot/2.0; +http://www.bing.com/bingbot.htm) Chrome/116.0.1938.76 Safari/537.36"
52.167.144.20 - - [01/May/2025:20:41:37 -0400] "GET /goodnaturedlyqbx.xml HTTP/1.1" 200 99 "-" "Mozilla/5.0 AppleWebKit/537.36 (KHTML, like Gecko; compatible; bingbot/2.0; +http://www.bing.com/bingbot.htm) Chrome/116.0.1938.76 Safari/537.36"
52.167.144.20 - - [01/May/2025:20:41:38 -0400] "GET /diminuendoesuno.xml HTTP/1.1" 200 99 "-" "Mozilla/5.0 AppleWebKit/537.36 (KHTML, like Gecko; compatible; bingbot/2.0; +http://www.bing.com/bingbot.htm) Chrome/116.0.1938.76 Safari/537.36"
52.167.144.20 - - [01/May/2025:20:41:39 -0400] "GET /caterwaulsaxr.xml HTTP/1.1" 200 99 "-" "Mozilla/5.0 AppleWebKit/537.36 (KHTML, like Gecko; compatible; bingbot/2.0; +http://www.bing.com/bingbot.htm) Chrome/116.0.1938.76 Safari/537.36"
66.249.72.101 - - [01/May/2025:20:41:41 -0400] "GET /ads.txt HTTP/1.1" 200 99 "-" "Mozilla/5.0 (compatible; Googlebot/2.1; +http://www.google.com/bot.html)"
52.167.144.19 - - [01/May/2025:20:41:41 -0400] "GET /averruncatorheg.xml HTTP/1.1" 200 99 "-" "Mozilla/5.0 AppleWebKit/537.36 (KHTML, like Gecko; compatible; bingbot/2.0; +http://www.bing.com/bingbot.htm) Chrome/116.0.1938.76 Safari/537.36"
52.167.144.19 - - [01/May/2025:20:41:41 -0400] "GET /bucellaaho.xml HTTP/1.1" 200 99 "-" "Mozilla/5.0 AppleWebKit/537.36 (KHTML, like Gecko; compatible; bingbot/2.0; +http://www.bing.com/bingbot.htm) Chrome/116.0.1938.76 Safari/537.36"
52.167.144.19 - - [01/May/2025:20:41:49 -0400] "GET /lcsymbollvp.xml HTTP/1.1" 200 99 "-" "Mozilla/5.0 AppleWebKit/537.36 (KHTML, like Gecko; compatible; bingbot/2.0; +http://www.bing.com/bingbot.htm) Chrome/116.0.1938.76 Safari/537.36"
207.46.13.102 - - [01/May/2025:20:41:55 -0400] "GET /sulfurateohw.xml HTTP/1.1" 200 99 "-" "Mozilla/5.0 AppleWebKit/537.36 (KHTML, like Gecko; compatible; bingbot/2.0; +http://www.bing.com/bingbot.htm) Chrome/116.0.1938.76 Safari/537.36"
207.46.13.102 - - [01/May/2025:20:41:56 -0400] "GET /theromorphologyynl.xml HTTP/1.1" 200 99 "-" "Mozilla/5.0 AppleWebKit/537.36 (KHTML, like Gecko; compatible; bingbot/2.0; +http://www.bing.com/bingbot.htm) Chrome/116.0.1938.76 Safari/537.36"
207.46.13.102 - - [01/May/2025:20:41:58 -0400] "GET /pretabulatedwhq.xml HTTP/1.1" 200 99 "-" "Mozilla/5.0 AppleWebKit/537.36 (KHTML, like Gecko; compatible; bingbot/2.0; +http://www.bing.com/bingbot.htm) Chrome/116.0.1938.76 Safari/537.36"
207.46.13.102 - - [01/May/2025:20:41:58 -0400] "GET /hemichiastobasidiumevg.xml HTTP/1.1" 200 99 "-" "Mozilla/5.0 AppleWebKit/537.36 (KHTML, like Gecko; compatible; bingbot/2.0; +http://www.bing.com/bingbot.htm) Chrome/116.0.1938.76 Safari/537.36"
207.46.13.102 - - [01/May/2025:20:42:00 -0400] "GET /nondetachabilitydhm.xml HTTP/1.1" 200 99 "-" "Mozilla/5.0 AppleWebKit/537.36 (KHTML, like Gecko; compatible; bingbot/2.0; +http://www.bing.com/bingbot.htm) Chrome/116.0.1938.76 Safari/537.36"
52.167.144.20 - - [01/May/2025:20:42:00 -0400] "GET /sitemaps.xml HTTP/1.1" 200 99 "-" "Mozilla/5.0 AppleWebKit/537.36 (KHTML, like Gecko; compatible; bingbot/2.0; +http://www.bing.com/bingbot.htm) Chrome/116.0.1938.76 Safari/537.36"
207.46.13.102 - - [01/May/2025:20:42:12 -0400] "GET /kadischiljs.xml HTTP/1.1" 200 99 "-" "Mozilla/5.0 AppleWebKit/537.36 (KHTML, like Gecko; compatible; bingbot/2.0; +http://www.bing.com/bingbot.htm) Chrome/116.0.1938.76 Safari/537.36"
52.167.144.171 - - [01/May/2025:20:47:08 -0400] "GET /bonstaysxc.xml HTTP/1.1" 200 99 "-" "Mozilla/5.0 AppleWebKit/537.36 (KHTML, like Gecko; compatible; bingbot/2.0; +http://www.bing.com/bingbot.htm) Chrome/116.0.1938.76 Safari/537.36"
52.167.144.171 - - [01/May/2025:20:47:08 -0400] "GET /templarismgvm.xml HTTP/1.1" 200 99 "-" "Mozilla/5.0 AppleWebKit/537.36 (KHTML, like Gecko; compatible; bingbot/2.0; +http://www.bing.com/bingbot.htm) Chrome/116.0.1938.76 Safari/537.36"
52.167.144.171 - - [01/May/2025:20:47:09 -0400] "GET /artinskianota.xml HTTP/1.1" 200 99 "-" "Mozilla/5.0 AppleWebKit/537.36 (KHTML, like Gecko; compatible; bingbot/2.0; +http://www.bing.com/bingbot.htm) Chrome/116.0.1938.76 Safari/537.36"
52.167.144.19 - - [01/May/2025:20:47:12 -0400] "GET /cageronofo.xml HTTP/1.1" 200 99 "-" "Mozilla/5.0 AppleWebKit/537.36 (KHTML, like Gecko; compatible; bingbot/2.0; +http://www.bing.com/bingbot.htm) Chrome/116.0.1938.76 Safari/537.36"
207.46.13.102 - - [01/May/2025:20:47:12 -0400] "GET /coronetkly.xml HTTP/1.1" 200 99 "-" "Mozilla/5.0 AppleWebKit/537.36 (KHTML, like Gecko; compatible; bingbot/2.0; +http://www.bing.com/bingbot.htm) Chrome/116.0.1938.76 Safari/537.36"
52.167.144.19 - - [01/May/2025:20:47:12 -0400] "GET /ggaylordamb.xml HTTP/1.1" 200 99 "-" "Mozilla/5.0 AppleWebKit/537.36 (KHTML, like Gecko; compatible; bingbot/2.0; +http://www.bing.com/bingbot.htm) Chrome/116.0.1938.76 Safari/537.36"
52.167.144.19 - - [01/May/2025:20:47:13 -0400] "GET /gurtsckg.xml HTTP/1.1" 200 99 "-" "Mozilla/5.0 AppleWebKit/537.36 (KHTML, like Gecko; compatible; bingbot/2.0; +http://www.bing.com/bingbot.htm) Chrome/116.0.1938.76 Safari/537.36"
52.167.144.19 - - [01/May/2025:20:47:23 -0400] "GET /actionfje.xml HTTP/1.1" 200 99 "-" "Mozilla/5.0 AppleWebKit/537.36 (KHTML, like Gecko; compatible; bingbot/2.0; +http://www.bing.com/bingbot.htm) Chrome/116.0.1938.76 Safari/537.36"
52.167.144.19 - - [01/May/2025:20:47:24 -0400] "GET /overcommitsfep.xml HTTP/1.1" 200 99 "-" "Mozilla/5.0 AppleWebKit/537.36 (KHTML, like Gecko; compatible; bingbot/2.0; +http://www.bing.com/bingbot.htm) Chrome/116.0.1938.76 Safari/537.36"
52.167.144.19 - - [01/May/2025:20:47:24 -0400] "GET /irrigonjqj.xml HTTP/1.1" 200 99 "-" "Mozilla/5.0 AppleWebKit/537.36 (KHTML, like Gecko; compatible; bingbot/2.0; +http://www.bing.com/bingbot.htm) Chrome/116.0.1938.76 Safari/537.36"
52.167.144.19 - - [01/May/2025:20:47:25 -0400] "GET /nickolausfgq.xml HTTP/1.1" 200 99 "-" "Mozilla/5.0 AppleWebKit/537.36 (KHTML, like Gecko; compatible; bingbot/2.0; +http://www.bing.com/bingbot.htm) Chrome/116.0.1938.76 Safari/537.36"
52.167.144.19 - - [01/May/2025:20:47:25 -0400] "GET /laccaseygk.xml HTTP/1.1" 200 99 "-" "Mozilla/5.0 AppleWebKit/537.36 (KHTML, like Gecko; compatible; bingbot/2.0; +http://www.bing.com/bingbot.htm) Chrome/116.0.1938.76 Safari/537.36"
52.167.144.171 - - [01/May/2025:20:47:27 -0400] "GET /reconvenedtdo.xml HTTP/1.1" 200 99 "-" "Mozilla/5.0 AppleWebKit/537.36 (KHTML, like Gecko; compatible; bingbot/2.0; +http://www.bing.com/bingbot.htm) Chrome/116.0.1938.76 Safari/537.36"
52.167.144.19 - - [01/May/2025:20:49:32 -0400] "GET /tickets/ski-resorts/8320203768215 HTTP/1.1" 200 99 "-" "Mozilla/5.0 AppleWebKit/537.36 (KHTML, like Gecko; compatible; bingbot/2.0; +http://www.bing.com/bingbot.htm) Chrome/116.0.1938.76 Safari/537.36"
199.188.205.55 - - [01/May/2025:20:56:34 -0400] "POST /wp-cron.php?doing_wp_cron=1746147394.6696939468383789062500 HTTP/1.1" 200 0 "-" "WordPress/6.2.6; https://rupalake.org.np"
178.62.251.89 - - [01/May/2025:20:56:34 -0400] "GET /gallery/rupalake-2021-pics-17/ HTTP/1.1" 301 0 "-" "Mozilla/5.0 (Macintosh; Intel Mac OS X 10_15_7) AppleWebKit/537.36 (KHTML, like Gecko) Chrome/124.0.0.0 Safari/537.36"
52.167.144.234 - - [01/May/2025:21:08:03 -0400] "GET /tickets/application-tickets/8530053517987 HTTP/1.1" 200 99 "-" "Mozilla/5.0 AppleWebKit/537.36 (KHTML, like Gecko; compatible; bingbot/2.0; +http://www.bing.com/bingbot.htm) Chrome/116.0.1938.76 Safari/537.36"
52.167.144.156 - - [01/May/2025:21:22:55 -0400] "GET /bicycles/tires/18250544040057 HTTP/1.1" 200 99 "-" "Mozilla/5.0 AppleWebKit/537.36 (KHTML, like Gecko; compatible; bingbot/2.0; +http://www.bing.com/bingbot.htm) Chrome/116.0.1938.76 Safari/537.36"
52.167.144.138 - - [01/May/2025:21:36:45 -0400] "GET /toys/playstation5/13580341000051 HTTP/1.1" 200 99 "-" "Mozilla/5.0 AppleWebKit/537.36 (KHTML, like Gecko; compatible; bingbot/2.0; +http://www.bing.com/bingbot.htm) Chrome/116.0.1938.76 Safari/537.36"
52.167.144.138 - - [01/May/2025:21:38:55 -0400] "GET /?s=2026 HTTP/1.1" 200 99 "-" "Mozilla/5.0 AppleWebKit/537.36 (KHTML, like Gecko; compatible; bingbot/2.0; +http://www.bing.com/bingbot.htm) Chrome/116.0.1938.76 Safari/537.36"
85.208.96.196 - - [01/May/2025:21:53:49 -0400] "GET /feed/ HTTP/1.1" 200 3806 "-" "Mozilla/5.0 (compatible; SemrushBot/7~bl; +http://www.semrush.com/bot.html)"
199.188.205.55 - - [01/May/2025:21:57:48 -0400] "POST /wp-cron.php?doing_wp_cron=1746151068.4695239067077636718750 HTTP/1.1" 200 0 "-" "WordPress/6.2.6; https://rupalake.org.np"
185.191.171.12 - - [01/May/2025:21:57:48 -0400] "GET /category/publication/feed/ HTTP/1.1" 200 1961 "-" "Mozilla/5.0 (compatible; SemrushBot/7~bl; +http://www.semrush.com/bot.html)"
199.188.205.55 - - [01/May/2025:21:59:23 -0400] "POST /wp-cron.php?doing_wp_cron=1746151163.8531539440155029296875 HTTP/1.1" 200 0 "-" "WordPress/6.2.6; https://rupalake.org.np"
165.22.122.166 - - [01/May/2025:21:59:23 -0400] "GET /img_0951/ HTTP/1.1" 301 0 "-" "Mozilla/5.0 (Windows NT 10.0; Win64; x64) AppleWebKit/537.36 (KHTML, like Gecko) Chrome/124.0.0.0 Safari/537.36"
199.188.205.55 - - [01/May/2025:22:12:35 -0400] "POST /wp-cron.php?doing_wp_cron=1746151955.9490299224853515625000 HTTP/1.1" 200 0 "-" "WordPress/6.2.6; https://rupalake.org.np"
15.204.182.106 - - [01/May/2025:22:12:35 -0400] "GET / HTTP/1.1" 200 11489 "-" "Mozilla/5.0 (X11; Linux x86_64) AppleWebKit/537.36 (KHTML, like Gecko) Chrome/114.0.0.0 Safari/537.36"
199.188.205.55 - - [01/May/2025:22:13:12 -0400] "POST /wp-cron.php?doing_wp_cron=1746151992.0473279953002929687500 HTTP/1.1" 200 0 "-" "WordPress/6.2.6; https://rupalake.org.np"
85.208.96.194 - - [01/May/2025:22:13:11 -0400] "GET /author/admin/feed/ HTTP/1.1" 200 3830 "-" "Mozilla/5.0 (compatible; SemrushBot/7~bl; +http://www.semrush.com/bot.html)"
199.188.205.55 - - [01/May/2025:22:21:21 -0400] "POST /wp-cron.php?doing_wp_cron=1746152481.8571588993072509765625 HTTP/1.1" 200 0 "-" "WordPress/6.2.6; https://rupalake.org.np"
85.208.96.198 - - [01/May/2025:22:21:16 -0400] "GET /tag/fish-production-in-rupatal/feed/ HTTP/1.1" 200 1040 "-" "Mozilla/5.0 (compatible; SemrushBot/7~bl; +http://www.semrush.com/bot.html)"
40.77.167.123 - - [01/May/2025:22:24:20 -0400] "GET /smartphones/smartphones/680522268690 HTTP/1.1" 200 99 "-" "Mozilla/5.0 AppleWebKit/537.36 (KHTML, like Gecko; compatible; bingbot/2.0; +http://www.bing.com/bingbot.htm) Chrome/116.0.1938.76 Safari/537.36"
199.188.205.55 - - [01/May/2025:22:25:46 -0400] "POST /wp-cron.php?doing_wp_cron=1746152746.8384809494018554687500 HTTP/1.1" 200 0 "-" "WordPress/6.2.6; https://rupalake.org.np"
185.191.171.14 - - [01/May/2025:22:25:46 -0400] "GET /category/news-and-events/feed/ HTTP/1.1" 200 2732 "-" "Mozilla/5.0 (compatible; SemrushBot/7~bl; +http://www.semrush.com/bot.html)"
52.167.144.161 - - [01/May/2025:22:26:38 -0400] "GET /alcohol/sweets/9180313291624 HTTP/1.1" 200 99 "-" "Mozilla/5.0 AppleWebKit/537.36 (KHTML, like Gecko; compatible; bingbot/2.0; +http://www.bing.com/bingbot.htm) Chrome/116.0.1938.76 Safari/537.36"
52.167.144.180 - - [01/May/2025:22:34:13 -0400] "GET /decor/office-furniture/4370192237639 HTTP/1.1" 200 99 "-" "Mozilla/5.0 AppleWebKit/537.36 (KHTML, like Gecko; compatible; bingbot/2.0; +http://www.bing.com/bingbot.htm) Chrome/116.0.1938.76 Safari/537.36"
207.46.13.150 - - [01/May/2025:23:08:16 -0400] "GET /cosmetics/gray-hair-dye/17440022552457 HTTP/1.1" 200 99 "-" "Mozilla/5.0 AppleWebKit/537.36 (KHTML, like Gecko; compatible; bingbot/2.0; +http://www.bing.com/bingbot.htm) Chrome/116.0.1938.76 Safari/537.36"
40.77.167.48 - - [01/May/2025:23:09:03 -0400] "GET /bags/backpacks/20130263765975 HTTP/1.1" 200 99 "-" "Mozilla/5.0 AppleWebKit/537.36 (KHTML, like Gecko; compatible; bingbot/2.0; +http://www.bing.com/bingbot.htm) Chrome/116.0.1938.76 Safari/537.36"
40.77.167.42 - - [01/May/2025:23:17:44 -0400] "GET /outdoor/backpacks/8800490595090 HTTP/1.1" 200 99 "-" "Mozilla/5.0 AppleWebKit/537.36 (KHTML, like Gecko; compatible; bingbot/2.0; +http://www.bing.com/bingbot.htm) Chrome/116.0.1938.76 Safari/537.36"
199.188.205.55 - - [01/May/2025:23:30:18 -0400] "POST /wp-cron.php?doing_wp_cron=1746156618.9042820930480957031250 HTTP/1.1" 200 0 "-" "WordPress/6.2.6; https://rupalake.org.np"
15.204.182.106 - - [01/May/2025:23:30:18 -0400] "GET / HTTP/1.1" 301 0 "-" "Mozilla/5.0 (X11; Linux x86_64) AppleWebKit/537.36 (KHTML, like Gecko) Chrome/114.0.0.0 Safari/537.36"
15.204.182.106 - - [01/May/2025:23:30:22 -0400] "GET / HTTP/1.1" 200 11489 "https://www.rupalake.org.np/" "Mozilla/5.0 (X11; Linux x86_64) AppleWebKit/537.36 (KHTML, like Gecko) Chrome/114.0.0.0 Safari/537.36"
52.167.144.215 - - [01/May/2025:23:49:01 -0400] "GET /wallets/wallets/20020410461224 HTTP/1.1" 200 99 "-" "Mozilla/5.0 AppleWebKit/537.36 (KHTML, like Gecko; compatible; bingbot/2.0; +http://www.bing.com/bingbot.htm) Chrome/116.0.1938.76 Safari/537.36"
199.188.205.55 - - [02/May/2025:00:11:30 -0400] "POST /wp-cron.php?doing_wp_cron=1746159090.1949279308319091796875 HTTP/1.1" 200 0 "-" "WordPress/6.2.6; https://rupalake.org.np"
114.119.138.220 - - [02/May/2025:00:11:28 -0400] "GET / HTTP/1.1" 200 11489 "https://rupalake.org.np/category/uncategorized/" "Mozilla/5.0 (Linux; Android 7.0;) AppleWebKit/537.36 (KHTML, like Gecko) Mobile Safari/537.36 (compatible; PetalBot;+https://webmaster.petalsearch.com/site/petalbot)"
52.167.144.147 - - [02/May/2025:00:15:43 -0400] "GET /toys/others/14450422292609 HTTP/1.1" 200 99 "-" "Mozilla/5.0 AppleWebKit/537.36 (KHTML, like Gecko; compatible; bingbot/2.0; +http://www.bing.com/bingbot.htm) Chrome/116.0.1938.76 Safari/537.36"
52.167.144.140 - - [02/May/2025:00:29:55 -0400] "GET /tops/knitwear/20450523605778 HTTP/1.1" 200 99 "-" "Mozilla/5.0 AppleWebKit/537.36 (KHTML, like Gecko; compatible; bingbot/2.0; +http://www.bing.com/bingbot.htm) Chrome/116.0.1938.76 Safari/537.36"
199.188.205.55 - - [02/May/2025:00:38:35 -0400] "POST /wp-cron.php?doing_wp_cron=1746160715.8184928894042968750000 HTTP/1.1" 200 0 "-" "WordPress/6.2.6; https://rupalake.org.np"
114.119.144.132 - - [02/May/2025:00:38:31 -0400] "GET /gallery/rupalake-2021-pics-3/ HTTP/1.1" 301 0 "https://rupalake.org.np/gallery/" "Mozilla/5.0 (Linux; Android 7.0;) AppleWebKit/537.36 (KHTML, like Gecko) Mobile Safari/537.36 (compatible; PetalBot;+https://webmaster.petalsearch.com/site/petalbot)"
114.119.144.132 - - [02/May/2025:00:38:36 -0400] "GET /wp-content/uploads/2021/09/Rupalake-2021-pics-3.jpg HTTP/1.1" 200 116089 "https://rupalake.org.np/gallery/" "Mozilla/5.0 (Linux; Android 7.0;) AppleWebKit/537.36 (KHTML, like Gecko) Mobile Safari/537.36 (compatible; PetalBot;+https://webmaster.petalsearch.com/site/petalbot)"
199.188.205.55 - - [02/May/2025:00:39:55 -0400] "POST /wp-cron.php?doing_wp_cron=1746160795.2520771026611328125000 HTTP/1.1" 200 0 "-" "WordPress/6.2.6; https://rupalake.org.np"
114.119.140.38 - - [02/May/2025:00:39:54 -0400] "GET /gallery/rupalake-2021-pics-16/ HTTP/1.1" 301 0 "https://rupalake.org.np/gallery/" "Mozilla/5.0 (Linux; Android 7.0;) AppleWebKit/537.36 (KHTML, like Gecko) Mobile Safari/537.36 (compatible; PetalBot;+https://webmaster.petalsearch.com/site/petalbot)"
114.119.140.38 - - [02/May/2025:00:39:56 -0400] "GET /wp-content/uploads/2021/09/Rupalake-2021-Pics-16.jpg HTTP/1.1" 200 154379 "https://rupalake.org.np/gallery/" "Mozilla/5.0 (Linux; Android 7.0;) AppleWebKit/537.36 (KHTML, like Gecko) Mobile Safari/537.36 (compatible; PetalBot;+https://webmaster.petalsearch.com/site/petalbot)"
207.46.13.107 - - [02/May/2025:00:42:59 -0400] "GET /sports/men-wear/1940332724284 HTTP/1.1" 200 99 "-" "Mozilla/5.0 AppleWebKit/537.36 (KHTML, like Gecko; compatible; bingbot/2.0; +http://www.bing.com/bingbot.htm) Chrome/116.0.1938.76 Safari/537.36"
107.20.255.194 - - [02/May/2025:00:45:49 -0400] "GET /research-programme-on-fishery-in-rupa-lake/ HTTP/1.1" 200 11472 "-" "Mozilla/5.0 AppleWebKit/537.36 (KHTML, like Gecko; compatible; Amazonbot/0.1; +https://developer.amazon.com/support/amazonbot) Chrome/119.0.6045.214 Safari/537.36"
40.77.167.28 - - [02/May/2025:00:58:02 -0400] "GET /?s= HTTP/1.1" 200 99 "-" "Mozilla/5.0 AppleWebKit/537.36 (KHTML, like Gecko; compatible; bingbot/2.0; +http://www.bing.com/bingbot.htm) Chrome/116.0.1938.76 Safari/537.36"
199.188.205.55 - - [02/May/2025:01:20:15 -0400] "POST /wp-cron.php?doing_wp_cron=1746163215.1658580303192138671875 HTTP/1.1" 200 0 "-" "WordPress/6.2.6; https://rupalake.org.np"
114.119.165.136 - - [02/May/2025:01:20:11 -0400] "GET /category/uncategorized/feed/ HTTP/1.1" 200 1003 "https://rupalake.org.np/category/uncategorized/" "Mozilla/5.0 (Linux; Android 7.0;) AppleWebKit/537.36 (KHTML, like Gecko) Mobile Safari/537.36 (compatible; PetalBot;+https://webmaster.petalsearch.com/site/petalbot)"
40.77.167.70 - - [02/May/2025:01:20:49 -0400] "GET /dresses/dresses/20940062196512 HTTP/1.1" 200 99 "-" "Mozilla/5.0 AppleWebKit/537.36 (KHTML, like Gecko; compatible; bingbot/2.0; +http://www.bing.com/bingbot.htm) Chrome/116.0.1938.76 Safari/537.36"
199.188.205.55 - - [02/May/2025:01:25:00 -0400] "POST /wp-cron.php?doing_wp_cron=1746163499.4087998867034912109375 HTTP/1.1" 200 0 "-" "WordPress/6.2.6; https://rupalake.org.np"
114.119.140.38 - - [02/May/2025:01:24:58 -0400] "GET /dsc_2804/ HTTP/1.1" 301 0 "https://rupalake.org.np/gallery/" "Mozilla/5.0 (Linux; Android 7.0;) AppleWebKit/537.36 (KHTML, like Gecko) Mobile Safari/537.36 (compatible; PetalBot;+https://webmaster.petalsearch.com/site/petalbot)"
114.119.140.38 - - [02/May/2025:01:25:01 -0400] "GET /wp-content/uploads/2017/10/DSC_2804.jpg HTTP/1.1" 200 2403743 "https://rupalake.org.np/gallery/" "Mozilla/5.0 (Linux; Android 7.0;) AppleWebKit/537.36 (KHTML, like Gecko) Mobile Safari/537.36 (compatible; PetalBot;+https://webmaster.petalsearch.com/site/petalbot)"
114.119.144.132 - - [02/May/2025:01:55:01 -0400] "GET /dsc00174/ HTTP/1.1" 301 0 "https://rupalake.org.np/gallery/" "Mozilla/5.0 (Linux; Android 7.0;) AppleWebKit/537.36 (KHTML, like Gecko) Mobile Safari/537.36 (compatible; PetalBot;+https://webmaster.petalsearch.com/site/petalbot)"
114.119.144.132 - - [02/May/2025:01:55:04 -0400] "GET /wp-content/uploads/2016/09/DSC00174.jpg HTTP/1.1" 200 592146 "https://rupalake.org.np/gallery/" "Mozilla/5.0 (Linux; Android 7.0;) AppleWebKit/537.36 (KHTML, like Gecko) Mobile Safari/537.36 (compatible; PetalBot;+https://webmaster.petalsearch.com/site/petalbot)"
199.188.205.55 - - [02/May/2025:02:10:05 -0400] "GET / HTTP/1.1" 200 11489 "-" "WordPress/6.2.6; http://rupalake.org.np"
199.188.205.55 - - [02/May/2025:02:40:11 -0400] "POST /wp-cron.php?doing_wp_cron=1746168011.4560739994049072265625 HTTP/1.1" 200 0 "-" "WordPress/6.2.6; https://rupalake.org.np"
114.119.155.239 - - [02/May/2025:02:40:10 -0400] "GET /category/notices/feed/ HTTP/1.1" 200 2380 "https://rupalake.org.np/category/notices/" "Mozilla/5.0 (Linux; Android 7.0;) AppleWebKit/537.36 (KHTML, like Gecko) Mobile Safari/537.36 (compatible; PetalBot;+https://webmaster.petalsearch.com/site/petalbot)"
199.188.205.55 - - [02/May/2025:03:17:48 -0400] "POST /wp-cron.php?doing_wp_cron=1746170268.6822960376739501953125 HTTP/1.1" 200 0 "-" "WordPress/6.2.6; https://rupalake.org.np"
114.119.155.239 - - [02/May/2025:03:17:47 -0400] "GET /rupa-lake-restoration-main-office-660x330/ HTTP/1.1" 301 0 "https://rupalake.org.np/gallery/" "Mozilla/5.0 (Linux; Android 7.0;) AppleWebKit/537.36 (KHTML, like Gecko) Mobile Safari/537.36 (compatible; PetalBot;+https://webmaster.petalsearch.com/site/petalbot)"
114.119.155.239 - - [02/May/2025:03:17:50 -0400] "GET /wp-content/uploads/2015/11/Rupa-Lake-Restoration-main-office-660x330.jpg HTTP/1.1" 200 118643 "https://rupalake.org.np/gallery/" "Mozilla/5.0 (Linux; Android 7.0;) AppleWebKit/537.36 (KHTML, like Gecko) Mobile Safari/537.36 (compatible; PetalBot;+https://webmaster.petalsearch.com/site/petalbot)"
52.167.144.180 - - [02/May/2025:03:35:28 -0400] "GET /tickets/others/8750013888167 HTTP/1.1" 200 99 "-" "Mozilla/5.0 AppleWebKit/537.36 (KHTML, like Gecko; compatible; bingbot/2.0; +http://www.bing.com/bingbot.htm) Chrome/116.0.1938.76 Safari/537.36"
52.167.144.180 - - [02/May/2025:03:41:13 -0400] "GET /bags/waist-pouches/20120273629451 HTTP/1.1" 200 99 "-" "Mozilla/5.0 AppleWebKit/537.36 (KHTML, like Gecko; compatible; bingbot/2.0; +http://www.bing.com/bingbot.htm) Chrome/116.0.1938.76 Safari/537.36"
138.246.253.24 - - [02/May/2025:03:48:43 -0400] "GET /robots.txt HTTP/1.1" 200 2177 "-" "Mozilla/5.0 (Windows NT 10.0; Win64; x64) AppleWebKit/537.36 (KHTML, like Gecko) Chrome/103.0.5060.134 Safari/537.36"
207.46.13.107 - - [02/May/2025:03:53:54 -0400] "GET /product/edit/68066255 HTTP/1.1" 200 99 "-" "Mozilla/5.0 AppleWebKit/537.36 (KHTML, like Gecko; compatible; bingbot/2.0; +http://www.bing.com/bingbot.htm) Chrome/116.0.1938.76 Safari/537.36"
52.167.144.160 - - [02/May/2025:04:12:31 -0400] "GET /audit-report-2074-rupatal/ HTTP/1.1" 200 99 "-" "Mozilla/5.0 AppleWebKit/537.36 (KHTML, like Gecko; compatible; bingbot/2.0; +http://www.bing.com/bingbot.htm) Chrome/116.0.1938.76 Safari/537.36"
199.188.205.55 - - [02/May/2025:04:25:03 -0400] "POST /wp-cron.php?doing_wp_cron=1746174303.4157009124755859375000 HTTP/1.1" 200 0 "-" "WordPress/6.2.6; https://rupalake.org.np"
51.8.102.127 - - [02/May/2025:04:25:00 -0400] "GET / HTTP/1.1" 200 10054 "-" "Mozilla/5.0 (Macintosh; Intel Mac OS X 10_15_7) AppleWebKit/537.36 (KHTML, like Gecko) Chrome/131.0.0.0 Safari/537.36; compatible; OAI-SearchBot/1.0; +https://openai.com/searchbot"
199.188.205.55 - - [02/May/2025:04:26:26 -0400] "POST /wp-cron.php?doing_wp_cron=1746174386.6058769226074218750000 HTTP/1.1" 200 0 "-" "WordPress/6.2.6; https://rupalake.org.np"
93.158.91.10 - - [02/May/2025:04:26:26 -0400] "GET / HTTP/1.1" 200 11489 "-" "Mozilla/5.0 (Windows NT 10.0; Win64; x64) AppleWebKit/537.36 (KHTML, like Gecko) Chrome/105.0.0.0 Safari/537.36"
93.158.91.10 - - [02/May/2025:04:26:29 -0400] "GET /wp-content/themes/sahifa/favicon.ico HTTP/1.1" 200 1150 "-" "Mozilla/5.0 (Windows NT 10.0; Win64; x64) AppleWebKit/537.36 (KHTML, like Gecko) Chrome/105.0.0.0 Safari/537.36"
52.167.144.138 - - [02/May/2025:04:36:04 -0400] "GET /smartphones/external-hard-disk-drives/960260173378 HTTP/1.1" 200 99 "-" "Mozilla/5.0 AppleWebKit/537.36 (KHTML, like Gecko; compatible; bingbot/2.0; +http://www.bing.com/bingbot.htm) Chrome/116.0.1938.76 Safari/537.36"
52.167.144.159 - - [02/May/2025:04:45:24 -0400] "GET /turning-conflict-into-collaboration-in-managing-commons-a-case-of-rupa-lake-watershed-nepal/ HTTP/1.1" 200 99 "-" "Mozilla/5.0 AppleWebKit/537.36 (KHTML, like Gecko; compatible; bingbot/2.0; +http://www.bing.com/bingbot.htm) Chrome/116.0.1938.76 Safari/537.36"
52.167.144.233 - - [02/May/2025:04:47:48 -0400] "GET /cosmetics/body-cream/17350133294382 HTTP/1.1" 200 99 "-" "Mozilla/5.0 AppleWebKit/537.36 (KHTML, like Gecko; compatible; bingbot/2.0; +http://www.bing.com/bingbot.htm) Chrome/116.0.1938.76 Safari/537.36"
52.167.144.173 - - [02/May/2025:05:26:39 -0400] "GET /tools/drills/5370193458636 HTTP/1.1" 200 99 "-" "Mozilla/5.0 AppleWebKit/537.36 (KHTML, like Gecko; compatible; bingbot/2.0; +http://www.bing.com/bingbot.htm) Chrome/116.0.1938.76 Safari/537.36"
207.46.13.160 - - [02/May/2025:06:21:50 -0400] "GET /safe_search/config?return_url=%2Fproduct%2Fdetail%2F79505458 HTTP/1.1" 200 99 "-" "Mozilla/5.0 AppleWebKit/537.36 (KHTML, like Gecko; compatible; bingbot/2.0; +http://www.bing.com/bingbot.htm) Chrome/116.0.1938.76 Safari/537.36"
196.251.88.138 - - [02/May/2025:06:35:13 -0400] "GET /inputs.php HTTP/1.1" 404 8389 "www.google.com" "Mozlila/5.0 (Linux; Android 7.0; SM-G892A Bulid/NRD90M; wv) AppleWebKit/537.36 (KHTML, like Gecko) Version/4.0 Chrome/60.0.3112.107 Moblie Safari/537.36"
114.119.149.173 - - [02/May/2025:06:40:27 -0400] "GET /gallery/rupa-lake-2020-7/ HTTP/1.1" 301 0 "https://rupalake.org.np/gallery/" "Mozilla/5.0 (Linux; Android 7.0;) AppleWebKit/537.36 (KHTML, like Gecko) Mobile Safari/537.36 (compatible; PetalBot;+https://webmaster.petalsearch.com/site/petalbot)"
114.119.149.173 - - [02/May/2025:06:40:41 -0400] "GET /wp-content/uploads/2021/01/Rupa-Lake-2020-7.jpg HTTP/1.1" 200 46075 "https://rupalake.org.np/gallery/" "Mozilla/5.0 (Linux; Android 7.0;) AppleWebKit/537.36 (KHTML, like Gecko) Mobile Safari/537.36 (compatible; PetalBot;+https://webmaster.petalsearch.com/site/petalbot)"
207.46.13.116 - - [02/May/2025:07:01:43 -0400] "GET /jackets/coat/20590490461265 HTTP/1.1" 200 99 "-" "Mozilla/5.0 AppleWebKit/537.36 (KHTML, like Gecko; compatible; bingbot/2.0; +http://www.bing.com/bingbot.htm) Chrome/116.0.1938.76 Safari/537.36"
52.167.144.198 - - [02/May/2025:07:04:52 -0400] "GET /tops/tshirts/20410310940406 HTTP/1.1" 200 99 "-" "Mozilla/5.0 AppleWebKit/537.36 (KHTML, like Gecko; compatible; bingbot/2.0; +http://www.bing.com/bingbot.htm) Chrome/116.0.1938.76 Safari/537.36"
52.167.144.190 - - [02/May/2025:07:22:52 -0400] "GET /sports/caddy-bags/1670130081262 HTTP/1.1" 200 99 "-" "Mozilla/5.0 AppleWebKit/537.36 (KHTML, like Gecko; compatible; bingbot/2.0; +http://www.bing.com/bingbot.htm) Chrome/116.0.1938.76 Safari/537.36"
199.188.205.55 - - [02/May/2025:07:26:10 -0400] "POST /wp-cron.php?doing_wp_cron=1746185170.2137451171875000000000 HTTP/1.1" 200 0 "-" "WordPress/6.2.6; https://rupalake.org.np"
114.119.149.91 - - [02/May/2025:07:26:08 -0400] "GET /gallery/rupalake-2021-pics-26/ HTTP/1.1" 301 0 "https://rupalake.org.np/gallery/" "Mozilla/5.0 (Linux; Android 7.0;) AppleWebKit/537.36 (KHTML, like Gecko) Mobile Safari/537.36 (compatible; PetalBot;+https://webmaster.petalsearch.com/site/petalbot)"
114.119.149.91 - - [02/May/2025:07:26:11 -0400] "GET /wp-content/uploads/2021/09/Rupalake-2021-Pics-26.jpg HTTP/1.1" 200 134604 "https://rupalake.org.np/gallery/" "Mozilla/5.0 (Linux; Android 7.0;) AppleWebKit/537.36 (KHTML, like Gecko) Mobile Safari/537.36 (compatible; PetalBot;+https://webmaster.petalsearch.com/site/petalbot)"
199.188.205.55 - - [02/May/2025:07:32:31 -0400] "POST /wp-cron.php?doing_wp_cron=1746185550.4788959026336669921875 HTTP/1.1" 200 0 "-" "WordPress/6.2.6; https://rupalake.org.np"
143.198.41.219 - - [02/May/2025:07:32:26 -0400] "GET /166-2/dsc04100/ HTTP/1.1" 301 0 "-" "Mozilla/5.0 (Macintosh; Intel Mac OS X 10_15_7) AppleWebKit/537.36 (KHTML, like Gecko) Chrome/124.0.0.0 Safari/537.36"
199.188.205.55 - - [02/May/2025:07:34:38 -0400] "POST /wp-cron.php?doing_wp_cron=1746185677.8939859867095947265625 HTTP/1.1" 200 0 "-" "WordPress/6.2.6; https://rupalake.org.np"
114.119.138.220 - - [02/May/2025:07:34:36 -0400] "GET /dsc00174/ HTTP/1.1" 301 0 "https://rupalake.org.np/gallery/" "Mozilla/5.0 (Linux; Android 7.0;) AppleWebKit/537.36 (KHTML, like Gecko) Mobile Safari/537.36 (compatible; PetalBot;+https://webmaster.petalsearch.com/site/petalbot)"
114.119.138.220 - - [02/May/2025:07:34:39 -0400] "GET /wp-content/uploads/2016/09/DSC00174.jpg HTTP/1.1" 200 592146 "https://rupalake.org.np/gallery/" "Mozilla/5.0 (Linux; Android 7.0;) AppleWebKit/537.36 (KHTML, like Gecko) Mobile Safari/537.36 (compatible; PetalBot;+https://webmaster.petalsearch.com/site/petalbot)"
23.23.180.225 - - [02/May/2025:07:40:11 -0400] "GET /robots.txt HTTP/1.1" 200 236 "-" "Mozilla/5.0 AppleWebKit/537.36 (KHTML, like Gecko; compatible; Amazonbot/0.1; +https://developer.amazon.com/support/amazonbot) Chrome/119.0.6045.214 Safari/537.36"
199.188.205.55 - - [02/May/2025:07:40:13 -0400] "POST /wp-cron.php?doing_wp_cron=1746186013.5243620872497558593750 HTTP/1.1" 200 0 "-" "WordPress/6.2.6; https://rupalake.org.np"
52.23.112.144 - - [02/May/2025:07:40:12 -0400] "GET /category/notices/ HTTP/1.1" 200 9870 "-" "Mozilla/5.0 AppleWebKit/537.36 (KHTML, like Gecko; compatible; Amazonbot/0.1; +https://developer.amazon.com/support/amazonbot) Chrome/119.0.6045.214 Safari/537.36"
52.167.144.229 - - [02/May/2025:07:53:02 -0400] "GET /food/shochu/9200580385765 HTTP/1.1" 200 99 "-" "Mozilla/5.0 AppleWebKit/537.36 (KHTML, like Gecko; compatible; bingbot/2.0; +http://www.bing.com/bingbot.htm) Chrome/116.0.1938.76 Safari/537.36"
207.46.13.107 - - [02/May/2025:07:57:08 -0400] "GET /pants/denim-pants/20260333803004 HTTP/1.1" 200 99 "-" "Mozilla/5.0 AppleWebKit/537.36 (KHTML, like Gecko; compatible; bingbot/2.0; +http://www.bing.com/bingbot.htm) Chrome/116.0.1938.76 Safari/537.36"
52.167.144.156 - - [02/May/2025:07:57:57 -0400] "GET /tops/sweaters/20450463278589 HTTP/1.1" 200 99 "-" "Mozilla/5.0 AppleWebKit/537.36 (KHTML, like Gecko; compatible; bingbot/2.0; +http://www.bing.com/bingbot.htm) Chrome/116.0.1938.76 Safari/537.36"
40.77.167.28 - - [02/May/2025:08:17:45 -0400] "GET /outerwear/outerwear/20610592596252 HTTP/1.1" 200 99 "-" "Mozilla/5.0 AppleWebKit/537.36 (KHTML, like Gecko; compatible; bingbot/2.0; +http://www.bing.com/bingbot.htm) Chrome/116.0.1938.76 Safari/537.36"
85.208.96.201 - - [02/May/2025:08:19:58 -0400] "GET /robots.txt HTTP/1.1" 200 236 "-" "Mozilla/5.0 (compatible; SemrushBot/7~bl; +http://www.semrush.com/bot.html)"
199.188.205.55 - - [02/May/2025:08:20:00 -0400] "POST /wp-cron.php?doing_wp_cron=1746188400.4852769374847412109375 HTTP/1.1" 200 0 "-" "WordPress/6.2.6; https://rupalake.org.np"
185.191.171.17 - - [02/May/2025:08:19:59 -0400] "GET /category/programmes/feed/ HTTP/1.1" 200 822 "-" "Mozilla/5.0 (compatible; SemrushBot/7~bl; +http://www.semrush.com/bot.html)"
199.188.205.55 - - [02/May/2025:08:24:01 -0400] "POST /wp-cron.php?doing_wp_cron=1746188641.2032670974731445312500 HTTP/1.1" 200 0 "-" "WordPress/6.2.6; https://rupalake.org.np"
185.191.171.5 - - [02/May/2025:08:24:00 -0400] "GET /fish-rates-to-be-applicable-from-2079-shrawan-7/ HTTP/1.1" 200 11385 "-" "Mozilla/5.0 (compatible; SemrushBot/7~bl; +http://www.semrush.com/bot.html)"
144.91.119.115 - - [02/May/2025:08:40:43 -0400] "GET /wp-content/themes/hello_dolly_v2.php HTTP/1.1" 404 8389 "www.google.com" "Mozilla/5.0 (Linux; Android 7.0; SM-G892A Build/NRD90M; wv) AppleWebKit/537.36 (KHTML, like Gecko) Version/4.0 Chrome/60.0.3112.107 Mobile Safari/537.36"
52.167.144.25 - - [02/May/2025:08:55:52 -0400] "GET /cds/foreign-movies/14960213273927 HTTP/1.1" 200 99 "-" "Mozilla/5.0 AppleWebKit/537.36 (KHTML, like Gecko; compatible; bingbot/2.0; +http://www.bing.com/bingbot.htm) Chrome/116.0.1938.76 Safari/537.36"
199.188.205.55 - - [02/May/2025:09:09:16 -0400] "POST /wp-cron.php?doing_wp_cron=1746191355.6460940837860107421875 HTTP/1.1" 200 0 "-" "WordPress/6.2.6; https://rupalake.org.np"
147.185.132.75 - - [02/May/2025:09:09:13 -0400] "GET / HTTP/1.1" 200 46553 "-" "Expanse, a Palo Alto Networks company, searches across the global IPv4 space multiple times per day to identify customers' presences on the Internet. If you would like to be excluded from our scans, please send IP addresses/domains to: scaninfo@paloaltonetworks.com"
52.167.144.19 - - [02/May/2025:09:20:11 -0400] "GET /shoes/sneakers/19960560255518 HTTP/1.1" 200 99 "-" "Mozilla/5.0 AppleWebKit/537.36 (KHTML, like Gecko; compatible; bingbot/2.0; +http://www.bing.com/bingbot.htm) Chrome/116.0.1938.76 Safari/537.36"
52.167.144.19 - - [02/May/2025:09:20:28 -0400] "GET /motorcycles/tools/18350332210034 HTTP/1.1" 200 99 "-" "Mozilla/5.0 AppleWebKit/537.36 (KHTML, like Gecko; compatible; bingbot/2.0; +http://www.bing.com/bingbot.htm) Chrome/116.0.1938.76 Safari/537.36"
52.167.144.19 - - [02/May/2025:09:21:53 -0400] "GET /smartphones/windows-notebooks/740163768498 HTTP/1.1" 200 99 "-" "Mozilla/5.0 AppleWebKit/537.36 (KHTML, like Gecko; compatible; bingbot/2.0; +http://www.bing.com/bingbot.htm) Chrome/116.0.1938.76 Safari/537.36"
52.167.144.162 - - [02/May/2025:09:41:36 -0400] "GET /tops/cut-sew/20410182572795 HTTP/1.1" 200 99 "-" "Mozilla/5.0 AppleWebKit/537.36 (KHTML, like Gecko; compatible; bingbot/2.0; +http://www.bing.com/bingbot.htm) Chrome/116.0.1938.76 Safari/537.36"
199.188.205.55 - - [02/May/2025:10:02:13 -0400] "POST /wp-cron.php?doing_wp_cron=1746194533.6706459522247314453125 HTTP/1.1" 200 0 "-" "WordPress/6.2.6; https://rupalake.org.np"
138.68.182.238 - - [02/May/2025:10:02:12 -0400] "GET /img_8375/ HTTP/1.1" 301 0 "-" "Mozilla/5.0 (Windows NT 10.0; Win64; x64) AppleWebKit/537.36 (KHTML, like Gecko) Chrome/124.0.0.0 Safari/537.36"
40.77.167.36 - - [02/May/2025:10:05:35 -0400] "GET /sports/clubs/1610304052044 HTTP/1.1" 200 99 "-" "Mozilla/5.0 AppleWebKit/537.36 (KHTML, like Gecko; compatible; bingbot/2.0; +http://www.bing.com/bingbot.htm) Chrome/116.0.1938.76 Safari/537.36"
4.246.170.15 - - [02/May/2025:10:16:04 -0400] "GET /wp-content/uploads/2021/09/Rupalake-2021-Pics-21-225x300.jpg HTTP/1.1" 200 20522 "-" "Mozilla/5.0 (Windows NT 10.0; Win64; x64) AppleWebKit/537.36 (KHTML, like Gecko) Chrome/109.0.0.0 Safari/537.36"
4.246.170.15 - - [02/May/2025:10:16:07 -0400] "GET /wp-content/uploads/2016/05/IMG_9687-300x200.jpg HTTP/1.1" 200 18294 "-" "Mozilla/5.0 (Windows NT 10.0; Win64; x64) AppleWebKit/537.36 (KHTML, like Gecko) Chrome/109.0.0.0 Safari/537.36"
4.246.170.15 - - [02/May/2025:10:16:10 -0400] "GET /wp-content/uploads/2017/10/IMG_1678-300x225.jpg HTTP/1.1" 200 20842 "-" "Mozilla/5.0 (Windows NT 10.0; Win64; x64) AppleWebKit/537.36 (KHTML, like Gecko) Chrome/109.0.0.0 Safari/537.36"
4.246.170.15 - - [02/May/2025:10:18:03 -0400] "GET /wp-content/uploads/2016/05/IMG_8375-300x200.jpg HTTP/1.1" 200 18751 "-" "Mozilla/5.0 (Windows NT 10.0; Win64; x64) AppleWebKit/537.36 (KHTML, like Gecko) Chrome/109.0.0.0 Safari/537.36"
4.246.170.15 - - [02/May/2025:10:20:59 -0400] "GET /wp-content/uploads/2021/09/Rupalake-2021-pics-4-300x135.jpg HTTP/1.1" 200 12955 "-" "Mozilla/5.0 (Windows NT 10.0; Win64; x64) AppleWebKit/537.36 (KHTML, like Gecko) Chrome/109.0.0.0 Safari/537.36"
4.246.170.15 - - [02/May/2025:10:23:53 -0400] "GET /wp-content/uploads/2021/09/Rupalake-2021-pics-6-300x225.jpg HTTP/1.1" 200 19649 "-" "Mozilla/5.0 (Windows NT 10.0; Win64; x64) AppleWebKit/537.36 (KHTML, like Gecko) Chrome/109.0.0.0 Safari/537.36"
4.246.170.15 - - [02/May/2025:10:25:09 -0400] "GET /wp-content/uploads/2016/05/IMG_9685-300x200.jpg HTTP/1.1" 200 17281 "-" "Mozilla/5.0 (Windows NT 10.0; Win64; x64) AppleWebKit/537.36 (KHTML, like Gecko) Chrome/109.0.0.0 Safari/537.36"
4.246.170.15 - - [02/May/2025:10:25:43 -0400] "GET /wp-content/uploads/2016/05/IMG_9696-300x200.jpg HTTP/1.1" 200 20703 "-" "Mozilla/5.0 (Windows NT 10.0; Win64; x64) AppleWebKit/537.36 (KHTML, like Gecko) Chrome/109.0.0.0 Safari/537.36"
4.246.170.15 - - [02/May/2025:10:26:19 -0400] "GET /wp-content/uploads/2015/11/Rupa-Lake-Restoration-main-office-660x330-300x150.jpg HTTP/1.1" 200 24186 "-" "Mozilla/5.0 (Windows NT 10.0; Win64; x64) AppleWebKit/537.36 (KHTML, like Gecko) Chrome/109.0.0.0 Safari/537.36"
4.246.170.15 - - [02/May/2025:10:27:02 -0400] "GET /wp-content/uploads/2021/09/Rupalake-2021-pics-9-300x225.jpg HTTP/1.1" 200 12300 "-" "Mozilla/5.0 (Windows NT 10.0; Win64; x64) AppleWebKit/537.36 (KHTML, like Gecko) Chrome/109.0.0.0 Safari/537.36"
4.246.170.15 - - [02/May/2025:10:27:25 -0400] "GET /wp-content/uploads/2021/09/Rupalake-2021-Pics-28-190x300.jpg HTTP/1.1" 200 15142 "-" "Mozilla/5.0 (Windows NT 10.0; Win64; x64) AppleWebKit/537.36 (KHTML, like Gecko) Chrome/109.0.0.0 Safari/537.36"
4.246.170.15 - - [02/May/2025:10:27:57 -0400] "GET /wp-content/uploads/2021/09/Rupalake-2021-Pics-16-225x300.jpg HTTP/1.1" 200 18337 "-" "Mozilla/5.0 (Windows NT 10.0; Win64; x64) AppleWebKit/537.36 (KHTML, like Gecko) Chrome/109.0.0.0 Safari/537.36"
4.246.170.15 - - [02/May/2025:10:29:27 -0400] "GET /wp-content/uploads/2021/01/Rupa-Lake-2020-4-300x225.jpg HTTP/1.1" 200 17322 "-" "Mozilla/5.0 (Windows NT 10.0; Win64; x64) AppleWebKit/537.36 (KHTML, like Gecko) Chrome/109.0.0.0 Safari/537.36"
185.191.171.11 - - [02/May/2025:10:33:20 -0400] "GET /robots.txt HTTP/1.1" 200 236 "-" "Mozilla/5.0 (compatible; SemrushBot/7~bl; +http://www.semrush.com/bot.html)"
199.188.205.55 - - [02/May/2025:10:33:21 -0400] "POST /wp-cron.php?doing_wp_cron=1746196401.1389510631561279296875 HTTP/1.1" 200 0 "-" "WordPress/6.2.6; https://rupalake.org.np"
85.208.96.198 - - [02/May/2025:10:33:20 -0400] "GET /category/slider/ HTTP/1.1" 200 9549 "-" "Mozilla/5.0 (compatible; SemrushBot/7~bl; +http://www.semrush.com/bot.html)"
4.246.170.15 - - [02/May/2025:10:33:41 -0400] "GET /wp-content/uploads/2021/09/Rupalake-2021-Pics-15-248x300.jpg HTTP/1.1" 200 20205 "-" "Mozilla/5.0 (Windows NT 10.0; Win64; x64) AppleWebKit/537.36 (KHTML, like Gecko) Chrome/109.0.0.0 Safari/537.36"
4.246.170.15 - - [02/May/2025:10:34:28 -0400] "GET /wp-content/uploads/2021/01/Rupa-Lake-2020-5-300x225.jpg HTTP/1.1" 200 14777 "-" "Mozilla/5.0 (Windows NT 10.0; Win64; x64) AppleWebKit/537.36 (KHTML, like Gecko) Chrome/109.0.0.0 Safari/537.36"
4.246.170.15 - - [02/May/2025:10:35:22 -0400] "GET /wp-content/uploads/2021/09/Rupalake-2021-pics-10-300x225.jpg HTTP/1.1" 200 22421 "-" "Mozilla/5.0 (Windows NT 10.0; Win64; x64) AppleWebKit/537.36 (KHTML, like Gecko) Chrome/109.0.0.0 Safari/537.36"
4.246.170.15 - - [02/May/2025:10:36:37 -0400] "GET /wp-content/uploads/2021/09/Rupalake-2021-Pics-24-198x300.jpg HTTP/1.1" 200 16935 "-" "Mozilla/5.0 (Windows NT 10.0; Win64; x64) AppleWebKit/537.36 (KHTML, like Gecko) Chrome/109.0.0.0 Safari/537.36"
4.246.170.15 - - [02/May/2025:10:38:28 -0400] "GET /wp-content/uploads/2021/09/Rupalake-2021-Pics-18-225x300.jpg HTTP/1.1" 200 22620 "-" "Mozilla/5.0 (Windows NT 10.0; Win64; x64) AppleWebKit/537.36 (KHTML, like Gecko) Chrome/109.0.0.0 Safari/537.36"
114.119.165.136 - - [02/May/2025:10:39:34 -0400] "GET /wp-content/uploads/2021/09/Rupalake-2021-Pics-21-225x300.jpg HTTP/1.1" 200 20522 "https://rupalake.org.np/gallery/" "Mozilla/5.0 (Linux; Android 7.0;) AppleWebKit/537.36 (KHTML, like Gecko) Mobile Safari/537.36 (compatible; PetalBot;+https://webmaster.petalsearch.com/site/petalbot)"
4.246.170.15 - - [02/May/2025:10:40:15 -0400] "GET /wp-content/uploads/2021/01/Rupa-Lake-2020-1-300x225.jpg HTTP/1.1" 200 15232 "-" "Mozilla/5.0 (Windows NT 10.0; Win64; x64) AppleWebKit/537.36 (KHTML, like Gecko) Chrome/109.0.0.0 Safari/537.36"
199.188.205.55 - - [02/May/2025:10:40:58 -0400] "POST /wp-cron.php?doing_wp_cron=1746196856.8935039043426513671875 HTTP/1.1" 200 0 "-" "WordPress/6.2.6; https://rupalake.org.np"
114.119.144.132 - - [02/May/2025:10:40:56 -0400] "GET /tag/fish-production-in-rupatal/ HTTP/1.1" 200 9562 "https://rupalake.org.np/tag/fish-production-in-rupatal/" "Mozilla/5.0 (Linux; Android 7.0;) AppleWebKit/537.36 (KHTML, like Gecko) Mobile Safari/537.36 (compatible; PetalBot;+https://webmaster.petalsearch.com/site/petalbot)"
199.188.205.55 - - [02/May/2025:10:42:19 -0400] "POST /wp-cron.php?doing_wp_cron=1746196938.0582549571990966796875 HTTP/1.1" 200 0 "-" "WordPress/6.2.6; https://rupalake.org.np"
114.119.149.173 - - [02/May/2025:10:42:17 -0400] "GET /gallery/rupalake-2021-pics-17/ HTTP/1.1" 301 0 "https://rupalake.org.np/gallery/" "Mozilla/5.0 (Linux; Android 7.0;) AppleWebKit/537.36 (KHTML, like Gecko) Mobile Safari/537.36 (compatible; PetalBot;+https://webmaster.petalsearch.com/site/petalbot)"
114.119.149.173 - - [02/May/2025:10:42:20 -0400] "GET /wp-content/uploads/2021/09/Rupalake-2021-Pics-17.jpg HTTP/1.1" 200 124599 "https://rupalake.org.np/gallery/" "Mozilla/5.0 (Linux; Android 7.0;) AppleWebKit/537.36 (KHTML, like Gecko) Mobile Safari/537.36 (compatible; PetalBot;+https://webmaster.petalsearch.com/site/petalbot)"
4.246.170.15 - - [02/May/2025:10:47:19 -0400] "GET /wp-content/uploads/2021/09/Rupalake-2021-Pics-25-225x300.jpg HTTP/1.1" 200 16377 "-" "Mozilla/5.0 (Windows NT 10.0; Win64; x64) AppleWebKit/537.36 (KHTML, like Gecko) Chrome/109.0.0.0 Safari/537.36"
4.246.170.15 - - [02/May/2025:10:48:15 -0400] "GET /wp-content/uploads/2021/01/Rupa-Lake-2020-7-300x225.jpg HTTP/1.1" 200 8750 "-" "Mozilla/5.0 (Windows NT 10.0; Win64; x64) AppleWebKit/537.36 (KHTML, like Gecko) Chrome/109.0.0.0 Safari/537.36"
4.246.170.15 - - [02/May/2025:10:48:42 -0400] "GET /wp-content/uploads/2017/10/IMG_1377-300x225.jpg HTTP/1.1" 200 27301 "-" "Mozilla/5.0 (Windows NT 10.0; Win64; x64) AppleWebKit/537.36 (KHTML, like Gecko) Chrome/109.0.0.0 Safari/537.36"
4.246.170.15 - - [02/May/2025:10:49:00 -0400] "GET /wp-content/uploads/2021/09/Rupalake-2021-pics-8-300x225.jpg HTTP/1.1" 200 19766 "-" "Mozilla/5.0 (Windows NT 10.0; Win64; x64) AppleWebKit/537.36 (KHTML, like Gecko) Chrome/109.0.0.0 Safari/537.36"
4.246.170.15 - - [02/May/2025:10:49:34 -0400] "GET /wp-content/uploads/2021/09/Rupalake-2021-Pics-14-225x300.jpg HTTP/1.1" 200 21937 "-" "Mozilla/5.0 (Windows NT 10.0; Win64; x64) AppleWebKit/537.36 (KHTML, like Gecko) Chrome/109.0.0.0 Safari/537.36"
52.167.144.228 - - [02/May/2025:10:52:03 -0400] "GET /home-appliances/air-purifiers/9380361128028 HTTP/1.1" 200 99 "-" "Mozilla/5.0 AppleWebKit/537.36 (KHTML, like Gecko; compatible; bingbot/2.0; +http://www.bing.com/bingbot.htm) Chrome/116.0.1938.76 Safari/537.36"
4.246.170.15 - - [02/May/2025:10:52:36 -0400] "GET /wp-content/uploads/2021/01/Rupa-Lake-2020-3-300x225.jpg HTTP/1.1" 200 22971 "-" "Mozilla/5.0 (Windows NT 10.0; Win64; x64) AppleWebKit/537.36 (KHTML, like Gecko) Chrome/109.0.0.0 Safari/537.36"
4.246.170.15 - - [02/May/2025:10:52:53 -0400] "GET /wp-content/uploads/2021/09/Rupalake-2021-Pics-27-225x300.jpg HTTP/1.1" 200 18646 "-" "Mozilla/5.0 (Windows NT 10.0; Win64; x64) AppleWebKit/537.36 (KHTML, like Gecko) Chrome/109.0.0.0 Safari/537.36"
4.246.170.15 - - [02/May/2025:10:52:55 -0400] "GET /wp-content/uploads/2021/09/Rupalake-2021-pics-1-300x225.jpg HTTP/1.1" 200 20993 "-" "Mozilla/5.0 (Windows NT 10.0; Win64; x64) AppleWebKit/537.36 (KHTML, like Gecko) Chrome/109.0.0.0 Safari/537.36"
4.246.170.15 - - [02/May/2025:10:53:34 -0400] "GET /wp-content/uploads/2021/09/Rupalake-2021-pics-12-300x199.jpg HTTP/1.1" 200 17431 "-" "Mozilla/5.0 (Windows NT 10.0; Win64; x64) AppleWebKit/537.36 (KHTML, like Gecko) Chrome/109.0.0.0 Safari/537.36"
4.246.170.15 - - [02/May/2025:10:54:04 -0400] "GET /wp-content/uploads/2021/09/Rupalake-2021-pics-5-300x225.jpg HTTP/1.1" 200 20845 "-" "Mozilla/5.0 (Windows NT 10.0; Win64; x64) AppleWebKit/537.36 (KHTML, like Gecko) Chrome/109.0.0.0 Safari/537.36"
4.246.170.15 - - [02/May/2025:10:54:07 -0400] "GET /wp-content/uploads/2021/01/Rupa-Lake-2020-6-300x225.jpg HTTP/1.1" 200 25144 "-" "Mozilla/5.0 (Windows NT 10.0; Win64; x64) AppleWebKit/537.36 (KHTML, like Gecko) Chrome/109.0.0.0 Safari/537.36"
199.188.205.55 - - [02/May/2025:10:54:28 -0400] "POST /wp-cron.php?doing_wp_cron=1746197668.7975230216979980468750 HTTP/1.1" 200 0 "-" "WordPress/6.2.6; https://rupalake.org.np"
157.245.146.47 - - [02/May/2025:10:54:27 -0400] "GET /gallery/rupalake-2021-pics-26/ HTTP/1.1" 301 0 "-" "Mozilla/5.0 (Windows NT 10.0; Win64; x64) AppleWebKit/537.36 (KHTML, like Gecko) Chrome/124.0.0.0 Safari/537.36"
4.246.170.15 - - [02/May/2025:10:55:02 -0400] "GET /wp-content/uploads/2017/10/nelumbo_nucifera7898-300x205.jpg HTTP/1.1" 200 20218 "-" "Mozilla/5.0 (Windows NT 10.0; Win64; x64) AppleWebKit/537.36 (KHTML, like Gecko) Chrome/109.0.0.0 Safari/537.36"
4.246.170.15 - - [02/May/2025:10:55:28 -0400] "GET /wp-content/uploads/2021/09/Rupalake-2021-pics-3-300x225.jpg HTTP/1.1" 200 13963 "-" "Mozilla/5.0 (Windows NT 10.0; Win64; x64) AppleWebKit/537.36 (KHTML, like Gecko) Chrome/109.0.0.0 Safari/537.36"
4.246.170.15 - - [02/May/2025:10:56:06 -0400] "GET /wp-content/uploads/2021/09/Rupalake-2021-pics-2-300x225.jpg HTTP/1.1" 200 19481 "-" "Mozilla/5.0 (Windows NT 10.0; Win64; x64) AppleWebKit/537.36 (KHTML, like Gecko) Chrome/109.0.0.0 Safari/537.36"
4.246.170.15 - - [02/May/2025:10:56:07 -0400] "GET /wp-content/uploads/2021/09/Rupalake-2021-Pics-23-240x300.jpg HTTP/1.1" 200 9404 "-" "Mozilla/5.0 (Windows NT 10.0; Win64; x64) AppleWebKit/537.36 (KHTML, like Gecko) Chrome/109.0.0.0 Safari/537.36"
4.246.170.15 - - [02/May/2025:10:56:14 -0400] "GET /wp-content/uploads/2021/09/Rupalake-2021-pics-11-300x225.jpg HTTP/1.1" 200 16790 "-" "Mozilla/5.0 (Windows NT 10.0; Win64; x64) AppleWebKit/537.36 (KHTML, like Gecko) Chrome/109.0.0.0 Safari/537.36"
4.246.170.15 - - [02/May/2025:10:56:48 -0400] "GET /wp-content/uploads/2017/10/DSC_2804-300x199.jpg HTTP/1.1" 200 9064 "-" "Mozilla/5.0 (Windows NT 10.0; Win64; x64) AppleWebKit/537.36 (KHTML, like Gecko) Chrome/109.0.0.0 Safari/537.36"
4.246.170.15 - - [02/May/2025:10:58:39 -0400] "GET /wp-content/uploads/2021/09/Rupalake-2021-Pics-26-179x300.jpg HTTP/1.1" 200 17005 "-" "Mozilla/5.0 (Windows NT 10.0; Win64; x64) AppleWebKit/537.36 (KHTML, like Gecko) Chrome/109.0.0.0 Safari/537.36"
4.246.170.15 - - [02/May/2025:10:58:41 -0400] "GET /wp-content/uploads/2016/09/DSC00174-300x225.jpg HTTP/1.1" 200 13567 "-" "Mozilla/5.0 (Windows NT 10.0; Win64; x64) AppleWebKit/537.36 (KHTML, like Gecko) Chrome/109.0.0.0 Safari/537.36"
4.246.170.15 - - [02/May/2025:10:59:14 -0400] "GET /wp-content/uploads/2021/09/Rupalake-2021-Pics-29-257x300.jpg HTTP/1.1" 200 24597 "-" "Mozilla/5.0 (Windows NT 10.0; Win64; x64) AppleWebKit/537.36 (KHTML, like Gecko) Chrome/109.0.0.0 Safari/537.36"
4.246.170.15 - - [02/May/2025:10:59:14 -0400] "GET /wp-content/uploads/2021/09/Rupalake-2021-Pics-22-236x300.jpg HTTP/1.1" 200 21237 "-" "Mozilla/5.0 (Windows NT 10.0; Win64; x64) AppleWebKit/537.36 (KHTML, like Gecko) Chrome/109.0.0.0 Safari/537.36"
199.188.205.55 - - [02/May/2025:10:59:40 -0400] "POST /wp-cron.php?doing_wp_cron=1746197979.3127579689025878906250 HTTP/1.1" 200 0 "-" "WordPress/6.2.6; https://rupalake.org.np"
114.119.155.239 - - [02/May/2025:10:59:38 -0400] "GET /gallery/rupalake-2021-pics-9/ HTTP/1.1" 301 0 "https://rupalake.org.np/gallery/" "Mozilla/5.0 (Linux; Android 7.0;) AppleWebKit/537.36 (KHTML, like Gecko) Mobile Safari/537.36 (compatible; PetalBot;+https://webmaster.petalsearch.com/site/petalbot)"
114.119.155.239 - - [02/May/2025:10:59:41 -0400] "GET /wp-content/uploads/2021/09/Rupalake-2021-pics-9.jpg HTTP/1.1" 200 81580 "https://rupalake.org.np/gallery/" "Mozilla/5.0 (Linux; Android 7.0;) AppleWebKit/537.36 (KHTML, like Gecko) Mobile Safari/537.36 (compatible; PetalBot;+https://webmaster.petalsearch.com/site/petalbot)"
4.246.170.15 - - [02/May/2025:11:00:37 -0400] "GET /wp-content/uploads/2021/09/Rupalake-2021-Pics-17-225x300.jpg HTTP/1.1" 200 17628 "-" "Mozilla/5.0 (Windows NT 10.0; Win64; x64) AppleWebKit/537.36 (KHTML, like Gecko) Chrome/109.0.0.0 Safari/537.36"
4.246.170.15 - - [02/May/2025:11:00:46 -0400] "GET /wp-content/uploads/2021/09/Rupalake-2021-Pics-19-225x300.jpg HTTP/1.1" 200 19479 "-" "Mozilla/5.0 (Windows NT 10.0; Win64; x64) AppleWebKit/537.36 (KHTML, like Gecko) Chrome/109.0.0.0 Safari/537.36"
