52.178.176.151 - - [03/May/2025:18:26:45 -0400] "GET /wp-includes/SimplePie/xBrain.php HTTP/1.1" 404 80719 "-" "-"
52.178.176.151 - - [03/May/2025:18:26:47 -0400] "GET /xBrain.php HTTP/1.1" 404 80527 "-" "-"
52.178.176.151 - - [03/May/2025:18:26:49 -0400] "GET /xxx.php HTTP/1.1" 404 80503 "-" "-"
52.178.176.151 - - [03/May/2025:18:26:51 -0400] "GET /credits.php HTTP/1.1" 404 80535 "-" "-"
52.178.176.151 - - [03/May/2025:18:26:53 -0400] "GET /.tmb/cloud.php HTTP/1.1" 404 80567 "-" "-"
52.178.176.151 - - [03/May/2025:18:26:56 -0400] "GET /504.php HTTP/1.1" 404 80503 "-" "-"
52.178.176.151 - - [03/May/2025:18:26:58 -0400] "GET /version.php HTTP/1.1" 404 80535 "-" "-"
52.178.176.151 - - [03/May/2025:18:27:00 -0400] "GET //themes/zMousse/otuz1.php HTTP/1.1" 301 0 "-" "-"
52.178.176.151 - - [03/May/2025:18:27:02 -0400] "GET /themes/zMousse/otuz1.php HTTP/1.1" 404 80655 "-" "-"
52.178.176.151 - - [03/May/2025:18:27:04 -0400] "GET /thumbs.php HTTP/1.1" 404 80527 "-" "-"
52.178.176.151 - - [03/May/2025:18:27:06 -0400] "GET /asus.php HTTP/1.1" 404 80511 "-" "-"
52.178.176.151 - - [03/May/2025:18:27:08 -0400] "GET /2025.php HTTP/1.1" 404 80511 "-" "-"
52.178.176.151 - - [03/May/2025:18:27:10 -0400] "GET /pi.php HTTP/1.1" 404 80495 "-" "-"
52.178.176.151 - - [03/May/2025:18:27:12 -0400] "GET /wp-atom.php HTTP/1.1" 301 0 "-" "-"
199.188.205.55 - - [03/May/2025:18:27:18 -0400] "POST /wp-cron.php?doing_wp_cron=1746311238.0196239948272705078125 HTTP/1.1" 403 13 "-" "WordPress/6.8; https://keyfinancehomeloan.com.au"
52.178.176.151 - - [03/May/2025:18:27:15 -0400] "GET /license.php HTTP/1.1" 404 80535 "-" "-"
52.178.176.151 - - [03/May/2025:18:27:20 -0400] "GET /wp-includes/rest-api/alfa-rex.php7 HTTP/1.1" 404 80735 "-" "-"
52.178.176.151 - - [03/May/2025:18:27:23 -0400] "GET /randkeyword.PhP8 HTTP/1.1" 404 80575 "-" "-"
52.178.176.151 - - [03/May/2025:18:27:27 -0400] "GET /priv.php HTTP/1.1" 404 80511 "-" "-"
52.178.176.151 - - [03/May/2025:18:27:29 -0400] "GET /cgi-bin/cloud.php HTTP/1.1" 404 80591 "-" "-"
52.178.176.151 - - [03/May/2025:18:27:31 -0400] "GET /fresh: HTTP/1.1" 404 80495 "-" "-"
52.178.176.151 - - [03/May/2025:18:27:34 -0400] "GET /max.php HTTP/1.1" 404 80503 "-" "-"
52.178.176.151 - - [03/May/2025:18:27:36 -0400] "GET /xml.php HTTP/1.1" 404 80503 "-" "-"
52.178.176.151 - - [03/May/2025:18:27:38 -0400] "GET /post.php HTTP/1.1" 404 80511 "-" "-"
52.178.176.151 - - [03/May/2025:18:27:40 -0400] "GET /xmrlpc.php HTTP/1.1" 404 80527 "-" "-"
52.178.176.151 - - [03/May/2025:18:27:42 -0400] "GET /menu.php HTTP/1.1" 404 80511 "-" "-"
52.178.176.151 - - [03/May/2025:18:27:45 -0400] "GET /search/label/PHP-Shells HTTP/1.1" 200 85125 "-" "-"
52.178.176.151 - - [03/May/2025:18:27:47 -0400] "GET /vv.php HTTP/1.1" 404 80495 "-" "-"
52.178.176.151 - - [03/May/2025:18:27:49 -0400] "GET //wsa.php HTTP/1.1" 301 0 "-" "-"
52.178.176.151 - - [03/May/2025:18:27:49 -0400] "GET /wsa.php HTTP/1.1" 404 80503 "-" "-"
52.178.176.151 - - [03/May/2025:18:27:51 -0400] "GET /gel4y.php HTTP/1.1" 404 80519 "-" "-"
52.178.176.151 - - [03/May/2025:18:27:53 -0400] "GET /web.php HTTP/1.1" 404 80503 "-" "-"
52.178.176.151 - - [03/May/2025:18:27:55 -0400] "GET /wp-theme.php HTTP/1.1" 404 80543 "-" "-"
52.178.176.151 - - [03/May/2025:18:27:58 -0400] "GET /wp-header.php HTTP/1.1" 404 80551 "-" "-"
52.178.176.151 - - [03/May/2025:18:28:00 -0400] "GET /mail.php HTTP/1.1" 404 80511 "-" "-"
52.178.176.151 - - [03/May/2025:18:28:02 -0400] "GET /fresh HTTP/1.1" 404 80487 "-" "-"
52.178.176.151 - - [03/May/2025:18:28:04 -0400] "GET /todo.php HTTP/1.1" 404 80511 "-" "-"
52.178.176.151 - - [03/May/2025:18:28:06 -0400] "GET /locale.php HTTP/1.1" 404 80527 "-" "-"
52.178.176.151 - - [03/May/2025:18:28:07 -0400] "GET /users.php HTTP/1.1" 404 80519 "-" "-"
52.178.176.151 - - [03/May/2025:18:28:10 -0400] "GET /ynz.PhP7 HTTP/1.1" 404 80511 "-" "-"
52.178.176.151 - - [03/May/2025:18:28:11 -0400] "GET /lufix.php HTTP/1.1" 404 80519 "-" "-"
52.178.176.151 - - [03/May/2025:18:28:14 -0400] "GET /contact.php HTTP/1.1" 404 80535 "-" "-"
52.178.176.151 - - [03/May/2025:18:28:15 -0400] "GET /filemanager/dialog.php HTTP/1.1" 404 80631 "-" "-"
199.188.205.55 - - [03/May/2025:18:28:19 -0400] "POST /wp-cron.php?doing_wp_cron=1746311298.9132220745086669921875 HTTP/1.1" 403 13 "-" "WordPress/6.8; https://keyfinancehomeloan.com.au"
52.178.176.151 - - [03/May/2025:18:28:18 -0400] "GET /wp-info.php HTTP/1.1" 404 80535 "-" "-"
52.178.176.151 - - [03/May/2025:18:28:20 -0400] "GET /wp-includes/cloud.php HTTP/1.1" 404 80623 "-" "-"
52.178.176.151 - - [03/May/2025:18:28:22 -0400] "GET /wp-includes/wp-activate.php HTTP/1.1" 404 80671 "-" "-"
52.178.176.151 - - [03/May/2025:18:28:24 -0400] "GET /ova-tools.php HTTP/1.1" 404 80551 "-" "-"
52.178.176.151 - - [03/May/2025:18:28:26 -0400] "GET /by.php HTTP/1.1" 404 80495 "-" "-"
52.178.176.151 - - [03/May/2025:18:28:28 -0400] "GET /cgi-bin/plugins.php HTTP/1.1" 404 80607 "-" "-"
52.178.176.151 - - [03/May/2025:18:28:29 -0400] "GET /class.api.php HTTP/1.1" 404 80551 "-" "-"
52.178.176.151 - - [03/May/2025:18:28:31 -0400] "GET /cms.php?cmsinc=login HTTP/1.1" 404 80503 "-" "-"
52.178.176.151 - - [03/May/2025:18:28:32 -0400] "GET /daddy.php HTTP/1.1" 404 80519 "-" "-"
52.178.176.151 - - [03/May/2025:18:28:34 -0400] "GET /fosil.php HTTP/1.1" 404 80519 "-" "-"
52.178.176.151 - - [03/May/2025:18:28:36 -0400] "GET /indeex.php HTTP/1.1" 404 80527 "-" "-"
52.178.176.151 - - [03/May/2025:18:28:38 -0400] "GET /ioxi002.PhP7 HTTP/1.1" 404 80543 "-" "-"
52.178.176.151 - - [03/May/2025:18:28:41 -0400] "GET /jp.php HTTP/1.1" 404 80495 "-" "-"
52.178.176.151 - - [03/May/2025:18:28:43 -0400] "GET /options.php HTTP/1.1" 404 80535 "-" "-"
52.178.176.151 - - [03/May/2025:18:28:45 -0400] "GET /pylSE9O2gWV.php HTTP/1.1" 404 80567 "-" "-"
52.178.176.151 - - [03/May/2025:18:28:47 -0400] "GET /shell20211028.php HTTP/1.1" 404 80583 "-" "-"
52.178.176.151 - - [03/May/2025:18:28:49 -0400] "GET /sidwso.php HTTP/1.1" 404 80527 "-" "-"
52.178.176.151 - - [03/May/2025:18:28:51 -0400] "GET /smaxx.php HTTP/1.1" 404 80519 "-" "-"
52.178.176.151 - - [03/May/2025:18:28:53 -0400] "GET /style.php HTTP/1.1" 403 13 "-" "-"
52.178.176.151 - - [03/May/2025:18:28:54 -0400] "GET /upgrade.php HTTP/1.1" 404 80535 "-" "-"
52.178.176.151 - - [03/May/2025:18:28:55 -0400] "GET /wordpress/wp-includes/IXR/allez.php HTTP/1.1" 404 80751 "-" "-"
52.178.176.151 - - [03/May/2025:18:28:57 -0400] "GET /wp-includes/IXR/allez.php HTTP/1.1" 404 80663 "-" "-"
52.178.176.151 - - [03/May/2025:18:28:59 -0400] "GET /wp-includes/certificates/cloud.php HTTP/1.1" 404 80735 "-" "-"
52.178.176.151 - - [03/May/2025:18:29:01 -0400] "GET /wp-includes/images/include.php HTTP/1.1" 404 80703 "-" "-"
52.178.176.151 - - [03/May/2025:18:29:02 -0400] "GET /wp-includes/product.php HTTP/1.1" 404 80639 "-" "-"
52.178.176.151 - - [03/May/2025:18:29:04 -0400] "GET /wp-includes/rest-api/network.php HTTP/1.1" 404 80719 "-" "-"
52.178.176.151 - - [03/May/2025:18:29:05 -0400] "GET /wp-l0gin.php HTTP/1.1" 404 80543 "-" "-"
52.178.176.151 - - [03/May/2025:18:29:07 -0400] "GET /xp.php HTTP/1.1" 404 80495 "-" "-"
52.178.176.151 - - [03/May/2025:18:29:08 -0400] "GET /zcoqCGrnVix.php HTTP/1.1" 404 80567 "-" "-"
52.178.176.151 - - [03/May/2025:18:29:11 -0400] "GET /mcs.php HTTP/1.1" 404 80503 "-" "-"
52.178.176.151 - - [03/May/2025:18:29:13 -0400] "GET /shell20211022.php HTTP/1.1" 404 80583 "-" "-"
52.178.176.151 - - [03/May/2025:18:29:15 -0400] "GET /sidwsi.php HTTP/1.1" 404 80527 "-" "-"
52.178.176.151 - - [03/May/2025:18:29:17 -0400] "GET /rx.php HTTP/1.1" 404 80495 "-" "-"
199.188.205.55 - - [03/May/2025:18:29:20 -0400] "POST /wp-cron.php?doing_wp_cron=1746311360.9246120452880859375000 HTTP/1.1" 403 13 "-" "WordPress/6.8; https://keyfinancehomeloan.com.au"
52.178.176.151 - - [03/May/2025:18:29:19 -0400] "GET /wp-cache.php HTTP/1.1" 404 80543 "-" "-"
52.178.176.151 - - [03/May/2025:18:29:22 -0400] "GET /cloud.php/ HTTP/1.1" 404 80519 "-" "-"
51.222.253.19 - - [03/May/2025:18:55:30 -0400] "GET /shop.php?shopdetail/199536694 HTTP/1.1" 404 18101 "-" "Mozilla/5.0 (compatible; AhrefsBot/7.0; +http://ahrefs.com/robot/)"
199.188.205.55 - - [03/May/2025:19:30:39 -0400] "POST /wp-cron.php?doing_wp_cron=1746315038.9821870326995849609375 HTTP/1.1" 403 13 "-" "WordPress/6.8; https://keyfinancehomeloan.com.au"
51.222.253.1 - - [03/May/2025:19:30:27 -0400] "GET /shop.php?shopdetail/203541394 HTTP/1.1" 404 18101 "-" "Mozilla/5.0 (compatible; AhrefsBot/7.0; +http://ahrefs.com/robot/)"
199.188.205.55 - - [03/May/2025:20:21:15 -0400] "POST /wp-cron.php?doing_wp_cron=1746318075.5205969810485839843750 HTTP/1.1" 403 13 "-" "WordPress/6.8; https://keyfinancehomeloan.com.au"
157.55.39.16 - - [03/May/2025:20:21:07 -0400] "GET /shop.php?shopdetail/184195594 HTTP/1.1" 404 18101 "-" "Mozilla/5.0 AppleWebKit/537.36 (KHTML, like Gecko; compatible; bingbot/2.0; +http://www.bing.com/bingbot.htm) Chrome/116.0.1938.76 Safari/537.36"
199.188.205.55 - - [03/May/2025:21:26:30 -0400] "POST /wp-cron.php?doing_wp_cron=1746321990.2649209499359130859375 HTTP/1.1" 403 13 "-" "WordPress/6.8; https://keyfinancehomeloan.com.au"
51.222.253.10 - - [03/May/2025:21:26:20 -0400] "GET /shop.php?shopdetail/136315894 HTTP/1.1" 404 18101 "-" "Mozilla/5.0 (compatible; AhrefsBot/7.0; +http://ahrefs.com/robot/)"
199.188.205.55 - - [03/May/2025:21:38:53 -0400] "POST /wp-cron.php?doing_wp_cron=1746322733.9517090320587158203125 HTTP/1.1" 403 13 "-" "WordPress/6.8; https://keyfinancehomeloan.com.au"
207.46.13.64 - - [03/May/2025:21:38:45 -0400] "GET /shop.php?shopdetail/189400394 HTTP/1.1" 404 18103 "-" "Mozilla/5.0 AppleWebKit/537.36 (KHTML, like Gecko; compatible; bingbot/2.0; +http://www.bing.com/bingbot.htm) Chrome/116.0.1938.76 Safari/537.36"
196.251.80.228 - - [03/May/2025:21:40:52 -0400] "GET / HTTP/1.1" 200 0 "-" "Mozlila/5.0 (Linux; Android 7.0; SM-G892A Bulid/NRD90M; wv) AppleWebKit/537.36 (KHTML, like Gecko) Version/4.0 Chrome/60.0.3112.107 Moblie Safari/537.36"
196.251.80.228 - - [03/May/2025:21:40:52 -0400] "GET /wp-content/themes/seotheme/db.php?u HTTP/1.1" 200 0 "www.google.com" "Mozlila/5.0 (Linux; Android 7.0; SM-G892A Bulid/NRD90M; wv) AppleWebKit/537.36 (KHTML, like Gecko) Version/4.0 Chrome/60.0.3112.107 Moblie Safari/537.36"
196.251.80.228 - - [03/May/2025:21:41:01 -0400] "GET / HTTP/1.1" 500 2431 "-" "Mozlila/5.0 (Linux; Android 7.0; SM-G892A Bulid/NRD90M; wv) AppleWebKit/537.36 (KHTML, like Gecko) Version/4.0 Chrome/60.0.3112.107 Moblie Safari/537.36"
199.188.205.55 - - [03/May/2025:21:42:07 -0400] "POST /wp-cron.php?doing_wp_cron=1746322927.2111101150512695312500 HTTP/1.1" 403 13 "-" "WordPress/6.8; https://keyfinancehomeloan.com.au"
199.188.205.55 - - [03/May/2025:21:42:24 -0400] "POST /wp-cron.php?doing_wp_cron=1746322943.6043679714202880859375 HTTP/1.1" 403 13 "-" "WordPress/6.8; https://keyfinancehomeloan.com.au"
196.251.80.228 - - [03/May/2025:21:40:52 -0400] "POST /ALFA_DATA/alfacgiapi/perl.alfa HTTP/1.1" 404 80624 "www.google.com" "Mozlila/5.0 (Linux; Android 7.0; SM-G892A Bulid/NRD90M; wv) AppleWebKit/537.36 (KHTML, like Gecko) Version/4.0 Chrome/60.0.3112.107 Moblie Safari/537.36"
196.251.80.228 - - [03/May/2025:21:42:37 -0400] "POST /alfacgiapi/perl.alfa HTTP/1.1" 404 80536 "www.google.com" "Mozlila/5.0 (Linux; Android 7.0; SM-G892A Bulid/NRD90M; wv) AppleWebKit/537.36 (KHTML, like Gecko) Version/4.0 Chrome/60.0.3112.107 Moblie Safari/537.36"
199.188.205.55 - - [03/May/2025:22:01:43 -0400] "POST /wp-cron.php?doing_wp_cron=1746324103.4155230522155761718750 HTTP/1.1" 403 13 "-" "WordPress/6.8; https://keyfinancehomeloan.com.au"
51.222.253.14 - - [03/May/2025:22:01:42 -0400] "GET /shop.php?shopdetail/172562594 HTTP/1.1" 404 18101 "-" "Mozilla/5.0 (compatible; AhrefsBot/7.0; +http://ahrefs.com/robot/)"
199.188.205.55 - - [03/May/2025:22:18:40 -0400] "POST /wp-cron.php?doing_wp_cron=1746325120.8943929672241210937500 HTTP/1.1" 403 13 "-" "WordPress/6.8; https://keyfinancehomeloan.com.au"
40.123.25.173 - - [03/May/2025:22:18:27 -0400] "GET /autoload_classmap.php HTTP/1.1" 404 80615 "-" "-"
40.123.25.173 - - [03/May/2025:22:18:42 -0400] "GET /post.php HTTP/1.1" 404 80511 "-" "-"
40.123.25.173 - - [03/May/2025:22:18:43 -0400] "GET /1.php HTTP/1.1" 404 80487 "-" "-"
40.123.25.173 - - [03/May/2025:22:18:46 -0400] "GET /flower.php HTTP/1.1" 404 80527 "-" "-"
40.123.25.173 - - [03/May/2025:22:18:47 -0400] "GET /admin.php HTTP/1.1" 404 80519 "-" "-"
40.123.25.173 - - [03/May/2025:22:18:48 -0400] "GET /file.php HTTP/1.1" 404 80511 "-" "-"
40.123.25.173 - - [03/May/2025:22:18:50 -0400] "GET /meta.php HTTP/1.1" 404 80511 "-" "-"
40.123.25.173 - - [03/May/2025:22:18:52 -0400] "GET /index.php HTTP/1.1" 301 0 "-" "-"
40.123.25.173 - - [03/May/2025:22:18:53 -0400] "GET /about.php HTTP/1.1" 404 80519 "-" "-"
40.123.25.173 - - [03/May/2025:22:18:54 -0400] "GET /randkeyword.php HTTP/1.1" 404 80567 "-" "-"
40.123.25.173 - - [03/May/2025:22:18:56 -0400] "GET /goods.php HTTP/1.1" 404 80519 "-" "-"
40.123.25.173 - - [03/May/2025:22:18:58 -0400] "GET /hehe.php HTTP/1.1" 404 80511 "-" "-"
40.123.25.173 - - [03/May/2025:22:19:00 -0400] "GET /user.php HTTP/1.1" 404 80511 "-" "-"
40.123.25.173 - - [03/May/2025:22:19:01 -0400] "GET /wp-2019.php HTTP/1.1" 404 80535 "-" "-"
40.123.25.173 - - [03/May/2025:22:19:03 -0400] "GET /chosen.php HTTP/1.1" 404 80527 "-" "-"
40.123.25.173 - - [03/May/2025:22:19:04 -0400] "GET /functions.php HTTP/1.1" 404 80551 "-" "-"
40.123.25.173 - - [03/May/2025:22:19:05 -0400] "GET /cron.php HTTP/1.1" 404 80511 "-" "-"
40.123.25.173 - - [03/May/2025:22:19:07 -0400] "GET /edit.php HTTP/1.1" 404 80511 "-" "-"
40.123.25.173 - - [03/May/2025:22:19:08 -0400] "GET /gecko-new.php HTTP/1.1" 404 80551 "-" "-"
40.123.25.173 - - [03/May/2025:22:19:09 -0400] "GET /cookie.php HTTP/1.1" 404 80527 "-" "-"
40.123.25.173 - - [03/May/2025:22:19:10 -0400] "GET /xleet.php HTTP/1.1" 404 80519 "-" "-"
40.123.25.173 - - [03/May/2025:22:19:11 -0400] "GET /spip.php HTTP/1.1" 404 80511 "-" "-"
40.123.25.173 - - [03/May/2025:22:19:12 -0400] "GET /22.php HTTP/1.1" 404 80495 "-" "-"
40.123.25.173 - - [03/May/2025:22:19:13 -0400] "GET /room.php HTTP/1.1" 404 80511 "-" "-"
40.123.25.173 - - [03/May/2025:22:19:14 -0400] "GET /disagreed.php HTTP/1.1" 404 80551 "-" "-"
40.123.25.173 - - [03/May/2025:22:19:16 -0400] "GET /text.php HTTP/1.1" 404 80511 "-" "-"
40.123.25.173 - - [03/May/2025:22:19:16 -0400] "GET /alfa-rex.php HTTP/1.1" 404 80543 "-" "-"
40.123.25.173 - - [03/May/2025:22:19:18 -0400] "GET /alfa-rex.php7 HTTP/1.1" 404 80551 "-" "-"
40.123.25.173 - - [03/May/2025:22:19:19 -0400] "GET /feeds.php HTTP/1.1" 404 80519 "-" "-"
40.123.25.173 - - [03/May/2025:22:19:21 -0400] "GET /radio.php HTTP/1.1" 404 80519 "-" "-"
40.123.25.173 - - [03/May/2025:22:19:23 -0400] "GET /dropdown.php HTTP/1.1" 404 80543 "-" "-"
40.123.25.173 - - [03/May/2025:22:19:25 -0400] "GET /defaults.php HTTP/1.1" 404 80543 "-" "-"
40.123.25.173 - - [03/May/2025:22:19:26 -0400] "GET /system.php HTTP/1.1" 404 80527 "-" "-"
40.123.25.173 - - [03/May/2025:22:19:29 -0400] "GET /colors.php HTTP/1.1" 404 80527 "-" "-"
40.123.25.173 - - [03/May/2025:22:19:30 -0400] "GET /updates.php HTTP/1.1" 404 80535 "-" "-"
40.123.25.173 - - [03/May/2025:22:19:31 -0400] "GET /alfa-rex1.php HTTP/1.1" 404 80551 "-" "-"
40.123.25.173 - - [03/May/2025:22:19:32 -0400] "GET /wp-index.php HTTP/1.1" 404 80543 "-" "-"
40.123.25.173 - - [03/May/2025:22:19:33 -0400] "GET /wp-admin.php HTTP/1.1" 404 80543 "-" "-"
40.123.25.173 - - [03/May/2025:22:19:34 -0400] "GET /alfa.php HTTP/1.1" 404 80511 "-" "-"
40.123.25.173 - - [03/May/2025:22:19:35 -0400] "GET /alfanew.php7 HTTP/1.1" 404 80543 "-" "-"
40.123.25.173 - - [03/May/2025:22:19:36 -0400] "GET /locale.php HTTP/1.1" 404 80527 "-" "-"
40.123.25.173 - - [03/May/2025:22:19:38 -0400] "GET /wxo.php HTTP/1.1" 404 80503 "-" "-"
40.123.25.173 - - [03/May/2025:22:19:39 -0400] "GET /colour.php HTTP/1.1" 404 80527 "-" "-"
199.188.205.55 - - [03/May/2025:22:19:41 -0400] "POST /wp-cron.php?doing_wp_cron=1746325181.0765409469604492187500 HTTP/1.1" 403 13 "-" "WordPress/6.8; https://keyfinancehomeloan.com.au"
40.123.25.173 - - [03/May/2025:22:19:40 -0400] "GET /files.php HTTP/1.1" 404 80519 "-" "-"
40.123.25.173 - - [03/May/2025:22:19:41 -0400] "GET /install.php HTTP/1.1" 404 80535 "-" "-"
40.123.25.173 - - [03/May/2025:22:19:43 -0400] "GET /wp-contentt.php HTTP/1.1" 404 80567 "-" "-"
40.123.25.173 - - [03/May/2025:22:19:45 -0400] "GET /config.php7 HTTP/1.1" 404 80535 "-" "-"
40.123.25.173 - - [03/May/2025:22:19:46 -0400] "GET /config.php HTTP/1.1" 404 80527 "-" "-"
40.123.25.173 - - [03/May/2025:22:19:47 -0400] "GET /theme.php HTTP/1.1" 404 80519 "-" "-"
40.123.25.173 - - [03/May/2025:22:19:49 -0400] "GET /block-bindings.php HTTP/1.1" 404 80591 "-" "-"
40.123.25.173 - - [03/May/2025:22:19:50 -0400] "GET /class_api.php HTTP/1.1" 404 80551 "-" "-"
40.123.25.173 - - [03/May/2025:22:19:51 -0400] "GET /inputs.php HTTP/1.1" 404 80527 "-" "-"
40.123.25.173 - - [03/May/2025:22:19:52 -0400] "GET /root.php HTTP/1.1" 404 80511 "-" "-"
40.123.25.173 - - [03/May/2025:22:19:53 -0400] "GET /menu.php HTTP/1.1" 404 80511 "-" "-"
40.123.25.173 - - [03/May/2025:22:19:53 -0400] "GET /plugin.php HTTP/1.1" 404 80527 "-" "-"
40.123.25.173 - - [03/May/2025:22:19:55 -0400] "GET /cloud.php HTTP/1.1" 404 80519 "-" "-"
40.123.25.173 - - [03/May/2025:22:19:56 -0400] "GET /configs.php HTTP/1.1" 404 80535 "-" "-"
40.123.25.173 - - [03/May/2025:22:19:57 -0400] "GET /wp-configs.php HTTP/1.1" 404 80559 "-" "-"
40.123.25.173 - - [03/May/2025:22:19:58 -0400] "GET /update.php HTTP/1.1" 404 80527 "-" "-"
40.123.25.173 - - [03/May/2025:22:20:00 -0400] "GET /2.php HTTP/1.1" 404 80487 "-" "-"
40.123.25.173 - - [03/May/2025:22:20:01 -0400] "GET /input.php HTTP/1.1" 404 80519 "-" "-"
40.123.25.173 - - [03/May/2025:22:20:02 -0400] "GET /aaa.php HTTP/1.1" 404 80503 "-" "-"
199.188.205.55 - - [03/May/2025:22:42:27 -0400] "POST /wp-cron.php?doing_wp_cron=1746326547.6957080364227294921875 HTTP/1.1" 403 13 "-" "WordPress/6.8; https://keyfinancehomeloan.com.au"
207.46.13.54 - - [03/May/2025:22:42:13 -0400] "GET /shop.php?shopdetail/78497594 HTTP/1.1" 404 18103 "-" "Mozilla/5.0 AppleWebKit/537.36 (KHTML, like Gecko; compatible; bingbot/2.0; +http://www.bing.com/bingbot.htm) Chrome/116.0.1938.76 Safari/537.36"
199.188.205.55 - - [03/May/2025:23:55:14 -0400] "POST /wp-cron.php?doing_wp_cron=1746330914.4507091045379638671875 HTTP/1.1" 403 13 "-" "WordPress/6.8; https://keyfinancehomeloan.com.au"
51.222.253.3 - - [03/May/2025:23:55:04 -0400] "GET /shop.php?shopdetail/209619794 HTTP/1.1" 404 18101 "-" "Mozilla/5.0 (compatible; AhrefsBot/7.0; +http://ahrefs.com/robot/)"
199.188.205.55 - - [04/May/2025:00:14:53 -0400] "POST /wp-cron.php?doing_wp_cron=1746332093.3257870674133300781250 HTTP/1.1" 403 13 "-" "WordPress/6.8; https://keyfinancehomeloan.com.au"
157.55.39.13 - - [04/May/2025:00:14:46 -0400] "GET /shop.php?shopdetail/117097994 HTTP/1.1" 404 18103 "-" "Mozilla/5.0 AppleWebKit/537.36 (KHTML, like Gecko; compatible; bingbot/2.0; +http://www.bing.com/bingbot.htm) Chrome/116.0.1938.76 Safari/537.36"
199.188.205.55 - - [04/May/2025:00:30:44 -0400] "POST /wp-cron.php?doing_wp_cron=1746333044.7095119953155517578125 HTTP/1.1" 403 13 "-" "WordPress/6.8; https://keyfinancehomeloan.com.au"
51.222.253.7 - - [04/May/2025:00:30:33 -0400] "GET /shopdetail/106824594 HTTP/1.1" 404 18100 "-" "Mozilla/5.0 (compatible; AhrefsBot/7.0; +http://ahrefs.com/robot/)"
199.188.205.55 - - [04/May/2025:01:41:26 -0400] "POST /wp-cron.php?doing_wp_cron=1746337286.1627299785614013671875 HTTP/1.1" 403 13 "-" "WordPress/6.8; https://keyfinancehomeloan.com.au"
51.222.253.12 - - [04/May/2025:01:41:17 -0400] "GET /shop.php?shopdetail/18749494 HTTP/1.1" 404 18103 "-" "Mozilla/5.0 (compatible; AhrefsBot/7.0; +http://ahrefs.com/robot/)"
199.188.205.55 - - [04/May/2025:02:16:18 -0400] "POST /wp-cron.php?doing_wp_cron=1746339378.8892369270324707031250 HTTP/1.1" 403 13 "-" "WordPress/6.8; https://keyfinancehomeloan.com.au"
51.222.253.13 - - [04/May/2025:02:16:14 -0400] "GET /shopdetail/117725494 HTTP/1.1" 404 18101 "-" "Mozilla/5.0 (compatible; AhrefsBot/7.0; +http://ahrefs.com/robot/)"
157.55.39.62 - - [04/May/2025:02:17:00 -0400] "GET /shop.php?shopdetail/27040894 HTTP/1.1" 404 18101 "-" "Mozilla/5.0 AppleWebKit/537.36 (KHTML, like Gecko; compatible; bingbot/2.0; +http://www.bing.com/bingbot.htm) Chrome/116.0.1938.76 Safari/537.36"
199.188.205.55 - - [04/May/2025:02:49:09 -0400] "POST /wp-cron.php?doing_wp_cron=1746341349.8146340847015380859375 HTTP/1.1" 403 13 "-" "WordPress/6.8; https://keyfinancehomeloan.com.au"
51.222.253.4 - - [04/May/2025:02:48:59 -0400] "GET /shopdetail/25909594 HTTP/1.1" 404 18111 "-" "Mozilla/5.0 (compatible; AhrefsBot/7.0; +http://ahrefs.com/robot/)"
199.188.205.55 - - [04/May/2025:03:26:56 -0400] "POST /wp-cron.php?doing_wp_cron=1746343616.8969240188598632812500 HTTP/1.1" 403 13 "-" "WordPress/6.8; https://keyfinancehomeloan.com.au"
51.222.253.8 - - [04/May/2025:03:26:45 -0400] "GET /shop.php?shopdetail/101661394 HTTP/1.1" 404 18101 "-" "Mozilla/5.0 (compatible; AhrefsBot/7.0; +http://ahrefs.com/robot/)"
199.188.205.55 - - [04/May/2025:04:09:16 -0400] "POST /wp-cron.php?doing_wp_cron=1746346156.9254720211029052734375 HTTP/1.1" 403 13 "-" "WordPress/6.8; https://keyfinancehomeloan.com.au"
51.222.253.11 - - [04/May/2025:04:09:06 -0400] "GET /shop.php?shopdetail/108203894 HTTP/1.1" 404 18103 "-" "Mozilla/5.0 (compatible; AhrefsBot/7.0; +http://ahrefs.com/robot/)"
199.188.205.55 - - [04/May/2025:04:13:38 -0400] "POST /wp-cron.php?doing_wp_cron=1746346418.8348710536956787109375 HTTP/1.1" 403 13 "-" "WordPress/6.8; https://keyfinancehomeloan.com.au"
207.46.13.153 - - [04/May/2025:04:13:29 -0400] "GET /shop.php?shopdetail/175202694 HTTP/1.1" 404 18103 "-" "Mozilla/5.0 AppleWebKit/537.36 (KHTML, like Gecko; compatible; bingbot/2.0; +http://www.bing.com/bingbot.htm) Chrome/116.0.1938.76 Safari/537.36"
54.36.148.237 - - [04/May/2025:04:50:28 -0400] "GET /robots.txt HTTP/1.1" 200 139 "-" "Mozilla/5.0 (compatible; AhrefsBot/7.0; +http://ahrefs.com/robot/)"
199.188.205.55 - - [04/May/2025:04:50:39 -0400] "POST /wp-cron.php?doing_wp_cron=1746348639.6815240383148193359375 HTTP/1.1" 403 13 "-" "WordPress/6.8; https://keyfinancehomeloan.com.au"
51.222.253.14 - - [04/May/2025:04:50:29 -0400] "GET /shop.php?shopdetail/139893594 HTTP/1.1" 404 18101 "-" "Mozilla/5.0 (compatible; AhrefsBot/7.0; +http://ahrefs.com/robot/)"
199.188.205.55 - - [04/May/2025:04:58:31 -0400] "POST /wp-cron.php?doing_wp_cron=1746349111.3028891086578369140625 HTTP/1.1" 403 13 "-" "WordPress/6.8; https://keyfinancehomeloan.com.au"
157.55.39.202 - - [04/May/2025:04:58:22 -0400] "GET /shop.php?shopdetail/5828194 HTTP/1.1" 404 18103 "-" "Mozilla/5.0 AppleWebKit/537.36 (KHTML, like Gecko; compatible; bingbot/2.0; +http://www.bing.com/bingbot.htm) Chrome/116.0.1938.76 Safari/537.36"
199.188.205.55 - - [04/May/2025:05:25:27 -0400] "POST /wp-cron.php?doing_wp_cron=1746350727.5880908966064453125000 HTTP/1.1" 403 13 "-" "WordPress/6.8; https://keyfinancehomeloan.com.au"
51.222.253.12 - - [04/May/2025:05:25:17 -0400] "GET /shop.php?shopdetail/19192994 HTTP/1.1" 404 18103 "-" "Mozilla/5.0 (compatible; AhrefsBot/7.0; +http://ahrefs.com/robot/)"
199.188.205.55 - - [04/May/2025:05:58:41 -0400] "POST /wp-cron.php?doing_wp_cron=1746352721.7229449748992919921875 HTTP/1.1" 403 13 "-" "WordPress/6.8; https://keyfinancehomeloan.com.au"
51.222.253.4 - - [04/May/2025:05:58:32 -0400] "GET /shop.php?shopdetail/194701394 HTTP/1.1" 404 18103 "-" "Mozilla/5.0 (compatible; AhrefsBot/7.0; +http://ahrefs.com/robot/)"
199.188.205.55 - - [04/May/2025:06:36:07 -0400] "POST /wp-cron.php?doing_wp_cron=1746354967.7280929088592529296875 HTTP/1.1" 403 13 "-" "WordPress/6.8; https://keyfinancehomeloan.com.au"
51.222.253.19 - - [04/May/2025:06:35:57 -0400] "GET /shop.php?shopdetail/42577294 HTTP/1.1" 404 18103 "-" "Mozilla/5.0 (compatible; AhrefsBot/7.0; +http://ahrefs.com/robot/)"
199.188.205.55 - - [04/May/2025:06:57:44 -0400] "POST /wp-cron.php?doing_wp_cron=1746356264.3020029067993164062500 HTTP/1.1" 403 13 "-" "WordPress/6.8; https://keyfinancehomeloan.com.au"
40.77.167.56 - - [04/May/2025:06:57:30 -0400] "GET /shop.php?shopdetail/126351194 HTTP/1.1" 404 18102 "-" "Mozilla/5.0 AppleWebKit/537.36 (KHTML, like Gecko; compatible; bingbot/2.0; +http://www.bing.com/bingbot.htm) Chrome/116.0.1938.76 Safari/537.36"
199.188.205.55 - - [04/May/2025:07:15:15 -0400] "POST /wp-cron.php?doing_wp_cron=1746357315.5049440860748291015625 HTTP/1.1" 403 13 "-" "WordPress/6.8; https://keyfinancehomeloan.com.au"
51.222.253.4 - - [04/May/2025:07:15:03 -0400] "GET /shop.php?shopdetail/97774194 HTTP/1.1" 404 18103 "-" "Mozilla/5.0 (compatible; AhrefsBot/7.0; +http://ahrefs.com/robot/)"
51.222.253.11 - - [04/May/2025:07:52:38 -0400] "GET /shopdetail/114124794 HTTP/1.1" 404 18099 "-" "Mozilla/5.0 (compatible; AhrefsBot/7.0; +http://ahrefs.com/robot/)"
51.222.253.17 - - [04/May/2025:08:29:24 -0400] "GET /shopdetail/28780694 HTTP/1.1" 404 18109 "-" "Mozilla/5.0 (compatible; AhrefsBot/7.0; +http://ahrefs.com/robot/)"
109.199.118.129 - - [04/May/2025:08:34:49 -0400] "GET / HTTP/1.1" 200 0 "-" "Mozilla/5.0 (Windows NT 10.0; Win64; x64) AppleWebKit/537.36 (KHTML, like Gecko) Chrome/91.0.4472.114 Safari/537.36 Edg/91.0.864.54"
199.188.205.55 - - [04/May/2025:08:34:59 -0400] "POST /wp-cron.php?doing_wp_cron=1746362099.0590429306030273437500 HTTP/1.1" 403 13 "-" "WordPress/6.8; https://keyfinancehomeloan.com.au"
199.188.205.55 - - [04/May/2025:09:03:29 -0400] "POST /wp-cron.php?doing_wp_cron=1746363809.4588439464569091796875 HTTP/1.1" 403 13 "-" "WordPress/6.8; https://keyfinancehomeloan.com.au"
51.222.253.5 - - [04/May/2025:09:03:20 -0400] "GET /shopdetail/44193294 HTTP/1.1" 404 18111 "-" "Mozilla/5.0 (compatible; AhrefsBot/7.0; +http://ahrefs.com/robot/)"
199.188.205.55 - - [04/May/2025:09:45:24 -0400] "POST /wp-cron.php?doing_wp_cron=1746366324.0653069019317626953125 HTTP/1.1" 403 13 "-" "WordPress/6.8; https://keyfinancehomeloan.com.au"
51.222.253.16 - - [04/May/2025:09:45:16 -0400] "GET /shop.php?shopdetail/117558594 HTTP/1.1" 404 18104 "-" "Mozilla/5.0 (compatible; AhrefsBot/7.0; +http://ahrefs.com/robot/)"
199.188.205.55 - - [04/May/2025:10:25:33 -0400] "POST /wp-cron.php?doing_wp_cron=1746368733.2219519615173339843750 HTTP/1.1" 403 13 "-" "WordPress/6.8; https://keyfinancehomeloan.com.au"
51.222.253.1 - - [04/May/2025:10:25:24 -0400] "GET /shop.php?shopdetail/154069194 HTTP/1.1" 404 18104 "-" "Mozilla/5.0 (compatible; AhrefsBot/7.0; +http://ahrefs.com/robot/)"
199.188.205.55 - - [04/May/2025:11:01:37 -0400] "POST /wp-cron.php?doing_wp_cron=1746370897.0707809925079345703125 HTTP/1.1" 403 13 "-" "WordPress/6.8; https://keyfinancehomeloan.com.au"
51.222.253.8 - - [04/May/2025:11:01:28 -0400] "GET /shop.php?shopdetail/38873594 HTTP/1.1" 404 18102 "-" "Mozilla/5.0 (compatible; AhrefsBot/7.0; +http://ahrefs.com/robot/)"
52.167.144.57 - - [04/May/2025:11:11:53 -0400] "GET /robots.txt HTTP/1.1" 200 139 "-" "Mozilla/5.0 AppleWebKit/537.36 (KHTML, like Gecko; compatible; bingbot/2.0; +http://www.bing.com/bingbot.htm) Chrome/116.0.1938.76 Safari/537.36"
199.188.205.55 - - [04/May/2025:11:12:13 -0400] "POST /wp-cron.php?doing_wp_cron=1746371533.6350278854370117187500 HTTP/1.1" 403 13 "-" "WordPress/6.8; https://keyfinancehomeloan.com.au"
157.55.39.48 - - [04/May/2025:11:12:02 -0400] "GET /shop.php?shopdetail/158801594 HTTP/1.1" 404 18104 "-" "Mozilla/5.0 AppleWebKit/537.36 (KHTML, like Gecko; compatible; bingbot/2.0; +http://www.bing.com/bingbot.htm) Chrome/116.0.1938.76 Safari/537.36"
199.188.205.55 - - [04/May/2025:11:16:08 -0400] "POST /wp-cron.php?doing_wp_cron=1746371768.3945910930633544921875 HTTP/1.1" 403 13 "-" "WordPress/6.8; https://keyfinancehomeloan.com.au"
157.55.39.48 - - [04/May/2025:11:16:02 -0400] "GET /shop.php?shopdetail/29420994 HTTP/1.1" 404 18104 "-" "Mozilla/5.0 AppleWebKit/537.36 (KHTML, like Gecko; compatible; bingbot/2.0; +http://www.bing.com/bingbot.htm) Chrome/116.0.1938.76 Safari/537.36"
199.188.205.55 - - [04/May/2025:11:36:08 -0400] "POST /wp-cron.php?doing_wp_cron=1746372968.4031510353088378906250 HTTP/1.1" 403 13 "-" "WordPress/6.8; https://keyfinancehomeloan.com.au"
51.222.253.11 - - [04/May/2025:11:36:04 -0400] "GET /shop.php?shopdetail/44551594 HTTP/1.1" 404 18102 "-" "Mozilla/5.0 (compatible; AhrefsBot/7.0; +http://ahrefs.com/robot/)"
157.55.39.51 - - [04/May/2025:11:46:50 -0400] "GET /shop.php?shopdetail/185253894 HTTP/1.1" 404 18102 "-" "Mozilla/5.0 AppleWebKit/537.36 (KHTML, like Gecko; compatible; bingbot/2.0; +http://www.bing.com/bingbot.htm) Chrome/116.0.1938.76 Safari/537.36"
199.188.205.55 - - [04/May/2025:12:11:29 -0400] "POST /wp-cron.php?doing_wp_cron=1746375089.8726029396057128906250 HTTP/1.1" 403 13 "-" "WordPress/6.8; https://keyfinancehomeloan.com.au"
51.222.253.8 - - [04/May/2025:12:11:22 -0400] "GET /shop.php?shopdetail/120393494 HTTP/1.1" 404 18102 "-" "Mozilla/5.0 (compatible; AhrefsBot/7.0; +http://ahrefs.com/robot/)"
54.172.23.145 - - [04/May/2025:12:12:02 -0400] "GET /wp-content/plugins/litespeed-cache/readme.txt HTTP/1.1" 200 15867 "-" "Mozlila/5.0 (Linux; Android 7.0; SM-G892A Bulid/NRD90M; wv) AppleWebKit/537.36 (KHTML, like Gecko) Version/4.0 Chrome/60.0.3112.107 Moblie Safari/537.36"
199.188.205.55 - - [04/May/2025:12:52:14 -0400] "POST /wp-cron.php?doing_wp_cron=1746377534.2693090438842773437500 HTTP/1.1" 403 13 "-" "WordPress/6.8; https://keyfinancehomeloan.com.au"
51.222.253.13 - - [04/May/2025:12:52:04 -0400] "GET /shop.php?shopdetail/141243194 HTTP/1.1" 404 18103 "-" "Mozilla/5.0 (compatible; AhrefsBot/7.0; +http://ahrefs.com/robot/)"
199.188.205.55 - - [04/May/2025:13:31:50 -0400] "POST /wp-cron.php?doing_wp_cron=1746379910.8306179046630859375000 HTTP/1.1" 403 13 "-" "WordPress/6.8; https://keyfinancehomeloan.com.au"
51.222.253.20 - - [04/May/2025:13:31:41 -0400] "GET /shop.php?shopdetail/30760194 HTTP/1.1" 404 18102 "-" "Mozilla/5.0 (compatible; AhrefsBot/7.0; +http://ahrefs.com/robot/)"
51.222.253.11 - - [04/May/2025:14:07:34 -0400] "GET /shop.php?shopdetail/67928394 HTTP/1.1" 404 18103 "-" "Mozilla/5.0 (compatible; AhrefsBot/7.0; +http://ahrefs.com/robot/)"
199.188.205.55 - - [04/May/2025:14:25:25 -0400] "POST /wp-cron.php?doing_wp_cron=1746383124.9729950428009033203125 HTTP/1.1" 403 13 "-" "WordPress/6.8; https://keyfinancehomeloan.com.au"
207.46.13.86 - - [04/May/2025:14:25:14 -0400] "GET /shop.php?shopdetail/1909194 HTTP/1.1" 404 18103 "-" "Mozilla/5.0 AppleWebKit/537.36 (KHTML, like Gecko; compatible; bingbot/2.0; +http://www.bing.com/bingbot.htm) Chrome/116.0.1938.76 Safari/537.36"
199.188.205.55 - - [04/May/2025:14:42:47 -0400] "POST /wp-cron.php?doing_wp_cron=1746384167.6064510345458984375000 HTTP/1.1" 403 13 "-" "WordPress/6.8; https://keyfinancehomeloan.com.au"
51.222.253.6 - - [04/May/2025:14:42:39 -0400] "GET /shop.php?shopdetail/86014294 HTTP/1.1" 404 18104 "-" "Mozilla/5.0 (compatible; AhrefsBot/7.0; +http://ahrefs.com/robot/)"
199.188.205.55 - - [04/May/2025:15:17:08 -0400] "POST /wp-cron.php?doing_wp_cron=1746386228.8720059394836425781250 HTTP/1.1" 403 13 "-" "WordPress/6.8; https://keyfinancehomeloan.com.au"
51.222.253.12 - - [04/May/2025:15:17:01 -0400] "GET /shop.php?shopdetail/92546894 HTTP/1.1" 404 18104 "-" "Mozilla/5.0 (compatible; AhrefsBot/7.0; +http://ahrefs.com/robot/)"
51.222.253.3 - - [04/May/2025:15:50:47 -0400] "GET /shopdetail/122063194 HTTP/1.1" 404 18097 "-" "Mozilla/5.0 (compatible; AhrefsBot/7.0; +http://ahrefs.com/robot/)"
199.188.205.55 - - [04/May/2025:16:33:38 -0400] "POST /wp-cron.php?doing_wp_cron=1746390818.2339351177215576171875 HTTP/1.1" 403 13 "-" "WordPress/6.8; https://keyfinancehomeloan.com.au"
51.222.253.8 - - [04/May/2025:16:33:31 -0400] "GET /shopdetail/136105894 HTTP/1.1" 404 18099 "-" "Mozilla/5.0 (compatible; AhrefsBot/7.0; +http://ahrefs.com/robot/)"
51.222.253.4 - - [04/May/2025:17:12:33 -0400] "GET /robots.txt HTTP/1.1" 200 139 "-" "Mozilla/5.0 (compatible; AhrefsBot/7.0; +http://ahrefs.com/robot/)"
51.222.253.8 - - [04/May/2025:17:12:34 -0400] "GET /shopdetail/16983994 HTTP/1.1" 404 18109 "-" "Mozilla/5.0 (compatible; AhrefsBot/7.0; +http://ahrefs.com/robot/)"
199.188.205.55 - - [04/May/2025:17:50:17 -0400] "POST /wp-cron.php?doing_wp_cron=1746395417.8971049785614013671875 HTTP/1.1" 403 13 "-" "WordPress/6.8; https://keyfinancehomeloan.com.au"
51.222.253.8 - - [04/May/2025:17:49:59 -0400] "GET /shopdetail/182409594 HTTP/1.1" 404 18097 "-" "Mozilla/5.0 (compatible; AhrefsBot/7.0; +http://ahrefs.com/robot/)"
54.172.23.145 - - [04/May/2025:18:17:52 -0400] "GET /wp-content/plugins/litespeed-cache/readme.txt HTTP/1.1" 200 15867 "-" "Mozlila/5.0 (Linux; Android 7.0; SM-G892A Bulid/NRD90M; wv) AppleWebKit/537.36 (KHTML, like Gecko) Version/4.0 Chrome/60.0.3112.107 Moblie Safari/537.36"
199.188.205.55 - - [04/May/2025:18:29:08 -0400] "POST /wp-cron.php?doing_wp_cron=1746397748.3441770076751708984375 HTTP/1.1" 403 13 "-" "WordPress/6.8; https://keyfinancehomeloan.com.au"
51.222.253.2 - - [04/May/2025:18:28:59 -0400] "GET /shopdetail/197751794 HTTP/1.1" 404 18099 "-" "Mozilla/5.0 (compatible; AhrefsBot/7.0; +http://ahrefs.com/robot/)"
199.188.205.55 - - [04/May/2025:19:06:34 -0400] "POST /wp-cron.php?doing_wp_cron=1746399994.0756230354309082031250 HTTP/1.1" 403 13 "-" "WordPress/6.8; https://keyfinancehomeloan.com.au"
51.222.253.19 - - [04/May/2025:19:06:19 -0400] "GET /shopdetail/31016894 HTTP/1.1" 404 18109 "-" "Mozilla/5.0 (compatible; AhrefsBot/7.0; +http://ahrefs.com/robot/)"
199.188.205.55 - - [04/May/2025:19:24:34 -0400] "POST /wp-cron.php?doing_wp_cron=1746401074.7444090843200683593750 HTTP/1.1" 403 13 "-" "WordPress/6.8; https://keyfinancehomeloan.com.au"
157.55.39.6 - - [04/May/2025:19:24:25 -0400] "GET /shop.php?shopdetail/100573794 HTTP/1.1" 404 18104 "-" "Mozilla/5.0 AppleWebKit/537.36 (KHTML, like Gecko; compatible; bingbot/2.0; +http://www.bing.com/bingbot.htm) Chrome/116.0.1938.76 Safari/537.36"
199.188.205.55 - - [04/May/2025:19:45:20 -0400] "POST /wp-cron.php?doing_wp_cron=1746402320.2147889137268066406250 HTTP/1.1" 403 13 "-" "WordPress/6.8; https://keyfinancehomeloan.com.au"
51.222.253.16 - - [04/May/2025:19:45:11 -0400] "GET /shop.php?shopdetail/109224194 HTTP/1.1" 404 18104 "-" "Mozilla/5.0 (compatible; AhrefsBot/7.0; +http://ahrefs.com/robot/)"
199.188.205.55 - - [04/May/2025:20:27:01 -0400] "POST /wp-cron.php?doing_wp_cron=1746404821.6006250381469726562500 HTTP/1.1" 403 13 "-" "WordPress/6.8; https://keyfinancehomeloan.com.au"
51.222.253.2 - - [04/May/2025:20:26:51 -0400] "GET /shop.php?shopdetail/120554494 HTTP/1.1" 404 18106 "-" "Mozilla/5.0 (compatible; AhrefsBot/7.0; +http://ahrefs.com/robot/)"
89.187.163.201 - - [04/May/2025:20:34:36 -0400] "GET /file.php HTTP/1.1" 200 0 "-" "Mozilla/5.0 (X11; Linux i686; rv:79.0) Gecko/20100101 Firefox/79.0"
89.187.163.201 - - [04/May/2025:20:34:46 -0400] "GET /.well-known/ HTTP/1.1" 403 13 "-" "Mozilla/5.0 (Windows NT 10.0; Win64; x64; rv:71.0) Gecko/20100101 Firefox/71.0"
89.187.163.201 - - [04/May/2025:20:34:46 -0400] "GET /.well-known/pki-validation/ HTTP/1.1" 403 13 "-" "Mozilla/5.0 (Macintosh; Intel Mac OS X 10_10_1) AppleWebKit/537.36 (KHTML, like Gecko) Chrome/39.0.2171.95 Safari/537.36"
199.188.205.55 - - [04/May/2025:20:34:47 -0400] "POST /wp-cron.php?doing_wp_cron=1746405287.7105519771575927734375 HTTP/1.1" 403 13 "-" "WordPress/6.8; https://keyfinancehomeloan.com.au"
199.188.205.55 - - [04/May/2025:20:34:48 -0400] "POST /wp-cron.php?doing_wp_cron=1746405288.0039970874786376953125 HTTP/1.1" 403 13 "-" "WordPress/6.8; https://keyfinancehomeloan.com.au"
89.187.163.201 - - [04/May/2025:20:34:46 -0400] "GET /.well-known/acme-challenge/ HTTP/1.1" 404 80663 "-" "Mozilla/5.0 (Windows NT 10.0; Win64; x64) AppleWebKit/537.36 (KHTML, like Gecko) Chrome/79.0.3945.130 Safari/537.36"
89.187.163.201 - - [04/May/2025:20:34:49 -0400] "GET /vendor/phpunit/phpunit/src/Util/PHP/ HTTP/1.1" 404 80767 "-" "Mozilla/5.0 (Windows NT 10.0) AppleWebKit/537.36 (KHTML, like Gecko) Chrome/84.0.4147.105 Safari/537.36"
89.187.163.201 - - [04/May/2025:20:34:50 -0400] "GET /wp-content/uploads/ HTTP/1.1" 403 13 "-" "Mozilla/5.0 (Windows NT 10.0) AppleWebKit/537.36 (KHTML, like Gecko) Chrome/84.0.4147.105 Safari/537.36"
89.187.163.201 - - [04/May/2025:20:34:50 -0400] "GET /wp-content/themes/tflow/ HTTP/1.1" 404 80647 "-" "Mozilla/5.0 (X11; Ubuntu; Linux i686; rv:79.0) Gecko/20100101 Firefox/79.0"
89.187.163.201 - - [04/May/2025:20:34:51 -0400] "GET /wp-admin/ HTTP/1.1" 302 0 "-" "Mozilla/5.0 (Windows NT 6.3; Win64; x64; rv:73.0) Gecko/20100101 Firefox/73.0"
89.187.163.201 - - [04/May/2025:20:34:54 -0400] "GET /wordpress/wp-admin/includes HTTP/1.1" 404 80679 "-" "Mozilla/5.0 (Windows NT 10.0; Win64; x64) AppleWebKit/537.36 (KHTML, like Gecko) Chrome/69.0.3497.100 Safari/537.36"
89.187.163.201 - - [04/May/2025:20:34:55 -0400] "GET /wp-admin/js/ HTTP/1.1" 403 13 "-" "Mozilla/5.0 (Windows NT 10.0; Win64; x64) AppleWebKit/537.36 (KHTML, like Gecko) Chrome/79.0.3945.88 Safari/537.36"
89.187.163.201 - - [04/May/2025:20:34:55 -0400] "GET /ALFA_DATA/ HTTP/1.1" 404 80519 "-" "Mozilla/5.0 (Windows NT 10.0; Win64; x64; rv:74.0) Gecko/20100101 Firefox/74.0"
89.187.163.201 - - [04/May/2025:20:34:56 -0400] "GET /wp-content/upgrade/ HTTP/1.1" 403 13 "-" "Mozilla/5.0 (Macintosh; Intel Mac OS X 10_15_6) AppleWebKit/537.36 (KHTML, like Gecko) Chrome/84.0.4147.105 Safari/537.36 OPR/70.0.3728.95"
89.187.163.201 - - [04/May/2025:20:34:57 -0400] "GET /wp-admin/css/colors/ HTTP/1.1" 403 13 "-" "Mozilla/5.0 (X11; Linux i686; rv:79.0) Gecko/20100101 Firefox/79.0"
89.187.163.201 - - [04/May/2025:20:34:57 -0400] "GET /wp-includes/css/ HTTP/1.1" 403 13 "-" "Mozilla/5.0 (Windows NT 6.1; Win64; x64) AppleWebKit/537.36 (KHTML, like Gecko) Chrome/58.0.3029.110 Safari/537.3"
89.187.163.201 - - [04/May/2025:20:34:57 -0400] "GET /wp-includes/ID3 HTTP/1.1" 301 795 "-" "Mozilla/5.0 (X11; Linux i686; rv:79.0) Gecko/20100101 Firefox/79.0"
89.187.163.201 - - [04/May/2025:20:34:57 -0400] "GET /wp-includes/Requests/ HTTP/1.1" 403 13 "-" "Mozilla/5.0 (Windows NT 6.1; Win64; x64) AppleWebKit/537.36 (KHTML, like Gecko) Chrome/78.0.3904.108 Safari/537.36"
89.187.163.201 - - [04/May/2025:20:34:57 -0400] "GET /wp-includes/blocks/ HTTP/1.1" 200 2 "-" "Mozilla/5.0 (Macintosh; Intel Mac OS X 10_15_6) AppleWebKit/537.36 (KHTML, like Gecko) Chrome/84.0.4147.105 Safari/537.36 OPR/70.0.3728.95"
89.187.163.201 - - [04/May/2025:20:34:58 -0400] "GET /wp-includes/certificates/ HTTP/1.1" 403 13 "-" "Mozilla/5.0 (Windows NT 10.0; Win64; x64) AppleWebKit/537.36 (KHTML, like Gecko) Chrome/74.0.3729.169 Safari/537.36"
89.187.163.201 - - [04/May/2025:20:34:58 -0400] "GET /wp-includes/images/ HTTP/1.1" 403 13 "-" "Mozilla/5.0 (Windows NT 10.0; Win64; x64) AppleWebKit/537.36 (KHTML, like Gecko) Chrome/79.0.3945.130 Safari/537.36"
89.187.163.201 - - [04/May/2025:20:34:58 -0400] "GET /wp-admin/images/ HTTP/1.1" 403 13 "-" "Mozilla/5.0 (Windows NT 10.0; Win64; x64) AppleWebKit/537.36 (KHTML, like Gecko) Chrome/79.0.3945.79 Safari/537.36"
89.187.163.201 - - [04/May/2025:20:34:58 -0400] "GET /wp-admin/maint/ HTTP/1.1" 403 13 "-" "Mozilla/5.0 (Windows NT 10.0; Win64; x64) AppleWebKit/537.36 (KHTML, like Gecko) Chrome/74.0.3729.169 Safari/537.36"
89.187.163.201 - - [04/May/2025:20:34:59 -0400] "GET /wp-admin/meta/ HTTP/1.1" 404 80559 "-" "Mozilla/5.0 (compatible; MSIE 10.0; Windows NT 6.1; Trident/6.0)"
89.187.163.201 - - [04/May/2025:20:35:00 -0400] "GET /wp-admin/network/ HTTP/1.1" 302 0 "-" "Mozilla/5.0 (Windows NT 10.0; Win64; x64) AppleWebKit/537.36 (KHTML, like Gecko) Chrome/70.0.3538.77 Safari/537.36"
89.187.163.201 - - [04/May/2025:20:35:00 -0400] "GET /wp-admin/user/ HTTP/1.1" 302 0 "-" "Mozilla/5.0 (Windows NT 10.0; Win64; x64) AppleWebKit/537.36 (KHTML, like Gecko) Chrome/79.0.3945.88 Safari/537.36"
89.187.163.201 - - [04/May/2025:20:35:01 -0400] "GET /wp-content/uploads/ao_ccss/ HTTP/1.1" 404 80671 "-" "Mozilla/5.0 (X11; Linux i686; rv:79.0) Gecko/20100101 Firefox/79.0"
89.187.163.201 - - [04/May/2025:20:35:03 -0400] "GET /wp-content/uploads/2021/ HTTP/1.1" 404 80647 "-" "Mozilla/5.0 (Windows NT 10.0; Win64; x64) AppleWebKit/537.36 (KHTML, like Gecko) Chrome/80.0.3987.149 Safari/537.36"
89.187.163.201 - - [04/May/2025:20:35:04 -0400] "GET /wp-content/plugins/elementor/ HTTP/1.1" 403 13 "-" "Mozilla/5.0 (Windows NT 10.0; Win64; x64; rv:72.0) Gecko/20100101 Firefox/72.0"
89.187.163.201 - - [04/May/2025:20:35:04 -0400] "GET /wp-content/mu-plugins/ HTTP/1.1" 404 80623 "-" "Mozilla/5.0 (Macintosh; Intel Mac OS X 10_12_6) AppleWebKit/537.36 (KHTML, like Gecko) Chrome/58.0.3029.110 Safari/537.3"
89.187.163.201 - - [04/May/2025:20:35:05 -0400] "GET /upload/image/ HTTP/1.1" 404 80551 "-" "Mozilla/5.0 (X11; Ubuntu; Linux i686; rv:79.0) Gecko/20100101 Firefox/79.0"
89.187.163.201 - - [04/May/2025:20:35:06 -0400] "GET /wordpress/wp-content/uploads/ HTTP/1.1" 404 80687 "-" "Mozilla/5.0 (Windows NT 10.0) AppleWebKit/537.36 (KHTML, like Gecko) Chrome/84.0.4147.105 Safari/537.36"
89.187.163.201 - - [04/May/2025:20:35:09 -0400] "GET /wordpress/wp-includes/ HTTP/1.1" 404 80623 "-" "Mozilla/5.0 (Windows NT 10.0; Win64; x64; rv:79.0) Gecko/20100101 Firefox/79.0"
89.187.163.201 - - [04/May/2025:20:35:11 -0400] "GET /blog/wp-includes/ HTTP/1.1" 404 80583 "-" "Mozilla/5.0 (Windows NT 6.1; Win64; x64) AppleWebKit/537.36 (KHTML, like Gecko) Chrome/79.0.3945.130 Safari/537.36"
89.187.163.201 - - [04/May/2025:20:35:12 -0400] "GET /sites/default/files/ HTTP/1.1" 404 80615 "-" "Mozilla/5.0 (Macintosh; Intel Mac OS X 10_15_6) AppleWebKit/537.36 (KHTML, like Gecko) Chrome/84.0.4147.125 Safari/537.36"
89.187.163.201 - - [04/May/2025:20:35:14 -0400] "GET /admin/controller/extension/extension/ HTTP/1.1" 404 80759 "-" "Mozilla/5.0 (Windows NT 6.3; Win64; x64; rv:73.0) Gecko/20100101 Firefox/73.0"
89.187.163.201 - - [04/May/2025:20:35:15 -0400] "GET /admin/editor/ HTTP/1.1" 404 80551 "-" "Mozilla/5.0 (Windows NT 10.0) AppleWebKit/537.36 (KHTML, like Gecko) Chrome/72.0.3626.121 Safari/537.36"
89.187.163.201 - - [04/May/2025:20:35:15 -0400] "GET /admin/images/slider/ HTTP/1.1" 404 80615 "-" "Mozilla/5.0 (Windows NT 10.0; Win64; x64; rv:79.0) Gecko/20100101 Firefox/79.0"
89.187.163.201 - - [04/May/2025:20:35:16 -0400] "GET /admin/tmp/ HTTP/1.1" 404 80527 "-" "Mozilla/5.0 (Windows NT 6.1; Win64; x64) AppleWebKit/537.36 (KHTML, like Gecko) Chrome/80.0.3987.149 Safari/537.36"
89.187.163.201 - - [04/May/2025:20:35:17 -0400] "GET /admin/uploads/ HTTP/1.1" 404 80559 "-" "Mozilla/5.0 (Macintosh; Intel Mac OS X 10.15; rv:79.0) Gecko/20100101 Firefox/79.0"
89.187.163.201 - - [04/May/2025:20:35:18 -0400] "GET /Admin/uploads/ HTTP/1.1" 404 80559 "-" "Mozilla/5.0 (X11; Ubuntu; Linux i686; rv:79.0) Gecko/20100101 Firefox/79.0"
89.187.163.201 - - [04/May/2025:20:35:19 -0400] "GET /admin/uploads/images/ HTTP/1.1" 404 80623 "-" "Mozilla/5.0 (Macintosh; Intel Mac OS X 10_12_6) AppleWebKit/537.36 (KHTML, like Gecko) Chrome/58.0.3029.110 Safari/537.3"
89.187.163.201 - - [04/May/2025:20:35:20 -0400] "GET /administrator/ HTTP/1.1" 404 80551 "-" "Mozilla/5.0 (Windows NT 10.0; Win64; x64) AppleWebKit/537.36 (KHTML, like Gecko) Chrome/84.0.4147.105 Safari/537.36 OPR/70.0.3728.95"
89.187.163.201 - - [04/May/2025:20:35:21 -0400] "GET /ALFA_DATA/alfacgiapi/ HTTP/1.1" 404 80615 "-" "Mozilla/5.0 (Macintosh; Intel Mac OS X 10_15_6) AppleWebKit/537.36 (KHTML, like Gecko) Chrome/84.0.4147.105 Safari/537.36 OPR/70.0.3728.95"
89.187.163.201 - - [04/May/2025:20:35:22 -0400] "GET /assets/ HTTP/1.1" 404 80495 "-" "Mozilla/5.0 (Windows NT 6.1; Win64; x64) AppleWebKit/537.36 (KHTML, like Gecko) Chrome/74.0.3729.169 Safari/537.36"
89.187.163.201 - - [04/May/2025:20:35:23 -0400] "GET /cgi-bin/ HTTP/1.1" 403 13 "-" "Mozilla/5.0 (Macintosh; Intel Mac OS X 10_12_6) AppleWebKit/537.36 (KHTML, like Gecko) Chrome/58.0.3029.110 Safari/537.3"
89.187.163.201 - - [04/May/2025:20:35:23 -0400] "GET /components/ HTTP/1.1" 404 80527 "-" "Mozilla/5.0 (Windows NT 10.0; Win64; x64) AppleWebKit/537.36 (KHTML, like Gecko) Chrome/70.0.3538.77 Safari/537.36"
89.187.163.201 - - [04/May/2025:20:35:24 -0400] "GET /home/ HTTP/1.1" 301 0 "-" "Mozilla/5.0 (Windows NT 10.0) AppleWebKit/537.36 (KHTML, like Gecko) Chrome/72.0.3626.121 Safari/537.36"
89.187.163.201 - - [04/May/2025:20:35:25 -0400] "GET /include/ HTTP/1.1" 404 80503 "-" "Mozilla/5.0 (Windows NT 10.0; Win64; x64; rv:73.0) Gecko/20100101 Firefox/73.0"
89.187.163.201 - - [04/May/2025:20:35:25 -0400] "GET /modules/ HTTP/1.1" 404 80503 "-" "Mozilla/5.0 (Windows NT 6.1; Win64; x64) AppleWebKit/537.36 (KHTML, like Gecko) Chrome/79.0.3945.130 Safari/537.36"
89.187.163.201 - - [04/May/2025:20:35:26 -0400] "GET /modules/mod_simplefileuploadv1.3/elements/ HTTP/1.1" 404 80791 "-" "Mozilla/5.0 (X11; Linux x86_64) AppleWebKit/537.36 (KHTML, like Gecko) Chrome/84.0.4147.105 Safari/537.36 OPR/70.0.3728.95"
89.187.163.201 - - [04/May/2025:20:35:27 -0400] "GET /mt/ HTTP/1.1" 404 80463 "-" "Mozilla/5.0 (Windows NT 10.0) AppleWebKit/537.36 (KHTML, like Gecko) Chrome/72.0.3626.121 Safari/537.36"
89.187.163.201 - - [04/May/2025:20:35:28 -0400] "GET /site/wp-includes/ HTTP/1.1" 404 80583 "-" "Mozilla/5.0 (Windows NT 10.0; WOW64) AppleWebKit/537.36 (KHTML, like Gecko) Chrome/84.0.4147.105 Safari/537.36"
89.187.163.201 - - [04/May/2025:20:35:30 -0400] "GET /tmps/ HTTP/1.1" 404 80479 "-" "Mozilla/5.0 (Windows NT 10.0; Win64; x64) AppleWebKit/537.36 (KHTML, like Gecko) Chrome/84.0.4147.105 Safari/537.36 OPR/70.0.3728.95"
89.187.163.201 - - [04/May/2025:20:35:31 -0400] "GET /wordpress/wp-admin/includes/wp-admin/js/ HTTP/1.1" 404 80791 "-" "Mozilla/5.0 (Windows NT 10.0; Win64; x64) AppleWebKit/537.36 (KHTML, like Gecko) Chrome/79.0.3945.130 Safari/537.36"
89.187.163.201 - - [04/May/2025:20:35:32 -0400] "GET /wp-admin/css/colors/ectoplasm/ HTTP/1.1" 403 13 "-" "Mozilla/5.0 (Windows NT 10.0; Win64; x64) AppleWebKit/537.36 (KHTML, like Gecko) Chrome/75.0.3770.100 Safari/537.36"
89.187.163.201 - - [04/May/2025:20:35:32 -0400] "GET /wp-admin/css/colors/light/ HTTP/1.1" 403 13 "-" "Mozilla/5.0 (Windows NT 10.0; Win64; x64) AppleWebKit/537.36 (KHTML, like Gecko) Chrome/79.0.3945.88 Safari/537.36"
89.187.163.201 - - [04/May/2025:20:35:33 -0400] "GET /wp-admin/css/colors/midnight/ HTTP/1.1" 403 13 "-" "Mozilla/5.0 (Windows NT 10.0; Win64; x64; rv:77.0) Gecko/20100101 Firefox/77.0"
89.187.163.201 - - [04/May/2025:20:35:33 -0400] "GET /wp-admin/css/colors/modern/ HTTP/1.1" 403 13 "-" "Mozilla/5.0 (Windows NT 10.0; Win64; x64) AppleWebKit/537.36 (KHTML, like Gecko) Chrome/84.0.4147.105 Safari/537.36 OPR/70.0.3728.95"
89.187.163.201 - - [04/May/2025:20:35:33 -0400] "GET /wp-admin/css/colors/ocean/ HTTP/1.1" 403 13 "-" "Mozilla/5.0 (Windows NT 10.0; Win64; x64; rv:67.0) Gecko/20100101 Firefox/67.0"
89.187.163.201 - - [04/May/2025:20:35:33 -0400] "GET /wp-admin/css/colors/sunrise/ HTTP/1.1" 403 13 "-" "Mozilla/5.0 (Macintosh; Intel Mac OS X 10_10_1) AppleWebKit/537.36 (KHTML, like Gecko) Chrome/39.0.2171.95 Safari/537.36"
89.187.163.201 - - [04/May/2025:20:35:33 -0400] "GET /wp-admin/js/widgets/ HTTP/1.1" 403 13 "-" "Mozilla/5.0 (Windows NT 6.1; Win64; x64) AppleWebKit/537.36 (KHTML, like Gecko) Chrome/58.0.3029.110 Safari/537.3"
89.187.163.201 - - [04/May/2025:20:35:34 -0400] "GET /wp-content/languages/ HTTP/1.1" 404 80615 "-" "Mozilla/5.0 (Windows NT 10.0; Win64; x64; rv:73.0) Gecko/20100101 Firefox/73.0"
89.187.163.201 - - [04/May/2025:20:35:35 -0400] "GET /wp-content/uploads/2022/ HTTP/1.1" 404 80647 "-" "Mozilla/5.0 (Windows NT 6.3; Win64; x64; rv:73.0) Gecko/20100101 Firefox/73.0"
89.187.163.201 - - [04/May/2025:20:35:36 -0400] "GET /wp-content/uploads/2023/ HTTP/1.1" 404 80647 "-" "Mozilla/5.0 (Windows NT 6.1; Win64; x64) AppleWebKit/537.36 (KHTML, like Gecko) Chrome/74.0.3729.169 Safari/537.36"
89.187.163.201 - - [04/May/2025:20:35:37 -0400] "GET /wp-content/uploads/2024/ HTTP/1.1" 403 13 "-" "Mozilla/5.0 (Windows NT 10.0; Win64; x64) AppleWebKit/537.36 (KHTML, like Gecko) Chrome/80.0.3987.149 Safari/537.36"
89.187.163.201 - - [04/May/2025:20:35:37 -0400] "GET /wp-includes/wp-includes/ HTTP/1.1" 404 80639 "-" "Mozilla/5.0 (Windows NT 10.0; Win64; x64) AppleWebKit/537.36 (KHTML, like Gecko) Chrome/58.0.3029.110 Safari/537.3"
89.187.163.201 - - [04/May/2025:20:35:39 -0400] "GET /wp-includes/css/dist/ HTTP/1.1" 403 13 "-" "Mozilla/5.0 (Windows NT 10.0; Win64; x64) AppleWebKit/537.36 (KHTML, like Gecko) Chrome/74.0.3729.169 Safari/537.36"
89.187.163.201 - - [04/May/2025:20:35:39 -0400] "GET /wp-includes/ID3/ HTTP/1.1" 403 13 "-" "Mozilla/5.0 (Windows NT 10.0; Win64; x64) AppleWebKit/537.36 (KHTML, like Gecko) Chrome/74.0.3729.169 Safari/537.36"
89.187.163.201 - - [04/May/2025:20:35:39 -0400] "GET /wp-includes/ID3/wp-includes/IXR/ HTTP/1.1" 404 80719 "-" "Mozilla/5.0 (Windows NT 10.0) AppleWebKit/537.36 (KHTML, like Gecko) Chrome/72.0.3626.121 Safari/537.36"
89.187.163.201 - - [04/May/2025:20:35:41 -0400] "GET /wp-includes/images/crystal/ HTTP/1.1" 403 13 "-" "Mozilla/5.0 (Windows NT 10.0) AppleWebKit/537.36 (KHTML, like Gecko) Chrome/84.0.4147.105 Safari/537.36"
89.187.163.201 - - [04/May/2025:20:35:41 -0400] "GET /wp-includes/images/media/ HTTP/1.1" 403 13 "-" "Mozilla/5.0 (Windows NT 10.0; Win64; x64) AppleWebKit/537.36 (KHTML, like Gecko) Chrome/79.0.3945.130 Safari/537.36"
89.187.163.201 - - [04/May/2025:20:35:41 -0400] "GET /wp-includes/images/smilies/ HTTP/1.1" 403 13 "-" "Mozilla/5.0 (Macintosh; Intel Mac OS X 10_10_1) AppleWebKit/537.36 (KHTML, like Gecko) Chrome/39.0.2171.95 Safari/537.36"
89.187.163.201 - - [04/May/2025:20:35:41 -0400] "GET /wp-includes/images/wlw/ HTTP/1.1" 404 80639 "-" "Mozilla/5.0 (X11; Linux x86_64) AppleWebKit/537.36 (KHTML, like Gecko) Chrome/84.0.4147.105 Safari/537.36"
89.187.163.201 - - [04/May/2025:20:35:43 -0400] "GET /wp-includes/js/codemirror/ HTTP/1.1" 403 13 "-" "Mozilla/5.0 (Windows NT 10.0; Win64; x64; rv:75.0) Gecko/20100101 Firefox/75.0"
