217.154.82.33 - - [03/May/2025:06:48:40 -0400] "GET /wp-content/plugins/jobboardwp/readme.txt HTTP/1.1" 404 18113 "-" "Mozilla/5.0 (iPhone; CPU iPhone OS 17_2 like Mac OS X) AppleWebKit/605.1.15 (KHTML, like Gecko) Version/17.2 Mobile/15E148 Safari/604.1"
199.188.205.55 - - [03/May/2025:06:48:52 -0400] "POST /wp-cron.php?doing_wp_cron=1746269330.4233460426330566406250 HTTP/1.1" 200 0 "-" "WordPress/6.8; https://keyfinancehomeloan.com.au"
217.154.82.33 - - [03/May/2025:06:48:44 -0400] "GET /wp-content/plugins/pie-register-premium/readme.txt HTTP/1.1" 404 18110 "-" "Mozilla/5.0 (iPhone; CPU iPhone OS 17_2 like Mac OS X) AppleWebKit/605.1.15 (KHTML, like Gecko) Version/17.2 Mobile/15E148 Safari/604.1"
217.154.82.33 - - [03/May/2025:06:48:53 -0400] "GET /wp-content/plugins/indeed-wp-superbackup/languages/indeed-wp-superbackup.pot HTTP/1.1" 404 18123 "-" "Mozilla/5.0 (iPhone; CPU iPhone OS 17_2 like Mac OS X) AppleWebKit/605.1.15 (KHTML, like Gecko) Version/17.2 Mobile/15E148 Safari/604.1"
217.154.82.33 - - [03/May/2025:06:49:01 -0400] "GET /wp-content/plugins/wp-time-capsule/readme.txt HTTP/1.1" 404 18103 "-" "Mozilla/5.0 (iPhone; CPU iPhone OS 17_2 like Mac OS X) AppleWebKit/605.1.15 (KHTML, like Gecko) Version/17.2 Mobile/15E148 Safari/604.1"
217.154.82.33 - - [03/May/2025:06:49:05 -0400] "GET /wp-content/plugins/wp-membership/languages/wpmembership.pot HTTP/1.1" 404 18120 "-" "Mozilla/5.0 (iPhone; CPU iPhone OS 17_2 like Mac OS X) AppleWebKit/605.1.15 (KHTML, like Gecko) Version/17.2 Mobile/15E148 Safari/604.1"
217.154.82.33 - - [03/May/2025:06:49:13 -0400] "GET /wp-content/plugins/wp-jobsearch/admin/css/admin.css HTTP/1.1" 404 18115 "-" "Mozilla/5.0 (iPhone; CPU iPhone OS 17_2 like Mac OS X) AppleWebKit/605.1.15 (KHTML, like Gecko) Version/17.2 Mobile/15E148 Safari/604.1"
217.154.82.33 - - [03/May/2025:06:49:20 -0400] "GET /wp-content/plugins/gutenkit-blocks-addon/readme.txt HTTP/1.1" 404 18120 "-" "Mozilla/5.0 (iPhone; CPU iPhone OS 17_2 like Mac OS X) AppleWebKit/605.1.15 (KHTML, like Gecko) Version/17.2 Mobile/15E148 Safari/604.1"
217.154.82.33 - - [03/May/2025:06:49:24 -0400] "GET /wp-content/plugins/rss-feed-post-generator-echo/readme.txt HTTP/1.1" 404 18111 "-" "Mozilla/5.0 (iPhone; CPU iPhone OS 17_2 like Mac OS X) AppleWebKit/605.1.15 (KHTML, like Gecko) Version/17.2 Mobile/15E148 Safari/604.1"
217.154.82.33 - - [03/May/2025:06:49:29 -0400] "GET /wp-content/plugins/json-api-user/readme.txt HTTP/1.1" 404 18112 "-" "Mozilla/5.0 (iPhone; CPU iPhone OS 17_2 like Mac OS X) AppleWebKit/605.1.15 (KHTML, like Gecko) Version/17.2 Mobile/15E148 Safari/604.1"
217.154.82.33 - - [03/May/2025:06:49:33 -0400] "GET /wp-content/plugins/charitable/CHANGELOG.md HTTP/1.1" 404 18109 "-" "Mozilla/5.0 (iPhone; CPU iPhone OS 17_2 like Mac OS X) AppleWebKit/605.1.15 (KHTML, like Gecko) Version/17.2 Mobile/15E148 Safari/604.1"
217.154.82.33 - - [03/May/2025:06:49:38 -0400] "GET /wp-content/plugins/js-support-ticket/readme.txt HTTP/1.1" 404 18119 "-" "Mozilla/5.0 (iPhone; CPU iPhone OS 17_2 like Mac OS X) AppleWebKit/605.1.15 (KHTML, like Gecko) Version/17.2 Mobile/15E148 Safari/604.1"
217.154.82.33 - - [03/May/2025:06:49:43 -0400] "GET /wp-content/plugins/give/readme.txt HTTP/1.1" 404 18101 "-" "Mozilla/5.0 (iPhone; CPU iPhone OS 17_2 like Mac OS X) AppleWebKit/605.1.15 (KHTML, like Gecko) Version/17.2 Mobile/15E148 Safari/604.1"
199.188.205.55 - - [03/May/2025:06:49:56 -0400] "POST /wp-cron.php?doing_wp_cron=1746269396.3742139339447021484375 HTTP/1.1" 403 13 "-" "WordPress/6.8; https://keyfinancehomeloan.com.au"
217.154.82.33 - - [03/May/2025:06:49:53 -0400] "GET /wp-content/plugins/instawp-connect/readme.txt HTTP/1.1" 404 18115 "-" "Mozilla/5.0 (iPhone; CPU iPhone OS 17_2 like Mac OS X) AppleWebKit/605.1.15 (KHTML, like Gecko) Version/17.2 Mobile/15E148 Safari/604.1"
217.154.82.33 - - [03/May/2025:06:50:02 -0400] "GET /wp-content/plugins/wp-seopress/readme.txt HTTP/1.1" 404 18107 "-" "Mozilla/5.0 (iPhone; CPU iPhone OS 17_2 like Mac OS X) AppleWebKit/605.1.15 (KHTML, like Gecko) Version/17.2 Mobile/15E148 Safari/604.1"
217.154.82.33 - - [03/May/2025:06:50:09 -0400] "GET /wp-content/plugins/keydatas/readme.txt HTTP/1.1" 404 18105 "-" "Mozilla/5.0 (iPhone; CPU iPhone OS 17_2 like Mac OS X) AppleWebKit/605.1.15 (KHTML, like Gecko) Version/17.2 Mobile/15E148 Safari/604.1"
217.154.82.33 - - [03/May/2025:06:50:16 -0400] "GET /wp-content/plugins/wp-mlm/readme.txt HTTP/1.1" 404 18101 "-" "Mozilla/5.0 (iPhone; CPU iPhone OS 17_2 like Mac OS X) AppleWebKit/605.1.15 (KHTML, like Gecko) Version/17.2 Mobile/15E148 Safari/604.1"
217.154.82.33 - - [03/May/2025:06:50:37 -0400] "GET /wp-content/plugins/chatbot-chatgpt/readme.txt HTTP/1.1" 404 18102 "-" "Mozilla/5.0 (iPhone; CPU iPhone OS 17_2 like Mac OS X) AppleWebKit/605.1.15 (KHTML, like Gecko) Version/17.2 Mobile/15E148 Safari/604.1"
217.154.82.33 - - [03/May/2025:06:50:43 -0400] "GET /wp-content/plugins/wp-automatic/css/wp-automatic.css HTTP/1.1" 404 18110 "-" "Mozilla/5.0 (iPhone; CPU iPhone OS 17_2 like Mac OS X) AppleWebKit/605.1.15 (KHTML, like Gecko) Version/17.2 Mobile/15E148 Safari/604.1"
217.154.82.33 - - [03/May/2025:06:50:48 -0400] "GET /wp-content/plugins/wp-automatic/changelog HTTP/1.1" 404 18105 "-" "Mozilla/5.0 (iPhone; CPU iPhone OS 17_2 like Mac OS X) AppleWebKit/605.1.15 (KHTML, like Gecko) Version/17.2 Mobile/15E148 Safari/604.1"
199.188.205.55 - - [03/May/2025:06:51:00 -0400] "POST /wp-cron.php?doing_wp_cron=1746269460.3678719997406005859375 HTTP/1.1" 403 13 "-" "WordPress/6.8; https://keyfinancehomeloan.com.au"
217.154.82.33 - - [03/May/2025:06:50:55 -0400] "GET /wp-content/plugins/wp-photo-album-plus/changelog.txt HTTP/1.1" 404 18113 "-" "Mozilla/5.0 (iPhone; CPU iPhone OS 17_2 like Mac OS X) AppleWebKit/605.1.15 (KHTML, like Gecko) Version/17.2 Mobile/15E148 Safari/604.1"
217.154.82.33 - - [03/May/2025:06:51:06 -0400] "GET /wp-content/plugins/startklar-elmentor-forms-extwidgets/readme.txt HTTP/1.1" 404 18128 "-" "Mozilla/5.0 (iPhone; CPU iPhone OS 17_2 like Mac OS X) AppleWebKit/605.1.15 (KHTML, like Gecko) Version/17.2 Mobile/15E148 Safari/604.1"
217.154.82.33 - - [03/May/2025:06:51:11 -0400] "GET /wp-content/plugins/learning-management-system/readme.txt HTTP/1.1" 404 18115 "-" "Mozilla/5.0 (iPhone; CPU iPhone OS 17_2 like Mac OS X) AppleWebKit/605.1.15 (KHTML, like Gecko) Version/17.2 Mobile/15E148 Safari/604.1"
217.154.82.33 - - [03/May/2025:06:51:17 -0400] "GET /wp-content/plugins/woocommerce-simple-registration/readme.txt HTTP/1.1" 404 18124 "-" "Mozilla/5.0 (iPhone; CPU iPhone OS 17_2 like Mac OS X) AppleWebKit/605.1.15 (KHTML, like Gecko) Version/17.2 Mobile/15E148 Safari/604.1"
217.154.82.33 - - [03/May/2025:06:51:21 -0400] "GET /wp-content/plugins/instawp-connect/readme.txt HTTP/1.1" 404 18115 "-" "Mozilla/5.0 (iPhone; CPU iPhone OS 17_2 like Mac OS X) AppleWebKit/605.1.15 (KHTML, like Gecko) Version/17.2 Mobile/15E148 Safari/604.1"
217.154.82.33 - - [03/May/2025:06:51:22 -0400] "GET /wp-content/plugins/masterstudy-lms-learning-management-system/readme.txt HTTP/1.1" 404 18133 "-" "Mozilla/5.0 (iPhone; CPU iPhone OS 17_2 like Mac OS X) AppleWebKit/605.1.15 (KHTML, like Gecko) Version/17.2 Mobile/15E148 Safari/604.1"
217.154.82.33 - - [03/May/2025:06:51:29 -0400] "GET /wp-content/plugins/activedemand/readme.txt HTTP/1.1" 404 18106 "-" "Mozilla/5.0 (iPhone; CPU iPhone OS 17_2 like Mac OS X) AppleWebKit/605.1.15 (KHTML, like Gecko) Version/17.2 Mobile/15E148 Safari/604.1"
217.154.82.33 - - [03/May/2025:06:51:38 -0400] "GET /wp-content/plugins/phppoet-checkout-fields/readme.txt HTTP/1.1" 404 18109 "-" "Mozilla/5.0 (iPhone; CPU iPhone OS 17_2 like Mac OS X) AppleWebKit/605.1.15 (KHTML, like Gecko) Version/17.2 Mobile/15E148 Safari/604.1"
217.154.82.33 - - [03/May/2025:06:51:44 -0400] "GET / HTTP/1.1" 301 0 "-" "Mozilla/5.0 (iPhone; CPU iPhone OS 17_2 like Mac OS X) AppleWebKit/605.1.15 (KHTML, like Gecko) Version/17.2 Mobile/15E148 Safari/604.1"
217.154.82.33 - - [03/May/2025:06:51:55 -0400] "GET /wp-content/plugins/bertha-ai-free/readme.txt HTTP/1.1" 404 18105 "-" "Mozilla/5.0 (iPhone; CPU iPhone OS 17_2 like Mac OS X) AppleWebKit/605.1.15 (KHTML, like Gecko) Version/17.2 Mobile/15E148 Safari/604.1"
199.188.205.55 - - [03/May/2025:06:52:07 -0400] "POST /wp-cron.php?doing_wp_cron=1746269527.2266559600830078125000 HTTP/1.1" 403 13 "-" "WordPress/6.8; https://keyfinancehomeloan.com.au"
217.154.82.33 - - [03/May/2025:06:52:03 -0400] "GET /wp-content/plugins/rencontre/readme.txt HTTP/1.1" 404 18119 "-" "Mozilla/5.0 (iPhone; CPU iPhone OS 17_2 like Mac OS X) AppleWebKit/605.1.15 (KHTML, like Gecko) Version/17.2 Mobile/15E148 Safari/604.1"
217.154.82.33 - - [03/May/2025:06:52:19 -0400] "GET /wp-content/plugins/ai-engine/readme.txt HTTP/1.1" 404 18123 "-" "Mozilla/5.0 (iPhone; CPU iPhone OS 17_2 like Mac OS X) AppleWebKit/605.1.15 (KHTML, like Gecko) Version/17.2 Mobile/15E148 Safari/604.1"
217.154.82.33 - - [03/May/2025:06:52:27 -0400] "GET /wp-content/plugins/backup-backup/readme.txt HTTP/1.1" 404 18112 "-" "Mozilla/5.0 (iPhone; CPU iPhone OS 17_2 like Mac OS X) AppleWebKit/605.1.15 (KHTML, like Gecko) Version/17.2 Mobile/15E148 Safari/604.1"
217.154.82.33 - - [03/May/2025:06:52:40 -0400] "GET /wp-content/plugins/royal-elementor-addons/readme.txt HTTP/1.1" 404 18123 "-" "Mozilla/5.0 (iPhone; CPU iPhone OS 17_2 like Mac OS X) AppleWebKit/605.1.15 (KHTML, like Gecko) Version/17.2 Mobile/15E148 Safari/604.1"
217.154.82.33 - - [03/May/2025:06:52:47 -0400] "GET /wp-content/plugins/import-xml-feed/readme.txt HTTP/1.1" 404 18104 "-" "Mozilla/5.0 (iPhone; CPU iPhone OS 17_2 like Mac OS X) AppleWebKit/605.1.15 (KHTML, like Gecko) Version/17.2 Mobile/15E148 Safari/604.1"
217.154.82.33 - - [03/May/2025:06:52:54 -0400] "GET /wp-content/plugins/kadence-blocks/readme.txt HTTP/1.1" 404 18107 "-" "Mozilla/5.0 (iPhone; CPU iPhone OS 17_2 like Mac OS X) AppleWebKit/605.1.15 (KHTML, like Gecko) Version/17.2 Mobile/15E148 Safari/604.1"
217.154.82.33 - - [03/May/2025:06:52:58 -0400] "GET /wp-content/plugins/forminator/readme.txt HTTP/1.1" 404 18123 "-" "Mozilla/5.0 (iPhone; CPU iPhone OS 17_2 like Mac OS X) AppleWebKit/605.1.15 (KHTML, like Gecko) Version/17.2 Mobile/15E148 Safari/604.1"
217.154.82.33 - - [03/May/2025:06:53:06 -0400] "GET /wp-content/plugins/ht-mega-for-elementor/readme.txt HTTP/1.1" 404 18121 "-" "Mozilla/5.0 (iPhone; CPU iPhone OS 17_2 like Mac OS X) AppleWebKit/605.1.15 (KHTML, like Gecko) Version/17.2 Mobile/15E148 Safari/604.1"
199.188.205.55 - - [03/May/2025:06:53:10 -0400] "POST /wp-cron.php?doing_wp_cron=1746269587.7955689430236816406250 HTTP/1.1" 200 0 "-" "WordPress/6.8; https://keyfinancehomeloan.com.au"
217.154.82.33 - - [03/May/2025:06:53:12 -0400] "GET /wp-content/plugins/wp-post-author/readme.txt HTTP/1.1" 404 18110 "-" "Mozilla/5.0 (iPhone; CPU iPhone OS 17_2 like Mac OS X) AppleWebKit/605.1.15 (KHTML, like Gecko) Version/17.2 Mobile/15E148 Safari/604.1"
217.154.82.33 - - [03/May/2025:06:53:18 -0400] "GET /wp-content/plugins/mstore-api/readme.txt HTTP/1.1" 404 18114 "-" "Mozilla/5.0 (iPhone; CPU iPhone OS 17_2 like Mac OS X) AppleWebKit/605.1.15 (KHTML, like Gecko) Version/17.2 Mobile/15E148 Safari/604.1"
217.154.82.33 - - [03/May/2025:06:53:23 -0400] "GET /wp-content/plugins/ultimate-member/readme.txt HTTP/1.1" 404 18111 "-" "Mozilla/5.0 (iPhone; CPU iPhone OS 17_2 like Mac OS X) AppleWebKit/605.1.15 (KHTML, like Gecko) Version/17.2 Mobile/15E148 Safari/604.1"
217.154.82.33 - - [03/May/2025:06:53:30 -0400] "GET /wp-content/plugins/essential-addons-for-elementor-lite/readme.txt HTTP/1.1" 404 18108 "-" "Mozilla/5.0 (iPhone; CPU iPhone OS 17_2 like Mac OS X) AppleWebKit/605.1.15 (KHTML, like Gecko) Version/17.2 Mobile/15E148 Safari/604.1"
217.154.82.33 - - [03/May/2025:06:53:35 -0400] "GET /wp-content/plugins/woocommerce-payments/readme.txt HTTP/1.1" 404 18120 "-" "Mozilla/5.0 (iPhone; CPU iPhone OS 17_2 like Mac OS X) AppleWebKit/605.1.15 (KHTML, like Gecko) Version/17.2 Mobile/15E148 Safari/604.1"
217.154.82.33 - - [03/May/2025:06:53:47 -0400] "GET /wp-content/plugins/zendrop-dropshipping-and-fulfillment/readme.txt HTTP/1.1" 404 18116 "-" "Mozilla/5.0 (iPhone; CPU iPhone OS 17_2 like Mac OS X) AppleWebKit/605.1.15 (KHTML, like Gecko) Version/17.2 Mobile/15E148 Safari/604.1"
217.154.82.33 - - [03/May/2025:06:54:00 -0400] "GET /complete-order/?selected_package=1 HTTP/1.1" 404 18102 "-" "Mozilla/5.0 (iPhone; CPU iPhone OS 17_2 like Mac OS X) AppleWebKit/605.1.15 (KHTML, like Gecko) Version/17.2 Mobile/15E148 Safari/604.1"
217.154.82.33 - - [03/May/2025:06:54:08 -0400] "GET / HTTP/1.1" 301 0 "-" "Mozilla/5.0 (iPhone; CPU iPhone OS 17_2 like Mac OS X) AppleWebKit/605.1.15 (KHTML, like Gecko) Version/17.2 Mobile/15E148 Safari/604.1"
199.188.205.55 - - [03/May/2025:06:54:31 -0400] "POST /wp-cron.php?doing_wp_cron=1746269668.6901769638061523437500 HTTP/1.1" 200 0 "-" "WordPress/6.8; https://keyfinancehomeloan.com.au"
217.154.82.33 - - [03/May/2025:06:54:43 -0400] "GET /wp-content/plugins/n-media-woocommerce-checkout-fields/readme.txt HTTP/1.1" 404 18122 "-" "Mozilla/5.0 (iPhone; CPU iPhone OS 17_2 like Mac OS X) AppleWebKit/605.1.15 (KHTML, like Gecko) Version/17.2 Mobile/15E148 Safari/604.1"
217.154.82.33 - - [03/May/2025:06:54:51 -0400] "GET /wp-content/plugins/videowhisper-live-streaming-integration/readme.txt HTTP/1.1" 404 18105 "-" "Mozilla/5.0 (iPhone; CPU iPhone OS 17_2 like Mac OS X) AppleWebKit/605.1.15 (KHTML, like Gecko) Version/17.2 Mobile/15E148 Safari/604.1"
217.154.82.33 - - [03/May/2025:06:54:59 -0400] "GET /wp-content/plugins/js-support-ticket/readme.txt HTTP/1.1" 404 18119 "-" "Mozilla/5.0 (iPhone; CPU iPhone OS 17_2 like Mac OS X) AppleWebKit/605.1.15 (KHTML, like Gecko) Version/17.2 Mobile/15E148 Safari/604.1"
217.154.82.33 - - [03/May/2025:06:55:05 -0400] "GET /wp-content/themes/statfort-new/include/lang_upload.php HTTP/1.1" 404 18116 "-" "Mozilla/5.0 (iPhone; CPU iPhone OS 17_2 like Mac OS X) AppleWebKit/605.1.15 (KHTML, like Gecko) Version/17.2 Mobile/15E148 Safari/604.1"
217.154.82.33 - - [03/May/2025:06:55:13 -0400] "GET /wp-content/themes/faith-theme/include/lang_upload.php HTTP/1.1" 404 18113 "-" "Mozilla/5.0 (iPhone; CPU iPhone OS 17_2 like Mac OS X) AppleWebKit/605.1.15 (KHTML, like Gecko) Version/17.2 Mobile/15E148 Safari/604.1"
217.154.82.33 - - [03/May/2025:06:55:20 -0400] "GET /wp-content/themes/soccer-theme/include/lang_upload.php HTTP/1.1" 404 18117 "-" "Mozilla/5.0 (iPhone; CPU iPhone OS 17_2 like Mac OS X) AppleWebKit/605.1.15 (KHTML, like Gecko) Version/17.2 Mobile/15E148 Safari/604.1"
217.154.82.33 - - [03/May/2025:06:55:25 -0400] "GET /wp-content/themes/churchlife/include/lang_upload.php HTTP/1.1" 404 18110 "-" "Mozilla/5.0 (iPhone; CPU iPhone OS 17_2 like Mac OS X) AppleWebKit/605.1.15 (KHTML, like Gecko) Version/17.2 Mobile/15E148 Safari/604.1"
199.188.205.55 - - [03/May/2025:06:55:33 -0400] "POST /wp-cron.php?doing_wp_cron=1746269732.5416231155395507812500 HTTP/1.1" 200 0 "-" "WordPress/6.8; https://keyfinancehomeloan.com.au"
217.154.82.33 - - [03/May/2025:06:55:30 -0400] "GET /wp-content/themes/onelife/include/lang_upload.php HTTP/1.1" 404 18113 "-" "Mozilla/5.0 (iPhone; CPU iPhone OS 17_2 like Mac OS X) AppleWebKit/605.1.15 (KHTML, like Gecko) Version/17.2 Mobile/15E148 Safari/604.1"
217.154.82.33 - - [03/May/2025:06:55:37 -0400] "GET /wp-content/themes/snapture/include/lang_upload.php HTTP/1.1" 404 18118 "-" "Mozilla/5.0 (iPhone; CPU iPhone OS 17_2 like Mac OS X) AppleWebKit/605.1.15 (KHTML, like Gecko) Version/17.2 Mobile/15E148 Safari/604.1"
217.154.82.33 - - [03/May/2025:06:55:42 -0400] "GET /wp-content/themes/theme-deejay/include/lang_upload.php HTTP/1.1" 404 18117 "-" "Mozilla/5.0 (iPhone; CPU iPhone OS 17_2 like Mac OS X) AppleWebKit/605.1.15 (KHTML, like Gecko) Version/17.2 Mobile/15E148 Safari/604.1"
217.154.82.33 - - [03/May/2025:06:55:52 -0400] "GET /wp-content/themes/bolster-theme/include/lang_upload.php HTTP/1.1" 404 18110 "-" "Mozilla/5.0 (iPhone; CPU iPhone OS 17_2 like Mac OS X) AppleWebKit/605.1.15 (KHTML, like Gecko) Version/17.2 Mobile/15E148 Safari/604.1"
217.154.82.33 - - [03/May/2025:06:55:56 -0400] "GET /wp-content/themes/rocky-theme/include/lang_upload.php HTTP/1.1" 404 18114 "-" "Mozilla/5.0 (iPhone; CPU iPhone OS 17_2 like Mac OS X) AppleWebKit/605.1.15 (KHTML, like Gecko) Version/17.2 Mobile/15E148 Safari/604.1"
217.154.82.33 - - [03/May/2025:06:56:01 -0400] "GET /wp-content/themes/bolster/include/lang_upload.php HTTP/1.1" 404 18113 "-" "Mozilla/5.0 (iPhone; CPU iPhone OS 17_2 like Mac OS X) AppleWebKit/605.1.15 (KHTML, like Gecko) Version/17.2 Mobile/15E148 Safari/604.1"
217.154.82.33 - - [03/May/2025:06:56:08 -0400] "GET /wp-content/themes/soundblast/include/lang_upload.php HTTP/1.1" 404 18113 "-" "Mozilla/5.0 (iPhone; CPU iPhone OS 17_2 like Mac OS X) AppleWebKit/605.1.15 (KHTML, like Gecko) Version/17.2 Mobile/15E148 Safari/604.1"
217.154.82.33 - - [03/May/2025:06:56:20 -0400] "GET /wp-content/themes/spikes-black/include/lang_upload.php HTTP/1.1" 404 18119 "-" "Mozilla/5.0 (iPhone; CPU iPhone OS 17_2 like Mac OS X) AppleWebKit/605.1.15 (KHTML, like Gecko) Version/17.2 Mobile/15E148 Safari/604.1"
217.154.82.33 - - [03/May/2025:06:56:29 -0400] "GET /wp-content/themes/spikes/include/lang_upload.php HTTP/1.1" 404 18115 "-" "Mozilla/5.0 (iPhone; CPU iPhone OS 17_2 like Mac OS X) AppleWebKit/605.1.15 (KHTML, like Gecko) Version/17.2 Mobile/15E148 Safari/604.1"
217.154.82.33 - - [03/May/2025:06:56:39 -0400] "GET /wp-content/themes/kingclub-theme/include/lang_upload.php HTTP/1.1" 404 18112 "-" "Mozilla/5.0 (iPhone; CPU iPhone OS 17_2 like Mac OS X) AppleWebKit/605.1.15 (KHTML, like Gecko) Version/17.2 Mobile/15E148 Safari/604.1"
199.188.205.55 - - [03/May/2025:06:56:46 -0400] "POST /wp-cron.php?doing_wp_cron=1746269800.8068630695343017578125 HTTP/1.1" 200 0 "-" "WordPress/6.8; https://keyfinancehomeloan.com.au"
217.154.82.33 - - [03/May/2025:06:56:48 -0400] "GET /wp-content/themes/club-theme/include/lang_upload.php HTTP/1.1" 404 18113 "-" "Mozilla/5.0 (iPhone; CPU iPhone OS 17_2 like Mac OS X) AppleWebKit/605.1.15 (KHTML, like Gecko) Version/17.2 Mobile/15E148 Safari/604.1"
217.154.82.33 - - [03/May/2025:06:56:57 -0400] "GET /wp-content/themes/statfort/include/lang_upload.php HTTP/1.1" 404 18118 "-" "Mozilla/5.0 (iPhone; CPU iPhone OS 17_2 like Mac OS X) AppleWebKit/605.1.15 (KHTML, like Gecko) Version/17.2 Mobile/15E148 Safari/604.1"
217.154.82.33 - - [03/May/2025:06:57:03 -0400] "GET /wp-content/themes/aidreform/include/lang_upload.php HTTP/1.1" 404 18114 "-" "Mozilla/5.0 (iPhone; CPU iPhone OS 17_2 like Mac OS X) AppleWebKit/605.1.15 (KHTML, like Gecko) Version/17.2 Mobile/15E148 Safari/604.1"
217.154.82.33 - - [03/May/2025:06:57:06 -0400] "GET /wp-content/themes/footysquare/include/lang_upload.php HTTP/1.1" 404 18115 "-" "Mozilla/5.0 (iPhone; CPU iPhone OS 17_2 like Mac OS X) AppleWebKit/605.1.15 (KHTML, like Gecko) Version/17.2 Mobile/15E148 Safari/604.1"
217.154.82.33 - - [03/May/2025:06:57:14 -0400] "GET /wp-content/themes/westand/include/lang_upload.php HTTP/1.1" 404 18118 "-" "Mozilla/5.0 (iPhone; CPU iPhone OS 17_2 like Mac OS X) AppleWebKit/605.1.15 (KHTML, like Gecko) Version/17.2 Mobile/15E148 Safari/604.1"
217.154.82.33 - - [03/May/2025:06:57:20 -0400] "GET /wp-content/plugins/dsp_dating/wpdating-gallery/lib/server/php/index.php HTTP/1.1" 301 0 "-" "Mozilla/5.0 (iPhone; CPU iPhone OS 17_2 like Mac OS X) AppleWebKit/605.1.15 (KHTML, like Gecko) Version/17.2 Mobile/15E148 Safari/604.1"
217.154.82.33 - - [03/May/2025:06:57:29 -0400] "GET /wp-content/plugins/dsp_dating/wpdating-gallery/lib/server/php/ HTTP/1.1" 404 18121 "-" "Mozilla/5.0 (iPhone; CPU iPhone OS 17_2 like Mac OS X) AppleWebKit/605.1.15 (KHTML, like Gecko) Version/17.2 Mobile/15E148 Safari/604.1"
199.188.205.55 - - [03/May/2025:06:57:41 -0400] "POST /wp-cron.php?doing_wp_cron=1746269861.0927491188049316406250 HTTP/1.1" 403 13 "-" "WordPress/6.8; https://keyfinancehomeloan.com.au"
217.154.82.33 - - [03/May/2025:06:57:37 -0400] "GET /wp-content/plugins/yith-woocommerce-gift-cards-premium/readme.txt HTTP/1.1" 404 18108 "-" "Mozilla/5.0 (iPhone; CPU iPhone OS 17_2 like Mac OS X) AppleWebKit/605.1.15 (KHTML, like Gecko) Version/17.2 Mobile/15E148 Safari/604.1"
217.154.82.33 - - [03/May/2025:06:57:45 -0400] "GET /wp-content/plugins/membership-for-woocommerce/readme.txt HTTP/1.1" 404 18111 "-" "Mozilla/5.0 (iPhone; CPU iPhone OS 17_2 like Mac OS X) AppleWebKit/605.1.15 (KHTML, like Gecko) Version/17.2 Mobile/15E148 Safari/604.1"
217.154.82.33 - - [03/May/2025:06:57:52 -0400] "GET /wp-content/plugins/wp-upg/readme.txt HTTP/1.1" 404 18101 "-" "Mozilla/5.0 (iPhone; CPU iPhone OS 17_2 like Mac OS X) AppleWebKit/605.1.15 (KHTML, like Gecko) Version/17.2 Mobile/15E148 Safari/604.1"
217.154.82.33 - - [03/May/2025:06:58:02 -0400] "GET /wp-content/plugins/booking-calendar/readme.txt HTTP/1.1" 404 18112 "-" "Mozilla/5.0 (iPhone; CPU iPhone OS 17_2 like Mac OS X) AppleWebKit/605.1.15 (KHTML, like Gecko) Version/17.2 Mobile/15E148 Safari/604.1"
217.154.82.33 - - [03/May/2025:06:58:09 -0400] "GET /wp-content/plugins/woo-refund-and-exchange-lite/readme.txt HTTP/1.1" 404 18115 "-" "Mozilla/5.0 (iPhone; CPU iPhone OS 17_2 like Mac OS X) AppleWebKit/605.1.15 (KHTML, like Gecko) Version/17.2 Mobile/15E148 Safari/604.1"
217.154.82.33 - - [03/May/2025:06:58:17 -0400] "GET /wp-content/plugins/armember/js/arm_widgets_js.js HTTP/1.1" 404 18127 "-" "Mozilla/5.0 (iPhone; CPU iPhone OS 17_2 like Mac OS X) AppleWebKit/605.1.15 (KHTML, like Gecko) Version/17.2 Mobile/15E148 Safari/604.1"
217.154.82.33 - - [03/May/2025:06:58:26 -0400] "GET /wp-content/plugins/armember/documentation/index.html HTTP/1.1" 404 18115 "-" "Mozilla/5.0 (iPhone; CPU iPhone OS 17_2 like Mac OS X) AppleWebKit/605.1.15 (KHTML, like Gecko) Version/17.2 Mobile/15E148 Safari/604.1"
217.154.82.33 - - [03/May/2025:06:58:32 -0400] "GET /wp-content/plugins/jobboardwp/readme.txt HTTP/1.1" 404 18113 "-" "Mozilla/5.0 (iPhone; CPU iPhone OS 17_2 like Mac OS X) AppleWebKit/605.1.15 (KHTML, like Gecko) Version/17.2 Mobile/15E148 Safari/604.1"
217.154.82.33 - - [03/May/2025:06:58:37 -0400] "GET /wp-content/themes/listingo/readme.txt HTTP/1.1" 404 18096 "-" "Mozilla/5.0 (iPhone; CPU iPhone OS 17_2 like Mac OS X) AppleWebKit/605.1.15 (KHTML, like Gecko) Version/17.2 Mobile/15E148 Safari/604.1"
199.188.205.55 - - [03/May/2025:06:58:49 -0400] "POST /wp-cron.php?doing_wp_cron=1746269928.2666189670562744140625 HTTP/1.1" 200 0 "-" "WordPress/6.8; https://keyfinancehomeloan.com.au"
217.154.82.33 - - [03/May/2025:06:58:42 -0400] "GET /wp-content/themes/listingo/js/listingo_callbacks.js HTTP/1.1" 404 18114 "-" "Mozilla/5.0 (iPhone; CPU iPhone OS 17_2 like Mac OS X) AppleWebKit/605.1.15 (KHTML, like Gecko) Version/17.2 Mobile/15E148 Safari/604.1"
217.154.82.33 - - [03/May/2025:06:58:52 -0400] "GET /wp-content/themes/greyd_suite/style.css HTTP/1.1" 404 18121 "-" "Mozilla/5.0 (iPhone; CPU iPhone OS 17_2 like Mac OS X) AppleWebKit/605.1.15 (KHTML, like Gecko) Version/17.2 Mobile/15E148 Safari/604.1"
217.154.82.33 - - [03/May/2025:06:59:04 -0400] "GET /wp-content/plugins/alphabetic-pagination/readme.txt HTTP/1.1" 404 18127 "-" "Mozilla/5.0 (iPhone; CPU iPhone OS 17_2 like Mac OS X) AppleWebKit/605.1.15 (KHTML, like Gecko) Version/17.2 Mobile/15E148 Safari/604.1"
217.154.82.33 - - [03/May/2025:06:59:10 -0400] "GET /wp-content/plugins/scripts-organizer/plugins/meta-box/readme.txt HTTP/1.1" 404 18117 "-" "Mozilla/5.0 (iPhone; CPU iPhone OS 17_2 like Mac OS X) AppleWebKit/605.1.15 (KHTML, like Gecko) Version/17.2 Mobile/15E148 Safari/604.1"
217.154.82.33 - - [03/May/2025:06:59:16 -0400] "GET /wp-content/themes/workreap/style.css HTTP/1.1" 404 18101 "-" "Mozilla/5.0 (iPhone; CPU iPhone OS 17_2 like Mac OS X) AppleWebKit/605.1.15 (KHTML, like Gecko) Version/17.2 Mobile/15E148 Safari/604.1"
217.154.82.33 - - [03/May/2025:06:59:28 -0400] "GET /wp-content/plugins/wpgateway/css/style.css HTTP/1.1" 404 18113 "-" "Mozilla/5.0 (iPhone; CPU iPhone OS 17_2 like Mac OS X) AppleWebKit/605.1.15 (KHTML, like Gecko) Version/17.2 Mobile/15E148 Safari/604.1"
217.154.82.33 - - [03/May/2025:06:59:38 -0400] "GET /wp-content/plugins/ultimate-member/readme.txt HTTP/1.1" 404 18111 "-" "Mozilla/5.0 (iPhone; CPU iPhone OS 17_2 like Mac OS X) AppleWebKit/605.1.15 (KHTML, like Gecko) Version/17.2 Mobile/15E148 Safari/604.1"
217.154.82.33 - - [03/May/2025:06:59:40 -0400] "GET /wp-content/plugins/ninja-forms/readme.txt HTTP/1.1" 404 18112 "-" "Mozilla/5.0 (iPhone; CPU iPhone OS 17_2 like Mac OS X) AppleWebKit/605.1.15 (KHTML, like Gecko) Version/17.2 Mobile/15E148 Safari/604.1"
199.188.205.55 - - [03/May/2025:06:59:54 -0400] "POST /wp-cron.php?doing_wp_cron=1746269993.0679390430450439453125 HTTP/1.1" 200 0 "-" "WordPress/6.8; https://keyfinancehomeloan.com.au"
217.154.82.33 - - [03/May/2025:06:59:51 -0400] "GET /wp-content/plugins/armember-membership/readme.txt HTTP/1.1" 404 18114 "-" "Mozilla/5.0 (iPhone; CPU iPhone OS 17_2 like Mac OS X) AppleWebKit/605.1.15 (KHTML, like Gecko) Version/17.2 Mobile/15E148 Safari/604.1"
217.154.82.33 - - [03/May/2025:06:59:58 -0400] "GET /wp-content/plugins/wp-live-chat-support-pro/css/wplc_styles_pro.css HTTP/1.1" 404 18117 "-" "Mozilla/5.0 (iPhone; CPU iPhone OS 17_2 like Mac OS X) AppleWebKit/605.1.15 (KHTML, like Gecko) Version/17.2 Mobile/15E148 Safari/604.1"
217.154.82.33 - - [03/May/2025:07:00:07 -0400] "GET /wp-content/plugins/wp-user-avatar/changelog.txt HTTP/1.1" 404 18118 "-" "Mozilla/5.0 (iPhone; CPU iPhone OS 17_2 like Mac OS X) AppleWebKit/605.1.15 (KHTML, like Gecko) Version/17.2 Mobile/15E148 Safari/604.1"
217.154.82.33 - - [03/May/2025:07:00:21 -0400] "GET /wp-content/plugins/sitemap-by-click5/readme.txt HTTP/1.1" 404 18122 "-" "Mozilla/5.0 (iPhone; CPU iPhone OS 17_2 like Mac OS X) AppleWebKit/605.1.15 (KHTML, like Gecko) Version/17.2 Mobile/15E148 Safari/604.1"
217.154.82.33 - - [03/May/2025:07:00:29 -0400] "GET /wp-content/plugins/nd-restaurant-reservations/readme.txt HTTP/1.1" 404 18124 "-" "Mozilla/5.0 (iPhone; CPU iPhone OS 17_2 like Mac OS X) AppleWebKit/605.1.15 (KHTML, like Gecko) Version/17.2 Mobile/15E148 Safari/604.1"
217.154.82.33 - - [03/May/2025:07:00:37 -0400] "GET /wp-content/plugins/nd-donations/readme.txt HTTP/1.1" 404 18104 "-" "Mozilla/5.0 (iPhone; CPU iPhone OS 17_2 like Mac OS X) AppleWebKit/605.1.15 (KHTML, like Gecko) Version/17.2 Mobile/15E148 Safari/604.1"
217.154.82.33 - - [03/May/2025:07:00:46 -0400] "GET /wp-content/plugins/nd-booking/readme.txt HTTP/1.1" 404 18110 "-" "Mozilla/5.0 (iPhone; CPU iPhone OS 17_2 like Mac OS X) AppleWebKit/605.1.15 (KHTML, like Gecko) Version/17.2 Mobile/15E148 Safari/604.1"
217.154.82.33 - - [03/May/2025:07:00:53 -0400] "GET /wp-content/plugins/nd-shortcodes/readme.txt HTTP/1.1" 404 18112 "-" "Mozilla/5.0 (iPhone; CPU iPhone OS 17_2 like Mac OS X) AppleWebKit/605.1.15 (KHTML, like Gecko) Version/17.2 Mobile/15E148 Safari/604.1"
199.188.205.55 - - [03/May/2025:07:00:59 -0400] "POST /wp-cron.php?doing_wp_cron=1746270057.1723289489746093750000 HTTP/1.1" 200 0 "-" "WordPress/6.8; https://keyfinancehomeloan.com.au"
217.154.82.33 - - [03/May/2025:07:01:02 -0400] "GET /wp-content/plugins/nd-learning/readme.txt HTTP/1.1" 404 18109 "-" "Mozilla/5.0 (iPhone; CPU iPhone OS 17_2 like Mac OS X) AppleWebKit/605.1.15 (KHTML, like Gecko) Version/17.2 Mobile/15E148 Safari/604.1"
217.154.82.33 - - [03/May/2025:07:01:12 -0400] "GET /wp-content/plugins/wpcargo/readme.txt HTTP/1.1" 404 18093 "-" "Mozilla/5.0 (iPhone; CPU iPhone OS 17_2 like Mac OS X) AppleWebKit/605.1.15 (KHTML, like Gecko) Version/17.2 Mobile/15E148 Safari/604.1"
217.154.82.33 - - [03/May/2025:07:01:16 -0400] "GET /wp-content/plugins/woo-product-table/readme.txt HTTP/1.1" 404 18122 "-" "Mozilla/5.0 (iPhone; CPU iPhone OS 17_2 like Mac OS X) AppleWebKit/605.1.15 (KHTML, like Gecko) Version/17.2 Mobile/15E148 Safari/604.1"
217.154.82.33 - - [03/May/2025:07:01:30 -0400] "GET /wp-content/plugins/tatsu/changelog.md HTTP/1.1" 404 18093 "-" "Mozilla/5.0 (iPhone; CPU iPhone OS 17_2 like Mac OS X) AppleWebKit/605.1.15 (KHTML, like Gecko) Version/17.2 Mobile/15E148 Safari/604.1"
217.154.82.33 - - [03/May/2025:07:01:38 -0400] "GET /wp-content/plugins/masterstudy-lms-learning-management-system/readme.txt HTTP/1.1" 404 18133 "-" "Mozilla/5.0 (iPhone; CPU iPhone OS 17_2 like Mac OS X) AppleWebKit/605.1.15 (KHTML, like Gecko) Version/17.2 Mobile/15E148 Safari/604.1"
217.154.82.33 - - [03/May/2025:07:01:43 -0400] "GET /wp-content/plugins/wp-file-manager/readme.txt HTTP/1.1" 404 18113 "-" "Mozilla/5.0 (iPhone; CPU iPhone OS 17_2 like Mac OS X) AppleWebKit/605.1.15 (KHTML, like Gecko) Version/17.2 Mobile/15E148 Safari/604.1"
199.188.205.55 - - [03/May/2025:07:02:00 -0400] "POST /wp-cron.php?doing_wp_cron=1746270120.0829041004180908203125 HTTP/1.1" 403 0 "-" "WordPress/6.8; https://keyfinancehomeloan.com.au"
217.154.82.33 - - [03/May/2025:07:01:57 -0400] "GET /wp-content/plugins/vc-tabs/readme.txt HTTP/1.1" 404 18094 "-" "Mozilla/5.0 (iPhone; CPU iPhone OS 17_2 like Mac OS X) AppleWebKit/605.1.15 (KHTML, like Gecko) Version/17.2 Mobile/15E148 Safari/604.1"
217.154.82.33 - - [03/May/2025:07:02:04 -0400] "GET /wp-content/plugins/shortcode-addons/readme.txt HTTP/1.1" 404 18108 "-" "Mozilla/5.0 (iPhone; CPU iPhone OS 17_2 like Mac OS X) AppleWebKit/605.1.15 (KHTML, like Gecko) Version/17.2 Mobile/15E148 Safari/604.1"
217.154.82.33 - - [03/May/2025:07:02:10 -0400] "GET /wp-content/plugins/dzs-zoomsounds/admin/admin.css HTTP/1.1" 404 18115 "-" "Mozilla/5.0 (iPhone; CPU iPhone OS 17_2 like Mac OS X) AppleWebKit/605.1.15 (KHTML, like Gecko) Version/17.2 Mobile/15E148 Safari/604.1"
217.154.82.33 - - [03/May/2025:07:02:16 -0400] "GET /wp-content/plugins/mstore-api/readme.txt HTTP/1.1" 404 18114 "-" "Mozilla/5.0 (iPhone; CPU iPhone OS 17_2 like Mac OS X) AppleWebKit/605.1.15 (KHTML, like Gecko) Version/17.2 Mobile/15E148 Safari/604.1"
217.154.82.33 - - [03/May/2025:07:02:18 -0400] "GET /wp-content/plugins/superlogoshowcase-wp/css/sls-wp-admin.css HTTP/1.1" 404 18114 "-" "Mozilla/5.0 (iPhone; CPU iPhone OS 17_2 like Mac OS X) AppleWebKit/605.1.15 (KHTML, like Gecko) Version/17.2 Mobile/15E148 Safari/604.1"
217.154.82.33 - - [03/May/2025:07:02:24 -0400] "GET /wp-content/plugins/super-interactive-maps/css/sim-wp-admin.css HTTP/1.1" 404 18132 "-" "Mozilla/5.0 (iPhone; CPU iPhone OS 17_2 like Mac OS X) AppleWebKit/605.1.15 (KHTML, like Gecko) Version/17.2 Mobile/15E148 Safari/604.1"
217.154.82.33 - - [03/May/2025:07:02:31 -0400] "GET /wp-content/plugins/superstorefinder-wp/css/ssf-wp-admin.css HTTP/1.1" 404 18116 "-" "Mozilla/5.0 (iPhone; CPU iPhone OS 17_2 like Mac OS X) AppleWebKit/605.1.15 (KHTML, like Gecko) Version/17.2 Mobile/15E148 Safari/604.1"
217.154.82.33 - - [03/May/2025:07:02:41 -0400] "GET /wp-content/plugins/e-signature/page-template/default/style.css HTTP/1.1" 404 18125 "-" "Mozilla/5.0 (iPhone; CPU iPhone OS 17_2 like Mac OS X) AppleWebKit/605.1.15 (KHTML, like Gecko) Version/17.2 Mobile/15E148 Safari/604.1"
217.154.82.33 - - [03/May/2025:07:02:47 -0400] "GET /wp-content/plugins/angwp/__%20UPDATES.txt HTTP/1.1" 404 18111 "-" "Mozilla/5.0 (iPhone; CPU iPhone OS 17_2 like Mac OS X) AppleWebKit/605.1.15 (KHTML, like Gecko) Version/17.2 Mobile/15E148 Safari/604.1"
217.154.82.33 - - [03/May/2025:07:02:53 -0400] "GET /wp-content/plugins/ait-csv-import-export/changelog.txt HTTP/1.1" 404 18103 "-" "Mozilla/5.0 (iPhone; CPU iPhone OS 17_2 like Mac OS X) AppleWebKit/605.1.15 (KHTML, like Gecko) Version/17.2 Mobile/15E148 Safari/604.1"
199.188.205.55 - - [03/May/2025:07:03:04 -0400] "POST /wp-cron.php?doing_wp_cron=1746270182.3645739555358886718750 HTTP/1.1" 200 0 "-" "WordPress/6.8; https://keyfinancehomeloan.com.au"
217.154.82.33 - - [03/May/2025:07:02:58 -0400] "GET /wp-content/plugins/image-hover-effects-ultimate/readme.txt HTTP/1.1" 404 18129 "-" "Mozilla/5.0 (iPhone; CPU iPhone OS 17_2 like Mac OS X) AppleWebKit/605.1.15 (KHTML, like Gecko) Version/17.2 Mobile/15E148 Safari/604.1"
217.154.82.33 - - [03/May/2025:07:03:06 -0400] "GET /wp-content/plugins/ulisting/readme.txt HTTP/1.1" 404 18106 "-" "Mozilla/5.0 (iPhone; CPU iPhone OS 17_2 like Mac OS X) AppleWebKit/605.1.15 (KHTML, like Gecko) Version/17.2 Mobile/15E148 Safari/604.1"
217.154.82.33 - - [03/May/2025:07:03:32 -0400] "GET /wp-content/plugins/wp-pinterest-automatic/changelog HTTP/1.1" 404 18125 "-" "Mozilla/5.0 (iPhone; CPU iPhone OS 17_2 like Mac OS X) AppleWebKit/605.1.15 (KHTML, like Gecko) Version/17.2 Mobile/15E148 Safari/604.1"
217.154.82.33 - - [03/May/2025:07:03:39 -0400] "GET /wp-content/plugins/capabilities-pro/readme.txt HTTP/1.1" 404 18108 "-" "Mozilla/5.0 (iPhone; CPU iPhone OS 17_2 like Mac OS X) AppleWebKit/605.1.15 (KHTML, like Gecko) Version/17.2 Mobile/15E148 Safari/604.1"
217.154.82.33 - - [03/May/2025:07:03:47 -0400] "GET /wp-content/plugins/capability-manager-enhanced/readme.txt HTTP/1.1" 404 18110 "-" "Mozilla/5.0 (iPhone; CPU iPhone OS 17_2 like Mac OS X) AppleWebKit/605.1.15 (KHTML, like Gecko) Version/17.2 Mobile/15E148 Safari/604.1"
217.154.82.33 - - [03/May/2025:07:03:54 -0400] "GET /wp-content/plugins/wp-automatic/css/wp-automatic.css HTTP/1.1" 404 18110 "-" "Mozilla/5.0 (iPhone; CPU iPhone OS 17_2 like Mac OS X) AppleWebKit/605.1.15 (KHTML, like Gecko) Version/17.2 Mobile/15E148 Safari/604.1"
217.154.82.33 - - [03/May/2025:07:04:00 -0400] "GET /wp-content/plugins/wp-automatic/changelog HTTP/1.1" 404 18105 "-" "Mozilla/5.0 (iPhone; CPU iPhone OS 17_2 like Mac OS X) AppleWebKit/605.1.15 (KHTML, like Gecko) Version/17.2 Mobile/15E148 Safari/604.1"
217.154.82.33 - - [03/May/2025:07:04:04 -0400] "GET /wp-content/plugins/wp-user-extra-fields/js/wpuef-configurator.js HTTP/1.1" 404 18119 "-" "Mozilla/5.0 (iPhone; CPU iPhone OS 17_2 like Mac OS X) AppleWebKit/605.1.15 (KHTML, like Gecko) Version/17.2 Mobile/15E148 Safari/604.1"
199.188.205.55 - - [03/May/2025:07:04:10 -0400] "POST /wp-cron.php?doing_wp_cron=1746270246.3441359996795654296875 HTTP/1.1" 200 0 "-" "WordPress/6.8; https://keyfinancehomeloan.com.au"
217.154.82.33 - - [03/May/2025:07:04:11 -0400] "GET /wp-content/plugins/woocommerce-upload-files/js/wcuf-admin-menu.js HTTP/1.1" 404 18113 "-" "Mozilla/5.0 (iPhone; CPU iPhone OS 17_2 like Mac OS X) AppleWebKit/605.1.15 (KHTML, like Gecko) Version/17.2 Mobile/15E148 Safari/604.1"
207.46.13.18 - - [03/May/2025:07:08:31 -0400] "GET /shop.php?shopdetail/77018194 HTTP/1.1" 404 18107 "-" "Mozilla/5.0 AppleWebKit/537.36 (KHTML, like Gecko; compatible; bingbot/2.0; +http://www.bing.com/bingbot.htm) Chrome/116.0.1938.76 Safari/537.36"
51.222.253.9 - - [03/May/2025:07:12:40 -0400] "GET /shop.php?shopdetail/188027594 HTTP/1.1" 404 18107 "-" "Mozilla/5.0 (compatible; AhrefsBot/7.0; +http://ahrefs.com/robot/)"
199.188.205.55 - - [03/May/2025:07:13:06 -0400] "POST /wp-cron.php?doing_wp_cron=1746270783.6201550960540771484375 HTTP/1.1" 200 0 "-" "WordPress/6.8; https://keyfinancehomeloan.com.au"
18.195.204.8 - - [03/May/2025:07:49:15 -0400] "GET /robots.txt HTTP/1.1" 200 139 "-" "CheckMarkNetwork/1.0 (+http://www.checkmarknetwork.com/spider.html)"
18.195.204.8 - - [03/May/2025:07:49:15 -0400] "HEAD / HTTP/1.1" 200 0 "-" "CheckMarkNetwork/1.0 (+http://www.checkmarknetwork.com/spider.html)"
18.195.204.8 - - [03/May/2025:07:49:26 -0400] "GET /robots.txt HTTP/1.1" 200 139 "-" "CheckMarkNetwork/1.0 (+http://www.checkmarknetwork.com/spider.html)"
199.188.205.55 - - [03/May/2025:07:49:29 -0400] "POST /wp-cron.php?doing_wp_cron=1746272969.8575510978698730468750 HTTP/1.1" 403 13 "-" "WordPress/6.8; https://keyfinancehomeloan.com.au"
199.188.205.55 - - [03/May/2025:07:49:29 -0400] "POST /wp-cron.php?doing_wp_cron=1746272969.8653988838195800781250 HTTP/1.1" 403 13 "-" "WordPress/6.8; https://keyfinancehomeloan.com.au"
18.195.204.8 - - [03/May/2025:07:49:26 -0400] "HEAD / HTTP/1.1" 301 0 "-" "CheckMarkNetwork/1.0 (+http://www.checkmarknetwork.com/spider.html)"
199.188.205.55 - - [03/May/2025:07:49:30 -0400] "POST /wp-cron.php?doing_wp_cron=1746272970.8294570446014404296875 HTTP/1.1" 403 13 "-" "WordPress/6.8; https://keyfinancehomeloan.com.au"
51.222.253.9 - - [03/May/2025:07:49:28 -0400] "GET /shop.php?shopdetail/189977094 HTTP/1.1" 404 18107 "-" "Mozilla/5.0 (compatible; AhrefsBot/7.0; +http://ahrefs.com/robot/)"
199.188.205.55 - - [03/May/2025:08:24:35 -0400] "POST /wp-cron.php?doing_wp_cron=1746275074.9657990932464599609375 HTTP/1.1" 403 13 "-" "WordPress/6.8; https://keyfinancehomeloan.com.au"
51.222.253.1 - - [03/May/2025:08:24:18 -0400] "GET /shop.php?shopdetail/191682894 HTTP/1.1" 404 18101 "-" "Mozilla/5.0 (compatible; AhrefsBot/7.0; +http://ahrefs.com/robot/)"
199.188.205.55 - - [03/May/2025:08:58:00 -0400] "POST /wp-cron.php?doing_wp_cron=1746277080.8681049346923828125000 HTTP/1.1" 403 13 "-" "WordPress/6.8; https://keyfinancehomeloan.com.au"
51.222.253.4 - - [03/May/2025:08:57:50 -0400] "GET /shop.php?shopdetail/192271494 HTTP/1.1" 404 18101 "-" "Mozilla/5.0 (compatible; AhrefsBot/7.0; +http://ahrefs.com/robot/)"
199.188.205.55 - - [03/May/2025:09:31:25 -0400] "POST /wp-cron.php?doing_wp_cron=1746279085.0816481113433837890625 HTTP/1.1" 403 13 "-" "WordPress/6.8; https://keyfinancehomeloan.com.au"
51.222.253.3 - - [03/May/2025:09:31:11 -0400] "GET /shop.php?shopdetail/202262394 HTTP/1.1" 404 18101 "-" "Mozilla/5.0 (compatible; AhrefsBot/7.0; +http://ahrefs.com/robot/)"
157.55.39.55 - - [03/May/2025:10:27:54 -0400] "GET /shop.php?shopdetail/40498694 HTTP/1.1" 404 18101 "-" "Mozilla/5.0 AppleWebKit/537.36 (KHTML, like Gecko; compatible; bingbot/2.0; +http://www.bing.com/bingbot.htm) Chrome/116.0.1938.76 Safari/537.36"
51.222.253.19 - - [03/May/2025:10:49:10 -0400] "GET /shopdetail/167093994 HTTP/1.1" 404 18098 "-" "Mozilla/5.0 (compatible; AhrefsBot/7.0; +http://ahrefs.com/robot/)"
199.188.205.55 - - [03/May/2025:11:26:37 -0400] "POST /wp-cron.php?doing_wp_cron=1746285997.8896720409393310546875 HTTP/1.1" 403 13 "-" "WordPress/6.8; https://keyfinancehomeloan.com.au"
51.222.253.7 - - [03/May/2025:11:26:30 -0400] "GET /shopdetail/20813694 HTTP/1.1" 404 18109 "-" "Mozilla/5.0 (compatible; AhrefsBot/7.0; +http://ahrefs.com/robot/)"
199.188.205.55 - - [03/May/2025:12:03:26 -0400] "POST /wp-cron.php?doing_wp_cron=1746288205.9109790325164794921875 HTTP/1.1" 403 13 "-" "WordPress/6.8; https://keyfinancehomeloan.com.au"
51.222.253.16 - - [03/May/2025:12:03:14 -0400] "GET /shopdetail/79007994 HTTP/1.1" 404 18109 "-" "Mozilla/5.0 (compatible; AhrefsBot/7.0; +http://ahrefs.com/robot/)"
40.77.167.254 - - [03/May/2025:12:57:43 -0400] "GET /shop.php?shopdetail/182121294 HTTP/1.1" 404 18103 "-" "Mozilla/5.0 AppleWebKit/537.36 (KHTML, like Gecko; compatible; bingbot/2.0; +http://www.bing.com/bingbot.htm) Chrome/116.0.1938.76 Safari/537.36"
199.188.205.55 - - [03/May/2025:13:23:43 -0400] "POST /wp-cron.php?doing_wp_cron=1746293023.6210250854492187500000 HTTP/1.1" 403 13 "-" "WordPress/6.8; https://keyfinancehomeloan.com.au"
51.222.253.3 - - [03/May/2025:13:23:32 -0400] "GET /shop.php?shopdetail/3461594 HTTP/1.1" 404 18101 "-" "Mozilla/5.0 (compatible; AhrefsBot/7.0; +http://ahrefs.com/robot/)"
199.188.205.55 - - [03/May/2025:13:59:32 -0400] "POST /wp-cron.php?doing_wp_cron=1746295172.5979700088500976562500 HTTP/1.1" 403 13 "-" "WordPress/6.8; https://keyfinancehomeloan.com.au"
51.222.253.17 - - [03/May/2025:13:59:21 -0400] "GET /shop.php?shopdetail/77808994 HTTP/1.1" 404 18101 "-" "Mozilla/5.0 (compatible; AhrefsBot/7.0; +http://ahrefs.com/robot/)"
199.188.205.55 - - [03/May/2025:14:33:25 -0400] "POST /wp-cron.php?doing_wp_cron=1746297204.9668369293212890625000 HTTP/1.1" 403 13 "-" "WordPress/6.8; https://keyfinancehomeloan.com.au"
51.222.253.7 - - [03/May/2025:14:33:14 -0400] "GET /shop.php?shopdetail/9277794 HTTP/1.1" 404 18103 "-" "Mozilla/5.0 (compatible; AhrefsBot/7.0; +http://ahrefs.com/robot/)"
199.188.205.55 - - [03/May/2025:15:41:02 -0400] "POST /wp-cron.php?doing_wp_cron=1746301262.4084091186523437500000 HTTP/1.1" 403 13 "-" "WordPress/6.8; https://keyfinancehomeloan.com.au"
51.222.253.7 - - [03/May/2025:15:40:54 -0400] "GET /shopdetail/111659294 HTTP/1.1" 404 18099 "-" "Mozilla/5.0 (compatible; AhrefsBot/7.0; +http://ahrefs.com/robot/)"
2.58.56.50 - - [03/May/2025:16:03:54 -0400] "GET /wp-includes/js/jquery/jquery.js HTTP/1.1" 200 285334 "-" "-"
51.222.253.20 - - [03/May/2025:16:14:06 -0400] "GET /robots.txt HTTP/1.1" 200 139 "-" "Mozilla/5.0 (compatible; AhrefsBot/7.0; +http://ahrefs.com/robot/)"
199.188.205.55 - - [03/May/2025:16:14:17 -0400] "POST /wp-cron.php?doing_wp_cron=1746303256.9656450748443603515625 HTTP/1.1" 403 13 "-" "WordPress/6.8; https://keyfinancehomeloan.com.au"
51.222.253.3 - - [03/May/2025:16:14:07 -0400] "GET /shopdetail/165988994 HTTP/1.1" 404 18100 "-" "Mozilla/5.0 (compatible; AhrefsBot/7.0; +http://ahrefs.com/robot/)"
199.188.205.55 - - [03/May/2025:16:46:13 -0400] "POST /wp-cron.php?doing_wp_cron=1746305173.6703989505767822265625 HTTP/1.1" 403 13 "-" "WordPress/6.8; https://keyfinancehomeloan.com.au"
51.222.253.6 - - [03/May/2025:16:46:05 -0400] "GET /shopdetail/211979094 HTTP/1.1" 404 18098 "-" "Mozilla/5.0 (compatible; AhrefsBot/7.0; +http://ahrefs.com/robot/)"
199.188.205.55 - - [03/May/2025:17:16:40 -0400] "POST /wp-cron.php?doing_wp_cron=1746307000.0952980518341064453125 HTTP/1.1" 403 13 "-" "WordPress/6.8; https://keyfinancehomeloan.com.au"
51.222.253.5 - - [03/May/2025:17:16:27 -0400] "GET /shopdetail/82272594 HTTP/1.1" 404 18111 "-" "Mozilla/5.0 (compatible; AhrefsBot/7.0; +http://ahrefs.com/robot/)"
51.222.253.14 - - [03/May/2025:17:47:43 -0400] "GET /shopdetail/82850894 HTTP/1.1" 404 18109 "-" "Mozilla/5.0 (compatible; AhrefsBot/7.0; +http://ahrefs.com/robot/)"
199.188.205.55 - - [03/May/2025:17:51:57 -0400] "POST /wp-cron.php?doing_wp_cron=1746309117.3904631137847900390625 HTTP/1.1" 403 13 "-" "WordPress/6.8; https://keyfinancehomeloan.com.au"
207.46.13.107 - - [03/May/2025:17:51:45 -0400] "GET /shop.php?shopdetail/99527294 HTTP/1.1" 404 18101 "-" "Mozilla/5.0 AppleWebKit/537.36 (KHTML, like Gecko; compatible; bingbot/2.0; +http://www.bing.com/bingbot.htm) Chrome/116.0.1938.76 Safari/537.36"
199.188.205.55 - - [03/May/2025:18:19:38 -0400] "POST /wp-cron.php?doing_wp_cron=1746310778.7068810462951660156250 HTTP/1.1" 403 13 "-" "WordPress/6.8; https://keyfinancehomeloan.com.au"
51.222.253.2 - - [03/May/2025:18:19:26 -0400] "GET /shopdetail/84149094 HTTP/1.1" 404 18109 "-" "Mozilla/5.0 (compatible; AhrefsBot/7.0; +http://ahrefs.com/robot/)"
199.188.205.55 - - [03/May/2025:18:24:16 -0400] "POST /wp-cron.php?doing_wp_cron=1746311056.2250480651855468750000 HTTP/1.1" 403 13 "-" "WordPress/6.8; https://keyfinancehomeloan.com.au"
52.178.176.151 - - [03/May/2025:18:24:05 -0400] "GET /system.php HTTP/1.1" 404 80527 "-" "-"
52.178.176.151 - - [03/May/2025:18:24:19 -0400] "GET /wp-content/themes/ty.php HTTP/1.1" 404 80655 "-" "-"
52.178.176.151 - - [03/May/2025:18:24:22 -0400] "GET /lock360.php HTTP/1.1" 404 80535 "-" "-"
52.178.176.151 - - [03/May/2025:18:24:25 -0400] "GET /man.php HTTP/1.1" 404 80503 "-" "-"
52.178.176.151 - - [03/May/2025:18:24:27 -0400] "GET /wp-includes/Requests/alfa-rex.php HTTP/1.1" 404 80727 "-" "-"
52.178.176.151 - - [03/May/2025:18:24:31 -0400] "GET /wp-includes/string.php HTTP/1.1" 404 80631 "-" "-"
52.178.176.151 - - [03/May/2025:18:24:33 -0400] "GET /mrx.php HTTP/1.1" 404 80503 "-" "-"
52.178.176.151 - - [03/May/2025:18:24:36 -0400] "GET /file_browser.php HTTP/1.1" 404 80575 "-" "-"
52.178.176.151 - - [03/May/2025:18:24:37 -0400] "GET /packed.php HTTP/1.1" 404 80527 "-" "-"
52.178.176.151 - - [03/May/2025:18:24:39 -0400] "GET /configure.php HTTP/1.1" 404 80551 "-" "-"
52.178.176.151 - - [03/May/2025:18:24:41 -0400] "GET /bootstrap.php HTTP/1.1" 404 80551 "-" "-"
52.178.176.151 - - [03/May/2025:18:24:43 -0400] "GET /update.php HTTP/1.1" 404 80527 "-" "-"
52.178.176.151 - - [03/May/2025:18:24:45 -0400] "GET /browse.php HTTP/1.1" 404 80527 "-" "-"
52.178.176.151 - - [03/May/2025:18:24:48 -0400] "GET /cjfuns.php HTTP/1.1" 404 80527 "-" "-"
52.178.176.151 - - [03/May/2025:18:24:50 -0400] "GET /lock.php HTTP/1.1" 404 80511 "-" "-"
52.178.176.151 - - [03/May/2025:18:24:52 -0400] "GET /filemanager.php HTTP/1.1" 404 80567 "-" "-"
52.178.176.151 - - [03/May/2025:18:24:54 -0400] "GET /sim.php/wp-includes/certificates/plugins.php HTTP/1.1" 404 80823 "-" "-"
52.178.176.151 - - [03/May/2025:18:24:56 -0400] "GET /used HTTP/1.1" 404 80479 "-" "-"
52.178.176.151 - - [03/May/2025:18:24:57 -0400] "GET /lib.php HTTP/1.1" 404 80503 "-" "-"
52.178.176.151 - - [03/May/2025:18:24:58 -0400] "GET /byp.php HTTP/1.1" 404 80503 "-" "-"
52.178.176.151 - - [03/May/2025:18:25:00 -0400] "GET /back.php HTTP/1.1" 404 80511 "-" "-"
52.178.176.151 - - [03/May/2025:18:25:02 -0400] "GET /webadmin.php HTTP/1.1" 404 80543 "-" "-"
52.178.176.151 - - [03/May/2025:18:25:04 -0400] "GET /temp.php HTTP/1.1" 404 80511 "-" "-"
52.178.176.151 - - [03/May/2025:18:25:06 -0400] "GET /media.php HTTP/1.1" 404 80519 "-" "-"
52.178.176.151 - - [03/May/2025:18:25:10 -0400] "GET /wp-activate.php HTTP/1.1" 403 13 "-" "-"
52.178.176.151 - - [03/May/2025:18:25:11 -0400] "GET /wp-blog-header.php HTTP/1.1" 403 13 "-" "-"
52.178.176.151 - - [03/May/2025:18:25:11 -0400] "GET /wp-comments-post.php HTTP/1.1" 403 13 "-" "-"
52.178.176.151 - - [03/May/2025:18:25:11 -0400] "GET /wp-config-premigrate.php HTTP/1.1" 404 80639 "-" "-"
52.178.176.151 - - [03/May/2025:18:25:13 -0400] "GET /wp-config.php HTTP/1.1" 403 13 "-" "-"
52.178.176.151 - - [03/May/2025:18:25:14 -0400] "GET /wp-links-opml.php HTTP/1.1" 403 13 "-" "-"
52.178.176.151 - - [03/May/2025:18:25:15 -0400] "GET /wp-settings.php HTTP/1.1" 403 13 "-" "-"
199.188.205.55 - - [03/May/2025:18:25:17 -0400] "POST /wp-cron.php?doing_wp_cron=1746311117.4566349983215332031250 HTTP/1.1" 403 13 "-" "WordPress/6.8; https://keyfinancehomeloan.com.au"
52.178.176.151 - - [03/May/2025:18:25:15 -0400] "GET //wp-2019.php HTTP/1.1" 301 0 "-" "-"
52.178.176.151 - - [03/May/2025:18:25:18 -0400] "GET /wp-2019.php HTTP/1.1" 404 80535 "-" "-"
52.178.176.151 - - [03/May/2025:18:25:20 -0400] "GET /updates.php HTTP/1.1" 404 80535 "-" "-"
52.178.176.151 - - [03/May/2025:18:25:22 -0400] "GET /cgi-bin/xmrlpc.php HTTP/1.1" 404 80599 "-" "-"
52.178.176.151 - - [03/May/2025:18:25:24 -0400] "GET /ab.php HTTP/1.1" 404 80495 "-" "-"
52.178.176.151 - - [03/May/2025:18:25:26 -0400] "GET /b0.php HTTP/1.1" 404 80495 "-" "-"
52.178.176.151 - - [03/May/2025:18:25:29 -0400] "GET /wp-includes/ID3/xBrain.php HTTP/1.1" 404 80671 "-" "-"
52.178.176.151 - - [03/May/2025:18:25:31 -0400] "GET /bala.php HTTP/1.1" 404 80511 "-" "-"
52.178.176.151 - - [03/May/2025:18:25:34 -0400] "GET /upload2/10-27-24_8:26_1.php HTTP/1.1" 404 80671 "-" "-"
52.178.176.151 - - [03/May/2025:18:25:36 -0400] "GET /css/cloud.php HTTP/1.1" 404 80559 "-" "-"
52.178.176.151 - - [03/May/2025:18:25:39 -0400] "GET /img/cloud.php HTTP/1.1" 404 80559 "-" "-"
52.178.176.151 - - [03/May/2025:18:25:42 -0400] "GET /avaa.php HTTP/1.1" 404 80511 "-" "-"
52.178.176.151 - - [03/May/2025:18:25:45 -0400] "GET /images/cloud.php HTTP/1.1" 404 80583 "-" "-"
52.178.176.151 - - [03/May/2025:18:25:46 -0400] "GET /libraries/legacy/updates.php HTTP/1.1" 404 80687 "-" "-"
52.178.176.151 - - [03/May/2025:18:25:48 -0400] "GET /libraries/phpmailer/updates.php HTTP/1.1" 404 80711 "-" "-"
52.178.176.151 - - [03/May/2025:18:25:52 -0400] "GET /libraries/vendor/updates.php HTTP/1.1" 404 80687 "-" "-"
52.178.176.151 - - [03/May/2025:18:25:54 -0400] "GET /wp-p.php7 HTTP/1.1" 404 80519 "-" "-"
52.178.176.151 - - [03/May/2025:18:25:56 -0400] "GET /wp-includes/repeater.php HTTP/1.1" 404 80647 "-" "-"
52.178.176.151 - - [03/May/2025:18:25:58 -0400] "GET /wsoyanz.php HTTP/1.1" 404 80535 "-" "-"
52.178.176.151 - - [03/May/2025:18:26:00 -0400] "GET /yanz.php HTTP/1.1" 404 80511 "-" "-"
52.178.176.151 - - [03/May/2025:18:26:03 -0400] "GET /cache-compat.php HTTP/1.1" 404 80575 "-" "-"
52.178.176.151 - - [03/May/2025:18:26:04 -0400] "GET /ajax-actions.php HTTP/1.1" 404 80575 "-" "-"
52.178.176.151 - - [03/May/2025:18:26:06 -0400] "GET /wp-consar.php HTTP/1.1" 404 80551 "-" "-"
52.178.176.151 - - [03/May/2025:18:26:09 -0400] "GET /repeater.php HTTP/1.1" 404 80543 "-" "-"
52.178.176.151 - - [03/May/2025:18:26:13 -0400] "GET /ebs.php7 HTTP/1.1" 404 80511 "-" "-"
199.188.205.55 - - [03/May/2025:18:26:17 -0400] "POST /wp-cron.php?doing_wp_cron=1746311177.7610590457916259765625 HTTP/1.1" 403 13 "-" "WordPress/6.8; https://keyfinancehomeloan.com.au"
52.178.176.151 - - [03/May/2025:18:26:16 -0400] "GET /alfanew2.php7 HTTP/1.1" 404 80551 "-" "-"
52.178.176.151 - - [03/May/2025:18:26:18 -0400] "GET /css/xmrlpc.php HTTP/1.1" 404 80567 "-" "-"
52.178.176.151 - - [03/May/2025:18:26:21 -0400] "GET /img/xmrlpc.php HTTP/1.1" 404 80567 "-" "-"
52.178.176.151 - - [03/May/2025:18:26:24 -0400] "GET /images/xmrlpc.php HTTP/1.1" 404 80591 "-" "-"
52.178.176.151 - - [03/May/2025:18:26:25 -0400] "GET /upfile.php HTTP/1.1" 404 80527 "-" "-"
52.178.176.151 - - [03/May/2025:18:26:27 -0400] "GET /wp-sigunq.php HTTP/1.1" 404 80551 "-" "-"
52.178.176.151 - - [03/May/2025:18:26:29 -0400] "GET /wso112233.php HTTP/1.1" 404 80551 "-" "-"
52.178.176.151 - - [03/May/2025:18:26:31 -0400] "GET /plugins.php HTTP/1.1" 404 80535 "-" "-"
52.178.176.151 - - [03/May/2025:18:26:34 -0400] "GET /wp-includes/css/thems.php HTTP/1.1" 404 80663 "-" "-"
52.178.176.151 - - [03/May/2025:18:26:35 -0400] "GET /120f9.php HTTP/1.1" 404 80519 "-" "-"
52.178.176.151 - - [03/May/2025:18:26:37 -0400] "GET /data.php HTTP/1.1" 404 80511 "-" "-"
52.178.176.151 - - [03/May/2025:18:26:39 -0400] "GET /xl2023.php.php HTTP/1.1" 404 80559 "-" "-"
52.178.176.151 - - [03/May/2025:18:26:40 -0400] "GET /print/bkindex.php HTTP/1.1" 404 80591 "-" "-"
52.178.176.151 - - [03/May/2025:18:26:42 -0400] "GET /gzak2w.php HTTP/1.1" 404 80527 "-" "-"
52.178.176.151 - - [03/May/2025:18:26:43 -0400] "GET /wp-includes/PHPMailer/xBrain.php HTTP/1.1" 404 80719 "-" "-"
