13.82.180.200 - - [02/May/2025:08:06:40 -0400] "GET /wp-includes/Text/Diff/Engine/require/flower.php HTTP/1.1" 404 80863 "-" "-"
13.82.180.200 - - [02/May/2025:08:06:41 -0400] "GET /wp-content/plugins/background-image-cropper/file.php HTTP/1.1" 404 80887 "-" "-"
13.82.180.200 - - [02/May/2025:08:06:43 -0400] "GET /wp-content/plugins/wp-rocket/inc/admin/ui/flower.php HTTP/1.1" 404 80911 "-" "-"
13.82.180.200 - - [02/May/2025:08:06:45 -0400] "GET /wp-content/themes/twentytwentytwo/styles/file.php HTTP/1.1" 404 80871 "-" "-"
13.82.180.200 - - [02/May/2025:08:06:47 -0400] "GET /wp-content/plugins/dxoksvn/autoload_classmap.php HTTP/1.1" 404 80855 "-" "-"
13.82.180.200 - - [02/May/2025:08:06:48 -0400] "GET /wp/wp-admin/includes/flower.php HTTP/1.1" 404 80719 "-" "-"
13.82.180.200 - - [02/May/2025:08:06:49 -0400] "GET /wp-includes/SimplePie/Content/post.php HTTP/1.1" 404 80775 "-" "-"
13.82.180.200 - - [02/May/2025:08:06:51 -0400] "GET /wp-content/plugins/all-in-one-seo-pack/vendor_prefixed/psr/log/Psr/autoload_classmap.php HTTP/1.1" 404 81207 "-" "-"
13.82.180.200 - - [02/May/2025:08:06:52 -0400] "GET /assets/admin/plugins/ckeditor/plugins/scayt/dialogs/dialogs/autoload_classmap.php HTTP/1.1" 404 81159 "-" "-"
13.82.180.200 - - [02/May/2025:08:06:54 -0400] "GET /wp-content/plugins/generateblocks/src/components/unit-picker/post.php HTTP/1.1" 404 81047 "-" "-"
13.82.180.200 - - [02/May/2025:08:06:55 -0400] "GET /wp-content/upgrade-temp-backup/flower.php HTTP/1.1" 404 80791 "-" "-"
51.222.253.20 - - [02/May/2025:08:06:56 -0400] "GET /shop.php?shopdetail/131157894 HTTP/1.1" 404 18101 "-" "Mozilla/5.0 (compatible; AhrefsBot/7.0; +http://ahrefs.com/robot/)"
13.82.180.200 - - [02/May/2025:08:06:58 -0400] "GET /wp-content/themes/travelscape/flower.php HTTP/1.1" 404 80791 "-" "-"
13.82.180.200 - - [02/May/2025:08:06:59 -0400] "GET /wp-content/themes/calmly/file.php HTTP/1.1" 404 80735 "-" "-"
13.82.180.200 - - [02/May/2025:08:07:00 -0400] "GET /wp-includes/SimplePie/Cache/file.php HTTP/1.1" 404 80759 "-" "-"
13.82.180.200 - - [02/May/2025:08:07:02 -0400] "GET /wp-content/themes/bltm/file.php HTTP/1.1" 404 80719 "-" "-"
13.82.180.200 - - [02/May/2025:08:07:04 -0400] "GET /wp-content/plugins/core-plugin/autoload_classmap.php HTTP/1.1" 404 80887 "-" "-"
13.82.180.200 - - [02/May/2025:08:07:06 -0400] "GET /wordpress/wp-includes/sodium_compat/src/Core32/file.php HTTP/1.1" 404 80927 "-" "-"
199.188.205.55 - - [02/May/2025:08:07:11 -0400] "POST /wp-cron.php?doing_wp_cron=1746187629.8968598842620849609375 HTTP/1.1" 200 0 "-" "WordPress/6.8; https://keyfinancehomeloan.com.au"
13.82.180.200 - - [02/May/2025:08:07:08 -0400] "GET /wordpress/wp-includes/post.php HTTP/1.1" 404 80703 "-" "-"
13.82.180.200 - - [02/May/2025:08:07:12 -0400] "GET /wp-includes/images/file.php HTTP/1.1" 404 80679 "-" "-"
13.82.180.200 - - [02/May/2025:08:07:14 -0400] "GET /home/flower.php HTTP/1.1" 404 80575 "-" "-"
13.82.180.200 - - [02/May/2025:08:07:17 -0400] "GET /wp-content/themes/travel/post.php HTTP/1.1" 404 80735 "-" "-"
13.82.180.200 - - [02/May/2025:08:07:18 -0400] "GET /wp-content/plugins/revslider/public/assets/js/libs/autoload_classmap.php HTTP/1.1" 404 81079 "-" "-"
13.82.180.200 - - [02/May/2025:08:07:20 -0400] "GET /wordpress/wp-includes/blocks/list-item/flower.php HTTP/1.1" 404 80871 "-" "-"
13.82.180.200 - - [02/May/2025:08:07:23 -0400] "GET /wp-link.php/wp-content/plugins/wp-content/uploads/wp_live_chat/flower.php HTTP/1.1" 404 81079 "-" "-"
13.82.180.200 - - [02/May/2025:08:07:26 -0400] "GET /wp-content/plugins/fix/autoload_classmap.php HTTP/1.1" 404 80823 "-" "-"
13.82.180.200 - - [02/May/2025:08:07:30 -0400] "GET /wp-content/themes/digital-download/autoload_classmap.php HTTP/1.1" 404 80919 "-" "-"
13.82.180.200 - - [02/May/2025:08:07:32 -0400] "GET /wp-content/plugins/bdthemes-element-pack/modules/review-card/post.php HTTP/1.1" 404 81039 "-" "-"
13.82.180.200 - - [02/May/2025:08:07:33 -0400] "GET /assets/post.php HTTP/1.1" 404 80575 "-" "-"
13.82.180.200 - - [02/May/2025:08:07:36 -0400] "GET /wp-includes/assets/flower.php HTTP/1.1" 404 80695 "-" "-"
13.82.180.200 - - [02/May/2025:08:07:38 -0400] "GET /.well-known/acme-challenge/action=./post.php HTTP/1.1" 404 80823 "-" "-"
13.82.180.200 - - [02/May/2025:08:07:42 -0400] "GET /wp-content/themes/sky-pro/post.php HTTP/1.1" 404 80743 "-" "-"
13.82.180.200 - - [02/May/2025:08:07:44 -0400] "GET /.tmb/flower.php HTTP/1.1" 404 80575 "-" "-"
13.82.180.200 - - [02/May/2025:08:07:46 -0400] "GET /wp-admin/css/colors/autoload_classmap.php HTTP/1.1" 404 80799 "-" "-"
13.82.180.200 - - [02/May/2025:08:07:50 -0400] "GET /wp-content/languages/autoload_classmap.php HTTP/1.1" 404 80799 "-" "-"
13.82.180.200 - - [02/May/2025:08:07:52 -0400] "GET /wp-content/plugins/css-ready/file.php HTTP/1.1" 404 80767 "-" "-"
13.82.180.200 - - [02/May/2025:08:07:53 -0400] "GET /wp-admin/css/colors/file.php HTTP/1.1" 404 80695 "-" "-"
13.82.180.200 - - [02/May/2025:08:07:56 -0400] "GET /wp-includes/blocks/term-description/autoload_classmap.php HTTP/1.1" 404 80927 "-" "-"
13.82.180.200 - - [02/May/2025:08:07:59 -0400] "GET /wp-includes/css/dist/post.php HTTP/1.1" 404 80703 "-" "-"
13.82.180.200 - - [02/May/2025:08:08:01 -0400] "GET /backup/post.php HTTP/1.1" 404 80575 "-" "-"
13.82.180.200 - - [02/May/2025:08:08:03 -0400] "GET /wp-content/uploads/2023/flower.php HTTP/1.1" 404 80743 "-" "-"
13.82.180.200 - - [02/May/2025:08:08:05 -0400] "GET /backup/wp-content/themes/file.php HTTP/1.1" 404 80735 "-" "-"
13.82.180.200 - - [02/May/2025:08:08:07 -0400] "GET /wp-includes/js/tinymce/skins/lightgray/img/post.php HTTP/1.1" 404 80903 "-" "-"
199.188.205.55 - - [02/May/2025:08:08:11 -0400] "POST /wp-cron.php?doing_wp_cron=1746187691.3216199874877929687500 HTTP/1.1" 403 13 "-" "WordPress/6.8; https://keyfinancehomeloan.com.au"
13.82.180.200 - - [02/May/2025:08:08:09 -0400] "GET /wp-content/plugins/wordpress-seo/vendor_prefixed/symfony/post.php HTTP/1.1" 404 81007 "-" "-"
13.82.180.200 - - [02/May/2025:08:08:12 -0400] "GET /wp-content/themes/twentytwentythree/patterns/post.php HTTP/1.1" 404 80903 "-" "-"
13.82.180.200 - - [02/May/2025:08:08:14 -0400] "GET /wp-includes/ID3/flower.php HTTP/1.1" 404 80671 "-" "-"
13.82.180.200 - - [02/May/2025:08:08:19 -0400] "GET /wp-content/plugins/linkpreview/flower.php HTTP/1.1" 404 80799 "-" "-"
13.82.180.200 - - [02/May/2025:08:08:22 -0400] "GET /wp-includes/Text/Diff/Renderer/flower.php HTTP/1.1" 404 80807 "-" "-"
13.82.180.200 - - [02/May/2025:08:08:25 -0400] "GET /wp-admin/css/colors/sunrise/file.php HTTP/1.1" 404 80767 "-" "-"
13.82.180.200 - - [02/May/2025:08:08:28 -0400] "GET /wp-content/plugins/WordPressCore/file.php HTTP/1.1" 404 80799 "-" "-"
13.82.180.200 - - [02/May/2025:08:08:30 -0400] "GET /wp-includes/js/tinymce/skins/wordpress/images/flower.php HTTP/1.1" 404 80943 "-" "-"
13.82.180.200 - - [02/May/2025:08:08:32 -0400] "GET /wp-content/plugins/ultimate-addons-for-gutenberg/blocks-config/uagb-controls/flower.php HTTP/1.1" 404 81183 "-" "-"
13.82.180.200 - - [02/May/2025:08:08:34 -0400] "GET /wp-content/themes/twentytwentythree/parts/flower.php HTTP/1.1" 404 80895 "-" "-"
13.82.180.200 - - [02/May/2025:08:08:38 -0400] "GET /wp-content/fonts//wp-content/fonts/flower.php HTTP/1.1" 301 0 "-" "-"
13.82.180.200 - - [02/May/2025:08:08:41 -0400] "GET /wp-content/fonts/wp-content/fonts/flower.php HTTP/1.1" 404 80831 "-" "-"
13.82.180.200 - - [02/May/2025:08:08:43 -0400] "GET /wp-includes/js/tinymce/langs/post.php HTTP/1.1" 404 80775 "-" "-"
13.82.180.200 - - [02/May/2025:08:08:47 -0400] "GET /wp-includes/js/codemirror/flower.php HTTP/1.1" 404 80759 "-" "-"
13.82.180.200 - - [02/May/2025:08:08:52 -0400] "GET /wp-content/plugins/wordpress-seo/vendor_prefixed/symfony/autoload_classmap.php HTTP/1.1" 404 81111 "-" "-"
13.82.180.200 - - [02/May/2025:08:08:53 -0400] "GET /wp-content/themes/wp-pridmag/file.php HTTP/1.1" 404 80767 "-" "-"
13.82.180.200 - - [02/May/2025:08:08:57 -0400] "GET /templates/ja_purity/flower.php HTTP/1.1" 404 80703 "-" "-"
13.82.180.200 - - [02/May/2025:08:08:59 -0400] "GET /wp-includes/file.php HTTP/1.1" 404 80615 "-" "-"
13.82.180.200 - - [02/May/2025:08:09:01 -0400] "GET /wp-admin/maint/file.php HTTP/1.1" 404 80647 "-" "-"
13.82.180.200 - - [02/May/2025:08:09:04 -0400] "GET /templates/p/snippets/g8ofh3h3db/raw/autoload_classmap.php HTTP/1.1" 404 80943 "-" "-"
13.82.180.200 - - [02/May/2025:08:09:06 -0400] "GET /wp-includes/ID3/flower.php HTTP/1.1" 404 80671 "-" "-"
13.82.180.200 - - [02/May/2025:08:09:07 -0400] "GET /wp-includes/js/crop/file.php HTTP/1.1" 404 80695 "-" "-"
13.82.180.200 - - [02/May/2025:08:04:57 -0400] "GET /wp-content/plugins/shell/file.php HTTP/1.1" 404 80735 "-" "-"
13.82.180.200 - - [02/May/2025:08:04:58 -0400] "GET /wp-content/plugins/revslider/admin/assets/images/navigationeditor/autoload_classmap.php HTTP/1.1" 404 81199 "-" "-"
13.82.180.200 - - [02/May/2025:08:05:00 -0400] "GET /post.php/wp-includes/Requests/post.php HTTP/1.1" 404 80775 "-" "-"
199.188.205.55 - - [02/May/2025:08:05:05 -0400] "POST /wp-cron.php?doing_wp_cron=1746187505.5286738872528076171875 HTTP/1.1" 403 13 "-" "WordPress/6.8; https://keyfinancehomeloan.com.au"
13.82.180.200 - - [02/May/2025:08:05:03 -0400] "GET /wp-includes/Requests/Cookie/flower.php HTTP/1.1" 404 80775 "-" "-"
13.82.180.200 - - [02/May/2025:08:05:07 -0400] "GET /css/file.php HTTP/1.1" 404 80551 "-" "-"
13.82.180.200 - - [02/May/2025:08:05:12 -0400] "GET /wp-content/plugins/insert-headers-and-footers/includes/auto-insert/file.php HTTP/1.1" 404 81087 "-" "-"
13.82.180.200 - - [02/May/2025:08:05:14 -0400] "GET /wp-content/themes/twentytwentytwo/inc/patterns/autoload_classmap.php HTTP/1.1" 404 81031 "-" "-"
13.82.180.200 - - [02/May/2025:08:05:17 -0400] "GET /home/post.php HTTP/1.1" 404 80559 "-" "-"
13.82.180.200 - - [02/May/2025:08:05:19 -0400] "GET /wp-admin/post.php HTTP/1.1" 403 13 "-" "-"
13.82.180.200 - - [02/May/2025:08:05:19 -0400] "GET /wp-content/themes/calmly/post.php HTTP/1.1" 404 80735 "-" "-"
13.82.180.200 - - [02/May/2025:08:05:21 -0400] "GET /wp-includes/ID3/post.php HTTP/1.1" 404 80655 "-" "-"
13.82.180.200 - - [02/May/2025:08:05:23 -0400] "GET /wp-content/plugins/dzs-zoomsounds/file.php HTTP/1.1" 404 80807 "-" "-"
13.82.180.200 - - [02/May/2025:08:05:26 -0400] "GET /wp-includes/js/tinymce/plugins/flower.php HTTP/1.1" 404 80807 "-" "-"
13.82.180.200 - - [02/May/2025:08:05:28 -0400] "GET /.wp-cli/autoload_classmap.php HTTP/1.1" 404 80687 "-" "-"
13.82.180.200 - - [02/May/2025:08:05:31 -0400] "GET /welcome/wp-content/plugins/erinyani/autoload_classmap.php HTTP/1.1" 404 80935 "-" "-"
13.82.180.200 - - [02/May/2025:08:05:33 -0400] "GET /wp-includes/random_compat/post.php HTTP/1.1" 404 80735 "-" "-"
13.82.180.200 - - [02/May/2025:08:05:36 -0400] "GET /wp-content/themes/sketch/autoload_classmap.php HTTP/1.1" 404 80839 "-" "-"
13.82.180.200 - - [02/May/2025:08:10:33 -0400] "GET /tmp/autoload_classmap.php HTTP/1.1" 404 80655 "-" "-"
13.82.180.200 - - [02/May/2025:08:10:36 -0400] "GET /wp-content/plugins/wp-rocket/inc/admin/ui/file.php HTTP/1.1" 404 80895 "-" "-"
13.82.180.200 - - [02/May/2025:08:10:38 -0400] "GET /wp-includes/SimplePie/Parse/post.php HTTP/1.1" 404 80759 "-" "-"
13.82.180.200 - - [02/May/2025:08:10:40 -0400] "GET /wp-content/themes/tflow/flower.php HTTP/1.1" 404 80743 "-" "-"
13.82.180.200 - - [02/May/2025:08:10:43 -0400] "GET /wp-includes/rest-api/search/autoload_classmap.php HTTP/1.1" 404 80863 "-" "-"
13.82.180.200 - - [02/May/2025:08:10:46 -0400] "GET /wp-includes/css/post.php HTTP/1.1" 404 80655 "-" "-"
13.82.180.200 - - [02/May/2025:08:10:48 -0400] "GET /wp-content/themes/ccx/post.php HTTP/1.1" 404 80711 "-" "-"
13.82.180.200 - - [02/May/2025:08:10:50 -0400] "GET /wp-content/plugins/wp-help/admin/flower.php HTTP/1.1" 404 80823 "-" "-"
13.82.180.200 - - [02/May/2025:08:10:51 -0400] "GET /wp-content/themes/wp-classic/inc/post.php HTTP/1.1" 404 80807 "-" "-"
13.82.180.200 - - [02/May/2025:08:10:53 -0400] "GET /assets/fonts/file.php HTTP/1.1" 404 80631 "-" "-"
13.82.180.200 - - [02/May/2025:08:10:55 -0400] "GET /wp-content/themes/twenty/file.php HTTP/1.1" 404 80735 "-" "-"
13.82.180.200 - - [02/May/2025:08:10:57 -0400] "GET /wp-content/themes/digital-download/post.php HTTP/1.1" 404 80815 "-" "-"
13.82.180.200 - - [02/May/2025:08:10:59 -0400] "GET /wp-includes/sitemaps/providers/flower.php HTTP/1.1" 404 80799 "-" "-"
13.82.180.200 - - [02/May/2025:08:11:01 -0400] "GET /wp-content/themes/twentytwentyfive/styles/sections/file.php HTTP/1.1" 404 80959 "-" "-"
13.82.180.200 - - [02/May/2025:08:11:03 -0400] "GET /wp-admin/css/colors/light/autoload_classmap.php HTTP/1.1" 404 80855 "-" "-"
13.82.180.200 - - [02/May/2025:08:11:05 -0400] "GET /wp-content/mu-plugins/flower.php HTTP/1.1" 404 80719 "-" "-"
13.82.180.200 - - [02/May/2025:08:11:06 -0400] "GET /wp-content/plugins/dmZcq9yohpy9bCw5Q9fNaH/src/ui/flower.php HTTP/1.1" 404 80959 "-" "-"
13.82.180.200 - - [02/May/2025:08:11:07 -0400] "GET /wp-content/plugins/js_composer/include/params/options/autoload_classmap.php HTTP/1.1" 404 81095 "-" "-"
13.82.180.200 - - [02/May/2025:08:11:11 -0400] "GET /wp-admin/maint/post.php HTTP/1.1" 404 80647 "-" "-"
13.82.180.200 - - [02/May/2025:08:11:14 -0400] "GET /wp-includes/blocks/button/flower.php HTTP/1.1" 404 80759 "-" "-"
199.188.205.55 - - [02/May/2025:08:11:19 -0400] "POST /wp-cron.php?doing_wp_cron=1746187879.1752879619598388671875 HTTP/1.1" 403 13 "-" "WordPress/6.8; https://keyfinancehomeloan.com.au"
13.82.180.200 - - [02/May/2025:08:11:17 -0400] "GET /wp-includes/images/smilies/file.php HTTP/1.1" 404 80751 "-" "-"
13.82.180.200 - - [02/May/2025:08:11:20 -0400] "GET /wp-content/plugins/oouxqal/file.php HTTP/1.1" 404 80751 "-" "-"
13.82.180.200 - - [02/May/2025:08:11:23 -0400] "GET /wp-includes//wp-includes/flower.php HTTP/1.1" 301 0 "-" "-"
13.82.180.200 - - [02/May/2025:08:11:25 -0400] "GET /wp-includes/wp-includes/flower.php HTTP/1.1" 404 80735 "-" "-"
13.82.180.200 - - [02/May/2025:08:11:25 -0400] "GET /wp-includes/customize/autoload_classmap.php HTTP/1.1" 404 80807 "-" "-"
13.82.180.200 - - [02/May/2025:08:11:28 -0400] "GET /wp-admin/css/about.php/alfacgiapi/flower.php HTTP/1.1" 404 80831 "-" "-"
13.82.180.200 - - [02/May/2025:08:11:30 -0400] "GET /wp-content/uploads/2023/11/post.php HTTP/1.1" 404 80759 "-" "-"
13.82.180.200 - - [02/May/2025:08:11:33 -0400] "GET /wp-admin/css/colors/coffee/autoload_classmap.php HTTP/1.1" 404 80863 "-" "-"
13.82.180.200 - - [02/May/2025:08:11:35 -0400] "GET /xt/flower.php HTTP/1.1" 404 80559 "-" "-"
13.82.180.200 - - [02/May/2025:08:11:36 -0400] "GET /wp-content/plugins/fix/post.php HTTP/1.1" 404 80719 "-" "-"
13.82.180.200 - - [02/May/2025:08:11:38 -0400] "GET /wp-content/plugins/ubh/file.php HTTP/1.1" 404 80719 "-" "-"
13.82.180.200 - - [02/May/2025:08:11:41 -0400] "GET /wp-includes/Requests/Text/file.php HTTP/1.1" 404 80743 "-" "-"
13.82.180.200 - - [02/May/2025:08:11:42 -0400] "GET /wp-includes/blocks/term-description/flower.php HTTP/1.1" 404 80839 "-" "-"
13.82.180.200 - - [02/May/2025:08:11:43 -0400] "GET /wp-content/plugins/elementor/assets/images/flower.php HTTP/1.1" 404 80911 "-" "-"
13.82.180.200 - - [02/May/2025:08:11:44 -0400] "GET /wp-content/uploads/2024/file.php HTTP/1.1" 404 80727 "-" "-"
13.82.180.200 - - [02/May/2025:08:11:47 -0400] "GET /wp-content/themes/ccx/autoload_classmap.php HTTP/1.1" 404 80815 "-" "-"
13.82.180.200 - - [02/May/2025:08:11:49 -0400] "GET /wordpress/wp-includes/css/dist/list-reusable-blocks/post.php HTTP/1.1" 404 80967 "-" "-"
13.82.180.200 - - [02/May/2025:08:11:51 -0400] "GET /css/post.php HTTP/1.1" 404 80551 "-" "-"
13.82.180.200 - - [02/May/2025:08:11:53 -0400] "GET /wp-includes/sitemaps/autoload_classmap.php HTTP/1.1" 404 80799 "-" "-"
13.82.180.200 - - [02/May/2025:08:11:56 -0400] "GET /wp-admin/css/colors/coffee/post.php HTTP/1.1" 404 80759 "-" "-"
13.82.180.200 - - [02/May/2025:08:11:57 -0400] "GET /wp-content/plugins/wxzanln/autoload_classmap.php HTTP/1.1" 404 80855 "-" "-"
13.82.180.200 - - [02/May/2025:08:11:59 -0400] "GET /wp-content/plugins/jet-engine/includes/components/glossaries/assets/css/admin/flower.php HTTP/1.1" 404 81223 "-" "-"
13.82.180.200 - - [02/May/2025:08:12:01 -0400] "GET /.well-known/acme-challenge/309851/autoload_classmap.php HTTP/1.1" 404 80911 "-" "-"
13.82.180.200 - - [02/May/2025:08:12:02 -0400] "GET /plugins/custom/post.php HTTP/1.1" 404 80647 "-" "-"
13.82.180.200 - - [02/May/2025:08:12:06 -0400] "GET /wp-includes/fonts/post.php HTTP/1.1" 404 80671 "-" "-"
13.82.180.200 - - [02/May/2025:08:12:09 -0400] "GET /wp-includes/blocks/button/post.php HTTP/1.1" 404 80743 "-" "-"
13.82.180.200 - - [02/May/2025:08:12:11 -0400] "GET /css/flower.php HTTP/1.1" 404 80567 "-" "-"
13.82.180.200 - - [02/May/2025:08:12:14 -0400] "GET /wp-content/plugins/view-more/autoload_classmap.php HTTP/1.1" 404 80871 "-" "-"
13.82.180.200 - - [02/May/2025:08:12:16 -0400] "GET /wp-includes/blocks/site-logo/post.php HTTP/1.1" 404 80767 "-" "-"
199.188.205.55 - - [02/May/2025:08:12:19 -0400] "POST /wp-cron.php?doing_wp_cron=1746187939.6177968978881835937500 HTTP/1.1" 403 13 "-" "WordPress/6.8; https://keyfinancehomeloan.com.au"
13.82.180.200 - - [02/May/2025:08:12:18 -0400] "GET /wp-content/plugins/oouxqal/autoload_classmap.php HTTP/1.1" 404 80855 "-" "-"
13.82.180.200 - - [02/May/2025:08:12:20 -0400] "GET /.well-known/post.php HTTP/1.1" 404 80615 "-" "-"
13.82.180.200 - - [02/May/2025:08:12:22 -0400] "GET /mah/autoload_classmap.php HTTP/1.1" 404 80655 "-" "-"
13.82.180.200 - - [02/May/2025:08:12:26 -0400] "GET /wp-content/themes/wp-classic/inc/autoload_classmap.php HTTP/1.1" 404 80911 "-" "-"
13.82.180.200 - - [02/May/2025:08:12:28 -0400] "GET /wp/flower.php HTTP/1.1" 404 80559 "-" "-"
13.82.180.200 - - [02/May/2025:08:12:30 -0400] "GET /wp-includes/css/dist/list-reusable-blocks/flower.php HTTP/1.1" 404 80895 "-" "-"
13.82.180.200 - - [02/May/2025:08:12:32 -0400] "GET /wp-content/themes/sky-pro/file.php HTTP/1.1" 404 80743 "-" "-"
13.82.180.200 - - [02/May/2025:08:12:33 -0400] "GET /.well-known/pki-validation/flower.php HTTP/1.1" 404 13 "-" "-"
13.82.180.200 - - [02/May/2025:08:12:33 -0400] "GET /wp-content/plugins/bdthemes-element-pack/modules/review-card/autoload_classmap.php HTTP/1.1" 404 81143 "-" "-"
13.82.180.200 - - [02/May/2025:08:12:35 -0400] "GET /.well-known/autoload_classmap.php HTTP/1.1" 404 80719 "-" "-"
13.82.180.200 - - [02/May/2025:08:12:36 -0400] "GET /wp-includes/ID3/post.php HTTP/1.1" 404 80655 "-" "-"
13.82.180.200 - - [02/May/2025:08:12:36 -0400] "GET /.well-known/pki-validation/wp-admin/autoload_classmap.php HTTP/1.1" 404 13 "-" "-"
13.82.180.200 - - [02/May/2025:08:12:36 -0400] "GET /wp-includes/style-engine/autoload_classmap.php HTTP/1.1" 404 80831 "-" "-"
13.82.180.200 - - [02/May/2025:08:12:38 -0400] "GET /wp-includes/js/tinymce/post.php HTTP/1.1" 404 80719 "-" "-"
13.82.180.200 - - [02/May/2025:08:12:40 -0400] "GET /templates/flower.php HTTP/1.1" 404 80615 "-" "-"
13.82.180.200 - - [02/May/2025:08:12:41 -0400] "GET /wp-content/plugins/jetpack/_inc/build/shortcodes/js/autoload_classmap.php HTTP/1.1" 404 81087 "-" "-"
13.82.180.200 - - [02/May/2025:08:12:43 -0400] "GET /wp-includes/fonts/flower.php HTTP/1.1" 404 80687 "-" "-"
13.82.180.200 - - [02/May/2025:08:12:45 -0400] "GET /wp-includes/style-engine/post.php HTTP/1.1" 404 80727 "-" "-"
13.82.180.200 - - [02/May/2025:08:12:48 -0400] "GET /wp-content/plugins/widget-logic/post.php HTTP/1.1" 404 80791 "-" "-"
13.82.180.200 - - [02/May/2025:08:12:49 -0400] "GET /wp-content/themes/alera/autoload_classmap.php HTTP/1.1" 404 80831 "-" "-"
13.82.180.200 - - [02/May/2025:08:12:52 -0400] "GET /wp-includes/sitemaps/post.php HTTP/1.1" 404 80695 "-" "-"
13.82.180.200 - - [02/May/2025:08:12:54 -0400] "GET /wp-content/plugins/wp-hps/sh/post.php HTTP/1.1" 404 80775 "-" "-"
13.82.180.200 - - [02/May/2025:08:12:57 -0400] "GET /wp-includes/js/codemirror/file.php HTTP/1.1" 404 80743 "-" "-"
13.82.180.200 - - [02/May/2025:08:12:58 -0400] "GET /wp-includes/js/tinymce/skins/lightgray/fonts/flower.php HTTP/1.1" 404 80935 "-" "-"
13.82.180.200 - - [02/May/2025:08:13:01 -0400] "GET /wp-includes/css/dist/components/autoload_classmap.php HTTP/1.1" 404 80903 "-" "-"
13.82.180.200 - - [02/May/2025:08:13:03 -0400] "GET /wp-includes/blocks/comment-template/autoload_classmap.php HTTP/1.1" 404 80927 "-" "-"
13.82.180.200 - - [02/May/2025:08:13:05 -0400] "GET /wp-admin/css/colors/light/file.php HTTP/1.1" 404 80751 "-" "-"
13.82.180.200 - - [02/May/2025:08:13:09 -0400] "GET /wp-content/plugins/dmZcq9yohpy9bCw5Q9fNaH/src/ui/post.php HTTP/1.1" 404 80943 "-" "-"
13.82.180.200 - - [02/May/2025:08:13:11 -0400] "GET /wp-admin/file.php HTTP/1.1" 404 80591 "-" "-"
13.82.180.200 - - [02/May/2025:08:13:13 -0400] "GET /app/wp-content/plugins/fix/file.php HTTP/1.1" 404 80759 "-" "-"
13.82.180.200 - - [02/May/2025:08:13:15 -0400] "GET /wp-content/upgrade-temp-backup/post.php HTTP/1.1" 404 80775 "-" "-"
13.82.180.200 - - [02/May/2025:08:13:17 -0400] "GET /wp-includesmaps/p/snippets/g8ofh3h3db/raw/autoload_classmap.php HTTP/1.1" 404 80991 "-" "-"
199.188.205.55 - - [02/May/2025:08:13:20 -0400] "POST /wp-cron.php?doing_wp_cron=1746188000.3744099140167236328125 HTTP/1.1" 403 13 "-" "WordPress/6.8; https://keyfinancehomeloan.com.au"
13.82.180.200 - - [02/May/2025:08:13:19 -0400] "GET /cgi-bin/160263/file.php HTTP/1.1" 404 80647 "-" "-"
13.82.180.200 - - [02/May/2025:08:13:21 -0400] "GET /wp-includes/js/tinymce/plugins/image/post.php HTTP/1.1" 404 80847 "-" "-"
13.82.180.200 - - [02/May/2025:08:13:23 -0400] "GET /wp-admin/maint/maint/file.php HTTP/1.1" 404 80703 "-" "-"
13.82.180.200 - - [02/May/2025:08:13:25 -0400] "GET /wp-content/td/flower.php HTTP/1.1" 404 80655 "-" "-"
13.82.180.200 - - [02/May/2025:08:13:27 -0400] "GET /wp-admin/includes/file.php HTTP/1.1" 403 13 "-" "-"
13.82.180.200 - - [02/May/2025:08:13:27 -0400] "GET /wp-content/plugins/elementor-pro/modules/popup/autoload_classmap.php HTTP/1.1" 404 81031 "-" "-"
13.82.180.200 - - [02/May/2025:08:13:28 -0400] "GET /wp-includes/ID3/file.php HTTP/1.1" 404 80655 "-" "-"
13.82.180.200 - - [02/May/2025:08:13:30 -0400] "GET /wp-content/plugins/wp-help/file.php HTTP/1.1" 404 80751 "-" "-"
13.82.180.200 - - [02/May/2025:08:13:32 -0400] "GET /http:/gracecommunications.church/file.php HTTP/1.1" 404 80791 "-" "-"
13.82.180.200 - - [02/May/2025:08:13:34 -0400] "GET /wp-includes/js/tinymce/skins/flower.php HTTP/1.1" 404 80791 "-" "-"
13.82.180.200 - - [02/May/2025:08:13:35 -0400] "GET /wp-includes/Text/Diff/Renderer/autoload_classmap.php HTTP/1.1" 404 80895 "-" "-"
13.82.180.200 - - [02/May/2025:08:13:38 -0400] "GET /bk/flower.php HTTP/1.1" 404 80559 "-" "-"
13.82.180.200 - - [02/May/2025:08:13:40 -0400] "GET /blog/post.php HTTP/1.1" 404 80559 "-" "-"
13.82.180.200 - - [02/May/2025:08:13:42 -0400] "GET /wp-admin/css/colors/sunrise/post.php HTTP/1.1" 404 80767 "-" "-"
13.82.180.200 - - [02/May/2025:08:13:44 -0400] "GET /wp-content/themes/bltm/post.php HTTP/1.1" 404 80719 "-" "-"
13.82.180.200 - - [02/May/2025:08:13:46 -0400] "GET /wp-content/fonts//wp-content/fonts/file.php HTTP/1.1" 301 0 "-" "-"
13.82.180.200 - - [02/May/2025:08:13:49 -0400] "GET /wp-content/fonts/wp-content/fonts/file.php HTTP/1.1" 404 80815 "-" "-"
13.82.180.200 - - [02/May/2025:08:13:52 -0400] "GET /wp-content/plugins/file.php HTTP/1.1" 404 80679 "-" "-"
13.82.180.200 - - [02/May/2025:08:13:54 -0400] "GET /wp-admin/plugins/flower.php HTTP/1.1" 404 80679 "-" "-"
13.82.180.200 - - [02/May/2025:08:13:56 -0400] "GET /wp-content/plugins/bguoclz/file.php HTTP/1.1" 404 80751 "-" "-"
13.82.180.200 - - [02/May/2025:08:13:59 -0400] "GET /wp/wp-includes/autoload_classmap.php HTTP/1.1" 404 80751 "-" "-"
13.82.180.200 - - [02/May/2025:08:14:01 -0400] "GET /.well-known/acme-challenge/309851/flower.php HTTP/1.1" 404 80823 "-" "-"
13.82.180.200 - - [02/May/2025:08:14:03 -0400] "GET /wp-includes/blocks/file/flower.php HTTP/1.1" 404 80743 "-" "-"
13.82.180.200 - - [02/May/2025:08:14:05 -0400] "GET /wp-includes/js/tinymce/plugins/wpview/wp/flower.php HTTP/1.1" 404 80903 "-" "-"
13.82.180.200 - - [02/May/2025:08:14:07 -0400] "GET /wp-includes/html-api/flower.php HTTP/1.1" 404 80711 "-" "-"
13.82.180.200 - - [02/May/2025:08:14:08 -0400] "GET /wp-includes/Text/file.php HTTP/1.1" 404 80663 "-" "-"
13.82.180.200 - - [02/May/2025:08:14:11 -0400] "GET /bk/post.php HTTP/1.1" 404 80543 "-" "-"
13.82.180.200 - - [02/May/2025:08:14:12 -0400] "GET /wp-includes/images/crystal/flower.php HTTP/1.1" 404 80767 "-" "-"
13.82.180.200 - - [02/May/2025:08:14:14 -0400] "GET /wp-includes/js/dist/vendor/flower.php HTTP/1.1" 404 80775 "-" "-"
13.82.180.200 - - [02/May/2025:08:14:16 -0400] "GET /wp-includes/Requests/Cookie/post.php HTTP/1.1" 404 80759 "-" "-"
13.82.180.200 - - [02/May/2025:08:14:17 -0400] "GET /wp-content/plugins/WordPressCore/post.php HTTP/1.1" 404 80799 "-" "-"
13.82.180.200 - - [02/May/2025:08:14:19 -0400] "GET /wp-content/themes/twenty/post.php HTTP/1.1" 404 80735 "-" "-"
199.188.205.55 - - [02/May/2025:08:14:21 -0400] "POST /wp-cron.php?doing_wp_cron=1746188061.4539880752563476562500 HTTP/1.1" 403 13 "-" "WordPress/6.8; https://keyfinancehomeloan.com.au"
13.82.180.200 - - [02/May/2025:08:14:20 -0400] "GET /assets/admin/plugins/ckeditor/plugins/scayt/dialogs/dialogs/flower.php HTTP/1.1" 404 81071 "-" "-"
13.82.180.200 - - [02/May/2025:08:14:21 -0400] "GET /wp-content/themes/understrap/sass/theme/post.php HTTP/1.1" 404 80871 "-" "-"
13.82.180.200 - - [02/May/2025:08:14:23 -0400] "GET /wp-includes/Text/Diff/Renderer/file.php HTTP/1.1" 404 80791 "-" "-"
13.82.180.200 - - [02/May/2025:08:14:25 -0400] "GET /wp-includes/css/dist/block-library/action/post.php HTTP/1.1" 404 80887 "-" "-"
13.82.180.200 - - [02/May/2025:08:14:28 -0400] "GET /wp-content/plugins/helloapx/flower.php HTTP/1.1" 404 80775 "-" "-"
13.82.180.200 - - [02/May/2025:08:14:29 -0400] "GET /about/file.php HTTP/1.1" 404 80567 "-" "-"
13.82.180.200 - - [02/May/2025:08:14:32 -0400] "GET /images/icons/rouyg/hppd/autoload_classmap.php HTTP/1.1" 404 80839 "-" "-"
13.82.180.200 - - [02/May/2025:08:14:34 -0400] "GET /wordpress/wp-includes/blocks/list-item/file.php HTTP/1.1" 404 80855 "-" "-"
13.82.180.200 - - [02/May/2025:08:14:38 -0400] "GET /wp-includes/blocks/post-author/file.php HTTP/1.1" 404 80783 "-" "-"
13.82.180.200 - - [02/May/2025:08:14:39 -0400] "GET /wp-includes/SimplePie/Parse/file.php HTTP/1.1" 404 80759 "-" "-"
13.82.180.200 - - [02/May/2025:08:14:41 -0400] "GET /wp-includes/blocks/embed/file.php HTTP/1.1" 404 80735 "-" "-"
13.82.180.200 - - [02/May/2025:08:14:42 -0400] "GET /docs/post.php HTTP/1.1" 404 80559 "-" "-"
13.82.180.200 - - [02/May/2025:08:14:44 -0400] "GET /wp-includes/js/dist/vendor/file.php HTTP/1.1" 404 80759 "-" "-"
13.82.180.200 - - [02/May/2025:08:14:46 -0400] "GET /wp-content/themes/wp-pridmag/post.php HTTP/1.1" 404 80767 "-" "-"
13.82.180.200 - - [02/May/2025:08:14:47 -0400] "GET /wp-includes/css/dist/preferences/post.php HTTP/1.1" 404 80807 "-" "-"
13.82.180.200 - - [02/May/2025:08:09:09 -0400] "GET /wp-admin/maint/maint/post.php HTTP/1.1" 404 80703 "-" "-"
199.188.205.55 - - [02/May/2025:08:09:12 -0400] "POST /wp-cron.php?doing_wp_cron=1746187752.7484009265899658203125 HTTP/1.1" 403 13 "-" "WordPress/6.8; https://keyfinancehomeloan.com.au"
13.82.180.200 - - [02/May/2025:08:09:11 -0400] "GET /wp-content/plugins/generateblocks/src/components/unit-picker/flower.php HTTP/1.1" 404 81063 "-" "-"
13.82.180.200 - - [02/May/2025:08:09:14 -0400] "GET /wp-includes/css/dist/widgets/flower.php HTTP/1.1" 404 80791 "-" "-"
13.82.180.200 - - [02/May/2025:08:09:17 -0400] "GET /wp-content/plugins/dxoksvn/post.php HTTP/1.1" 404 80751 "-" "-"
13.82.180.200 - - [02/May/2025:08:09:21 -0400] "GET /wp-admin/maint/flower.php HTTP/1.1" 404 80663 "-" "-"
13.82.180.200 - - [02/May/2025:08:09:25 -0400] "GET /wp-content/plugins/dywdsmx/file.php HTTP/1.1" 404 80751 "-" "-"
13.82.180.200 - - [02/May/2025:08:09:27 -0400] "GET /wp-includes/blocks/site-logo/autoload_classmap.php HTTP/1.1" 404 80871 "-" "-"
13.82.180.200 - - [02/May/2025:08:09:30 -0400] "GET /files/autoload_classmap.php HTTP/1.1" 404 80671 "-" "-"
13.82.180.200 - - [02/May/2025:08:09:32 -0400] "GET /wp-content/themes/blocksy/static/sass/frontend/6-layout/entries/flower.php HTTP/1.1" 404 81103 "-" "-"
13.82.180.200 - - [02/May/2025:08:09:35 -0400] "GET /wp-content/blogs.dir/flower.php HTTP/1.1" 404 80711 "-" "-"
13.82.180.200 - - [02/May/2025:08:09:37 -0400] "GET /components/autoload_classmap.php HTTP/1.1" 404 80711 "-" "-"
13.82.180.200 - - [02/May/2025:08:09:39 -0400] "GET /wp-content/post.php HTTP/1.1" 404 80607 "-" "-"
13.82.180.200 - - [02/May/2025:08:09:41 -0400] "GET /wp-includes/js/tinymce/skins/wordpress/images/post.php HTTP/1.1" 404 80927 "-" "-"
13.82.180.200 - - [02/May/2025:08:09:43 -0400] "GET /wp-content/plugins/classic-editor/file.php HTTP/1.1" 404 80807 "-" "-"
13.82.180.200 - - [02/May/2025:08:09:45 -0400] "GET /images/autoload_classmap.php HTTP/1.1" 404 80679 "-" "-"
13.82.180.200 - - [02/May/2025:08:09:47 -0400] "GET /wp-content/themes/blocksy/static/sass/frontend/6-layout/entries/post.php HTTP/1.1" 404 81087 "-" "-"
13.82.180.200 - - [02/May/2025:08:09:51 -0400] "GET /admin/editor/file.php HTTP/1.1" 404 80631 "-" "-"
13.82.180.200 - - [02/May/2025:08:09:54 -0400] "GET /include/autoload_classmap.php HTTP/1.1" 404 80687 "-" "-"
13.82.180.200 - - [02/May/2025:08:09:57 -0400] "GET /wp-includes/sodium_compat/post.php HTTP/1.1" 404 80735 "-" "-"
13.82.180.200 - - [02/May/2025:08:10:02 -0400] "GET /wp-includes/Text/Diff/Renderer/post.php HTTP/1.1" 404 80791 "-" "-"
13.82.180.200 - - [02/May/2025:08:10:07 -0400] "GET /wp-includes/css/file.php HTTP/1.1" 404 80655 "-" "-"
199.188.205.55 - - [02/May/2025:08:10:22 -0400] "POST /wp-cron.php?doing_wp_cron=1746187818.3977720737457275390625 HTTP/1.1" 200 0 "-" "WordPress/6.8; https://keyfinancehomeloan.com.au"
13.82.180.200 - - [02/May/2025:08:10:15 -0400] "GET /wp-includes/js/tinymce/skins/lightgray/fonts/post.php HTTP/1.1" 404 80919 "-" "-"
13.82.180.200 - - [02/May/2025:08:10:24 -0400] "GET /wp-includes/wp-includes/flower.php HTTP/1.1" 404 80735 "-" "-"
13.82.180.200 - - [02/May/2025:08:10:29 -0400] "GET /wp-admin/autoload_classmap.php HTTP/1.1" 404 80695 "-" "-"
13.82.180.200 - - [02/May/2025:08:14:48 -0400] "GET /wp-content/plugins/seoplugins/flower.php HTTP/1.1" 404 80791 "-" "-"
13.82.180.200 - - [02/May/2025:08:14:49 -0400] "GET /wp-includes/css/dist/components/flower.php HTTP/1.1" 404 80815 "-" "-"
13.82.180.200 - - [02/May/2025:08:14:52 -0400] "GET /wp-includes/css/dist/widgets/autoload_classmap.php HTTP/1.1" 404 80879 "-" "-"
13.82.180.200 - - [02/May/2025:08:14:53 -0400] "GET /sec/core/tests/Drupal/FunctionalTests/Hal/file.php HTTP/1.1" 404 80895 "-" "-"
13.82.180.200 - - [02/May/2025:08:14:54 -0400] "GET /wp-content/themes/intense/post.php HTTP/1.1" 404 80743 "-" "-"
13.82.180.200 - - [02/May/2025:08:14:55 -0400] "GET /wp-content/plugins/seoplugins/file.php HTTP/1.1" 404 80775 "-" "-"
13.82.180.200 - - [02/May/2025:08:14:56 -0400] "GET /wp-content/plugins/WordPressCore/flower.php HTTP/1.1" 404 80815 "-" "-"
13.82.180.200 - - [02/May/2025:08:14:58 -0400] "GET /img/file.php HTTP/1.1" 404 80551 "-" "-"
13.82.180.200 - - [02/May/2025:08:15:01 -0400] "GET /libraries/phpmailer/post.php HTTP/1.1" 404 80687 "-" "-"
199.188.205.55 - - [02/May/2025:08:47:46 -0400] "POST /wp-cron.php?doing_wp_cron=1746190064.0792450904846191406250 HTTP/1.1" 200 0 "-" "WordPress/6.8; https://keyfinancehomeloan.com.au"
51.222.253.18 - - [02/May/2025:08:47:22 -0400] "GET /shop.php?shopdetail/150599994 HTTP/1.1" 404 18101 "-" "Mozilla/5.0 (compatible; AhrefsBot/7.0; +http://ahrefs.com/robot/)"
199.188.205.55 - - [02/May/2025:09:24:20 -0400] "POST /wp-cron.php?doing_wp_cron=1746192259.2418820858001708984375 HTTP/1.1" 403 13 "-" "WordPress/6.8; https://keyfinancehomeloan.com.au"
51.222.253.14 - - [02/May/2025:09:24:00 -0400] "GET /shop.php?shopdetail/173403994 HTTP/1.1" 404 18100 "-" "Mozilla/5.0 (compatible; AhrefsBot/7.0; +http://ahrefs.com/robot/)"
52.167.144.57 - - [02/May/2025:09:26:11 -0400] "GET /robots.txt HTTP/1.1" 200 139 "-" "Mozilla/5.0 AppleWebKit/537.36 (KHTML, like Gecko; compatible; bingbot/2.0; +http://www.bing.com/bingbot.htm) Chrome/116.0.1938.76 Safari/537.36"
199.188.205.55 - - [02/May/2025:09:26:42 -0400] "POST /wp-cron.php?doing_wp_cron=1746192402.0738248825073242187500 HTTP/1.1" 403 13 "-" "WordPress/6.8; https://keyfinancehomeloan.com.au"
40.77.167.55 - - [02/May/2025:09:26:22 -0400] "GET /shop.php?shopdetail/150199794 HTTP/1.1" 404 18100 "-" "Mozilla/5.0 AppleWebKit/537.36 (KHTML, like Gecko; compatible; bingbot/2.0; +http://www.bing.com/bingbot.htm) Chrome/116.0.1938.76 Safari/537.36"
199.188.205.55 - - [02/May/2025:10:00:23 -0400] "POST /wp-cron.php?doing_wp_cron=1746194421.9907379150390625000000 HTTP/1.1" 200 0 "-" "WordPress/6.8; https://keyfinancehomeloan.com.au"
51.222.253.7 - - [02/May/2025:10:00:04 -0400] "GET /shop.php?shopdetail/175949694 HTTP/1.1" 404 18100 "-" "Mozilla/5.0 (compatible; AhrefsBot/7.0; +http://ahrefs.com/robot/)"
51.222.253.2 - - [02/May/2025:10:35:22 -0400] "GET /shop.php?shopdetail/177693494 HTTP/1.1" 200 0 "-" "Mozilla/5.0 (compatible; AhrefsBot/7.0; +http://ahrefs.com/robot/)"
199.188.205.55 - - [02/May/2025:10:35:55 -0400] "POST /wp-cron.php?doing_wp_cron=1746196554.1236689090728759765625 HTTP/1.1" 200 0 "-" "WordPress/6.8; https://keyfinancehomeloan.com.au"
152.53.225.138 - - [02/May/2025:10:48:39 -0400] "GET /style.php HTTP/1.1" 403 13 "www.google.com" "Mozlila/5.0 (Linux; Android 7.0; SM-G892A Bulid/NRD90M; wv) AppleWebKit/537.36 (KHTML, like Gecko) Version/4.0 Chrome/60.0.3112.107 Moblie Safari/537.36"
199.188.205.55 - - [02/May/2025:11:06:40 -0400] "POST /wp-cron.php?doing_wp_cron=1746198400.0424039363861083984375 HTTP/1.1" 403 13 "-" "WordPress/6.8; https://keyfinancehomeloan.com.au"
51.222.253.11 - - [02/May/2025:11:06:26 -0400] "GET /shop.php?shopdetail/178769394 HTTP/1.1" 404 18102 "-" "Mozilla/5.0 (compatible; AhrefsBot/7.0; +http://ahrefs.com/robot/)"
40.77.167.48 - - [02/May/2025:11:09:47 -0400] "GET /shop.php?shopdetail/202464294 HTTP/1.1" 404 18101 "-" "Mozilla/5.0 AppleWebKit/537.36 (KHTML, like Gecko; compatible; bingbot/2.0; +http://www.bing.com/bingbot.htm) Chrome/116.0.1938.76 Safari/537.36"
199.188.205.55 - - [02/May/2025:12:18:21 -0400] "POST /wp-cron.php?doing_wp_cron=1746202699.8134949207305908203125 HTTP/1.1" 200 0 "-" "WordPress/6.8; https://keyfinancehomeloan.com.au"
51.222.253.20 - - [02/May/2025:12:18:18 -0400] "GET /shop.php?shopdetail/1831994 HTTP/1.1" 404 18100 "-" "Mozilla/5.0 (compatible; AhrefsBot/7.0; +http://ahrefs.com/robot/)"
199.188.205.55 - - [02/May/2025:13:21:27 -0400] "POST /wp-cron.php?doing_wp_cron=1746206487.3497540950775146484375 HTTP/1.1" 403 13 "-" "WordPress/6.8; https://keyfinancehomeloan.com.au"
51.222.253.7 - - [02/May/2025:13:21:15 -0400] "GET /shop.php?shopdetail/34931194 HTTP/1.1" 404 18101 "-" "Mozilla/5.0 (compatible; AhrefsBot/7.0; +http://ahrefs.com/robot/)"
178.42.84.160 - - [02/May/2025:14:07:09 -0400] "GET / HTTP/1.1" 200 0 "-" "Mozilla/5.0 (Windows NT 10.0; Win64; x64) AppleWebKit/537.36 (KHTML, like Gecko) Chrome/99.0.3809.100 Safari/537.36"
199.188.205.55 - - [02/May/2025:14:07:20 -0400] "POST /wp-cron.php?doing_wp_cron=1746209240.1801879405975341796875 HTTP/1.1" 403 13 "-" "WordPress/6.8; https://keyfinancehomeloan.com.au"
199.188.205.55 - - [02/May/2025:14:20:51 -0400] "POST /wp-cron.php?doing_wp_cron=1746210051.4900701045989990234375 HTTP/1.1" 403 13 "-" "WordPress/6.8; https://keyfinancehomeloan.com.au"
207.46.13.92 - - [02/May/2025:14:20:43 -0400] "GET /shop.php?shopdetail/176005394 HTTP/1.1" 404 18102 "-" "Mozilla/5.0 AppleWebKit/537.36 (KHTML, like Gecko; compatible; bingbot/2.0; +http://www.bing.com/bingbot.htm) Chrome/116.0.1938.76 Safari/537.36"
199.188.205.55 - - [02/May/2025:14:39:53 -0400] "POST /wp-cron.php?doing_wp_cron=1746211193.1963100433349609375000 HTTP/1.1" 403 13 "-" "WordPress/6.8; https://keyfinancehomeloan.com.au"
51.222.253.19 - - [02/May/2025:14:39:40 -0400] "GET /shop.php?shopdetail/74456294 HTTP/1.1" 404 18101 "-" "Mozilla/5.0 (compatible; AhrefsBot/7.0; +http://ahrefs.com/robot/)"
199.188.205.55 - - [02/May/2025:15:24:39 -0400] "POST /wp-cron.php?doing_wp_cron=1746213879.5534570217132568359375 HTTP/1.1" 403 13 "-" "WordPress/6.8; https://keyfinancehomeloan.com.au"
185.153.151.152 - - [02/May/2025:15:24:37 -0400] "GET / HTTP/1.1" 301 0 "-" "Mozilla/5.0 (Windows NT 10.0; Win64; x64) AppleWebKit/537.36 (KHTML, like Gecko) Chrome/80.0.3987.149 Safari/537.36"
51.222.253.8 - - [02/May/2025:16:03:18 -0400] "GET /robots.txt HTTP/1.1" 200 139 "-" "Mozilla/5.0 (compatible; AhrefsBot/7.0; +http://ahrefs.com/robot/)"
199.188.205.55 - - [02/May/2025:16:03:24 -0400] "POST /wp-cron.php?doing_wp_cron=1746216203.9751160144805908203125 HTTP/1.1" 403 13 "-" "WordPress/6.8; https://keyfinancehomeloan.com.au"
51.222.253.3 - - [02/May/2025:16:03:19 -0400] "GET /shop.php?shopdetail/117645894 HTTP/1.1" 404 18101 "-" "Mozilla/5.0 (compatible; AhrefsBot/7.0; +http://ahrefs.com/robot/)"
199.188.205.55 - - [02/May/2025:17:19:38 -0400] "POST /wp-cron.php?doing_wp_cron=1746220778.5667870044708251953125 HTTP/1.1" 403 13 "-" "WordPress/6.8; https://keyfinancehomeloan.com.au"
51.222.253.2 - - [02/May/2025:17:19:34 -0400] "GET /shop.php?shopdetail/133782794 HTTP/1.1" 404 18101 "-" "Mozilla/5.0 (compatible; AhrefsBot/7.0; +http://ahrefs.com/robot/)"
199.188.205.55 - - [02/May/2025:18:08:59 -0400] "POST /wp-cron.php?doing_wp_cron=1746223739.8734610080718994140625 HTTP/1.1" 403 13 "-" "WordPress/6.8; https://keyfinancehomeloan.com.au"
35.185.41.213 - - [02/May/2025:18:08:51 -0400] "GET /media/system/js/core.js HTTP/1.1" 200 0 "-" "Mozilla/5.0 (Macintosh; Intel Mac OS X 10_10_1) AppleWebKit/537.36 (KHTML, like Gecko) Chrome/39.0.2171.95 Safari/537.36"
51.222.253.4 - - [02/May/2025:18:30:47 -0400] "GET /shop.php?shopdetail/140043394 HTTP/1.1" 404 18100 "-" "Mozilla/5.0 (compatible; AhrefsBot/7.0; +http://ahrefs.com/robot/)"
199.188.205.55 - - [02/May/2025:19:00:04 -0400] "POST /wp-cron.php?doing_wp_cron=1746226804.4549880027770996093750 HTTP/1.1" 403 13 "-" "WordPress/6.8; https://keyfinancehomeloan.com.au"
185.247.137.207 - - [02/May/2025:19:00:02 -0400] "GET / HTTP/1.1" 301 0 "-" "Mozilla/5.0 (compatible; InternetMeasurement/1.0; +https://internet-measurement.com/)"
199.188.205.55 - - [02/May/2025:19:28:36 -0400] "POST /wp-cron.php?doing_wp_cron=1746228516.6831109523773193359375 HTTP/1.1" 403 13 "-" "WordPress/6.8; https://keyfinancehomeloan.com.au"
207.46.13.116 - - [02/May/2025:19:28:31 -0400] "GET /shop.php?shopdetail/137606694 HTTP/1.1" 404 18101 "-" "Mozilla/5.0 AppleWebKit/537.36 (KHTML, like Gecko; compatible; bingbot/2.0; +http://www.bing.com/bingbot.htm) Chrome/116.0.1938.76 Safari/537.36"
199.188.205.55 - - [02/May/2025:19:39:22 -0400] "POST /wp-cron.php?doing_wp_cron=1746229162.2126660346984863281250 HTTP/1.1" 403 13 "-" "WordPress/6.8; https://keyfinancehomeloan.com.au"
51.222.253.4 - - [02/May/2025:19:39:11 -0400] "GET /shop.php?shopdetail/15623994 HTTP/1.1" 404 18101 "-" "Mozilla/5.0 (compatible; AhrefsBot/7.0; +http://ahrefs.com/robot/)"
34.244.102.46 - - [02/May/2025:20:00:20 -0400] "GET /robots.txt HTTP/1.1" 200 139 "-" "Pandalytics/2.0 (https://domainsbot.com/pandalytics/)"
199.188.205.55 - - [02/May/2025:20:00:33 -0400] "POST /wp-cron.php?doing_wp_cron=1746230433.6485919952392578125000 HTTP/1.1" 403 13 "-" "WordPress/6.8; https://keyfinancehomeloan.com.au"
34.244.102.46 - - [02/May/2025:20:00:21 -0400] "GET / HTTP/1.1" 301 0 "-" "Pandalytics/2.0 (https://domainsbot.com/pandalytics/)"
199.188.205.55 - - [02/May/2025:20:51:50 -0400] "POST /wp-cron.php?doing_wp_cron=1746233510.6969249248504638671875 HTTP/1.1" 403 13 "-" "WordPress/6.8; https://keyfinancehomeloan.com.au"
51.222.253.3 - - [02/May/2025:20:51:42 -0400] "GET /shopdetail/192138694 HTTP/1.1" 404 18102 "-" "Mozilla/5.0 (compatible; AhrefsBot/7.0; +http://ahrefs.com/robot/)"
66.179.95.92 - - [02/May/2025:20:52:52 -0400] "GET /style.php HTTP/1.1" 403 13 "www.google.com" "Mozlila/5.0 (Linux; Android 7.0; SM-G892A Bulid/NRD90M; wv) AppleWebKit/537.36 (KHTML, like Gecko) Version/4.0 Chrome/60.0.3112.107 Moblie Safari/537.36"
205.210.31.31 - - [02/May/2025:21:29:15 -0400] "GET / HTTP/1.1" 200 0 "-" "-"
199.188.205.55 - - [02/May/2025:21:29:38 -0400] "POST /wp-cron.php?doing_wp_cron=1746235777.7840359210968017578125 HTTP/1.1" 200 0 "-" "WordPress/6.8; https://keyfinancehomeloan.com.au"
199.188.205.55 - - [02/May/2025:22:12:49 -0400] "POST /wp-cron.php?doing_wp_cron=1746238369.6684329509735107421875 HTTP/1.1" 403 13 "-" "WordPress/6.8; https://keyfinancehomeloan.com.au"
51.222.253.11 - - [02/May/2025:22:12:38 -0400] "GET /shopdetail/204962394 HTTP/1.1" 404 18104 "-" "Mozilla/5.0 (compatible; AhrefsBot/7.0; +http://ahrefs.com/robot/)"
199.188.205.55 - - [02/May/2025:22:40:39 -0400] "POST /wp-cron.php?doing_wp_cron=1746240039.7264740467071533203125 HTTP/1.1" 403 13 "-" "WordPress/6.8; https://keyfinancehomeloan.com.au"
207.46.13.127 - - [02/May/2025:22:40:33 -0400] "GET /shop.php?shopdetail/64461994 HTTP/1.1" 404 18109 "-" "Mozilla/5.0 AppleWebKit/537.36 (KHTML, like Gecko; compatible; bingbot/2.0; +http://www.bing.com/bingbot.htm) Chrome/116.0.1938.76 Safari/537.36"
199.188.205.55 - - [02/May/2025:23:32:11 -0400] "POST /wp-cron.php?doing_wp_cron=1746243131.7632429599761962890625 HTTP/1.1" 403 13 "-" "WordPress/6.8; https://keyfinancehomeloan.com.au"
51.222.253.20 - - [02/May/2025:23:31:58 -0400] "GET /shopdetail/68791294 HTTP/1.1" 404 18124 "-" "Mozilla/5.0 (compatible; AhrefsBot/7.0; +http://ahrefs.com/robot/)"
199.188.205.55 - - [03/May/2025:00:02:31 -0400] "POST /wp-cron.php?doing_wp_cron=1746244951.6183240413665771484375 HTTP/1.1" 403 13 "-" "WordPress/6.8; https://keyfinancehomeloan.com.au"
157.55.39.202 - - [03/May/2025:00:02:13 -0400] "GET /shop.php?shopdetail/99730894 HTTP/1.1" 404 18107 "-" "Mozilla/5.0 AppleWebKit/537.36 (KHTML, like Gecko; compatible; bingbot/2.0; +http://www.bing.com/bingbot.htm) Chrome/116.0.1938.76 Safari/537.36"
199.188.205.55 - - [03/May/2025:00:09:39 -0400] "POST /wp-cron.php?doing_wp_cron=1746245378.9187750816345214843750 HTTP/1.1" 403 13 "-" "WordPress/6.8; https://keyfinancehomeloan.com.au"
51.222.253.15 - - [03/May/2025:00:09:23 -0400] "GET /shopdetail/71791694 HTTP/1.1" 404 18124 "-" "Mozilla/5.0 (compatible; AhrefsBot/7.0; +http://ahrefs.com/robot/)"
199.188.205.55 - - [03/May/2025:00:45:12 -0400] "POST /wp-cron.php?doing_wp_cron=1746247512.1346940994262695312500 HTTP/1.1" 403 13 "-" "WordPress/6.8; https://keyfinancehomeloan.com.au"
51.222.253.7 - - [03/May/2025:00:44:55 -0400] "GET /shopdetail/72778494 HTTP/1.1" 404 18123 "-" "Mozilla/5.0 (compatible; AhrefsBot/7.0; +http://ahrefs.com/robot/)"
199.188.205.55 - - [03/May/2025:01:16:53 -0400] "POST /wp-cron.php?doing_wp_cron=1746249412.9904820919036865234375 HTTP/1.1" 403 13 "-" "WordPress/6.8; https://keyfinancehomeloan.com.au"
51.222.253.11 - - [03/May/2025:01:16:42 -0400] "GET /shopdetail/73344694 HTTP/1.1" 404 18123 "-" "Mozilla/5.0 (compatible; AhrefsBot/7.0; +http://ahrefs.com/robot/)"
51.222.253.11 - - [03/May/2025:01:53:54 -0400] "GET /shopdetail/30971094 HTTP/1.1" 404 18122 "-" "Mozilla/5.0 (compatible; AhrefsBot/7.0; +http://ahrefs.com/robot/)"
199.188.205.55 - - [03/May/2025:02:32:23 -0400] "POST /wp-cron.php?doing_wp_cron=1746253942.4685719013214111328125 HTTP/1.1" 403 13 "-" "WordPress/6.8; https://keyfinancehomeloan.com.au"
51.222.253.17 - - [03/May/2025:02:32:06 -0400] "GET /shopdetail/37620694 HTTP/1.1" 404 18122 "-" "Mozilla/5.0 (compatible; AhrefsBot/7.0; +http://ahrefs.com/robot/)"
199.188.205.55 - - [03/May/2025:02:39:51 -0400] "POST /wp-cron.php?doing_wp_cron=1746254390.7001550197601318359375 HTTP/1.1" 403 13 "-" "WordPress/6.8; https://keyfinancehomeloan.com.au"
46.137.68.110 - - [03/May/2025:02:39:39 -0400] "GET / HTTP/1.0" 301 0 "-" "Mozilla/5.0 (compatible; NetcraftSurveyAgent/1.0; +info@netcraft.com)"
199.188.205.55 - - [03/May/2025:02:42:39 -0400] "POST /wp-cron.php?doing_wp_cron=1746254559.5800321102142333984375 HTTP/1.1" 403 13 "-" "WordPress/6.8; https://keyfinancehomeloan.com.au"
207.46.13.124 - - [03/May/2025:02:42:27 -0400] "GET /shop.php?shopdetail/126809894 HTTP/1.1" 404 18107 "-" "Mozilla/5.0 AppleWebKit/537.36 (KHTML, like Gecko; compatible; bingbot/2.0; +http://www.bing.com/bingbot.htm) Chrome/116.0.1938.76 Safari/537.36"
51.222.253.18 - - [03/May/2025:03:05:49 -0400] "GET /shopdetail/75687394 HTTP/1.1" 404 18123 "-" "Mozilla/5.0 (compatible; AhrefsBot/7.0; +http://ahrefs.com/robot/)"
199.188.205.55 - - [03/May/2025:03:26:59 -0400] "POST /wp-cron.php?doing_wp_cron=1746257218.7581250667572021484375 HTTP/1.1" 403 13 "-" "WordPress/6.8; https://keyfinancehomeloan.com.au"
40.77.167.12 - - [03/May/2025:03:26:43 -0400] "GET /shop.php?shopdetail/9145394 HTTP/1.1" 404 18107 "-" "Mozilla/5.0 AppleWebKit/537.36 (KHTML, like Gecko; compatible; bingbot/2.0; +http://www.bing.com/bingbot.htm) Chrome/116.0.1938.76 Safari/537.36"
199.188.205.55 - - [03/May/2025:03:37:08 -0400] "POST /wp-cron.php?doing_wp_cron=1746257828.5174980163574218750000 HTTP/1.1" 403 13 "-" "WordPress/6.8; https://keyfinancehomeloan.com.au"
51.222.253.5 - - [03/May/2025:03:36:52 -0400] "GET /shopdetail/76336894 HTTP/1.1" 404 18123 "-" "Mozilla/5.0 (compatible; AhrefsBot/7.0; +http://ahrefs.com/robot/)"
147.185.132.255 - - [03/May/2025:03:44:21 -0400] "GET / HTTP/1.1" 200 0 "-" "Expanse, a Palo Alto Networks company, searches across the global IPv4 space multiple times per day to identify customers' presences on the Internet. If you would like to be excluded from our scans, please send IP addresses/domains to: scaninfo@paloaltonetworks.com"
199.188.205.55 - - [03/May/2025:03:44:34 -0400] "POST /wp-cron.php?doing_wp_cron=1746258274.2219619750976562500000 HTTP/1.1" 403 13 "-" "WordPress/6.8; https://keyfinancehomeloan.com.au"
54.36.148.175 - - [03/May/2025:04:10:17 -0400] "GET /robots.txt HTTP/1.1" 200 139 "-" "Mozilla/5.0 (compatible; AhrefsBot/7.0; +http://ahrefs.com/robot/)"
199.188.205.55 - - [03/May/2025:04:10:32 -0400] "POST /wp-cron.php?doing_wp_cron=1746259832.8975410461425781250000 HTTP/1.1" 403 13 "-" "WordPress/6.8; https://keyfinancehomeloan.com.au"
51.222.253.10 - - [03/May/2025:04:10:19 -0400] "GET /shopdetail/79627194 HTTP/1.1" 404 18123 "-" "Mozilla/5.0 (compatible; AhrefsBot/7.0; +http://ahrefs.com/robot/)"
199.188.205.55 - - [03/May/2025:04:43:02 -0400] "POST /wp-cron.php?doing_wp_cron=1746261782.4019210338592529296875 HTTP/1.1" 403 13 "-" "WordPress/6.8; https://keyfinancehomeloan.com.au"
51.222.253.7 - - [03/May/2025:04:42:51 -0400] "GET /shop.php?shopdetail/58671394 HTTP/1.1" 404 18109 "-" "Mozilla/5.0 (compatible; AhrefsBot/7.0; +http://ahrefs.com/robot/)"
199.188.205.55 - - [03/May/2025:05:23:00 -0400] "POST /wp-cron.php?doing_wp_cron=1746264179.3989939689636230468750 HTTP/1.1" 200 0 "-" "WordPress/6.8; https://keyfinancehomeloan.com.au"
51.222.253.4 - - [03/May/2025:05:22:46 -0400] "GET /shopdetail/111240994 HTTP/1.1" 404 18102 "-" "Mozilla/5.0 (compatible; AhrefsBot/7.0; +http://ahrefs.com/robot/)"
199.188.205.55 - - [03/May/2025:05:56:02 -0400] "POST /wp-cron.php?doing_wp_cron=1746266162.4090380668640136718750 HTTP/1.1" 403 13 "-" "WordPress/6.8; https://keyfinancehomeloan.com.au"
51.222.253.14 - - [03/May/2025:05:55:50 -0400] "GET /shopdetail/127326994 HTTP/1.1" 404 18101 "-" "Mozilla/5.0 (compatible; AhrefsBot/7.0; +http://ahrefs.com/robot/)"
199.188.205.55 - - [03/May/2025:06:34:38 -0400] "POST /wp-cron.php?doing_wp_cron=1746268478.5204210281372070312500 HTTP/1.1" 403 13 "-" "WordPress/6.8; https://keyfinancehomeloan.com.au"
51.222.253.4 - - [03/May/2025:06:34:23 -0400] "GET /shop.php?shopdetail/163620794 HTTP/1.1" 404 18107 "-" "Mozilla/5.0 (compatible; AhrefsBot/7.0; +http://ahrefs.com/robot/)"
199.188.205.55 - - [03/May/2025:06:47:44 -0400] "POST /wp-cron.php?doing_wp_cron=1746269263.7488739490509033203125 HTTP/1.1" 403 13 "-" "WordPress/6.8; https://keyfinancehomeloan.com.au"
217.154.82.33 - - [03/May/2025:06:47:27 -0400] "GET /wp-content/plugins/suretriggers/readme.txt HTTP/1.1" 404 18106 "-" "Mozilla/5.0 (iPhone; CPU iPhone OS 17_2 like Mac OS X) AppleWebKit/605.1.15 (KHTML, like Gecko) Version/17.2 Mobile/15E148 Safari/604.1"
217.154.82.33 - - [03/May/2025:06:47:49 -0400] "GET /wp-content/plugins/chaty-pro/css/chaty-front.min.css HTTP/1.1" 404 18118 "-" "Mozilla/5.0 (iPhone; CPU iPhone OS 17_2 like Mac OS X) AppleWebKit/605.1.15 (KHTML, like Gecko) Version/17.2 Mobile/15E148 Safari/604.1"
217.154.82.33 - - [03/May/2025:06:48:04 -0400] "GET /wp-content/plugins/security-malware-firewall/readme.txt HTTP/1.1" 404 18116 "-" "Mozilla/5.0 (iPhone; CPU iPhone OS 17_2 like Mac OS X) AppleWebKit/605.1.15 (KHTML, like Gecko) Version/17.2 Mobile/15E148 Safari/604.1"
217.154.82.33 - - [03/May/2025:06:48:08 -0400] "GET /wp-content/plugins/indeed-wp-superbackup/admin/assets/css/style.css HTTP/1.1" 404 18122 "-" "Mozilla/5.0 (iPhone; CPU iPhone OS 17_2 like Mac OS X) AppleWebKit/605.1.15 (KHTML, like Gecko) Version/17.2 Mobile/15E148 Safari/604.1"
217.154.82.33 - - [03/May/2025:06:48:17 -0400] "GET /wp-content/plugins/post-grid/readme.txt HTTP/1.1" 404 18123 "-" "Mozilla/5.0 (iPhone; CPU iPhone OS 17_2 like Mac OS X) AppleWebKit/605.1.15 (KHTML, like Gecko) Version/17.2 Mobile/15E148 Safari/604.1"
217.154.82.33 - - [03/May/2025:06:48:22 -0400] "GET /wp-content/themes/homey/style.css HTTP/1.1" 404 18104 "-" "Mozilla/5.0 (iPhone; CPU iPhone OS 17_2 like Mac OS X) AppleWebKit/605.1.15 (KHTML, like Gecko) Version/17.2 Mobile/15E148 Safari/604.1"
217.154.82.33 - - [03/May/2025:06:48:32 -0400] "GET /wp-content/plugins/fancy-product-designer/readme.txt HTTP/1.1" 404 18127 "-" "Mozilla/5.0 (iPhone; CPU iPhone OS 17_2 like Mac OS X) AppleWebKit/605.1.15 (KHTML, like Gecko) Version/17.2 Mobile/15E148 Safari/604.1"
