89.187.163.201 - - [04/May/2025:20:35:43 -0400] "GET /wp-includes/js/plupload/ HTTP/1.1" 403 13 "-" "Mozilla/5.0 (Windows NT 10.0) AppleWebKit/537.36 (KHTML, like Gecko) Chrome/72.0.3626.121 Safari/537.36"
89.187.163.201 - - [04/May/2025:20:35:43 -0400] "GET /wp-includes/PHPMailer/ HTTP/1.1" 403 13 "-" "Mozilla/5.0 (Windows NT 10.0; Win64; x64) AppleWebKit/537.36 (KHTML, like Gecko) Chrome/84.0.4147.105 Safari/537.36 OPR/70.0.3728.95"
89.187.163.201 - - [04/May/2025:20:35:43 -0400] "GET /wp-includes/sitemaps/ HTTP/1.1" 403 13 "-" "Mozilla/5.0 (Windows NT 10.0; Win64; x64) AppleWebKit/537.36 (KHTML, like Gecko) Chrome/74.0.3729.169 Safari/537.36"
89.187.163.201 - - [04/May/2025:20:35:44 -0400] "GET /wp-includes/sitemaps/providers/ HTTP/1.1" 403 13 "-" "Mozilla/5.0 (X11; Linux x86_64) AppleWebKit/537.36 (KHTML, like Gecko) Chrome/84.0.4147.105 Safari/537.36 OPR/70.0.3728.95"
89.187.163.201 - - [04/May/2025:20:35:44 -0400] "GET /cache-wordpress/ HTTP/1.1" 404 80567 "-" "Mozilla/5.0 (Macintosh; Intel Mac OS X 10_12_6) AppleWebKit/537.36 (KHTML, like Gecko) Chrome/58.0.3029.110 Safari/537.3"
89.187.163.201 - - [04/May/2025:20:35:45 -0400] "GET /cakil/ HTTP/1.1" 404 80487 "-" "Mozilla/5.0 (Windows NT 10.0; Win64; x64; rv:75.0) Gecko/20100101 Firefox/75.0"
89.187.163.201 - - [04/May/2025:20:35:47 -0400] "GET /cekidot/ HTTP/1.1" 404 80503 "-" "Mozilla/5.0 (Windows NT 10.0; Win64; x64) AppleWebKit/537.36 (KHTML, like Gecko) Chrome/79.0.3945.79 Safari/537.36"
199.188.205.55 - - [04/May/2025:20:35:48 -0400] "POST /wp-cron.php?doing_wp_cron=1746405348.7689421176910400390625 HTTP/1.1" 403 13 "-" "WordPress/6.8; https://keyfinancehomeloan.com.au"
89.187.163.201 - - [04/May/2025:20:35:48 -0400] "GET /ubh/ HTTP/1.1" 404 80471 "-" "Mozilla/5.0 (Windows NT 10.0; Win64; x64) AppleWebKit/537.36 (KHTML, like Gecko) Chrome/70.0.3538.77 Safari/537.36"
89.187.163.201 - - [04/May/2025:20:35:49 -0400] "GET /wp-content/ALFA_DATA/alfacgiapi/ HTTP/1.1" 404 80711 "-" "Mozilla/5.0 (Windows NT 6.1; Win64; x64) AppleWebKit/537.36 (KHTML, like Gecko) Chrome/74.0.3729.169 Safari/537.36"
89.187.163.201 - - [04/May/2025:20:35:50 -0400] "GET /wp-content/plugins/linkpreview/ HTTP/1.1" 404 80703 "-" "Mozilla/5.0 (Windows NT 10.0) AppleWebKit/537.36 (KHTML, like Gecko) Chrome/84.0.4147.105 Safari/537.36"
89.187.163.201 - - [04/May/2025:20:35:51 -0400] "GET /wp-content/plugins/aryabot/ HTTP/1.1" 404 80671 "-" "Mozilla/5.0 (X11; Linux i686; rv:79.0) Gecko/20100101 Firefox/79.0"
89.187.163.201 - - [04/May/2025:20:35:53 -0400] "GET /wp-content/plugins/BrutalShell/ HTTP/1.1" 404 80703 "-" "Mozilla/5.0 (Windows NT 6.1; Win64; x64) AppleWebKit/537.36 (KHTML, like Gecko) Chrome/74.0.3729.169 Safari/537.36"
89.187.163.201 - - [04/May/2025:20:35:54 -0400] "GET /wp-content/plugins/cache-wordpress/ HTTP/1.1" 404 80735 "-" "Mozilla/5.0 (Macintosh; Intel Mac OS X 10_12_6) AppleWebKit/537.36 (KHTML, like Gecko) Chrome/58.0.3029.110 Safari/537.3"
89.187.163.201 - - [04/May/2025:20:35:55 -0400] "GET /wp-content/plugins/cakil/ HTTP/1.1" 404 80655 "-" "Mozilla/5.0 (Windows NT 10.0; Win64; x64; rv:77.0) Gecko/20100101 Firefox/77.0"
89.187.163.201 - - [04/May/2025:20:35:56 -0400] "GET /wp-content/plugins/cekidot/ HTTP/1.1" 404 80671 "-" "Mozilla/5.0 (Windows NT 10.0; WOW64) AppleWebKit/537.36 (KHTML, like Gecko) Chrome/84.0.4147.105 Safari/537.36"
89.187.163.201 - - [04/May/2025:20:35:57 -0400] "GET /wp-content/plugins/db/ HTTP/1.1" 404 80631 "-" "Mozilla/5.0 (Windows NT 10.0; WOW64; x64) AppleWebKit/537.36 (KHTML, like Gecko) Chrome/84.0.4147.105 Safari/537.36 OPR/70.0.3728.95"
89.187.163.201 - - [04/May/2025:20:35:58 -0400] "GET /wp-content/plugins/home/ HTTP/1.1" 404 80647 "-" "Mozilla/5.0 (X11; Linux x86_64) AppleWebKit/537.36 (KHTML, like Gecko) Chrome/84.0.4147.105 Safari/537.36"
89.187.163.201 - - [04/May/2025:20:35:59 -0400] "GET /wp-content/plugins/limit/ HTTP/1.1" 404 80655 "-" "Mozilla/5.0 (Windows NT 10.0; Win64; x64; rv:79.0) Gecko/20100101 Firefox/79.0"
89.187.163.201 - - [04/May/2025:20:36:01 -0400] "GET /wp-content/plugins/owfsmac/ HTTP/1.1" 404 80671 "-" "Mozilla/5.0 (Windows NT 10.0; Win64; x64; rv:79.0) Gecko/20100101 Firefox/79.0"
89.187.163.201 - - [04/May/2025:20:36:04 -0400] "GET /wp-content/plugins/prenota/ HTTP/1.1" 404 80671 "-" "Mozilla/5.0 (Macintosh; Intel Mac OS X 10_15_6) AppleWebKit/537.36 (KHTML, like Gecko) Chrome/84.0.4147.125 Safari/537.36"
89.187.163.201 - - [04/May/2025:20:36:06 -0400] "GET /wp-content/plugins/random/ HTTP/1.1" 404 80663 "-" "Mozilla/5.0 (Windows NT 10.0; Win64; x64; rv:76.0) Gecko/20100101 Firefox/76.0"
89.187.163.201 - - [04/May/2025:20:36:08 -0400] "GET /wp-content/plugins/ubh/ HTTP/1.1" 404 80639 "-" "Mozilla/5.0 (Windows NT 10.0) AppleWebKit/537.36 (KHTML, like Gecko) Chrome/72.0.3626.121 Safari/537.36"
89.187.163.201 - - [04/May/2025:20:36:09 -0400] "GET /wp-content/plugins/Uwogh-Segs/ HTTP/1.1" 404 80695 "-" "Mozilla/5.0 (Linux x86_64; rv:79.0) Gecko/20100101 Firefox/79.0"
89.187.163.201 - - [04/May/2025:20:36:11 -0400] "GET /wp-content/plugins/wp-diambar/includes/ HTTP/1.1" 404 80775 "-" "Mozilla/5.0 (Macintosh; Intel Mac OS X 10_15_6) AppleWebKit/537.36 (KHTML, like Gecko) Chrome/84.0.4147.125 Safari/537.36"
89.187.163.201 - - [04/May/2025:20:36:13 -0400] "GET /wp-content/plugins/wp-freeform/ HTTP/1.1" 404 80703 "-" "Mozilla/5.0 (Macintosh; Intel Mac OS X 10_15_6) AppleWebKit/537.36 (KHTML, like Gecko) Chrome/84.0.4147.105 Safari/537.36 OPR/70.0.3728.95"
89.187.163.201 - - [04/May/2025:20:36:15 -0400] "GET /wp-content/plugins/wp-hps/sh/ HTTP/1.1" 404 80695 "-" "Mozilla/5.0 (Windows NT 10.0; Win64; x64; rv:74.0) Gecko/20100101 Firefox/74.0"
89.187.163.201 - - [04/May/2025:20:36:17 -0400] "GET /wp-content/plugins/wpeazvp/ HTTP/1.1" 404 80671 "-" "Mozilla/5.0 (Windows NT 10.0; Win64; x64) AppleWebKit/537.36 (KHTML, like Gecko) Chrome/84.0.4147.105 Safari/537.36"
89.187.163.201 - - [04/May/2025:20:36:19 -0400] "GET /wp-content/plugins/zaen/includes/ HTTP/1.1" 404 80727 "-" "Mozilla/5.0 (Windows NT 10.0; Win64; x64) AppleWebKit/537.36 (KHTML, like Gecko) Chrome/79.0.3945.88 Safari/537.36"
89.187.163.201 - - [04/May/2025:20:36:20 -0400] "GET /wp-content/uploads/revslider/templates/immersion-photography/ HTTP/1.1" 404 80959 "-" "Mozilla/5.0 (Windows NT 10.0) AppleWebKit/537.36 (KHTML, like Gecko) Chrome/72.0.3626.121 Safari/537.36"
89.187.163.201 - - [04/May/2025:20:36:21 -0400] "GET /patriotic/wp-includes/images/smilies/ HTTP/1.1" 404 80759 "-" "Mozilla/5.0 (Windows NT 10.0; Win64; x64) AppleWebKit/537.36 (KHTML, like Gecko) Chrome/69.0.3497.100 Safari/537.36"
89.187.163.201 - - [04/May/2025:20:36:23 -0400] "GET /wp-includes/js/tinymce/plugins/fullscreen/ HTTP/1.1" 403 13 "-" "Mozilla/5.0 (Windows NT 10.0; Win64; x64; rv:72.0) Gecko/20100101 Firefox/72.0"
89.187.163.201 - - [04/May/2025:20:36:23 -0400] "GET /wp-content/plugins/core-stab/ HTTP/1.1" 404 80687 "-" "Mozilla/5.0 (Windows NT 10.0; Win64; x64) AppleWebKit/537.36 (KHTML, like Gecko) Chrome/84.0.4147.105 Safari/537.36"
89.187.163.201 - - [04/May/2025:20:36:24 -0400] "GET /wp-content/themes/alera/ HTTP/1.1" 404 80647 "-" "Mozilla/5.0 (Windows NT 10.0; Win64; x64; rv:66.0) Gecko/20100101 Firefox/66.0"
89.187.163.201 - - [04/May/2025:20:36:26 -0400] "GET /wp-content/themes/rishi/ HTTP/1.1" 404 80647 "-" "Mozilla/5.0 (Windows NT 6.1; Win64; x64) AppleWebKit/537.36 (KHTML, like Gecko) Chrome/80.0.3987.149 Safari/537.36"
89.187.163.201 - - [04/May/2025:20:36:28 -0400] "GET /wp-content/themes/sketch/ HTTP/1.1" 404 80655 "-" "Mozilla/5.0 (Macintosh; Intel Mac OS X 10_12_6) AppleWebKit/537.36 (KHTML, like Gecko) Chrome/58.0.3029.110 Safari/537.3"
89.187.163.201 - - [04/May/2025:20:36:29 -0400] "GET /wp-content/themes/thuoc-nam/ HTTP/1.1" 404 80679 "-" "Mozilla/5.0 (Macintosh; Intel Mac OS X 10_15_6) AppleWebKit/537.36 (KHTML, like Gecko) Chrome/84.0.4147.125 Safari/537.36"
89.187.163.201 - - [04/May/2025:20:36:30 -0400] "GET /wp-content/themes/twentyfive/ HTTP/1.1" 404 80687 "-" "Mozilla/5.0 (Windows NT 10.0; Win64; x64) AppleWebKit/537.36 (KHTML, like Gecko) Chrome/75.0.3770.100 Safari/537.36"
89.187.163.201 - - [04/May/2025:20:36:32 -0400] "GET /wp-content/themes/wp-pridmag/ HTTP/1.1" 404 80687 "-" "Mozilla/5.0 (Windows NT 10.0; WOW64; x64) AppleWebKit/537.36 (KHTML, like Gecko) Chrome/84.0.4147.105 Safari/537.36 OPR/70.0.3728.95"
89.187.163.201 - - [04/May/2025:20:36:33 -0400] "GET /wp-content/themes/pridmag/ HTTP/1.1" 404 80663 "-" "Mozilla/5.0 (Windows NT 10.0; Win64; x64) AppleWebKit/537.36 (KHTML, like Gecko) Chrome/80.0.3987.149 Safari/537.36"
89.187.163.201 - - [04/May/2025:20:36:34 -0400] "GET /wp-content/themes/zakra/ HTTP/1.1" 404 80647 "-" "Mozilla/5.0 (Windows NT 10.0; Win64; x64) AppleWebKit/537.36 (KHTML, like Gecko) Chrome/83.0.4103.61 Safari/537.36"
89.187.163.201 - - [04/May/2025:20:36:36 -0400] "GET /wp-content/uploads/simple-file-list/ HTTP/1.1" 404 80743 "-" "Mozilla/5.0 (Windows NT 6.1; Win64; x64) AppleWebKit/537.36 (KHTML, like Gecko) Chrome/78.0.3904.108 Safari/537.36"
89.187.163.201 - - [04/May/2025:20:36:37 -0400] "GET /admin/upload/ HTTP/1.1" 404 80551 "-" "Mozilla/5.0 (Windows NT 10.0; Win64; x64) AppleWebKit/537.36 (KHTML, like Gecko) Chrome/69.0.3497.100 Safari/537.36"
89.187.163.201 - - [04/May/2025:20:36:39 -0400] "GET /wp-admin/css/colors/blue/ HTTP/1.1" 403 13 "-" "Mozilla/5.0 (Windows NT 10.0; Win64; x64; rv:77.0) Gecko/20100101 Firefox/77.0"
89.187.163.201 - - [04/May/2025:20:36:39 -0400] "GET /up/.well-known/ HTTP/1.1" 404 80567 "-" "Mozilla/5.0 (Windows NT 10.0; Win64; x64) AppleWebKit/537.36 (KHTML, like Gecko) Chrome/70.0.3538.110 Safari/537.36"
89.187.163.201 - - [04/May/2025:20:36:40 -0400] "GET /wp-content/plugins/apikey/ HTTP/1.1" 404 80663 "-" "Mozilla/5.0 (Windows NT 10.0; Win64; x64) AppleWebKit/537.36 (KHTML, like Gecko) Chrome/69.0.3497.100 Safari/537.36"
89.187.163.201 - - [04/May/2025:20:36:41 -0400] "GET /wp-content/ HTTP/1.1" 200 0 "-" "Mozilla/5.0 (X11; Linux x86_64) AppleWebKit/537.36 (KHTML, like Gecko) Chrome/84.0.4147.105 Safari/537.36 OPR/70.0.3728.95"
89.187.163.201 - - [04/May/2025:20:36:41 -0400] "GET /images/ HTTP/1.1" 404 80495 "-" "Mozilla/5.0 (X11; Linux i686; rv:79.0) Gecko/20100101 Firefox/79.0"
89.187.163.201 - - [04/May/2025:20:36:43 -0400] "GET /css/ HTTP/1.1" 404 80471 "-" "Mozilla/5.0 (Windows NT 10.0; Win64; x64) AppleWebKit/537.36 (KHTML, like Gecko) Chrome/79.0.3945.130 Safari/537.36"
89.187.163.201 - - [04/May/2025:20:36:44 -0400] "GET /wp-admin/css/ HTTP/1.1" 403 13 "-" "Mozilla/5.0 (Windows NT 6.3; Win64; x64; rv:73.0) Gecko/20100101 Firefox/73.0"
89.187.163.201 - - [04/May/2025:20:36:44 -0400] "GET /wp-includes/js/ HTTP/1.1" 403 13 "-" "Mozilla/5.0 (Windows NT 10.0; Win64; x64; rv:73.0) Gecko/20100101 Firefox/73.0"
89.187.163.201 - - [04/May/2025:20:36:45 -0400] "GET /wp-includes/SimplePie/XML/ HTTP/1.1" 404 80663 "-" "Mozilla/5.0 (Windows NT 10.0; Win64; x64) AppleWebKit/537.36 (KHTML, like Gecko) Chrome/75.0.3770.100 Safari/537.36"
89.187.163.201 - - [04/May/2025:20:36:47 -0400] "GET /wp-content/uploads/wpr-addons/forms/ HTTP/1.1" 404 80751 "-" "Mozilla/5.0 (Macintosh; Intel Mac OS X 10_10_1) AppleWebKit/537.36 (KHTML, like Gecko) Chrome/39.0.2171.95 Safari/537.36"
199.188.205.55 - - [04/May/2025:20:36:48 -0400] "POST /wp-cron.php?doing_wp_cron=1746405408.7963280677795410156250 HTTP/1.1" 403 13 "-" "WordPress/6.8; https://keyfinancehomeloan.com.au"
89.187.163.201 - - [04/May/2025:20:36:48 -0400] "GET /wp-content/plugins/WordPressCore/ HTTP/1.1" 404 80719 "-" "Mozilla/5.0 (compatible; MSIE 10.0; Windows NT 6.1; Trident/6.0)"
89.187.163.201 - - [04/May/2025:20:36:49 -0400] "GET /wordpress/wp-admin/includes/ HTTP/1.1" 404 80679 "-" "Mozilla/5.0 (Windows NT 10.0; Win64; x64; rv:76.0) Gecko/20100101 Firefox/76.0"
89.187.163.201 - - [04/May/2025:20:36:51 -0400] "GET /wp-includes/ HTTP/1.1" 403 13 "-" "Mozilla/5.0 (Windows NT 10.0; Win64; x64; rv:79.0) Gecko/20100101 Firefox/79.0"
89.187.163.201 - - [04/May/2025:20:36:51 -0400] "GET /wp-includes/IXR/ HTTP/1.1" 403 13 "-" "Mozilla/5.0 (Windows NT 6.1; Win64; x64) AppleWebKit/537.36 (KHTML, like Gecko) Chrome/74.0.3729.169 Safari/537.36"
89.187.163.201 - - [04/May/2025:20:36:51 -0400] "GET /wp-includes/SimplePie/ HTTP/1.1" 403 13 "-" "Mozilla/5.0 (compatible; MSIE 10.0; Windows NT 6.1; Trident/6.0)"
89.187.163.201 - - [04/May/2025:20:36:52 -0400] "GET /wp-includes/Text/ HTTP/1.1" 403 13 "-" "Mozilla/5.0 (Windows NT 10.0; Win64; x64; rv:71.0) Gecko/20100101 Firefox/71.0"
89.187.163.201 - - [04/May/2025:20:36:52 -0400] "GET /wp-includes/Text/Diff/Renderer/ HTTP/1.1" 403 13 "-" "Mozilla/5.0 (Windows NT 6.1; Win64; x64) AppleWebKit/537.36 (KHTML, like Gecko) Chrome/74.0.3729.169 Safari/537.36"
89.187.163.201 - - [04/May/2025:20:36:52 -0400] "GET /wp-includes/customize/ HTTP/1.1" 403 13 "-" "Mozilla/5.0 (Windows NT 10.0; Win64; x64) AppleWebKit/537.36 (KHTML, like Gecko) Chrome/83.0.4103.61 Safari/537.36"
89.187.163.201 - - [04/May/2025:20:36:52 -0400] "GET /wp-includes/fonts/ HTTP/1.1" 403 13 "-" "Mozilla/5.0 (Windows NT 10.0; Win64; x64) AppleWebKit/537.36 (KHTML, like Gecko) Chrome/79.0.3945.79 Safari/537.36"
89.187.163.201 - - [04/May/2025:20:36:53 -0400] "GET /wp-includes/pomo/ HTTP/1.1" 403 13 "-" "Mozilla/5.0 (Windows NT 10.0; Win64; x64; rv:72.0) Gecko/20100101 Firefox/72.0"
89.187.163.201 - - [04/May/2025:20:36:53 -0400] "GET /wp-includes/rest-api/ HTTP/1.1" 403 13 "-" "Mozilla/5.0 (Windows NT 10.0; Win64; x64) AppleWebKit/537.36 (KHTML, like Gecko) Chrome/79.0.3945.88 Safari/537.36"
89.187.163.201 - - [04/May/2025:20:36:53 -0400] "GET /wp-includes/widgets/ HTTP/1.1" 403 13 "-" "Mozilla/5.0 (Windows NT 10.0; Win64; x64) AppleWebKit/537.36 (KHTML, like Gecko) Chrome/81.0.4044.129 Safari/537.36"
89.187.163.201 - - [04/May/2025:20:36:53 -0400] "GET /wp-content/plugins/ HTTP/1.1" 200 0 "-" "Mozilla/5.0 (Windows NT 10.0; WOW64) AppleWebKit/537.36 (KHTML, like Gecko) Chrome/72.0.3626.121 Safari/537.36"
89.187.163.201 - - [04/May/2025:20:36:54 -0400] "GET /wp-content/plugins/pwnd/ HTTP/1.1" 404 80647 "-" "Mozilla/5.0 (Macintosh; Intel Mac OS X 10.15; rv:79.0) Gecko/20100101 Firefox/79.0"
89.187.163.201 - - [04/May/2025:20:36:55 -0400] "GET /about/ HTTP/1.1" 301 0 "-" "Mozilla/5.0 (Windows NT 10.0; Win64; x64) AppleWebKit/537.36 (KHTML, like Gecko) Chrome/77.0.3865.90 Safari/537.36"
89.187.163.201 - - [04/May/2025:20:36:56 -0400] "GET /plugins/jquery.filer/uploads/ HTTP/1.1" 404 80687 "-" "Mozilla/5.0 (Windows NT 6.1; Win64; x64) AppleWebKit/537.36 (KHTML, like Gecko) Chrome/80.0.3987.149 Safari/537.36"
89.187.163.201 - - [04/May/2025:20:36:57 -0400] "GET /wp-content/plugins/dummyyummy/ HTTP/1.1" 404 80695 "-" "Mozilla/5.0 (Windows NT 10.0; Win64; x64; rv:77.0) Gecko/20100101 Firefox/77.0"
89.187.163.201 - - [04/May/2025:20:36:58 -0400] "GET /wp-content/themes/seotheme/ HTTP/1.1" 404 80671 "-" "Mozilla/5.0 (Macintosh; Intel Mac OS X 10_15_6) AppleWebKit/537.36 (KHTML, like Gecko) Chrome/84.0.4147.105 Safari/537.36"
89.187.163.201 - - [04/May/2025:20:36:59 -0400] "GET /wp-content/plugins/core/ HTTP/1.1" 404 80647 "-" "Mozilla/5.0 (Windows NT 10.0) AppleWebKit/537.36 (KHTML, like Gecko) Chrome/84.0.4147.105 Safari/537.36"
89.187.163.201 - - [04/May/2025:20:37:00 -0400] "GET /wp-content/plugins/revslider/includes/external/page/ HTTP/1.1" 404 80895 "-" "Mozilla/5.0 (Windows NT 10.0; Win64; x64; rv:77.0) Gecko/20100101 Firefox/77.0"
89.187.163.201 - - [04/May/2025:20:37:00 -0400] "GET /wp-content/plugins/Cache/ HTTP/1.1" 404 80655 "-" "Mozilla/5.0 (Windows NT 10.0; Win64; x64) AppleWebKit/537.36 (KHTML, like Gecko) Chrome/58.0.3029.110 Safari/537.3"
89.187.163.201 - - [04/May/2025:20:37:02 -0400] "GET /wp-content/themes/ HTTP/1.1" 200 0 "-" "Mozilla/5.0 (Windows NT 10.0; Win64; x64) AppleWebKit/537.36 (KHTML, like Gecko) Chrome/80.0.3987.149 Safari/537.36"
89.187.163.201 - - [04/May/2025:20:37:02 -0400] "GET /wp-includes/theme-compat/ HTTP/1.1" 403 13 "-" "Mozilla/5.0 (X11; Ubuntu; Linux i686; rv:79.0) Gecko/20100101 Firefox/79.0"
89.187.163.201 - - [04/May/2025:20:37:02 -0400] "GET /index/ HTTP/1.1" 404 80487 "-" "Mozilla/5.0 (Windows NT 6.3; Win64; x64; rv:73.0) Gecko/20100101 Firefox/73.0"
89.187.163.201 - - [04/May/2025:20:37:03 -0400] "GET /wp-content/plugins/seoplugins/ HTTP/1.1" 404 80695 "-" "Mozilla/5.0 (X11; Fedora; Linux x86_64; rv:79.0) Gecko/20100101 Firefox/79.0"
89.187.163.201 - - [04/May/2025:20:37:04 -0400] "GET /fonts/ HTTP/1.1" 404 80487 "-" "Mozilla/5.0 (Windows NT 10.0; Win64; x64; rv:66.0) Gecko/20100101 Firefox/66.0"
89.187.163.201 - - [04/May/2025:20:37:05 -0400] "GET /js/ HTTP/1.1" 404 80463 "-" "Mozilla/5.0 (Windows NT 10.0; Win64; x64) AppleWebKit/537.36 (KHTML, like Gecko) Chrome/80.0.3987.149 Safari/537.36"
89.187.163.201 - - [04/May/2025:20:37:06 -0400] "GET /routes/ HTTP/1.1" 404 80495 "-" "Mozilla/5.0 (Windows NT 10.0; Win64; x64) AppleWebKit/537.36 (KHTML, like Gecko) Chrome/74.0.3729.157 Safari/537.36"
89.187.163.201 - - [04/May/2025:20:37:07 -0400] "GET /uploads/ HTTP/1.1" 404 80503 "-" "Mozilla/5.0 (Macintosh; Intel Mac OS X 10.15; rv:79.0) Gecko/20100101 Firefox/79.0"
89.187.163.201 - - [04/May/2025:20:37:09 -0400] "GET /templates/beez3/ HTTP/1.1" 404 80575 "-" "Mozilla/5.0 (Windows NT 10.0; Win64; x64; rv:67.0) Gecko/20100101 Firefox/67.0"
89.187.163.201 - - [04/May/2025:20:37:10 -0400] "GET /wp-content/themes/digital-download/ HTTP/1.1" 404 80735 "-" "Mozilla/5.0 (Windows NT 10.0; WOW64) AppleWebKit/537.36 (KHTML, like Gecko) Chrome/72.0.3626.121 Safari/537.36"
89.187.163.201 - - [04/May/2025:20:37:11 -0400] "GET /wp-content/plugins/wp-theme-editor/ HTTP/1.1" 404 80735 "-" "Mozilla/5.0 (Windows NT 6.1; Win64; x64) AppleWebKit/537.36 (KHTML, like Gecko) Chrome/58.0.3029.110 Safari/537.3"
89.187.163.201 - - [04/May/2025:20:37:12 -0400] "GET /templates/atomic/ HTTP/1.1" 404 80583 "-" "Mozilla/5.0 (Windows NT 10.0; Win64; x64; rv:72.0) Gecko/20100101 Firefox/72.0"
89.187.163.201 - - [04/May/2025:20:37:13 -0400] "GET /wp-content/plugins/seoo/ HTTP/1.1" 404 80647 "-" "Mozilla/5.0 (Windows NT 6.1; Win64; x64) AppleWebKit/537.36 (KHTML, like Gecko) Chrome/74.0.3729.169 Safari/537.36"
89.187.163.201 - - [04/May/2025:20:37:14 -0400] "GET /wp-includes/assets/ HTTP/1.1" 403 13 "-" "Mozilla/5.0 (Windows NT 10.0; Win64; x64; rv:76.0) Gecko/20100101 Firefox/76.0"
89.187.163.201 - - [04/May/2025:20:37:14 -0400] "GET /wp-includes/js/jcrop/ HTTP/1.1" 403 13 "-" "Mozilla/5.0 (Windows NT 10.0; Win64; x64) AppleWebKit/537.36 (KHTML, like Gecko) Chrome/74.0.3729.157 Safari/537.36"
89.187.163.201 - - [04/May/2025:20:37:14 -0400] "GET /wp-content/plugins/google-seo-rank/ HTTP/1.1" 404 80735 "-" "Mozilla/5.0 (Windows NT 10.0; Win64; x64; rv:74.0) Gecko/20100101 Firefox/74.0"
89.187.163.201 - - [04/May/2025:20:37:15 -0400] "GET /wp-content/plugins/erin/ HTTP/1.1" 404 80647 "-" "Mozilla/5.0 (compatible; MSIE 10.0; Windows NT 6.1; Trident/6.0)"
89.187.163.201 - - [04/May/2025:20:37:17 -0400] "GET /wp-content/maintenance/ HTTP/1.1" 404 80631 "-" "Mozilla/5.0 (Windows NT 10.0; Win64; x64) AppleWebKit/537.36 (KHTML, like Gecko) Chrome/79.0.3945.130 Safari/537.36"
89.187.163.201 - - [04/May/2025:20:37:18 -0400] "GET /wp-content/x/ HTTP/1.1" 404 80551 "-" "Mozilla/5.0 (Macintosh; Intel Mac OS X 10_10_1) AppleWebKit/537.36 (KHTML, like Gecko) Chrome/39.0.2171.95 Safari/537.36"
89.187.163.201 - - [04/May/2025:20:37:19 -0400] "GET /wp-content/plugins/seooyanz/ HTTP/1.1" 404 80679 "-" "Mozilla/5.0 (Windows NT 6.1; Win64; x64) AppleWebKit/537.36 (KHTML, like Gecko) Chrome/79.0.3945.130 Safari/537.36"
89.187.163.201 - - [04/May/2025:20:37:20 -0400] "GET /wp-content/themes/sky-pro/ HTTP/1.1" 404 80663 "-" "Mozilla/5.0 (Windows NT 10.0; WOW64; Trident/7.0; .NET4.0C; .NET4.0E; .NET CLR 2.0.50727; .NET CLR 3.0.30729; .NET CLR 3.5.30729; rv:11.0) like Gecko"
89.187.163.201 - - [04/May/2025:20:37:21 -0400] "GET /wp-content/plugins/cp-pro/ HTTP/1.1" 404 80663 "-" "Mozilla/5.0 (Windows NT 10.0; Win64; x64) AppleWebKit/537.36 (KHTML, like Gecko) Chrome/70.0.3538.77 Safari/537.36"
89.187.163.201 - - [04/May/2025:20:37:22 -0400] "GET /ALFA_DATA/alfacgiapi/perl.alfa HTTP/1.1" 404 80703 "-" "Mozilla/5.0 (Windows NT 10.0; Win64; x64) AppleWebKit/537.36 (KHTML, like Gecko) Chrome/79.0.3945.130 Safari/537.36"
89.187.163.201 - - [04/May/2025:20:37:24 -0400] "GET /wp-content/uploads/typehub/custom/ HTTP/1.1" 404 80735 "-" "Mozilla/5.0 (X11; Fedora; Linux x86_64; rv:79.0) Gecko/20100101 Firefox/79.0"
89.187.163.201 - - [04/May/2025:20:37:25 -0400] "GET /wp-content/plugins/rencontre/inc/photo_import/ HTTP/1.1" 404 80839 "-" "Mozilla/5.0 (X11; Linux x86_64) AppleWebKit/537.36 (KHTML, like Gecko) Chrome/84.0.4147.105 Safari/537.36 OPR/70.0.3728.95"
89.187.163.201 - - [04/May/2025:20:37:27 -0400] "GET /wp-content/plugins/backup-backup/includes/ HTTP/1.1" 404 80799 "-" "Mozilla/5.0 (Windows NT 10.0; Win64; x64) AppleWebKit/537.36 (KHTML, like Gecko) Chrome/69.0.3497.100 Safari/537.36"
89.187.163.201 - - [04/May/2025:20:37:29 -0400] "GET /wp-content/plugins/pwnd-1/ HTTP/1.1" 404 80663 "-" "Mozilla/5.0 (Windows NT 10.0; WOW64; Trident/7.0; .NET4.0C; .NET4.0E; .NET CLR 2.0.50727; .NET CLR 3.0.30729; .NET CLR 3.5.30729; rv:11.0) like Gecko"
89.187.163.201 - - [04/May/2025:20:37:31 -0400] "GET /.tmb/ HTTP/1.1" 404 80479 "-" "Mozilla/5.0 (Macintosh; Intel Mac OS X 10_15_6) AppleWebKit/537.36 (KHTML, like Gecko) Chrome/84.0.4147.105 Safari/537.36"
89.187.163.201 - - [04/May/2025:20:37:33 -0400] "GET /wp-content/plugins/fix/ HTTP/1.1" 404 80639 "-" "Mozilla/5.0 (Windows NT 10.0; Win64; x64) AppleWebKit/537.36 (KHTML, like Gecko) Chrome/70.0.3538.77 Safari/537.36"
89.187.163.201 - - [04/May/2025:20:37:34 -0400] "GET /includes/ HTTP/1.1" 404 80511 "-" "Mozilla/5.0 (Windows NT 6.1; Win64; x64) AppleWebKit/537.36 (KHTML, like Gecko) Chrome/79.0.3945.130 Safari/537.36"
89.187.163.201 - - [04/May/2025:20:37:35 -0400] "GET /themes/pridmag/ HTTP/1.1" 404 80567 "-" "Mozilla/5.0 (Macintosh; Intel Mac OS X 10_15_6) AppleWebKit/537.36 (KHTML, like Gecko) Chrome/84.0.4147.105 Safari/537.36"
199.188.205.55 - - [04/May/2025:21:04:07 -0400] "POST /wp-cron.php?doing_wp_cron=1746407047.8648180961608886718750 HTTP/1.1" 403 13 "-" "WordPress/6.8; https://keyfinancehomeloan.com.au"
51.222.253.5 - - [04/May/2025:21:03:59 -0400] "GET /shop.php?shopdetail/149702594 HTTP/1.1" 404 18105 "-" "Mozilla/5.0 (compatible; AhrefsBot/7.0; +http://ahrefs.com/robot/)"
199.188.205.55 - - [04/May/2025:21:40:27 -0400] "POST /wp-cron.php?doing_wp_cron=1746409227.1051490306854248046875 HTTP/1.1" 403 13 "-" "WordPress/6.8; https://keyfinancehomeloan.com.au"
51.222.253.3 - - [04/May/2025:21:40:14 -0400] "GET /shop.php?shopdetail/186083694 HTTP/1.1" 404 18106 "-" "Mozilla/5.0 (compatible; AhrefsBot/7.0; +http://ahrefs.com/robot/)"
66.249.68.35 - - [04/May/2025:22:11:58 -0400] "GET /robots.txt HTTP/1.1" 200 139 "-" "Mozilla/5.0 (compatible; Googlebot/2.1; +http://www.google.com/bot.html)"
199.188.205.55 - - [04/May/2025:22:12:05 -0400] "POST /wp-cron.php?doing_wp_cron=1746411125.6131849288940429687500 HTTP/1.1" 403 13 "-" "WordPress/6.8; https://keyfinancehomeloan.com.au"
66.249.68.35 - - [04/May/2025:22:11:58 -0400] "GET / HTTP/1.1" 301 0 "-" "Mozilla/5.0 (compatible; Googlebot/2.1; +http://www.google.com/bot.html)"
199.188.205.55 - - [04/May/2025:23:02:00 -0400] "POST /wp-cron.php?doing_wp_cron=1746414120.6935598850250244140625 HTTP/1.1" 403 13 "-" "WordPress/6.8; https://keyfinancehomeloan.com.au"
51.222.253.3 - - [04/May/2025:23:01:55 -0400] "GET /shop.php?shopdetail/166516994 HTTP/1.1" 404 18106 "-" "Mozilla/5.0 (compatible; AhrefsBot/7.0; +http://ahrefs.com/robot/)"
199.188.205.55 - - [04/May/2025:23:40:52 -0400] "POST /wp-cron.php?doing_wp_cron=1746416452.3826229572296142578125 HTTP/1.1" 403 13 "-" "WordPress/6.8; https://keyfinancehomeloan.com.au"
51.222.253.10 - - [04/May/2025:23:40:45 -0400] "GET /shop.php?shopdetail/178507794 HTTP/1.1" 404 18106 "-" "Mozilla/5.0 (compatible; AhrefsBot/7.0; +http://ahrefs.com/robot/)"
199.188.205.55 - - [05/May/2025:00:18:15 -0400] "POST /wp-cron.php?doing_wp_cron=1746418695.4925119876861572265625 HTTP/1.1" 403 13 "-" "WordPress/6.8; https://keyfinancehomeloan.com.au"
51.222.253.9 - - [05/May/2025:00:18:10 -0400] "GET /shop.php?shopdetail/199171594 HTTP/1.1" 404 18104 "-" "Mozilla/5.0 (compatible; AhrefsBot/7.0; +http://ahrefs.com/robot/)"
199.188.205.55 - - [05/May/2025:00:52:22 -0400] "POST /wp-cron.php?doing_wp_cron=1746420742.9362308979034423828125 HTTP/1.1" 403 13 "-" "WordPress/6.8; https://keyfinancehomeloan.com.au"
51.222.253.3 - - [05/May/2025:00:52:16 -0400] "GET /shop.php?shopdetail/2452694 HTTP/1.1" 404 18104 "-" "Mozilla/5.0 (compatible; AhrefsBot/7.0; +http://ahrefs.com/robot/)"
15.237.210.33 - - [05/May/2025:00:53:52 -0400] "GET /sftp-config.json HTTP/1.1" 403 13 "-" "Mozilla/5.0 (Macintosh; Intel Mac OS X 10.15; rv:77.0) Gecko/20100101 Firefox/77.0"
199.188.205.55 - - [05/May/2025:00:54:00 -0400] "POST /wp-cron.php?doing_wp_cron=1746420840.1481380462646484375000 HTTP/1.1" 403 13 "-" "WordPress/6.8; https://keyfinancehomeloan.com.au"
15.237.210.33 - - [05/May/2025:00:53:57 -0400] "GET /.vscode/sftp.json HTTP/1.1" 404 21159 "-" "Mozilla/5.0 (Macintosh; Intel Mac OS X 10.15; rv:77.0) Gecko/20100101 Firefox/77.0"
199.188.205.55 - - [05/May/2025:01:26:15 -0400] "POST /wp-cron.php?doing_wp_cron=1746422775.7079300880432128906250 HTTP/1.1" 403 13 "-" "WordPress/6.8; https://keyfinancehomeloan.com.au"
51.222.253.17 - - [05/May/2025:01:26:08 -0400] "GET /shop.php?shopdetail/50722794 HTTP/1.1" 404 18106 "-" "Mozilla/5.0 (compatible; AhrefsBot/7.0; +http://ahrefs.com/robot/)"
199.188.205.55 - - [05/May/2025:02:41:22 -0400] "POST /wp-cron.php?doing_wp_cron=1746427282.0114760398864746093750 HTTP/1.1" 200 0 "-" "WordPress/6.8.1; https://keyfinancehomeloan.com.au"
51.222.253.3 - - [05/May/2025:02:41:06 -0400] "GET /shop.php?shopdetail/50857794 HTTP/1.1" 404 18084 "-" "Mozilla/5.0 (compatible; AhrefsBot/7.0; +http://ahrefs.com/robot/)"
144.76.131.141 - - [05/May/2025:02:48:47 -0400] "GET /style.php HTTP/1.1" 200 2073 "-" "python-requests/2.32.3"
199.188.205.55 - - [05/May/2025:03:08:56 -0400] "POST /wp-cron.php?doing_wp_cron=1746428936.5750060081481933593750 HTTP/1.1" 200 0 "-" "WordPress/6.8.1; https://keyfinancehomeloan.com.au"
51.222.253.7 - - [05/May/2025:03:08:54 -0400] "GET /shop.php?shopdetail/99608894 HTTP/1.1" 404 18084 "-" "Mozilla/5.0 (compatible; AhrefsBot/7.0; +http://ahrefs.com/robot/)"
199.188.205.55 - - [05/May/2025:03:32:44 -0400] "POST /wp-cron.php?doing_wp_cron=1746430363.9999179840087890625000 HTTP/1.1" 200 0 "-" "WordPress/6.8.1; https://keyfinancehomeloan.com.au"
207.46.13.160 - - [05/May/2025:03:32:28 -0400] "GET /shop.php?shopdetail/126618494 HTTP/1.1" 404 18082 "-" "Mozilla/5.0 AppleWebKit/537.36 (KHTML, like Gecko; compatible; bingbot/2.0; +http://www.bing.com/bingbot.htm) Chrome/116.0.1938.76 Safari/537.36"
199.188.205.55 - - [05/May/2025:03:37:19 -0400] "POST /wp-cron.php?doing_wp_cron=1746430639.8712921142578125000000 HTTP/1.1" 200 0 "-" "WordPress/6.8.1; https://keyfinancehomeloan.com.au"
51.222.253.14 - - [05/May/2025:03:37:07 -0400] "GET /shopdetail/100406494 HTTP/1.1" 404 18103 "-" "Mozilla/5.0 (compatible; AhrefsBot/7.0; +http://ahrefs.com/robot/)"
199.188.205.55 - - [05/May/2025:04:03:07 -0400] "POST /wp-cron.php?doing_wp_cron=1746432187.3208169937133789062500 HTTP/1.1" 200 0 "-" "WordPress/6.8.1; https://keyfinancehomeloan.com.au"
51.222.253.4 - - [05/May/2025:04:02:58 -0400] "GET /shopdetail/133329494 HTTP/1.1" 404 18103 "-" "Mozilla/5.0 (compatible; AhrefsBot/7.0; +http://ahrefs.com/robot/)"
34.148.237.163 - - [05/May/2025:04:26:38 -0400] "GET /media/system/js/core.js HTTP/1.1" 200 0 "-" "Mozilla/5.0 (Macintosh; Intel Mac OS X 10_10_1) AppleWebKit/537.36 (KHTML, like Gecko) Chrome/39.0.2171.95 Safari/537.36"
199.188.205.55 - - [05/May/2025:04:26:57 -0400] "POST /wp-cron.php?doing_wp_cron=1746433614.9156579971313476562500 HTTP/1.1" 200 0 "-" "WordPress/6.8.1; https://keyfinancehomeloan.com.au"
199.188.205.55 - - [05/May/2025:04:31:07 -0400] "POST /wp-cron.php?doing_wp_cron=1746433866.9643929004669189453125 HTTP/1.1" 200 0 "-" "WordPress/6.8.1; https://keyfinancehomeloan.com.au"
51.222.253.12 - - [05/May/2025:04:30:54 -0400] "GET /shopdetail/183150794 HTTP/1.1" 404 18105 "-" "Mozilla/5.0 (compatible; AhrefsBot/7.0; +http://ahrefs.com/robot/)"
198.235.24.59 - - [05/May/2025:04:40:01 -0400] "GET / HTTP/1.1" 200 0 "-" "-"
199.188.205.55 - - [05/May/2025:04:40:13 -0400] "POST /wp-cron.php?doing_wp_cron=1746434413.6426689624786376953125 HTTP/1.1" 200 0 "-" "WordPress/6.8.1; https://keyfinancehomeloan.com.au"
199.188.205.55 - - [05/May/2025:04:46:06 -0400] "POST /wp-cron.php?doing_wp_cron=1746434766.3421449661254882812500 HTTP/1.1" 200 0 "-" "WordPress/6.8.1; https://keyfinancehomeloan.com.au"
40.77.167.8 - - [05/May/2025:04:45:54 -0400] "GET /shop.php?shopdetail/50840494 HTTP/1.1" 404 18083 "-" "Mozilla/5.0 AppleWebKit/537.36 (KHTML, like Gecko; compatible; bingbot/2.0; +http://www.bing.com/bingbot.htm) Chrome/116.0.1938.76 Safari/537.36"
199.188.205.55 - - [05/May/2025:04:58:38 -0400] "POST /wp-cron.php?doing_wp_cron=1746435518.6734950542449951171875 HTTP/1.1" 200 0 "-" "WordPress/6.8.1; https://keyfinancehomeloan.com.au"
51.222.253.6 - - [05/May/2025:04:58:37 -0400] "GET /shopdetail/18899694 HTTP/1.1" 404 18093 "-" "Mozilla/5.0 (compatible; AhrefsBot/7.0; +http://ahrefs.com/robot/)"
54.36.148.9 - - [05/May/2025:06:26:43 -0400] "GET /robots.txt HTTP/1.1" 200 139 "-" "Mozilla/5.0 (compatible; AhrefsBot/7.0; +http://ahrefs.com/robot/)"
199.188.205.55 - - [05/May/2025:06:26:55 -0400] "POST /wp-cron.php?doing_wp_cron=1746440815.5467090606689453125000 HTTP/1.1" 200 0 "-" "WordPress/6.8.1; https://keyfinancehomeloan.com.au"
51.222.253.4 - - [05/May/2025:06:26:45 -0400] "GET /shopdetail/35331494 HTTP/1.1" 404 18093 "-" "Mozilla/5.0 (compatible; AhrefsBot/7.0; +http://ahrefs.com/robot/)"
199.188.205.55 - - [05/May/2025:06:54:40 -0400] "POST /wp-cron.php?doing_wp_cron=1746442480.1253271102905273437500 HTTP/1.1" 200 0 "-" "WordPress/6.8.1; https://keyfinancehomeloan.com.au"
51.222.253.20 - - [05/May/2025:06:54:30 -0400] "GET /shopdetail/5212894 HTTP/1.1" 404 18100 "-" "Mozilla/5.0 (compatible; AhrefsBot/7.0; +http://ahrefs.com/robot/)"
199.188.205.55 - - [05/May/2025:07:22:30 -0400] "POST /wp-cron.php?doing_wp_cron=1746444150.4506769180297851562500 HTTP/1.1" 200 0 "-" "WordPress/6.8.1; https://keyfinancehomeloan.com.au"
51.222.253.8 - - [05/May/2025:07:22:29 -0400] "GET /shopdetail/61292894 HTTP/1.1" 404 18093 "-" "Mozilla/5.0 (compatible; AhrefsBot/7.0; +http://ahrefs.com/robot/)"
199.188.205.55 - - [05/May/2025:07:47:56 -0400] "POST /wp-cron.php?doing_wp_cron=1746445676.3594861030578613281250 HTTP/1.1" 200 0 "-" "WordPress/6.8.1; https://keyfinancehomeloan.com.au"
51.222.253.13 - - [05/May/2025:07:47:42 -0400] "GET /shopdetail/63518794 HTTP/1.1" 404 18094 "-" "Mozilla/5.0 (compatible; AhrefsBot/7.0; +http://ahrefs.com/robot/)"
199.188.205.55 - - [05/May/2025:08:05:16 -0400] "POST /wp-cron.php?doing_wp_cron=1746446716.2584230899810791015625 HTTP/1.1" 200 0 "-" "WordPress/6.8.1; https://keyfinancehomeloan.com.au"
52.167.144.192 - - [05/May/2025:08:05:03 -0400] "GET /shop.php?shopdetail/36580694 HTTP/1.1" 404 18081 "-" "Mozilla/5.0 AppleWebKit/537.36 (KHTML, like Gecko; compatible; bingbot/2.0; +http://www.bing.com/bingbot.htm) Chrome/116.0.1938.76 Safari/537.36"
199.188.205.55 - - [05/May/2025:08:12:58 -0400] "POST /wp-cron.php?doing_wp_cron=1746447178.3986868858337402343750 HTTP/1.1" 200 0 "-" "WordPress/6.8.1; https://keyfinancehomeloan.com.au"
51.222.253.19 - - [05/May/2025:08:12:50 -0400] "GET /shopdetail/73416194 HTTP/1.1" 404 18094 "-" "Mozilla/5.0 (compatible; AhrefsBot/7.0; +http://ahrefs.com/robot/)"
199.188.205.55 - - [05/May/2025:08:39:48 -0400] "POST /wp-cron.php?doing_wp_cron=1746448788.9505670070648193359375 HTTP/1.1" 200 0 "-" "WordPress/6.8.1; https://keyfinancehomeloan.com.au"
51.222.253.16 - - [05/May/2025:08:39:38 -0400] "GET /shopdetail/154934094 HTTP/1.1" 404 18103 "-" "Mozilla/5.0 (compatible; AhrefsBot/7.0; +http://ahrefs.com/robot/)"
199.188.205.55 - - [05/May/2025:09:08:09 -0400] "POST /wp-cron.php?doing_wp_cron=1746450489.3502540588378906250000 HTTP/1.1" 200 0 "-" "WordPress/6.8.1; https://keyfinancehomeloan.com.au"
51.222.253.13 - - [05/May/2025:09:08:04 -0400] "GET /shopdetail/165370594 HTTP/1.1" 404 18102 "-" "Mozilla/5.0 (compatible; AhrefsBot/7.0; +http://ahrefs.com/robot/)"
199.188.205.55 - - [05/May/2025:09:35:58 -0400] "POST /wp-cron.php?doing_wp_cron=1746452158.7093009948730468750000 HTTP/1.1" 200 0 "-" "WordPress/6.8.1; https://keyfinancehomeloan.com.au"
51.222.253.9 - - [05/May/2025:09:35:48 -0400] "GET /shopdetail/196541794 HTTP/1.1" 404 18102 "-" "Mozilla/5.0 (compatible; AhrefsBot/7.0; +http://ahrefs.com/robot/)"
199.188.205.55 - - [05/May/2025:10:04:22 -0400] "POST /wp-cron.php?doing_wp_cron=1746453862.0032138824462890625000 HTTP/1.1" 200 0 "-" "WordPress/6.8.1; https://keyfinancehomeloan.com.au"
51.222.253.1 - - [05/May/2025:10:04:16 -0400] "GET /shopdetail/199861694 HTTP/1.1" 404 18102 "-" "Mozilla/5.0 (compatible; AhrefsBot/7.0; +http://ahrefs.com/robot/)"
199.188.205.55 - - [05/May/2025:10:31:46 -0400] "POST /wp-cron.php?doing_wp_cron=1746455506.1349821090698242187500 HTTP/1.1" 200 0 "-" "WordPress/6.8.1; https://keyfinancehomeloan.com.au"
51.222.253.8 - - [05/May/2025:10:31:34 -0400] "GET /shopdetail/26078794 HTTP/1.1" 404 18092 "-" "Mozilla/5.0 (compatible; AhrefsBot/7.0; +http://ahrefs.com/robot/)"
199.188.205.55 - - [05/May/2025:11:02:28 -0400] "POST /wp-cron.php?doing_wp_cron=1746457348.1317338943481445312500 HTTP/1.1" 200 0 "-" "WordPress/6.8.1; https://keyfinancehomeloan.com.au"
51.222.253.10 - - [05/May/2025:11:02:26 -0400] "GET /shopdetail/33628494 HTTP/1.1" 404 18092 "-" "Mozilla/5.0 (compatible; AhrefsBot/7.0; +http://ahrefs.com/robot/)"
54.172.23.145 - - [05/May/2025:11:10:34 -0400] "GET /wp-content/plugins/litespeed-cache/readme.txt HTTP/1.1" 200 15867 "-" "Mozlila/5.0 (Linux; Android 7.0; SM-G892A Bulid/NRD90M; wv) AppleWebKit/537.36 (KHTML, like Gecko) Version/4.0 Chrome/60.0.3112.107 Moblie Safari/537.36"
199.188.205.55 - - [05/May/2025:11:33:46 -0400] "POST /wp-cron.php?doing_wp_cron=1746459226.9673480987548828125000 HTTP/1.1" 200 0 "-" "WordPress/6.8.1; https://keyfinancehomeloan.com.au"
51.222.253.8 - - [05/May/2025:11:33:36 -0400] "GET /shopdetail/7069694 HTTP/1.1" 404 18101 "-" "Mozilla/5.0 (compatible; AhrefsBot/7.0; +http://ahrefs.com/robot/)"
34.150.194.253 - - [05/May/2025:12:33:12 -0400] "GET /media/system/js/core.js HTTP/1.1" 200 0 "-" "Mozilla/5.0 (Macintosh; Intel Mac OS X 10_10_1) AppleWebKit/537.36 (KHTML, like Gecko) Chrome/39.0.2171.95 Safari/537.36"
199.188.205.55 - - [05/May/2025:12:33:25 -0400] "POST /wp-cron.php?doing_wp_cron=1746462805.7798650264739990234375 HTTP/1.1" 200 0 "-" "WordPress/6.8.1; https://keyfinancehomeloan.com.au"
199.188.205.55 - - [05/May/2025:13:37:09 -0400] "POST /wp-cron.php?doing_wp_cron=1746466629.1619420051574707031250 HTTP/1.1" 200 0 "-" "WordPress/6.8.1; https://keyfinancehomeloan.com.au"
51.222.253.20 - - [05/May/2025:13:37:00 -0400] "GET /shop.php?shopdetail/132727294 HTTP/1.1" 404 18081 "-" "Mozilla/5.0 (compatible; AhrefsBot/7.0; +http://ahrefs.com/robot/)"
54.172.23.145 - - [05/May/2025:14:10:42 -0400] "GET /wp-content/plugins/litespeed-cache/readme.txt HTTP/1.1" 200 15867 "-" "Mozlila/5.0 (Linux; Android 7.0; SM-G892A Bulid/NRD90M; wv) AppleWebKit/537.36 (KHTML, like Gecko) Version/4.0 Chrome/60.0.3112.107 Moblie Safari/537.36"
199.188.205.55 - - [05/May/2025:14:24:42 -0400] "POST /wp-cron.php?doing_wp_cron=1746469482.4184029102325439453125 HTTP/1.1" 200 0 "-" "WordPress/6.8.1; https://keyfinancehomeloan.com.au"
51.222.253.3 - - [05/May/2025:14:24:26 -0400] "GET /shop.php?shopdetail/144807394 HTTP/1.1" 404 18081 "-" "Mozilla/5.0 (compatible; AhrefsBot/7.0; +http://ahrefs.com/robot/)"
199.188.205.55 - - [05/May/2025:15:28:26 -0400] "POST /wp-cron.php?doing_wp_cron=1746473305.7899410724639892578125 HTTP/1.1" 200 0 "-" "WordPress/6.8.1; https://keyfinancehomeloan.com.au"
51.222.253.10 - - [05/May/2025:15:28:08 -0400] "GET /shop.php?shopdetail/204737594 HTTP/1.1" 404 18081 "-" "Mozilla/5.0 (compatible; AhrefsBot/7.0; +http://ahrefs.com/robot/)"
199.188.205.55 - - [05/May/2025:15:32:47 -0400] "POST /wp-cron.php?doing_wp_cron=1746473567.3169078826904296875000 HTTP/1.1" 200 0 "-" "WordPress/6.8.1; https://keyfinancehomeloan.com.au"
207.46.13.17 - - [05/May/2025:15:32:32 -0400] "GET /shop.php?shopdetail/113671594 HTTP/1.1" 404 18083 "-" "Mozilla/5.0 AppleWebKit/537.36 (KHTML, like Gecko; compatible; bingbot/2.0; +http://www.bing.com/bingbot.htm) Chrome/116.0.1938.76 Safari/537.36"
199.188.205.55 - - [05/May/2025:15:35:54 -0400] "POST /wp-cron.php?doing_wp_cron=1746473754.8287630081176757812500 HTTP/1.1" 200 0 "-" "WordPress/6.8.1; https://keyfinancehomeloan.com.au"
82.197.64.247 - - [05/May/2025:15:35:38 -0400] "GET /? HTTP/1.1" 301 0 "-" "Mozilla/5.0 (Windows NT 10.0; Win64; x64; rv:89.0) Gecko/20100101 Firefox/89.0"
199.188.205.55 - - [05/May/2025:16:43:06 -0400] "POST /wp-cron.php?doing_wp_cron=1746477786.7816998958587646484375 HTTP/1.1" 200 0 "-" "WordPress/6.8.1; https://keyfinancehomeloan.com.au"
51.222.253.18 - - [05/May/2025:16:42:49 -0400] "GET /shop.php?shopdetail/211437494 HTTP/1.1" 404 18081 "-" "Mozilla/5.0 (compatible; AhrefsBot/7.0; +http://ahrefs.com/robot/)"
199.188.205.55 - - [05/May/2025:17:02:03 -0400] "POST /wp-cron.php?doing_wp_cron=1746478923.8784561157226562500000 HTTP/1.1" 200 0 "-" "WordPress/6.8.1; https://keyfinancehomeloan.com.au"
40.77.167.76 - - [05/May/2025:17:01:47 -0400] "GET /shop.php?shopdetail/9537794 HTTP/1.1" 404 18083 "-" "Mozilla/5.0 AppleWebKit/537.36 (KHTML, like Gecko; compatible; bingbot/2.0; +http://www.bing.com/bingbot.htm) Chrome/116.0.1938.76 Safari/537.36"
199.188.205.55 - - [05/May/2025:17:19:27 -0400] "POST /wp-cron.php?doing_wp_cron=1746479966.3618509769439697265625 HTTP/1.1" 200 0 "-" "WordPress/6.8.1; https://keyfinancehomeloan.com.au"
207.46.13.86 - - [05/May/2025:17:19:11 -0400] "GET /shop.php?shopdetail/186198294 HTTP/1.1" 404 18081 "-" "Mozilla/5.0 AppleWebKit/537.36 (KHTML, like Gecko; compatible; bingbot/2.0; +http://www.bing.com/bingbot.htm) Chrome/116.0.1938.76 Safari/537.36"
199.188.205.55 - - [05/May/2025:17:30:55 -0400] "POST /wp-cron.php?doing_wp_cron=1746480654.5110349655151367187500 HTTP/1.1" 200 0 "-" "WordPress/6.8.1; https://keyfinancehomeloan.com.au"
51.222.253.3 - - [05/May/2025:17:30:37 -0400] "GET /shop.php?shopdetail/27513594 HTTP/1.1" 404 18081 "-" "Mozilla/5.0 (compatible; AhrefsBot/7.0; +http://ahrefs.com/robot/)"
199.188.205.55 - - [05/May/2025:18:15:22 -0400] "POST /wp-cron.php?doing_wp_cron=1746483322.1954059600830078125000 HTTP/1.1" 200 0 "-" "WordPress/6.8.1; https://keyfinancehomeloan.com.au"
51.222.253.13 - - [05/May/2025:18:15:06 -0400] "GET /shop.php?shopdetail/51665894 HTTP/1.1" 404 18081 "-" "Mozilla/5.0 (compatible; AhrefsBot/7.0; +http://ahrefs.com/robot/)"
51.222.253.10 - - [05/May/2025:19:04:57 -0400] "GET /robots.txt HTTP/1.1" 200 139 "-" "Mozilla/5.0 (compatible; AhrefsBot/7.0; +http://ahrefs.com/robot/)"
199.188.205.55 - - [05/May/2025:19:05:11 -0400] "POST /wp-cron.php?doing_wp_cron=1746486311.0801088809967041015625 HTTP/1.1" 200 0 "-" "WordPress/6.8.1; https://keyfinancehomeloan.com.au"
51.222.253.7 - - [05/May/2025:19:04:58 -0400] "GET /shop.php?shopdetail/104339194 HTTP/1.1" 404 18081 "-" "Mozilla/5.0 (compatible; AhrefsBot/7.0; +http://ahrefs.com/robot/)"
199.188.205.55 - - [05/May/2025:20:03:30 -0400] "POST /wp-cron.php?doing_wp_cron=1746489810.1647291183471679687500 HTTP/1.1" 200 0 "-" "WordPress/6.8.1; https://keyfinancehomeloan.com.au"
51.222.253.19 - - [05/May/2025:20:03:15 -0400] "GET /shop.php?shopdetail/161634394 HTTP/1.1" 404 18082 "-" "Mozilla/5.0 (compatible; AhrefsBot/7.0; +http://ahrefs.com/robot/)"
199.188.205.55 - - [05/May/2025:20:55:37 -0400] "POST /wp-cron.php?doing_wp_cron=1746492937.4909999370574951171875 HTTP/1.1" 200 0 "-" "WordPress/6.8.1; https://keyfinancehomeloan.com.au"
51.222.253.5 - - [05/May/2025:20:55:21 -0400] "GET /shop.php?shopdetail/177239894 HTTP/1.1" 404 18082 "-" "Mozilla/5.0 (compatible; AhrefsBot/7.0; +http://ahrefs.com/robot/)"
199.188.205.55 - - [05/May/2025:21:48:31 -0400] "POST /wp-cron.php?doing_wp_cron=1746496110.9634420871734619140625 HTTP/1.1" 200 0 "-" "WordPress/6.8.1; https://keyfinancehomeloan.com.au"
51.222.253.18 - - [05/May/2025:21:48:26 -0400] "GET /shop.php?shopdetail/196361594 HTTP/1.1" 404 18081 "-" "Mozilla/5.0 (compatible; AhrefsBot/7.0; +http://ahrefs.com/robot/)"
199.188.205.55 - - [05/May/2025:22:17:32 -0400] "POST /wp-cron.php?doing_wp_cron=1746497852.1527318954467773437500 HTTP/1.1" 200 0 "-" "WordPress/6.8.1; https://keyfinancehomeloan.com.au"
51.222.253.5 - - [05/May/2025:22:17:17 -0400] "GET /shop.php?shopdetail/84122594 HTTP/1.1" 404 18082 "-" "Mozilla/5.0 (compatible; AhrefsBot/7.0; +http://ahrefs.com/robot/)"
199.188.205.55 - - [05/May/2025:22:50:47 -0400] "POST /wp-cron.php?doing_wp_cron=1746499847.0044860839843750000000 HTTP/1.1" 200 0 "-" "WordPress/6.8.1; https://keyfinancehomeloan.com.au"
51.222.253.5 - - [05/May/2025:22:50:44 -0400] "GET /shop.php?shopdetail/86930294 HTTP/1.1" 404 18082 "-" "Mozilla/5.0 (compatible; AhrefsBot/7.0; +http://ahrefs.com/robot/)"
199.188.205.55 - - [05/May/2025:23:19:29 -0400] "POST /wp-cron.php?doing_wp_cron=1746501569.0479650497436523437500 HTTP/1.1" 200 0 "-" "WordPress/6.8.1; https://keyfinancehomeloan.com.au"
51.222.253.9 - - [05/May/2025:23:19:09 -0400] "GET /shopdetail/108730894 HTTP/1.1" 404 18099 "-" "Mozilla/5.0 (compatible; AhrefsBot/7.0; +http://ahrefs.com/robot/)"
199.188.205.55 - - [05/May/2025:23:46:35 -0400] "POST /wp-cron.php?doing_wp_cron=1746503194.9778449535369873046875 HTTP/1.1" 200 0 "-" "WordPress/6.8.1; https://keyfinancehomeloan.com.au"
51.222.253.4 - - [05/May/2025:23:46:34 -0400] "GET /shopdetail/150775094 HTTP/1.1" 404 18098 "-" "Mozilla/5.0 (compatible; AhrefsBot/7.0; +http://ahrefs.com/robot/)"
199.188.205.55 - - [06/May/2025:00:13:06 -0400] "POST /wp-cron.php?doing_wp_cron=1746504785.7350749969482421875000 HTTP/1.1" 200 0 "-" "WordPress/6.8.1; https://keyfinancehomeloan.com.au"
51.222.253.17 - - [06/May/2025:00:12:49 -0400] "GET /shopdetail/153584694 HTTP/1.1" 404 18099 "-" "Mozilla/5.0 (compatible; AhrefsBot/7.0; +http://ahrefs.com/robot/)"
199.188.205.55 - - [06/May/2025:00:16:09 -0400] "POST /wp-cron.php?doing_wp_cron=1746504968.8162329196929931640625 HTTP/1.1" 200 0 "-" "WordPress/6.8.1; https://keyfinancehomeloan.com.au"
52.167.144.187 - - [06/May/2025:00:15:56 -0400] "GET /shop.php?shopdetail/43398494 HTTP/1.1" 404 18081 "-" "Mozilla/5.0 AppleWebKit/537.36 (KHTML, like Gecko; compatible; bingbot/2.0; +http://www.bing.com/bingbot.htm) Chrome/116.0.1938.76 Safari/537.36"
199.188.205.55 - - [06/May/2025:00:30:04 -0400] "POST /wp-cron.php?doing_wp_cron=1746505804.5347518920898437500000 HTTP/1.1" 200 0 "-" "WordPress/6.8.1; https://keyfinancehomeloan.com.au"
144.172.86.30 - - [06/May/2025:00:29:56 -0400] "GET / HTTP/1.1" 301 0 "-" "Mozilla/5.0"
199.188.205.55 - - [06/May/2025:00:40:12 -0400] "POST /wp-cron.php?doing_wp_cron=1746506412.3069870471954345703125 HTTP/1.1" 200 0 "-" "WordPress/6.8.1; https://keyfinancehomeloan.com.au"
51.222.253.4 - - [06/May/2025:00:40:08 -0400] "GET /shopdetail/175913894 HTTP/1.1" 404 18099 "-" "Mozilla/5.0 (compatible; AhrefsBot/7.0; +http://ahrefs.com/robot/)"
199.188.205.55 - - [06/May/2025:01:15:09 -0400] "POST /wp-cron.php?doing_wp_cron=1746508506.7281289100646972656250 HTTP/1.1" 200 0 "-" "WordPress/6.8.1; https://keyfinancehomeloan.com.au"
51.222.253.3 - - [06/May/2025:01:14:50 -0400] "GET /shopdetail/192886494 HTTP/1.1" 404 18099 "-" "Mozilla/5.0 (compatible; AhrefsBot/7.0; +http://ahrefs.com/robot/)"
199.188.205.55 - - [06/May/2025:01:49:29 -0400] "POST /wp-cron.php?doing_wp_cron=1746510567.8514530658721923828125 HTTP/1.1" 200 0 "-" "WordPress/6.8.1; https://keyfinancehomeloan.com.au"
51.222.253.8 - - [06/May/2025:01:49:08 -0400] "GET /shopdetail/21475694 HTTP/1.1" 404 18091 "-" "Mozilla/5.0 (compatible; AhrefsBot/7.0; +http://ahrefs.com/robot/)"
199.188.205.55 - - [06/May/2025:02:19:32 -0400] "POST /wp-cron.php?doing_wp_cron=1746512372.4870169162750244140625 HTTP/1.1" 200 0 "-" "WordPress/6.8.1; https://keyfinancehomeloan.com.au"
51.222.253.3 - - [06/May/2025:02:19:20 -0400] "GET /shopdetail/56150294 HTTP/1.1" 404 18092 "-" "Mozilla/5.0 (compatible; AhrefsBot/7.0; +http://ahrefs.com/robot/)"
199.188.205.55 - - [06/May/2025:02:52:21 -0400] "POST /wp-cron.php?doing_wp_cron=1746514341.5885200500488281250000 HTTP/1.1" 200 0 "-" "WordPress/6.8.1; https://keyfinancehomeloan.com.au"
51.222.253.14 - - [06/May/2025:02:52:09 -0400] "GET /shop.php?shopdetail/3113294 HTTP/1.1" 404 18081 "-" "Mozilla/5.0 (compatible; AhrefsBot/7.0; +http://ahrefs.com/robot/)"
199.188.205.55 - - [06/May/2025:03:22:12 -0400] "POST /wp-cron.php?doing_wp_cron=1746516132.3137910366058349609375 HTTP/1.1" 200 0 "-" "WordPress/6.8.1; https://keyfinancehomeloan.com.au"
51.222.253.13 - - [06/May/2025:03:21:56 -0400] "GET /shop.php?shopdetail/62593594 HTTP/1.1" 404 18082 "-" "Mozilla/5.0 (compatible; AhrefsBot/7.0; +http://ahrefs.com/robot/)"
54.36.148.93 - - [06/May/2025:08:16:01 -0400] "GET /robots.txt HTTP/1.1" 200 139 "-" "Mozilla/5.0 (compatible; AhrefsBot/7.0; +http://ahrefs.com/robot/)"
199.188.205.55 - - [06/May/2025:08:16:03 -0400] "POST /wp-cron.php?doing_wp_cron=1746533763.8241369724273681640625 HTTP/1.1" 200 0 "-" "WordPress/6.8.1; https://keyfinancehomeloan.com.au"
51.222.253.11 - - [06/May/2025:08:16:02 -0400] "GET /shop.php?shopdetail/71477094 HTTP/1.1" 404 18080 "-" "Mozilla/5.0 (compatible; AhrefsBot/7.0; +http://ahrefs.com/robot/)"
107.151.222.60 - - [06/May/2025:08:37:52 -0400] "GET /wp-admin/css/ HTTP/1.1" 200 3726 "binance.com" "Mozilla/5.0 (Windows NT 10.0; Win64; x64) AppleWebKit/537.36 (KHTML, like Gecko) Chrome/90.0.4430.85 Safari/537.36"
107.151.222.60 - - [06/May/2025:08:37:54 -0400] "GET /wp-content/uploads/2025/05/ HTTP/1.1" 200 700 "binance.com" "Mozilla/5.0 (Windows NT 10.0; Win64; x64) AppleWebKit/537.36 (KHTML, like Gecko) Chrome/90.0.4430.85 Safari/537.36"
107.151.222.60 - - [06/May/2025:08:37:55 -0400] "GET /wp-content/uploads/2025/04/ HTTP/1.1" 200 700 "binance.com" "Mozilla/5.0 (Windows NT 10.0; Win64; x64) AppleWebKit/537.36 (KHTML, like Gecko) Chrome/90.0.4430.85 Safari/537.36"
107.151.222.60 - - [06/May/2025:08:37:58 -0400] "GET /wp-content/uploads/ HTTP/1.1" 200 1748 "binance.com" "Mozilla/5.0 (Windows NT 10.0; Win64; x64) AppleWebKit/537.36 (KHTML, like Gecko) Chrome/90.0.4430.85 Safari/537.36"
107.151.222.60 - - [06/May/2025:08:38:00 -0400] "GET /wp-content/upgrade/ HTTP/1.1" 200 691 "binance.com" "Mozilla/5.0 (Windows NT 10.0; Win64; x64) AppleWebKit/537.36 (KHTML, like Gecko) Chrome/90.0.4430.85 Safari/537.36"
107.151.222.60 - - [06/May/2025:08:38:04 -0400] "GET /wp-content/languages/ HTTP/1.1" 200 0 "binance.com" "Mozilla/5.0 (Windows NT 10.0; Win64; x64) AppleWebKit/537.36 (KHTML, like Gecko) Chrome/90.0.4430.85 Safari/537.36"
107.151.222.60 - - [06/May/2025:08:38:06 -0400] "GET /wp-admin/includes/ HTTP/1.1" 200 4657 "binance.com" "Mozilla/5.0 (Windows NT 10.0; Win64; x64) AppleWebKit/537.36 (KHTML, like Gecko) Chrome/90.0.4430.85 Safari/537.36"
107.151.222.60 - - [06/May/2025:08:38:08 -0400] "GET /wp-admin/includes/ HTTP/1.1" 200 4657 "binance.com" "Mozilla/5.0 (Windows NT 10.0; Win64; x64) AppleWebKit/537.36 (KHTML, like Gecko) Chrome/90.0.4430.85 Safari/537.36"
107.151.222.60 - - [06/May/2025:08:38:10 -0400] "GET /wp-admin/maint/ HTTP/1.1" 200 781 "binance.com" "Mozilla/5.0 (Windows NT 10.0; Win64; x64) AppleWebKit/537.36 (KHTML, like Gecko) Chrome/90.0.4430.85 Safari/537.36"
107.151.222.60 - - [06/May/2025:08:38:12 -0400] "GET /wp-admin/maint/ HTTP/1.1" 200 781 "binance.com" "Mozilla/5.0 (Windows NT 10.0; Win64; x64) AppleWebKit/537.36 (KHTML, like Gecko) Chrome/90.0.4430.85 Safari/537.36"
199.188.205.55 - - [06/May/2025:08:38:13 -0400] "POST /wp-cron.php?doing_wp_cron=1746535093.5842440128326416015625 HTTP/1.1" 200 0 "-" "WordPress/6.8.1; https://keyfinancehomeloan.com.au"
51.222.253.6 - - [06/May/2025:08:38:00 -0400] "GET /shop.php?shopdetail/85077694 HTTP/1.1" 404 18080 "-" "Mozilla/5.0 (compatible; AhrefsBot/7.0; +http://ahrefs.com/robot/)"
107.151.222.60 - - [06/May/2025:08:38:14 -0400] "GET /wp-admin/network/ HTTP/1.1" 302 0 "binance.com" "Mozilla/5.0 (Windows NT 10.0; Win64; x64) AppleWebKit/537.36 (KHTML, like Gecko) Chrome/90.0.4430.85 Safari/537.36"
107.151.222.60 - - [06/May/2025:08:38:23 -0400] "GET /wp-admin/user/ HTTP/1.1" 302 0 "binance.com" "Mozilla/5.0 (Windows NT 10.0; Win64; x64) AppleWebKit/537.36 (KHTML, like Gecko) Chrome/90.0.4430.85 Safari/537.36"
107.151.222.60 - - [06/May/2025:08:38:27 -0400] "GET /wp-admin/css/ HTTP/1.1" 200 3726 "binance.com" "Mozilla/5.0 (Windows NT 10.0; Win64; x64) AppleWebKit/537.36 (KHTML, like Gecko) Chrome/90.0.4430.85 Safari/537.36"
107.151.222.60 - - [06/May/2025:08:38:30 -0400] "GET /wp-admin/css/colors/ HTTP/1.1" 200 1340 "binance.com" "Mozilla/5.0 (Windows NT 10.0; Win64; x64) AppleWebKit/537.36 (KHTML, like Gecko) Chrome/90.0.4430.85 Safari/537.36"
107.151.222.60 - - [06/May/2025:08:38:32 -0400] "GET /wp-admin/css/colors/blue/ HTTP/1.1" 200 921 "binance.com" "Mozilla/5.0 (Windows NT 10.0; Win64; x64) AppleWebKit/537.36 (KHTML, like Gecko) Chrome/90.0.4430.85 Safari/537.36"
107.151.222.60 - - [06/May/2025:08:38:34 -0400] "GET /wp-admin/css/colors/coffee/ HTTP/1.1" 200 919 "binance.com" "Mozilla/5.0 (Windows NT 10.0; Win64; x64) AppleWebKit/537.36 (KHTML, like Gecko) Chrome/90.0.4430.85 Safari/537.36"
