199.188.205.55 - - [05/May/2025:21:01:31 -0400] "POST /wp-admin/admin-ajax.php?action=async_litespeed&nonce=K49U8cUt1eirwAjYmeH2W79uLtUEvX4x&litespeed_type=imgoptm HTTP/1.1" 200 0 "-" "WordPress/6.8.1; https://keyfinancehomeloan.com.au"
199.188.205.55 - - [05/May/2025:21:03:08 -0400] "POST /wp-cron.php?doing_wp_cron=1746493388.2942609786987304687500 HTTP/1.1" 200 0 "-" "WordPress/6.8.1; https://keyfinancehomeloan.com.au"
40.77.167.58 - - [05/May/2025:21:02:57 -0400] "GET /shopdetail/142262194 HTTP/1.1" 404 18116 "-" "Mozilla/5.0 AppleWebKit/537.36 (KHTML, like Gecko; compatible; bingbot/2.0; +http://www.bing.com/bingbot.htm) Chrome/116.0.1938.76 Safari/537.36"
199.188.205.55 - - [05/May/2025:21:03:10 -0400] "POST /wp-admin/admin-ajax.php?action=async_litespeed&nonce=IQAJvcKOWjkyVhM2GHTLiDZ32GoKAZ1w&litespeed_type=imgoptm HTTP/1.1" 200 0 "-" "WordPress/6.8.1; https://keyfinancehomeloan.com.au"
199.188.205.55 - - [05/May/2025:21:17:54 -0400] "POST /wp-cron.php?doing_wp_cron=1746494274.8111999034881591796875 HTTP/1.1" 200 0 "-" "WordPress/6.8.1; https://keyfinancehomeloan.com.au"
40.77.167.52 - - [05/May/2025:21:17:41 -0400] "GET /shopdetail/45265994 HTTP/1.1" 404 18072 "-" "Mozilla/5.0 AppleWebKit/537.36 (KHTML, like Gecko; compatible; bingbot/2.0; +http://www.bing.com/bingbot.htm) Chrome/116.0.1938.76 Safari/537.36"
199.188.205.55 - - [05/May/2025:21:17:56 -0400] "POST /wp-admin/admin-ajax.php?action=async_litespeed&nonce=RSsqomXtCxQaBtvxvm8f0BZoiBG1tU4D&litespeed_type=imgoptm HTTP/1.1" 200 0 "-" "WordPress/6.8.1; https://keyfinancehomeloan.com.au"
199.188.205.55 - - [05/May/2025:21:35:47 -0400] "POST /wp-cron.php?doing_wp_cron=1746495347.2993569374084472656250 HTTP/1.1" 200 0 "-" "WordPress/6.8.1; https://keyfinancehomeloan.com.au"
157.55.39.201 - - [05/May/2025:21:35:36 -0400] "GET /shopdetail/148361894 HTTP/1.1" 404 18118 "-" "Mozilla/5.0 AppleWebKit/537.36 (KHTML, like Gecko; compatible; bingbot/2.0; +http://www.bing.com/bingbot.htm) Chrome/116.0.1938.76 Safari/537.36"
157.55.39.204 - - [05/May/2025:21:35:47 -0400] "GET /shopdetail/34812194 HTTP/1.1" 404 18071 "-" "Mozilla/5.0 AppleWebKit/537.36 (KHTML, like Gecko; compatible; bingbot/2.0; +http://www.bing.com/bingbot.htm) Chrome/116.0.1938.76 Safari/537.36"
199.188.205.55 - - [05/May/2025:21:35:49 -0400] "POST /wp-admin/admin-ajax.php?action=async_litespeed&nonce=0gdceNCFKwfww25Q4mgFtimQAOij9szC&litespeed_type=imgoptm HTTP/1.1" 200 0 "-" "WordPress/6.8.1; https://keyfinancehomeloan.com.au"
199.188.205.55 - - [05/May/2025:21:46:40 -0400] "POST /wp-cron.php?doing_wp_cron=1746496000.5057990550994873046875 HTTP/1.1" 200 0 "-" "WordPress/6.8.1; https://keyfinancehomeloan.com.au"
207.46.13.87 - - [05/May/2025:21:46:27 -0400] "GET /shopdetail/76355394 HTTP/1.1" 404 18071 "-" "Mozilla/5.0 AppleWebKit/537.36 (KHTML, like Gecko; compatible; bingbot/2.0; +http://www.bing.com/bingbot.htm) Chrome/116.0.1938.76 Safari/537.36"
199.188.205.55 - - [05/May/2025:21:46:42 -0400] "POST /wp-admin/admin-ajax.php?action=async_litespeed&nonce=Ort2ZIAf8P1qBFnk9TtGA3ruVEN6uHTC&litespeed_type=imgoptm HTTP/1.1" 200 0 "-" "WordPress/6.8.1; https://keyfinancehomeloan.com.au"
199.188.205.55 - - [05/May/2025:21:48:33 -0400] "POST /wp-admin/admin-ajax.php?action=async_litespeed&nonce=ZG903sQYzNlqtykBshCSJIGaspzl51Pk&litespeed_type=imgoptm HTTP/1.1" 200 0 "-" "WordPress/6.8.1; https://keyfinancehomeloan.com.au"
199.188.205.55 - - [05/May/2025:21:53:40 -0400] "POST /wp-cron.php?doing_wp_cron=1746496419.9868960380554199218750 HTTP/1.1" 200 0 "-" "WordPress/6.8.1; https://keyfinancehomeloan.com.au"
207.46.13.87 - - [05/May/2025:21:53:28 -0400] "GET /shopdetail/74984794 HTTP/1.1" 404 18073 "-" "Mozilla/5.0 AppleWebKit/537.36 (KHTML, like Gecko; compatible; bingbot/2.0; +http://www.bing.com/bingbot.htm) Chrome/116.0.1938.76 Safari/537.36"
199.188.205.55 - - [05/May/2025:21:53:42 -0400] "POST /wp-admin/admin-ajax.php?action=async_litespeed&nonce=sTv4yvmZMAx4HBvmNuEt7ELjf4dZr656&litespeed_type=imgoptm HTTP/1.1" 200 0 "-" "WordPress/6.8.1; https://keyfinancehomeloan.com.au"
199.188.205.55 - - [05/May/2025:21:58:25 -0400] "POST /wp-cron.php?doing_wp_cron=1746496704.9162390232086181640625 HTTP/1.1" 200 0 "-" "WordPress/6.8.1; https://keyfinancehomeloan.com.au"
52.167.144.192 - - [05/May/2025:21:58:14 -0400] "GET /shopdetail/75555894 HTTP/1.1" 404 18073 "-" "Mozilla/5.0 AppleWebKit/537.36 (KHTML, like Gecko; compatible; bingbot/2.0; +http://www.bing.com/bingbot.htm) Chrome/116.0.1938.76 Safari/537.36"
199.188.205.55 - - [05/May/2025:21:58:27 -0400] "POST /wp-admin/admin-ajax.php?action=async_litespeed&nonce=62X3VswUR4J2c8ICp3OfWjxcOf0GHRCj&litespeed_type=imgoptm HTTP/1.1" 200 0 "-" "WordPress/6.8.1; https://keyfinancehomeloan.com.au"
199.188.205.55 - - [05/May/2025:22:17:34 -0400] "POST /wp-admin/admin-ajax.php?action=async_litespeed&nonce=LS2N1YpfIBI1diRc0I02yS9trnSt91e1&litespeed_type=imgoptm HTTP/1.1" 200 0 "-" "WordPress/6.8.1; https://keyfinancehomeloan.com.au"
199.188.205.55 - - [05/May/2025:22:18:22 -0400] "POST /wp-cron.php?doing_wp_cron=1746497902.2803740501403808593750 HTTP/1.1" 200 0 "-" "WordPress/6.8.1; https://keyfinancehomeloan.com.au"
157.55.39.194 - - [05/May/2025:22:18:21 -0400] "GET /shopdetail/127574694 HTTP/1.1" 404 18117 "-" "Mozilla/5.0 AppleWebKit/537.36 (KHTML, like Gecko; compatible; bingbot/2.0; +http://www.bing.com/bingbot.htm) Chrome/116.0.1938.76 Safari/537.36"
199.188.205.55 - - [05/May/2025:22:18:23 -0400] "POST /wp-admin/admin-ajax.php?action=async_litespeed&nonce=8uzCBam5BYg3WQejCVlMPDJCCnB9kkO2&litespeed_type=imgoptm HTTP/1.1" 200 0 "-" "WordPress/6.8.1; https://keyfinancehomeloan.com.au"
52.167.144.189 - - [05/May/2025:22:18:46 -0400] "GET /shopdetail/133353194 HTTP/1.1" 404 18118 "-" "Mozilla/5.0 AppleWebKit/537.36 (KHTML, like Gecko; compatible; bingbot/2.0; +http://www.bing.com/bingbot.htm) Chrome/116.0.1938.76 Safari/537.36"
199.188.205.55 - - [05/May/2025:22:19:41 -0400] "POST /wp-cron.php?doing_wp_cron=1746497981.7025079727172851562500 HTTP/1.1" 200 0 "-" "WordPress/6.8.1; https://keyfinancehomeloan.com.au"
52.167.144.225 - - [05/May/2025:22:19:40 -0400] "GET /shopdetail/188362494 HTTP/1.1" 404 18116 "-" "Mozilla/5.0 AppleWebKit/537.36 (KHTML, like Gecko; compatible; bingbot/2.0; +http://www.bing.com/bingbot.htm) Chrome/116.0.1938.76 Safari/537.36"
199.188.205.55 - - [05/May/2025:22:19:43 -0400] "POST /wp-admin/admin-ajax.php?action=async_litespeed&nonce=xuCs2XQyyHwC5PkBuVaRvu9ogCLlzHDQ&litespeed_type=imgoptm HTTP/1.1" 200 0 "-" "WordPress/6.8.1; https://keyfinancehomeloan.com.au"
199.188.205.55 - - [05/May/2025:22:24:46 -0400] "POST /wp-cron.php?doing_wp_cron=1746498286.5275108814239501953125 HTTP/1.1" 200 0 "-" "WordPress/6.8.1; https://keyfinancehomeloan.com.au"
52.167.144.225 - - [05/May/2025:22:24:29 -0400] "GET /sitemap.xml.gz HTTP/1.1" 200 414 "-" "Mozilla/5.0 AppleWebKit/537.36 (KHTML, like Gecko; compatible; bingbot/2.0; +http://www.bing.com/bingbot.htm) Chrome/116.0.1938.76 Safari/537.36"
199.188.205.55 - - [05/May/2025:22:24:50 -0400] "POST /wp-admin/admin-ajax.php?action=async_litespeed&nonce=kZZimN0XibyWpJKNs6GYY77wESi7RYBv&litespeed_type=imgoptm HTTP/1.1" 200 0 "-" "WordPress/6.8.1; https://keyfinancehomeloan.com.au"
199.188.205.55 - - [05/May/2025:22:49:16 -0400] "POST /wp-cron.php?doing_wp_cron=1746499755.7885570526123046875000 HTTP/1.1" 200 0 "-" "WordPress/6.8.1; https://keyfinancehomeloan.com.au"
52.167.144.159 - - [05/May/2025:22:48:57 -0400] "GET /shopdetail/23926894 HTTP/1.1" 404 18071 "-" "Mozilla/5.0 AppleWebKit/537.36 (KHTML, like Gecko; compatible; bingbot/2.0; +http://www.bing.com/bingbot.htm) Chrome/116.0.1938.76 Safari/537.36"
199.188.205.55 - - [05/May/2025:22:49:23 -0400] "POST /wp-admin/admin-ajax.php?action=async_litespeed&nonce=wllfaoTQcryyGFRVuPPgAdCRq25qn1G1&litespeed_type=imgoptm HTTP/1.1" 200 0 "-" "WordPress/6.8.1; https://keyfinancehomeloan.com.au"
199.188.205.55 - - [05/May/2025:22:50:49 -0400] "POST /wp-admin/admin-ajax.php?action=async_litespeed&nonce=zFsMwPmNvq5nua0jB7avCjnCEHivc8Kd&litespeed_type=imgoptm HTTP/1.1" 200 0 "-" "WordPress/6.8.1; https://keyfinancehomeloan.com.au"
199.188.205.55 - - [05/May/2025:22:51:31 -0400] "POST /wp-cron.php?doing_wp_cron=1746499890.9278209209442138671875 HTTP/1.1" 200 0 "-" "WordPress/6.8.1; https://keyfinancehomeloan.com.au"
52.167.144.159 - - [05/May/2025:22:51:28 -0400] "GET /shopdetail/108112994 HTTP/1.1" 404 18118 "-" "Mozilla/5.0 AppleWebKit/537.36 (KHTML, like Gecko; compatible; bingbot/2.0; +http://www.bing.com/bingbot.htm) Chrome/116.0.1938.76 Safari/537.36"
199.188.205.55 - - [05/May/2025:22:51:33 -0400] "POST /wp-admin/admin-ajax.php?action=async_litespeed&nonce=0P4ToEF0lPy0gVImLZF52Cgw6YinVpXE&litespeed_type=imgoptm HTTP/1.1" 200 0 "-" "WordPress/6.8.1; https://keyfinancehomeloan.com.au"
199.188.205.55 - - [05/May/2025:22:57:47 -0400] "POST /wp-cron.php?doing_wp_cron=1746500267.2477610111236572265625 HTTP/1.1" 200 0 "-" "WordPress/6.8.1; https://keyfinancehomeloan.com.au"
40.77.167.59 - - [05/May/2025:22:57:30 -0400] "GET /shopdetail/123247694 HTTP/1.1" 404 18116 "-" "Mozilla/5.0 AppleWebKit/537.36 (KHTML, like Gecko; compatible; bingbot/2.0; +http://www.bing.com/bingbot.htm) Chrome/116.0.1938.76 Safari/537.36"
199.188.205.55 - - [05/May/2025:22:57:51 -0400] "POST /wp-admin/admin-ajax.php?action=async_litespeed&nonce=fLC61xw7Vpcmg3DN82XCepIdLvwv4XxG&litespeed_type=imgoptm HTTP/1.1" 200 0 "-" "WordPress/6.8.1; https://keyfinancehomeloan.com.au"
199.188.205.55 - - [05/May/2025:23:03:27 -0400] "POST /wp-cron.php?doing_wp_cron=1746500607.1334819793701171875000 HTTP/1.1" 200 0 "-" "WordPress/6.8.1; https://keyfinancehomeloan.com.au"
40.77.167.59 - - [05/May/2025:23:03:12 -0400] "GET /shopdetail/51681494 HTTP/1.1" 404 18073 "-" "Mozilla/5.0 AppleWebKit/537.36 (KHTML, like Gecko; compatible; bingbot/2.0; +http://www.bing.com/bingbot.htm) Chrome/116.0.1938.76 Safari/537.36"
199.188.205.55 - - [05/May/2025:23:03:30 -0400] "POST /wp-admin/admin-ajax.php?action=async_litespeed&nonce=UUhmbTEdhNNKQ3jv3u05BpXA1pe37X2V&litespeed_type=imgoptm HTTP/1.1" 200 0 "-" "WordPress/6.8.1; https://keyfinancehomeloan.com.au"
199.188.205.55 - - [05/May/2025:23:05:47 -0400] "POST /wp-cron.php?doing_wp_cron=1746500747.6420290470123291015625 HTTP/1.1" 200 0 "-" "WordPress/6.8.1; https://keyfinancehomeloan.com.au"
207.46.13.107 - - [05/May/2025:23:05:36 -0400] "GET /shopdetail/70465694 HTTP/1.1" 404 18072 "-" "Mozilla/5.0 AppleWebKit/537.36 (KHTML, like Gecko; compatible; bingbot/2.0; +http://www.bing.com/bingbot.htm) Chrome/116.0.1938.76 Safari/537.36"
199.188.205.55 - - [05/May/2025:23:05:50 -0400] "POST /wp-admin/admin-ajax.php?action=async_litespeed&nonce=YnlbkCoHe4iCvJ6gdqtkCSYE6nqKusf5&litespeed_type=imgoptm HTTP/1.1" 200 0 "-" "WordPress/6.8.1; https://keyfinancehomeloan.com.au"
199.188.205.55 - - [05/May/2025:23:19:33 -0400] "POST /wp-admin/admin-ajax.php?action=async_litespeed&nonce=yaY91aCbozKkpT2JDQRRpRly5uNk69ON&litespeed_type=imgoptm HTTP/1.1" 200 0 "-" "WordPress/6.8.1; https://keyfinancehomeloan.com.au"
199.188.205.55 - - [05/May/2025:23:29:32 -0400] "POST /wp-cron.php?doing_wp_cron=1746502171.2284948825836181640625 HTTP/1.1" 200 0 "-" "WordPress/6.8.1; https://keyfinancehomeloan.com.au"
52.167.144.25 - - [05/May/2025:23:29:14 -0400] "GET /shopdetail/79453894 HTTP/1.1" 404 18071 "-" "Mozilla/5.0 AppleWebKit/537.36 (KHTML, like Gecko; compatible; bingbot/2.0; +http://www.bing.com/bingbot.htm) Chrome/116.0.1938.76 Safari/537.36"
199.188.205.55 - - [05/May/2025:23:29:38 -0400] "POST /wp-admin/admin-ajax.php?action=async_litespeed&nonce=qtDxPsR9pa49L8nQawIl6KoFWv7lrn0v&litespeed_type=imgoptm HTTP/1.1" 200 0 "-" "WordPress/6.8.1; https://keyfinancehomeloan.com.au"
199.188.205.55 - - [05/May/2025:23:32:22 -0400] "POST /wp-cron.php?doing_wp_cron=1746502342.3152799606323242187500 HTTP/1.1" 200 0 "-" "WordPress/6.8.1; https://keyfinancehomeloan.com.au"
52.167.144.25 - - [05/May/2025:23:32:04 -0400] "GET /shopdetail/164439294 HTTP/1.1" 404 18115 "-" "Mozilla/5.0 AppleWebKit/537.36 (KHTML, like Gecko; compatible; bingbot/2.0; +http://www.bing.com/bingbot.htm) Chrome/116.0.1938.76 Safari/537.36"
199.188.205.55 - - [05/May/2025:23:32:26 -0400] "POST /wp-admin/admin-ajax.php?action=async_litespeed&nonce=NbGinjIvKEDgzDIVxdOnJ2hsjjiwGkqE&litespeed_type=imgoptm HTTP/1.1" 200 0 "-" "WordPress/6.8.1; https://keyfinancehomeloan.com.au"
199.188.205.55 - - [05/May/2025:23:33:19 -0400] "POST /wp-cron.php?doing_wp_cron=1746502399.8038949966430664062500 HTTP/1.1" 200 0 "-" "WordPress/6.8.1; https://keyfinancehomeloan.com.au"
207.46.13.127 - - [05/May/2025:23:33:17 -0400] "GET /shopdetail/123668094 HTTP/1.1" 404 18115 "-" "Mozilla/5.0 AppleWebKit/537.36 (KHTML, like Gecko; compatible; bingbot/2.0; +http://www.bing.com/bingbot.htm) Chrome/116.0.1938.76 Safari/537.36"
199.188.205.55 - - [05/May/2025:23:33:22 -0400] "POST /wp-admin/admin-ajax.php?action=async_litespeed&nonce=Wb2gYsuZ7RGRVfxho8i0ryalkmEvU6xI&litespeed_type=imgoptm HTTP/1.1" 200 0 "-" "WordPress/6.8.1; https://keyfinancehomeloan.com.au"
199.188.205.55 - - [05/May/2025:23:45:26 -0400] "POST /wp-cron.php?doing_wp_cron=1746503125.5634319782257080078125 HTTP/1.1" 200 0 "-" "WordPress/6.8.1; https://keyfinancehomeloan.com.au"
52.167.144.172 - - [05/May/2025:23:45:08 -0400] "GET /shopdetail/175072194 HTTP/1.1" 404 18118 "-" "Mozilla/5.0 AppleWebKit/537.36 (KHTML, like Gecko; compatible; bingbot/2.0; +http://www.bing.com/bingbot.htm) Chrome/116.0.1938.76 Safari/537.36"
199.188.205.55 - - [05/May/2025:23:45:30 -0400] "POST /wp-admin/admin-ajax.php?action=async_litespeed&nonce=rEu47n90ex4zI6xQ5sirjnTXQ6ze43hq&litespeed_type=imgoptm HTTP/1.1" 200 0 "-" "WordPress/6.8.1; https://keyfinancehomeloan.com.au"
199.188.205.55 - - [05/May/2025:23:46:38 -0400] "POST /wp-admin/admin-ajax.php?action=async_litespeed&nonce=mMjKGQa894penqbrvlNph2ahHMUpD8HI&litespeed_type=imgoptm HTTP/1.1" 200 0 "-" "WordPress/6.8.1; https://keyfinancehomeloan.com.au"
199.188.205.55 - - [05/May/2025:23:54:54 -0400] "POST /wp-cron.php?doing_wp_cron=1746503694.3305640220642089843750 HTTP/1.1" 200 0 "-" "WordPress/6.8.1; https://keyfinancehomeloan.com.au"
207.46.13.102 - - [05/May/2025:23:54:40 -0400] "GET /shopdetail/168101694 HTTP/1.1" 404 18118 "-" "Mozilla/5.0 AppleWebKit/537.36 (KHTML, like Gecko; compatible; bingbot/2.0; +http://www.bing.com/bingbot.htm) Chrome/116.0.1938.76 Safari/537.36"
199.188.205.55 - - [05/May/2025:23:54:58 -0400] "POST /wp-admin/admin-ajax.php?action=async_litespeed&nonce=mkPTgbPC4q19YOWmCjCJBktGQyL3VQox&litespeed_type=imgoptm HTTP/1.1" 200 0 "-" "WordPress/6.8.1; https://keyfinancehomeloan.com.au"
199.188.205.55 - - [06/May/2025:00:02:45 -0400] "POST /wp-cron.php?doing_wp_cron=1746504165.5869860649108886718750 HTTP/1.1" 200 0 "-" "WordPress/6.8.1; https://keyfinancehomeloan.com.au"
199.188.205.55 - - [06/May/2025:00:02:47 -0400] "POST /wp-admin/admin-ajax.php?action=async_litespeed&nonce=9zjUQVPXqGFzulGsIWMPnG5SgjyBILGT&litespeed_type=imgoptm HTTP/1.1" 200 0 "-" "WordPress/6.8.1; https://keyfinancehomeloan.com.au"
157.55.39.201 - - [06/May/2025:00:02:31 -0400] "GET /shopdetail/125867294 HTTP/1.1" 404 18116 "-" "Mozilla/5.0 AppleWebKit/537.36 (KHTML, like Gecko; compatible; bingbot/2.0; +http://www.bing.com/bingbot.htm) Chrome/116.0.1938.76 Safari/537.36"
199.188.205.55 - - [06/May/2025:00:03:25 -0400] "POST /wp-cron.php?doing_wp_cron=1746504205.1478309631347656250000 HTTP/1.1" 200 0 "-" "WordPress/6.8.1; https://keyfinancehomeloan.com.au"
40.77.167.77 - - [06/May/2025:00:03:22 -0400] "GET /shopdetail/141572994 HTTP/1.1" 404 18116 "-" "Mozilla/5.0 AppleWebKit/537.36 (KHTML, like Gecko; compatible; bingbot/2.0; +http://www.bing.com/bingbot.htm) Chrome/116.0.1938.76 Safari/537.36"
199.188.205.55 - - [06/May/2025:00:03:27 -0400] "POST /wp-admin/admin-ajax.php?action=async_litespeed&nonce=DU4qRuga2x41RVVHyrnl42J0m8wdd4zF&litespeed_type=imgoptm HTTP/1.1" 200 0 "-" "WordPress/6.8.1; https://keyfinancehomeloan.com.au"
199.188.205.55 - - [06/May/2025:00:13:14 -0400] "POST /wp-admin/admin-ajax.php?action=async_litespeed&nonce=VwsjkJBtO9rojamrgoWqD9z8YUSkrlAP&litespeed_type=imgoptm HTTP/1.1" 200 0 "-" "WordPress/6.8.1; https://keyfinancehomeloan.com.au"
199.188.205.55 - - [06/May/2025:00:16:13 -0400] "POST /wp-admin/admin-ajax.php?action=async_litespeed&nonce=OPJcDIVU4T8zjNnRLVIJCl66qzG2GSHh&litespeed_type=imgoptm HTTP/1.1" 200 0 "-" "WordPress/6.8.1; https://keyfinancehomeloan.com.au"
52.167.144.187 - - [06/May/2025:00:16:18 -0400] "GET /shopdetail/171534394 HTTP/1.1" 404 18118 "-" "Mozilla/5.0 AppleWebKit/537.36 (KHTML, like Gecko; compatible; bingbot/2.0; +http://www.bing.com/bingbot.htm) Chrome/116.0.1938.76 Safari/537.36"
199.188.205.55 - - [06/May/2025:00:21:52 -0400] "POST /wp-cron.php?doing_wp_cron=1746505311.8557469844818115234375 HTTP/1.1" 200 0 "-" "WordPress/6.8.1; https://keyfinancehomeloan.com.au"
207.46.13.127 - - [06/May/2025:00:21:36 -0400] "GET /shopdetail/175348194 HTTP/1.1" 404 18116 "-" "Mozilla/5.0 AppleWebKit/537.36 (KHTML, like Gecko; compatible; bingbot/2.0; +http://www.bing.com/bingbot.htm) Chrome/116.0.1938.76 Safari/537.36"
199.188.205.55 - - [06/May/2025:00:21:54 -0400] "POST /wp-admin/admin-ajax.php?action=async_litespeed&nonce=EwtavIkLROg1tNCYzF3IaPGEt0YKUWgt&litespeed_type=imgoptm HTTP/1.1" 200 0 "-" "WordPress/6.8.1; https://keyfinancehomeloan.com.au"
52.167.144.196 - - [06/May/2025:00:29:49 -0400] "GET /shopdetail/34572094 HTTP/1.1" 404 18073 "-" "Mozilla/5.0 AppleWebKit/537.36 (KHTML, like Gecko; compatible; bingbot/2.0; +http://www.bing.com/bingbot.htm) Chrome/116.0.1938.76 Safari/537.36"
199.188.205.55 - - [06/May/2025:00:30:09 -0400] "POST /wp-admin/admin-ajax.php?action=async_litespeed&nonce=2fjxuUoa6m2rmDwUgXHMutDM0axEBeWy&litespeed_type=imgoptm HTTP/1.1" 200 0 "-" "WordPress/6.8.1; https://keyfinancehomeloan.com.au"
199.188.205.55 - - [06/May/2025:00:38:55 -0400] "POST /wp-cron.php?doing_wp_cron=1746506335.6004800796508789062500 HTTP/1.1" 200 0 "-" "WordPress/6.8.1; https://keyfinancehomeloan.com.au"
52.167.144.223 - - [06/May/2025:00:38:40 -0400] "GET /shopdetail/156026594 HTTP/1.1" 404 18116 "-" "Mozilla/5.0 AppleWebKit/537.36 (KHTML, like Gecko; compatible; bingbot/2.0; +http://www.bing.com/bingbot.htm) Chrome/116.0.1938.76 Safari/537.36"
199.188.205.55 - - [06/May/2025:00:38:58 -0400] "POST /wp-admin/admin-ajax.php?action=async_litespeed&nonce=ZfemDD3N9xmAj24hpYuQAKk5v4AZFdse&litespeed_type=imgoptm HTTP/1.1" 200 0 "-" "WordPress/6.8.1; https://keyfinancehomeloan.com.au"
199.188.205.55 - - [06/May/2025:00:40:16 -0400] "POST /wp-admin/admin-ajax.php?action=async_litespeed&nonce=dpz9XJswK83tlSDYAGzSMUE7JPbnOhyt&litespeed_type=imgoptm HTTP/1.1" 200 0 "-" "WordPress/6.8.1; https://keyfinancehomeloan.com.au"
199.188.205.55 - - [06/May/2025:00:43:29 -0400] "POST /wp-cron.php?doing_wp_cron=1746506608.9848129749298095703125 HTTP/1.1" 200 0 "-" "WordPress/6.8.1; https://keyfinancehomeloan.com.au"
207.46.13.111 - - [06/May/2025:00:43:14 -0400] "GET /shopdetail/32562194 HTTP/1.1" 404 18071 "-" "Mozilla/5.0 AppleWebKit/537.36 (KHTML, like Gecko; compatible; bingbot/2.0; +http://www.bing.com/bingbot.htm) Chrome/116.0.1938.76 Safari/537.36"
199.188.205.55 - - [06/May/2025:00:43:31 -0400] "POST /wp-admin/admin-ajax.php?action=async_litespeed&nonce=lWSoLSZPKdgiU9PzMQWyiDOtQjjR4dWX&litespeed_type=imgoptm HTTP/1.1" 200 0 "-" "WordPress/6.8.1; https://keyfinancehomeloan.com.au"
199.188.205.55 - - [06/May/2025:00:50:42 -0400] "POST /wp-cron.php?doing_wp_cron=1746507042.0134959220886230468750 HTTP/1.1" 200 0 "-" "WordPress/6.8.1; https://keyfinancehomeloan.com.au"
52.167.144.142 - - [06/May/2025:00:50:29 -0400] "GET /shopdetail/169848994 HTTP/1.1" 404 18118 "-" "Mozilla/5.0 AppleWebKit/537.36 (KHTML, like Gecko; compatible; bingbot/2.0; +http://www.bing.com/bingbot.htm) Chrome/116.0.1938.76 Safari/537.36"
199.188.205.55 - - [06/May/2025:00:50:44 -0400] "POST /wp-admin/admin-ajax.php?action=async_litespeed&nonce=FBsrFew7BbdXZBYKTitewgYXIcx2DbIk&litespeed_type=imgoptm HTTP/1.1" 200 0 "-" "WordPress/6.8.1; https://keyfinancehomeloan.com.au"
199.188.205.55 - - [06/May/2025:00:54:31 -0400] "POST /wp-cron.php?doing_wp_cron=1746507271.5979681015014648437500 HTTP/1.1" 200 0 "-" "WordPress/6.8.1; https://keyfinancehomeloan.com.au"
168.151.120.0 - - [06/May/2025:00:54:22 -0400] "GET / HTTP/1.1" 200 24038 "-" "Mozilla/5.0 (iPhone; CPU iPhone OS 16_1_2 like Mac OS X) AppleWebKit/605.1.15 (KHTML, like Gecko) Version/16.1 Mobile/15E148 Safari/604.1"
168.151.120.0 - - [06/May/2025:00:54:33 -0400] "GET /wp-content/plugins/contact-form-7/includes/css/styles.css?ver=6.0.6 HTTP/1.1" 200 890 "https://keyfinancehomeloan.com.au/" "Mozilla/5.0 (iPhone; CPU iPhone OS 16_1_2 like Mac OS X) AppleWebKit/605.1.15 (KHTML, like Gecko) Version/16.1 Mobile/15E148 Safari/604.1"
168.151.120.0 - - [06/May/2025:00:54:33 -0400] "GET /wp-content/plugins/woocommerce/assets/css/woocommerce-layout.css?ver=9.8.3 HTTP/1.1" 200 3160 "https://keyfinancehomeloan.com.au/" "Mozilla/5.0 (iPhone; CPU iPhone OS 16_1_2 like Mac OS X) AppleWebKit/605.1.15 (KHTML, like Gecko) Version/16.1 Mobile/15E148 Safari/604.1"
168.151.120.0 - - [06/May/2025:00:54:33 -0400] "GET /wp-content/plugins/woocommerce/assets/css/woocommerce-smallscreen.css?ver=9.8.3 HTTP/1.1" 200 1165 "https://keyfinancehomeloan.com.au/" "Mozilla/5.0 (iPhone; CPU iPhone OS 16_1_2 like Mac OS X) AppleWebKit/605.1.15 (KHTML, like Gecko) Version/16.1 Mobile/15E148 Safari/604.1"
168.151.120.0 - - [06/May/2025:00:54:33 -0400] "GET /wp-content/plugins/simply-schedule-appointments/assets/css/upcoming-appointments.css?ver=1.6.8.22 HTTP/1.1" 200 727 "https://keyfinancehomeloan.com.au/" "Mozilla/5.0 (iPhone; CPU iPhone OS 16_1_2 like Mac OS X) AppleWebKit/605.1.15 (KHTML, like Gecko) Version/16.1 Mobile/15E148 Safari/604.1"
168.151.120.0 - - [06/May/2025:00:54:33 -0400] "GET /wp-content/plugins/simply-schedule-appointments/assets/css/ssa-styles.css?ver=1.6.8.22 HTTP/1.1" 200 189 "https://keyfinancehomeloan.com.au/" "Mozilla/5.0 (iPhone; CPU iPhone OS 16_1_2 like Mac OS X) AppleWebKit/605.1.15 (KHTML, like Gecko) Version/16.1 Mobile/15E148 Safari/604.1"
168.151.120.0 - - [06/May/2025:00:54:33 -0400] "GET /wp-content/plugins/woocommerce/assets/css/woocommerce.css?ver=9.8.3 HTTP/1.1" 200 10163 "https://keyfinancehomeloan.com.au/" "Mozilla/5.0 (iPhone; CPU iPhone OS 16_1_2 like Mac OS X) AppleWebKit/605.1.15 (KHTML, like Gecko) Version/16.1 Mobile/15E148 Safari/604.1"
168.151.120.0 - - [06/May/2025:00:54:33 -0400] "GET /wp-content/plugins/woocommerce/assets/css/brands.css?ver=9.8.3 HTTP/1.1" 200 579 "https://keyfinancehomeloan.com.au/" "Mozilla/5.0 (iPhone; CPU iPhone OS 16_1_2 like Mac OS X) AppleWebKit/605.1.15 (KHTML, like Gecko) Version/16.1 Mobile/15E148 Safari/604.1"
168.151.120.0 - - [06/May/2025:00:54:33 -0400] "GET /wp-content/plugins/yith-woocommerce-quick-view/assets/css/yith-quick-view.css?ver=2.4.0 HTTP/1.1" 200 1870 "https://keyfinancehomeloan.com.au/" "Mozilla/5.0 (iPhone; CPU iPhone OS 16_1_2 like Mac OS X) AppleWebKit/605.1.15 (KHTML, like Gecko) Version/16.1 Mobile/15E148 Safari/604.1"
168.151.120.0 - - [06/May/2025:00:54:34 -0400] "GET /wp-content/plugins/themedraft-core/elementor-widgets/assets/fonts/flaticon.css?ver=https://keyfinancehomeloan.com.au/wp-content/plugins/themedraft-core/elementor-widgets/assets/ HTTP/1.1" 200 2157 "https://keyfinancehomeloan.com.au/" "Mozilla/5.0 (iPhone; CPU iPhone OS 16_1_2 like Mac OS X) AppleWebKit/605.1.15 (KHTML, like Gecko) Version/16.1 Mobile/15E148 Safari/604.1"
199.188.205.55 - - [06/May/2025:00:54:33 -0400] "POST /wp-admin/admin-ajax.php?action=async_litespeed&nonce=tUygAM55wXfE7bgmvazRFTZH29z3rHCt&litespeed_type=imgoptm HTTP/1.1" 200 0 "-" "WordPress/6.8.1; https://keyfinancehomeloan.com.au"
168.151.120.0 - - [06/May/2025:00:54:34 -0400] "GET /wp-content/plugins/ti-woocommerce-wishlist/assets/css/webfont.min.css?ver=2.9.2 HTTP/1.1" 200 785 "https://keyfinancehomeloan.com.au/" "Mozilla/5.0 (iPhone; CPU iPhone OS 16_1_2 like Mac OS X) AppleWebKit/605.1.15 (KHTML, like Gecko) Version/16.1 Mobile/15E148 Safari/604.1"
168.151.120.0 - - [06/May/2025:00:54:34 -0400] "GET /wp-content/themes/keyfin/assets/css/bootstrap.min.css?ver=4.4.1 HTTP/1.1" 200 21341 "https://keyfinancehomeloan.com.au/" "Mozilla/5.0 (iPhone; CPU iPhone OS 16_1_2 like Mac OS X) AppleWebKit/605.1.15 (KHTML, like Gecko) Version/16.1 Mobile/15E148 Safari/604.1"
168.151.120.0 - - [06/May/2025:00:54:34 -0400] "GET /wp-content/themes/keyfin/assets/css/magnific-popup.css?ver=1.1.0 HTTP/1.1" 200 1780 "https://keyfinancehomeloan.com.au/" "Mozilla/5.0 (iPhone; CPU iPhone OS 16_1_2 like Mac OS X) AppleWebKit/605.1.15 (KHTML, like Gecko) Version/16.1 Mobile/15E148 Safari/604.1"
168.151.120.0 - - [06/May/2025:00:54:34 -0400] "GET /wp-content/themes/keyfin/assets/css/main.css?ver=1.1.3 HTTP/1.1" 200 14607 "https://keyfinancehomeloan.com.au/" "Mozilla/5.0 (iPhone; CPU iPhone OS 16_1_2 like Mac OS X) AppleWebKit/605.1.15 (KHTML, like Gecko) Version/16.1 Mobile/15E148 Safari/604.1"
168.151.120.0 - - [06/May/2025:00:54:34 -0400] "GET /wp-content/themes/keyfin/style.css?ver=1.1.3 HTTP/1.1" 200 234 "https://keyfinancehomeloan.com.au/" "Mozilla/5.0 (iPhone; CPU iPhone OS 16_1_2 like Mac OS X) AppleWebKit/605.1.15 (KHTML, like Gecko) Version/16.1 Mobile/15E148 Safari/604.1"
168.151.120.0 - - [06/May/2025:00:54:34 -0400] "GET /wp-content/themes/keyfin/assets/css/woocommerce.css?ver=1.0.0 HTTP/1.1" 200 7141 "https://keyfinancehomeloan.com.au/" "Mozilla/5.0 (iPhone; CPU iPhone OS 16_1_2 like Mac OS X) AppleWebKit/605.1.15 (KHTML, like Gecko) Version/16.1 Mobile/15E148 Safari/604.1"
168.151.120.0 - - [06/May/2025:00:54:34 -0400] "GET /wp-content/themes/keyfin/assets/css/fontawesome.min.css?ver=5.13.0 HTTP/1.1" 200 12163 "https://keyfinancehomeloan.com.au/" "Mozilla/5.0 (iPhone; CPU iPhone OS 16_1_2 like Mac OS X) AppleWebKit/605.1.15 (KHTML, like Gecko) Version/16.1 Mobile/15E148 Safari/604.1"
168.151.120.0 - - [06/May/2025:00:54:34 -0400] "GET /wp-content/themes/keyfin/assets/css/inline-style.css?ver=1.1.3 HTTP/1.1" 200 0 "https://keyfinancehomeloan.com.au/" "Mozilla/5.0 (iPhone; CPU iPhone OS 16_1_2 like Mac OS X) AppleWebKit/605.1.15 (KHTML, like Gecko) Version/16.1 Mobile/15E148 Safari/604.1"
168.151.120.0 - - [06/May/2025:00:54:34 -0400] "GET /wp-content/themes/keyfin/assets/css/slick-slider.css?ver=1.0.0 HTTP/1.1" 200 483 "https://keyfinancehomeloan.com.au/" "Mozilla/5.0 (iPhone; CPU iPhone OS 16_1_2 like Mac OS X) AppleWebKit/605.1.15 (KHTML, like Gecko) Version/16.1 Mobile/15E148 Safari/604.1"
168.151.120.0 - - [06/May/2025:00:54:34 -0400] "GET /wp-content/themes/keyfin/assets/css/slicknav.min.css?ver=1.0.10 HTTP/1.1" 200 688 "https://keyfinancehomeloan.com.au/" "Mozilla/5.0 (iPhone; CPU iPhone OS 16_1_2 like Mac OS X) AppleWebKit/605.1.15 (KHTML, like Gecko) Version/16.1 Mobile/15E148 Safari/604.1"
168.151.120.0 - - [06/May/2025:00:54:34 -0400] "GET /wp-content/themes/keyfin/assets/css/custom-el-widget.css?ver=1.1.3 HTTP/1.1" 200 5451 "https://keyfinancehomeloan.com.au/" "Mozilla/5.0 (iPhone; CPU iPhone OS 16_1_2 like Mac OS X) AppleWebKit/605.1.15 (KHTML, like Gecko) Version/16.1 Mobile/15E148 Safari/604.1"
168.151.120.0 - - [06/May/2025:00:54:34 -0400] "GET /wp-content/plugins/chaty/css/chaty-front.min.css?ver=3.3.91721214134 HTTP/1.1" 200 6388 "https://keyfinancehomeloan.com.au/" "Mozilla/5.0 (iPhone; CPU iPhone OS 16_1_2 like Mac OS X) AppleWebKit/605.1.15 (KHTML, like Gecko) Version/16.1 Mobile/15E148 Safari/604.1"
168.151.120.0 - - [06/May/2025:00:54:34 -0400] "GET /wp-content/plugins/elementor/assets/css/frontend.min.css?ver=3.28.4 HTTP/1.1" 200 6453 "https://keyfinancehomeloan.com.au/" "Mozilla/5.0 (iPhone; CPU iPhone OS 16_1_2 like Mac OS X) AppleWebKit/605.1.15 (KHTML, like Gecko) Version/16.1 Mobile/15E148 Safari/604.1"
168.151.120.0 - - [06/May/2025:00:54:34 -0400] "GET /wp-content/themes/keyfin/assets/css/uikit.min.css?ver=3.1.9 HTTP/1.1" 200 25852 "https://keyfinancehomeloan.com.au/" "Mozilla/5.0 (iPhone; CPU iPhone OS 16_1_2 like Mac OS X) AppleWebKit/605.1.15 (KHTML, like Gecko) Version/16.1 Mobile/15E148 Safari/604.1"
168.151.120.0 - - [06/May/2025:00:54:34 -0400] "GET /wp-content/uploads/elementor/css/post-29.css?ver=1721126624 HTTP/1.1" 200 313 "https://keyfinancehomeloan.com.au/" "Mozilla/5.0 (iPhone; CPU iPhone OS 16_1_2 like Mac OS X) AppleWebKit/605.1.15 (KHTML, like Gecko) Version/16.1 Mobile/15E148 Safari/604.1"
168.151.120.0 - - [06/May/2025:00:54:34 -0400] "GET /wp-content/uploads/elementor/css/post-96.css?ver=1724147828 HTTP/1.1" 200 1034 "https://keyfinancehomeloan.com.au/" "Mozilla/5.0 (iPhone; CPU iPhone OS 16_1_2 like Mac OS X) AppleWebKit/605.1.15 (KHTML, like Gecko) Version/16.1 Mobile/15E148 Safari/604.1"
168.151.120.0 - - [06/May/2025:00:54:34 -0400] "GET /wp-content/plugins/ti-woocommerce-wishlist/assets/css/public.min.css?ver=2.9.2 HTTP/1.1" 200 5295 "https://keyfinancehomeloan.com.au/" "Mozilla/5.0 (iPhone; CPU iPhone OS 16_1_2 like Mac OS X) AppleWebKit/605.1.15 (KHTML, like Gecko) Version/16.1 Mobile/15E148 Safari/604.1"
168.151.120.0 - - [06/May/2025:00:54:34 -0400] "GET /wp-content/plugins/themedraft-core/elementor-widgets/assets/fonts/flaticon.css?ver=1.0.0 HTTP/1.1" 200 2157 "https://keyfinancehomeloan.com.au/" "Mozilla/5.0 (iPhone; CPU iPhone OS 16_1_2 like Mac OS X) AppleWebKit/605.1.15 (KHTML, like Gecko) Version/16.1 Mobile/15E148 Safari/604.1"
168.151.120.0 - - [06/May/2025:00:54:34 -0400] "GET /wp-content/uploads/elementor/google-fonts/css/roboto.css?ver=1742282740 HTTP/1.1" 200 1881 "https://keyfinancehomeloan.com.au/" "Mozilla/5.0 (iPhone; CPU iPhone OS 16_1_2 like Mac OS X) AppleWebKit/605.1.15 (KHTML, like Gecko) Version/16.1 Mobile/15E148 Safari/604.1"
168.151.120.0 - - [06/May/2025:00:54:34 -0400] "GET /wp-content/uploads/elementor/google-fonts/css/robotoslab.css?ver=1742282746 HTTP/1.1" 200 718 "https://keyfinancehomeloan.com.au/" "Mozilla/5.0 (iPhone; CPU iPhone OS 16_1_2 like Mac OS X) AppleWebKit/605.1.15 (KHTML, like Gecko) Version/16.1 Mobile/15E148 Safari/604.1"
168.151.120.0 - - [06/May/2025:00:54:34 -0400] "GET /wp-content/plugins/ti-woocommerce-wishlist/assets/fonts/tinvwl-webfont.woff2?ver=xu2uyi HTTP/1.1" 200 4404 "https://keyfinancehomeloan.com.au/" "Mozilla/5.0 (iPhone; CPU iPhone OS 16_1_2 like Mac OS X) AppleWebKit/605.1.15 (KHTML, like Gecko) Version/16.1 Mobile/15E148 Safari/604.1"
168.151.120.0 - - [06/May/2025:00:54:34 -0400] "GET /wp-includes/js/jquery/jquery.min.js?ver=3.7.1 HTTP/1.1" 200 29744 "https://keyfinancehomeloan.com.au/" "Mozilla/5.0 (iPhone; CPU iPhone OS 16_1_2 like Mac OS X) AppleWebKit/605.1.15 (KHTML, like Gecko) Version/16.1 Mobile/15E148 Safari/604.1"
168.151.120.0 - - [06/May/2025:00:54:34 -0400] "GET /wp-content/plugins/woocommerce/assets/js/jquery-blockui/jquery.blockUI.min.js?ver=2.7.0-wc.9.8.3 HTTP/1.1" 200 3277 "https://keyfinancehomeloan.com.au/" "Mozilla/5.0 (iPhone; CPU iPhone OS 16_1_2 like Mac OS X) AppleWebKit/605.1.15 (KHTML, like Gecko) Version/16.1 Mobile/15E148 Safari/604.1"
168.151.120.0 - - [06/May/2025:00:54:34 -0400] "GET /wp-content/plugins/woocommerce/assets/js/js-cookie/js.cookie.min.js?ver=2.1.4-wc.9.8.3 HTTP/1.1" 200 760 "https://keyfinancehomeloan.com.au/" "Mozilla/5.0 (iPhone; CPU iPhone OS 16_1_2 like Mac OS X) AppleWebKit/605.1.15 (KHTML, like Gecko) Version/16.1 Mobile/15E148 Safari/604.1"
168.151.120.0 - - [06/May/2025:00:54:34 -0400] "GET /wp-includes/js/jquery/jquery-migrate.min.js?ver=3.4.1 HTTP/1.1" 200 4678 "https://keyfinancehomeloan.com.au/" "Mozilla/5.0 (iPhone; CPU iPhone OS 16_1_2 like Mac OS X) AppleWebKit/605.1.15 (KHTML, like Gecko) Version/16.1 Mobile/15E148 Safari/604.1"
168.151.120.0 - - [06/May/2025:00:54:34 -0400] "GET /wp-content/uploads/2024/07/KFHL-removebg-preview.png HTTP/1.1" 200 87443 "https://keyfinancehomeloan.com.au/" "Mozilla/5.0 (iPhone; CPU iPhone OS 16_1_2 like Mac OS X) AppleWebKit/605.1.15 (KHTML, like Gecko) Version/16.1 Mobile/15E148 Safari/604.1"
168.151.120.0 - - [06/May/2025:00:54:34 -0400] "GET /wp-content/plugins/woocommerce/assets/client/blocks/wc-blocks.css?ver=wc-9.8.3 HTTP/1.1" 200 2282 "https://keyfinancehomeloan.com.au/" "Mozilla/5.0 (iPhone; CPU iPhone OS 16_1_2 like Mac OS X) AppleWebKit/605.1.15 (KHTML, like Gecko) Version/16.1 Mobile/15E148 Safari/604.1"
168.151.120.0 - - [06/May/2025:00:54:34 -0400] "GET /wp-content/plugins/elementor/assets/css/widget-image.min.css?ver=3.28.4 HTTP/1.1" 200 254 "https://keyfinancehomeloan.com.au/" "Mozilla/5.0 (iPhone; CPU iPhone OS 16_1_2 like Mac OS X) AppleWebKit/605.1.15 (KHTML, like Gecko) Version/16.1 Mobile/15E148 Safari/604.1"
168.151.120.0 - - [06/May/2025:00:54:34 -0400] "GET /wp-content/plugins/woocommerce/assets/css/photoswipe/photoswipe.min.css?ver=9.8.3 HTTP/1.1" 200 857 "https://keyfinancehomeloan.com.au/" "Mozilla/5.0 (iPhone; CPU iPhone OS 16_1_2 like Mac OS X) AppleWebKit/605.1.15 (KHTML, like Gecko) Version/16.1 Mobile/15E148 Safari/604.1"
168.151.120.0 - - [06/May/2025:00:54:34 -0400] "GET /wp-content/plugins/woocommerce/assets/css/photoswipe/default-skin/default-skin.min.css?ver=9.8.3 HTTP/1.1" 200 1759 "https://keyfinancehomeloan.com.au/" "Mozilla/5.0 (iPhone; CPU iPhone OS 16_1_2 like Mac OS X) AppleWebKit/605.1.15 (KHTML, like Gecko) Version/16.1 Mobile/15E148 Safari/604.1"
168.151.120.0 - - [06/May/2025:00:54:34 -0400] "GET /wp-includes/js/dist/hooks.min.js?ver=4d63a3d491d11ffd8ac6 HTTP/1.1" 200 1571 "https://keyfinancehomeloan.com.au/" "Mozilla/5.0 (iPhone; CPU iPhone OS 16_1_2 like Mac OS X) AppleWebKit/605.1.15 (KHTML, like Gecko) Version/16.1 Mobile/15E148 Safari/604.1"
168.151.120.0 - - [06/May/2025:00:54:34 -0400] "GET /wp-content/plugins/contact-form-7/includes/swv/js/index.js?ver=6.0.6 HTTP/1.1" 200 3369 "https://keyfinancehomeloan.com.au/" "Mozilla/5.0 (iPhone; CPU iPhone OS 16_1_2 like Mac OS X) AppleWebKit/605.1.15 (KHTML, like Gecko) Version/16.1 Mobile/15E148 Safari/604.1"
168.151.120.0 - - [06/May/2025:00:54:34 -0400] "GET /wp-content/plugins/yith-woocommerce-quick-view/assets/js/frontend.min.js?ver=2.4.0 HTTP/1.1" 200 814 "https://keyfinancehomeloan.com.au/" "Mozilla/5.0 (iPhone; CPU iPhone OS 16_1_2 like Mac OS X) AppleWebKit/605.1.15 (KHTML, like Gecko) Version/16.1 Mobile/15E148 Safari/604.1"
168.151.120.0 - - [06/May/2025:00:54:34 -0400] "GET /wp-content/plugins/contact-form-7/includes/js/index.js?ver=6.0.6 HTTP/1.1" 200 4008 "https://keyfinancehomeloan.com.au/" "Mozilla/5.0 (iPhone; CPU iPhone OS 16_1_2 like Mac OS X) AppleWebKit/605.1.15 (KHTML, like Gecko) Version/16.1 Mobile/15E148 Safari/604.1"
168.151.120.0 - - [06/May/2025:00:54:34 -0400] "GET /wp-content/plugins/mortgage-loan-calculator/widget-form.css?ver=6.8.1 HTTP/1.1" 200 782 "https://keyfinancehomeloan.com.au/" "Mozilla/5.0 (iPhone; CPU iPhone OS 16_1_2 like Mac OS X) AppleWebKit/605.1.15 (KHTML, like Gecko) Version/16.1 Mobile/15E148 Safari/604.1"
168.151.120.0 - - [06/May/2025:00:54:34 -0400] "GET /wp-includes/js/dist/i18n.min.js?ver=5e580eb46a90c2b997e6 HTTP/1.1" 200 3542 "https://keyfinancehomeloan.com.au/" "Mozilla/5.0 (iPhone; CPU iPhone OS 16_1_2 like Mac OS X) AppleWebKit/605.1.15 (KHTML, like Gecko) Version/16.1 Mobile/15E148 Safari/604.1"
168.151.120.0 - - [06/May/2025:00:54:34 -0400] "GET /wp-content/uploads/2024/07/Home-Loan-1.png HTTP/1.1" 200 387309 "https://keyfinancehomeloan.com.au/" "Mozilla/5.0 (iPhone; CPU iPhone OS 16_1_2 like Mac OS X) AppleWebKit/605.1.15 (KHTML, like Gecko) Version/16.1 Mobile/15E148 Safari/604.1"
168.151.120.0 - - [06/May/2025:00:54:34 -0400] "GET /wp-content/plugins/woocommerce/assets/js/frontend/cart-fragments.min.js?ver=9.8.3 HTTP/1.1" 200 943 "https://keyfinancehomeloan.com.au/" "Mozilla/5.0 (iPhone; CPU iPhone OS 16_1_2 like Mac OS X) AppleWebKit/605.1.15 (KHTML, like Gecko) Version/16.1 Mobile/15E148 Safari/604.1"
168.151.120.0 - - [06/May/2025:00:54:34 -0400] "GET /wp-content/plugins/ti-woocommerce-wishlist/assets/js/public.min.js?ver=2.9.2 HTTP/1.1" 200 5635 "https://keyfinancehomeloan.com.au/" "Mozilla/5.0 (iPhone; CPU iPhone OS 16_1_2 like Mac OS X) AppleWebKit/605.1.15 (KHTML, like Gecko) Version/16.1 Mobile/15E148 Safari/604.1"
168.151.120.0 - - [06/May/2025:00:54:34 -0400] "GET /wp-content/themes/keyfin/assets/js/popper.min.js?ver=1.12.9 HTTP/1.1" 200 6644 "https://keyfinancehomeloan.com.au/" "Mozilla/5.0 (iPhone; CPU iPhone OS 16_1_2 like Mac OS X) AppleWebKit/605.1.15 (KHTML, like Gecko) Version/16.1 Mobile/15E148 Safari/604.1"
168.151.120.0 - - [06/May/2025:00:54:34 -0400] "GET /wp-content/themes/keyfin/assets/js/magnific-popup.min.js?ver=1.1.0 HTTP/1.1" 200 7048 "https://keyfinancehomeloan.com.au/" "Mozilla/5.0 (iPhone; CPU iPhone OS 16_1_2 like Mac OS X) AppleWebKit/605.1.15 (KHTML, like Gecko) Version/16.1 Mobile/15E148 Safari/604.1"
168.151.120.0 - - [06/May/2025:00:54:34 -0400] "GET /wp-content/themes/keyfin/assets/js/wow.min.js?ver=1.3.0 HTTP/1.1" 200 2634 "https://keyfinancehomeloan.com.au/" "Mozilla/5.0 (iPhone; CPU iPhone OS 16_1_2 like Mac OS X) AppleWebKit/605.1.15 (KHTML, like Gecko) Version/16.1 Mobile/15E148 Safari/604.1"
168.151.120.0 - - [06/May/2025:00:54:34 -0400] "GET /wp-includes/js/imagesloaded.min.js?ver=5.0.0 HTTP/1.1" 200 1687 "https://keyfinancehomeloan.com.au/" "Mozilla/5.0 (iPhone; CPU iPhone OS 16_1_2 like Mac OS X) AppleWebKit/605.1.15 (KHTML, like Gecko) Version/16.1 Mobile/15E148 Safari/604.1"
168.151.120.0 - - [06/May/2025:00:54:34 -0400] "GET /wp-content/themes/keyfin/assets/js/main.js?ver=1.1.3 HTTP/1.1" 200 1361 "https://keyfinancehomeloan.com.au/" "Mozilla/5.0 (iPhone; CPU iPhone OS 16_1_2 like Mac OS X) AppleWebKit/605.1.15 (KHTML, like Gecko) Version/16.1 Mobile/15E148 Safari/604.1"
168.151.120.0 - - [06/May/2025:00:54:34 -0400] "GET /wp-content/themes/keyfin/assets/js/uikit.min.js?ver=3.1.9 HTTP/1.1" 200 41088 "https://keyfinancehomeloan.com.au/" "Mozilla/5.0 (iPhone; CPU iPhone OS 16_1_2 like Mac OS X) AppleWebKit/605.1.15 (KHTML, like Gecko) Version/16.1 Mobile/15E148 Safari/604.1"
168.151.120.0 - - [06/May/2025:00:54:34 -0400] "GET /wp-content/themes/keyfin/assets/js/slicknav.min.js?ver=1.0.10 HTTP/1.1" 200 1920 "https://keyfinancehomeloan.com.au/" "Mozilla/5.0 (iPhone; CPU iPhone OS 16_1_2 like Mac OS X) AppleWebKit/605.1.15 (KHTML, like Gecko) Version/16.1 Mobile/15E148 Safari/604.1"
168.151.120.0 - - [06/May/2025:00:54:34 -0400] "GET /wp-content/plugins/chaty/admin/assets/js/picmo-umd.min.js?ver=3.3.9 HTTP/1.1" 200 24516 "https://keyfinancehomeloan.com.au/" "Mozilla/5.0 (iPhone; CPU iPhone OS 16_1_2 like Mac OS X) AppleWebKit/605.1.15 (KHTML, like Gecko) Version/16.1 Mobile/15E148 Safari/604.1"
168.151.120.0 - - [06/May/2025:00:54:34 -0400] "GET /wp-content/themes/keyfin/assets/js/isotope.min.js?ver=3.0.4 HTTP/1.1" 200 9596 "https://keyfinancehomeloan.com.au/" "Mozilla/5.0 (iPhone; CPU iPhone OS 16_1_2 like Mac OS X) AppleWebKit/605.1.15 (KHTML, like Gecko) Version/16.1 Mobile/15E148 Safari/604.1"
168.151.120.0 - - [06/May/2025:00:54:34 -0400] "GET /wp-content/plugins/woocommerce/assets/js/sourcebuster/sourcebuster.min.js?ver=9.8.3 HTTP/1.1" 200 4609 "https://keyfinancehomeloan.com.au/" "Mozilla/5.0 (iPhone; CPU iPhone OS 16_1_2 like Mac OS X) AppleWebKit/605.1.15 (KHTML, like Gecko) Version/16.1 Mobile/15E148 Safari/604.1"
168.151.120.0 - - [06/May/2025:00:54:34 -0400] "GET /wp-content/plugins/woocommerce/assets/js/frontend/order-attribution.min.js?ver=9.8.3 HTTP/1.1" 200 1006 "https://keyfinancehomeloan.com.au/" "Mozilla/5.0 (iPhone; CPU iPhone OS 16_1_2 like Mac OS X) AppleWebKit/605.1.15 (KHTML, like Gecko) Version/16.1 Mobile/15E148 Safari/604.1"
168.151.120.0 - - [06/May/2025:00:54:34 -0400] "GET /wp-content/plugins/themedraft-core/elementor-widgets/assets/js/counterup.js?ver=1.0 HTTP/1.1" 200 2763 "https://keyfinancehomeloan.com.au/" "Mozilla/5.0 (iPhone; CPU iPhone OS 16_1_2 like Mac OS X) AppleWebKit/605.1.15 (KHTML, like Gecko) Version/16.1 Mobile/15E148 Safari/604.1"
168.151.120.0 - - [06/May/2025:00:54:34 -0400] "GET /wp-content/plugins/mortgage-loan-calculator/en/widget-nj.js?ver=6.8.1 HTTP/1.1" 200 2022 "https://keyfinancehomeloan.com.au/" "Mozilla/5.0 (iPhone; CPU iPhone OS 16_1_2 like Mac OS X) AppleWebKit/605.1.15 (KHTML, like Gecko) Version/16.1 Mobile/15E148 Safari/604.1"
168.151.120.0 - - [06/May/2025:00:54:34 -0400] "GET /wp-content/themes/keyfin/assets/js/slick-slider.min.js?ver=1.0.0 HTTP/1.1" 200 10097 "https://keyfinancehomeloan.com.au/" "Mozilla/5.0 (iPhone; CPU iPhone OS 16_1_2 like Mac OS X) AppleWebKit/605.1.15 (KHTML, like Gecko) Version/16.1 Mobile/15E148 Safari/604.1"
168.151.120.0 - - [06/May/2025:00:54:34 -0400] "GET /wp-includes/js/wp-util.min.js?ver=6.8.1 HTTP/1.1" 200 690 "https://keyfinancehomeloan.com.au/" "Mozilla/5.0 (iPhone; CPU iPhone OS 16_1_2 like Mac OS X) AppleWebKit/605.1.15 (KHTML, like Gecko) Version/16.1 Mobile/15E148 Safari/604.1"
168.151.120.0 - - [06/May/2025:00:54:34 -0400] "GET /wp-includes/js/underscore.min.js?ver=1.13.7 HTTP/1.1" 200 7185 "https://keyfinancehomeloan.com.au/" "Mozilla/5.0 (iPhone; CPU iPhone OS 16_1_2 like Mac OS X) AppleWebKit/605.1.15 (KHTML, like Gecko) Version/16.1 Mobile/15E148 Safari/604.1"
168.151.120.0 - - [06/May/2025:00:54:34 -0400] "GET /wp-content/plugins/chaty/admin/assets/js/picmo-latest-umd.min.js?ver=3.3.9 HTTP/1.1" 200 7150 "https://keyfinancehomeloan.com.au/" "Mozilla/5.0 (iPhone; CPU iPhone OS 16_1_2 like Mac OS X) AppleWebKit/605.1.15 (KHTML, like Gecko) Version/16.1 Mobile/15E148 Safari/604.1"
168.151.120.0 - - [06/May/2025:00:54:34 -0400] "GET /wp-content/themes/keyfin/assets/js/bootstrap.min.js?ver=4.4.1 HTTP/1.1" 200 15247 "https://keyfinancehomeloan.com.au/" "Mozilla/5.0 (iPhone; CPU iPhone OS 16_1_2 like Mac OS X) AppleWebKit/605.1.15 (KHTML, like Gecko) Version/16.1 Mobile/15E148 Safari/604.1"
168.151.120.0 - - [06/May/2025:00:54:34 -0400] "GET /wp-content/plugins/elementor/assets/js/webpack.runtime.min.js?ver=3.28.4 HTTP/1.1" 200 2228 "https://keyfinancehomeloan.com.au/" "Mozilla/5.0 (iPhone; CPU iPhone OS 16_1_2 like Mac OS X) AppleWebKit/605.1.15 (KHTML, like Gecko) Version/16.1 Mobile/15E148 Safari/604.1"
168.151.120.0 - - [06/May/2025:00:54:34 -0400] "GET /wp-content/plugins/elementor/assets/js/frontend-modules.min.js?ver=3.28.4 HTTP/1.1" 200 14421 "https://keyfinancehomeloan.com.au/" "Mozilla/5.0 (iPhone; CPU iPhone OS 16_1_2 like Mac OS X) AppleWebKit/605.1.15 (KHTML, like Gecko) Version/16.1 Mobile/15E148 Safari/604.1"
168.151.120.0 - - [06/May/2025:00:54:34 -0400] "GET /wp-includes/js/jquery/ui/core.min.js?ver=1.13.3 HTTP/1.1" 200 6812 "https://keyfinancehomeloan.com.au/" "Mozilla/5.0 (iPhone; CPU iPhone OS 16_1_2 like Mac OS X) AppleWebKit/605.1.15 (KHTML, like Gecko) Version/16.1 Mobile/15E148 Safari/604.1"
168.151.120.0 - - [06/May/2025:00:54:34 -0400] "GET /wp-content/plugins/elementor/assets/js/frontend.min.js?ver=3.28.4 HTTP/1.1" 200 13099 "https://keyfinancehomeloan.com.au/" "Mozilla/5.0 (iPhone; CPU iPhone OS 16_1_2 like Mac OS X) AppleWebKit/605.1.15 (KHTML, like Gecko) Version/16.1 Mobile/15E148 Safari/604.1"
168.151.120.0 - - [06/May/2025:00:54:34 -0400] "GET /wp-content/uploads/2024/07/First-Home-Buyer.jpeg HTTP/1.1" 200 69257 "https://keyfinancehomeloan.com.au/" "Mozilla/5.0 (iPhone; CPU iPhone OS 16_1_2 like Mac OS X) AppleWebKit/605.1.15 (KHTML, like Gecko) Version/16.1 Mobile/15E148 Safari/604.1"
168.151.120.0 - - [06/May/2025:00:54:34 -0400] "GET /wp-content/plugins/woocommerce/assets/js/frontend/woocommerce.min.js?ver=9.8.3 HTTP/1.1" 200 1241 "https://keyfinancehomeloan.com.au/" "Mozilla/5.0 (iPhone; CPU iPhone OS 16_1_2 like Mac OS X) AppleWebKit/605.1.15 (KHTML, like Gecko) Version/16.1 Mobile/15E148 Safari/604.1"
168.151.120.0 - - [06/May/2025:00:54:34 -0400] "GET /wp-content/plugins/woocommerce/assets/js/frontend/add-to-cart.min.js?ver=9.8.3 HTTP/1.1" 200 1225 "https://keyfinancehomeloan.com.au/" "Mozilla/5.0 (iPhone; CPU iPhone OS 16_1_2 like Mac OS X) AppleWebKit/605.1.15 (KHTML, like Gecko) Version/16.1 Mobile/15E148 Safari/604.1"
168.151.120.0 - - [06/May/2025:00:54:34 -0400] "GET /wp-content/uploads/2024/07/Car-Loan.jpeg HTTP/1.1" 200 160458 "https://keyfinancehomeloan.com.au/" "Mozilla/5.0 (iPhone; CPU iPhone OS 16_1_2 like Mac OS X) AppleWebKit/605.1.15 (KHTML, like Gecko) Version/16.1 Mobile/15E148 Safari/604.1"
168.151.120.0 - - [06/May/2025:00:54:34 -0400] "GET /wp-content/uploads/2024/07/First-Home-Buyer-1.jpeg HTTP/1.1" 200 240578 "https://keyfinancehomeloan.com.au/" "Mozilla/5.0 (iPhone; CPU iPhone OS 16_1_2 like Mac OS X) AppleWebKit/605.1.15 (KHTML, like Gecko) Version/16.1 Mobile/15E148 Safari/604.1"
168.151.120.0 - - [06/May/2025:00:54:34 -0400] "GET /wp-content/uploads/2024/07/Business-Loan-1.jpeg HTTP/1.1" 200 35413 "https://keyfinancehomeloan.com.au/" "Mozilla/5.0 (iPhone; CPU iPhone OS 16_1_2 like Mac OS X) AppleWebKit/605.1.15 (KHTML, like Gecko) Version/16.1 Mobile/15E148 Safari/604.1"
168.151.120.0 - - [06/May/2025:00:54:34 -0400] "GET /wp-content/plugins/mortgage-loan-calculator/en/images/top-panel-loan.png HTTP/1.1" 200 4670 "https://keyfinancehomeloan.com.au/" "Mozilla/5.0 (iPhone; CPU iPhone OS 16_1_2 like Mac OS X) AppleWebKit/605.1.15 (KHTML, like Gecko) Version/16.1 Mobile/15E148 Safari/604.1"
168.151.120.0 - - [06/May/2025:00:54:34 -0400] "GET /wp-content/uploads/2024/07/Business-loan-3.jpeg HTTP/1.1" 200 71187 "https://keyfinancehomeloan.com.au/" "Mozilla/5.0 (iPhone; CPU iPhone OS 16_1_2 like Mac OS X) AppleWebKit/605.1.15 (KHTML, like Gecko) Version/16.1 Mobile/15E148 Safari/604.1"
168.151.120.0 - - [06/May/2025:00:54:34 -0400] "GET /wp-content/uploads/2024/07/Business-Loan.jpeg HTTP/1.1" 200 74513 "https://keyfinancehomeloan.com.au/" "Mozilla/5.0 (iPhone; CPU iPhone OS 16_1_2 like Mac OS X) AppleWebKit/605.1.15 (KHTML, like Gecko) Version/16.1 Mobile/15E148 Safari/604.1"
168.151.120.0 - - [06/May/2025:00:54:34 -0400] "GET /wp-content/plugins/mortgage-loan-calculator/en/images/top-panel-loan-only.png HTTP/1.1" 200 2445 "https://keyfinancehomeloan.com.au/" "Mozilla/5.0 (iPhone; CPU iPhone OS 16_1_2 like Mac OS X) AppleWebKit/605.1.15 (KHTML, like Gecko) Version/16.1 Mobile/15E148 Safari/604.1"
168.151.120.0 - - [06/May/2025:00:54:34 -0400] "GET /wp-content/plugins/mortgage-loan-calculator/en/images/top-panel-mortgage-only.png HTTP/1.1" 200 3616 "https://keyfinancehomeloan.com.au/" "Mozilla/5.0 (iPhone; CPU iPhone OS 16_1_2 like Mac OS X) AppleWebKit/605.1.15 (KHTML, like Gecko) Version/16.1 Mobile/15E148 Safari/604.1"
168.151.120.0 - - [06/May/2025:00:54:34 -0400] "GET /wp-content/plugins/mortgage-loan-calculator/images/bottom.png HTTP/1.1" 200 693 "https://keyfinancehomeloan.com.au/" "Mozilla/5.0 (iPhone; CPU iPhone OS 16_1_2 like Mac OS X) AppleWebKit/605.1.15 (KHTML, like Gecko) Version/16.1 Mobile/15E148 Safari/604.1"
168.151.120.0 - - [06/May/2025:00:54:34 -0400] "GET /wp-content/plugins/mortgage-loan-calculator/en/images/top-panel-mortgage.png HTTP/1.1" 200 4605 "https://keyfinancehomeloan.com.au/" "Mozilla/5.0 (iPhone; CPU iPhone OS 16_1_2 like Mac OS X) AppleWebKit/605.1.15 (KHTML, like Gecko) Version/16.1 Mobile/15E148 Safari/604.1"
168.151.120.0 - - [06/May/2025:00:54:34 -0400] "GET /wp-content/plugins/chaty/js/cht-front-script.min.js?ver=3.3.91721214134 HTTP/1.1" 200 22150 "https://keyfinancehomeloan.com.au/" "Mozilla/5.0 (iPhone; CPU iPhone OS 16_1_2 like Mac OS X) AppleWebKit/605.1.15 (KHTML, like Gecko) Version/16.1 Mobile/15E148 Safari/604.1"
168.151.120.0 - - [06/May/2025:00:54:34 -0400] "GET /wp-content/plugins/mailchimp-for-wp/assets/js/forms.js?ver=4.10.3 HTTP/1.1" 200 2439 "https://keyfinancehomeloan.com.au/" "Mozilla/5.0 (iPhone; CPU iPhone OS 16_1_2 like Mac OS X) AppleWebKit/605.1.15 (KHTML, like Gecko) Version/16.1 Mobile/15E148 Safari/604.1"
168.151.120.0 - - [06/May/2025:00:54:34 -0400] "GET /wp-content/plugins/woocommerce/assets/js/zoom/jquery.zoom.min.js?ver=1.7.21-wc.9.8.3 HTTP/1.1" 200 1052 "https://keyfinancehomeloan.com.au/" "Mozilla/5.0 (iPhone; CPU iPhone OS 16_1_2 like Mac OS X) AppleWebKit/605.1.15 (KHTML, like Gecko) Version/16.1 Mobile/15E148 Safari/604.1"
168.151.120.0 - - [06/May/2025:00:54:34 -0400] "GET /wp-content/plugins/woocommerce/assets/js/photoswipe/photoswipe.min.js?ver=4.1.1-wc.9.8.3 HTTP/1.1" 200 11652 "https://keyfinancehomeloan.com.au/" "Mozilla/5.0 (iPhone; CPU iPhone OS 16_1_2 like Mac OS X) AppleWebKit/605.1.15 (KHTML, like Gecko) Version/16.1 Mobile/15E148 Safari/604.1"
168.151.120.0 - - [06/May/2025:00:54:34 -0400] "GET /wp-content/plugins/woocommerce/assets/js/photoswipe/photoswipe-ui-default.min.js?ver=4.1.1-wc.9.8.3 HTTP/1.1" 200 3478 "https://keyfinancehomeloan.com.au/" "Mozilla/5.0 (iPhone; CPU iPhone OS 16_1_2 like Mac OS X) AppleWebKit/605.1.15 (KHTML, like Gecko) Version/16.1 Mobile/15E148 Safari/604.1"
168.151.120.0 - - [06/May/2025:00:54:34 -0400] "GET /wp-content/plugins/mortgage-loan-calculator/images/ajax-loader.gif HTTP/1.1" 200 1761 "https://keyfinancehomeloan.com.au/" "Mozilla/5.0 (iPhone; CPU iPhone OS 16_1_2 like Mac OS X) AppleWebKit/605.1.15 (KHTML, like Gecko) Version/16.1 Mobile/15E148 Safari/604.1"
168.151.120.0 - - [06/May/2025:00:54:34 -0400] "GET /wp-content/themes/keyfin/assets/images/footer-image.png HTTP/1.1" 200 118180 "https://keyfinancehomeloan.com.au/wp-content/themes/keyfin/assets/css/main.css?ver=1.1.3" "Mozilla/5.0 (iPhone; CPU iPhone OS 16_1_2 like Mac OS X) AppleWebKit/605.1.15 (KHTML, like Gecko) Version/16.1 Mobile/15E148 Safari/604.1"
168.151.120.0 - - [06/May/2025:00:54:34 -0400] "GET /wp-content/plugins/woocommerce/assets/js/frontend/single-product.min.js?ver=9.8.3 HTTP/1.1" 200 2539 "https://keyfinancehomeloan.com.au/" "Mozilla/5.0 (iPhone; CPU iPhone OS 16_1_2 like Mac OS X) AppleWebKit/605.1.15 (KHTML, like Gecko) Version/16.1 Mobile/15E148 Safari/604.1"
