185.190.238.29 - - [30/Apr/2025:02:51:46 -0400] "GET /wp-content/plugins/mortgage-loan-calculator/en/widget-nj.js?ver=6.8 HTTP/1.1" 200 2520 "https://keyfinancehomeloan.com.au/" "Mozilla/5.0 (X11; Linux x86_64) AppleWebKit/537.36 (KHTML, like Gecko) HeadlessChrome/64.0.3282.119 Safari/537.36"
185.190.238.29 - - [30/Apr/2025:02:51:46 -0400] "GET /wp-includes/js/wp-util.min.js?ver=6.8 HTTP/1.1" 200 767 "https://keyfinancehomeloan.com.au/" "Mozilla/5.0 (X11; Linux x86_64) AppleWebKit/537.36 (KHTML, like Gecko) HeadlessChrome/64.0.3282.119 Safari/537.36"
185.190.238.29 - - [30/Apr/2025:02:51:46 -0400] "GET /wp-content/plugins/elementor/assets/js/webpack.runtime.min.js?ver=3.28.4 HTTP/1.1" 200 2496 "https://keyfinancehomeloan.com.au/" "Mozilla/5.0 (X11; Linux x86_64) AppleWebKit/537.36 (KHTML, like Gecko) HeadlessChrome/64.0.3282.119 Safari/537.36"
185.190.238.29 - - [30/Apr/2025:02:51:46 -0400] "GET /wp-content/plugins/elementor/assets/js/frontend-modules.min.js?ver=3.28.4 HTTP/1.1" 200 17170 "https://keyfinancehomeloan.com.au/" "Mozilla/5.0 (X11; Linux x86_64) AppleWebKit/537.36 (KHTML, like Gecko) HeadlessChrome/64.0.3282.119 Safari/537.36"
185.190.238.29 - - [30/Apr/2025:02:51:46 -0400] "GET /wp-content/plugins/mailchimp-for-wp/assets/js/forms.js?ver=4.10.3 HTTP/1.1" 200 2775 "https://keyfinancehomeloan.com.au/" "Mozilla/5.0 (X11; Linux x86_64) AppleWebKit/537.36 (KHTML, like Gecko) HeadlessChrome/64.0.3282.119 Safari/537.36"
185.190.238.29 - - [30/Apr/2025:02:51:46 -0400] "GET /wp-content/plugins/woocommerce/assets/js/zoom/jquery.zoom.min.js?ver=1.7.21-wc.9.8.2 HTTP/1.1" 200 1239 "https://keyfinancehomeloan.com.au/" "Mozilla/5.0 (X11; Linux x86_64) AppleWebKit/537.36 (KHTML, like Gecko) HeadlessChrome/64.0.3282.119 Safari/537.36"
185.190.238.29 - - [30/Apr/2025:02:51:46 -0400] "GET /wp-content/plugins/woocommerce/assets/js/frontend/add-to-cart-variation.min.js?ver=9.8.2 HTTP/1.1" 200 4451 "https://keyfinancehomeloan.com.au/" "Mozilla/5.0 (X11; Linux x86_64) AppleWebKit/537.36 (KHTML, like Gecko) HeadlessChrome/64.0.3282.119 Safari/537.36"
185.190.238.29 - - [30/Apr/2025:02:51:46 -0400] "GET /wp-content/plugins/woocommerce/assets/js/photoswipe/photoswipe.min.js?ver=4.1.1-wc.9.8.2 HTTP/1.1" 200 13389 "https://keyfinancehomeloan.com.au/" "Mozilla/5.0 (X11; Linux x86_64) AppleWebKit/537.36 (KHTML, like Gecko) HeadlessChrome/64.0.3282.119 Safari/537.36"
185.190.238.29 - - [30/Apr/2025:02:51:46 -0400] "GET /wp-content/plugins/woocommerce/assets/js/photoswipe/photoswipe-ui-default.min.js?ver=4.1.1-wc.9.8.2 HTTP/1.1" 200 3965 "https://keyfinancehomeloan.com.au/" "Mozilla/5.0 (X11; Linux x86_64) AppleWebKit/537.36 (KHTML, like Gecko) HeadlessChrome/64.0.3282.119 Safari/537.36"
185.190.238.29 - - [30/Apr/2025:02:51:46 -0400] "GET /wp-content/plugins/woocommerce/assets/js/frontend/single-product.min.js?ver=9.8.2 HTTP/1.1" 200 3079 "https://keyfinancehomeloan.com.au/" "Mozilla/5.0 (X11; Linux x86_64) AppleWebKit/537.36 (KHTML, like Gecko) HeadlessChrome/64.0.3282.119 Safari/537.36"
185.190.238.29 - - [30/Apr/2025:02:51:46 -0400] "GET /wp-includes/js/jquery/ui/core.min.js?ver=1.13.3 HTTP/1.1" 200 7941 "https://keyfinancehomeloan.com.au/" "Mozilla/5.0 (X11; Linux x86_64) AppleWebKit/537.36 (KHTML, like Gecko) HeadlessChrome/64.0.3282.119 Safari/537.36"
185.190.238.29 - - [30/Apr/2025:02:51:46 -0400] "GET /wp-content/plugins/elementor/assets/js/frontend.min.js?ver=3.28.4 HTTP/1.1" 200 15618 "https://keyfinancehomeloan.com.au/" "Mozilla/5.0 (X11; Linux x86_64) AppleWebKit/537.36 (KHTML, like Gecko) HeadlessChrome/64.0.3282.119 Safari/537.36"
185.190.238.29 - - [30/Apr/2025:02:51:46 -0400] "GET /wp-content/themes/keyfin/assets/fonts/fa-solid-900.woff2 HTTP/1.1" 200 79444 "https://keyfinancehomeloan.com.au/wp-content/themes/keyfin/assets/css/fontawesome.min.css?ver=5.13.0" "Mozilla/5.0 (X11; Linux x86_64) AppleWebKit/537.36 (KHTML, like Gecko) HeadlessChrome/64.0.3282.119 Safari/537.36"
185.190.238.29 - - [30/Apr/2025:02:51:46 -0400] "GET /wp-content/themes/keyfin/assets/fonts/fa-brands-400.woff2 HTTP/1.1" 200 76612 "https://keyfinancehomeloan.com.au/wp-content/themes/keyfin/assets/css/fontawesome.min.css?ver=5.13.0" "Mozilla/5.0 (X11; Linux x86_64) AppleWebKit/537.36 (KHTML, like Gecko) HeadlessChrome/64.0.3282.119 Safari/537.36"
185.190.238.29 - - [30/Apr/2025:02:51:46 -0400] "GET /wp-content/plugins/themedraft-core/elementor-widgets/assets/fonts/Flaticon-business.woff2 HTTP/1.1" 200 77012 "https://keyfinancehomeloan.com.au/wp-content/plugins/themedraft-core/elementor-widgets/assets/fonts/flaticon.css?ver=1.0.0" "Mozilla/5.0 (X11; Linux x86_64) AppleWebKit/537.36 (KHTML, like Gecko) HeadlessChrome/64.0.3282.119 Safari/537.36"
185.190.238.29 - - [30/Apr/2025:02:51:47 -0400] "GET /wp-includes/js/wp-emoji-release.min.js?ver=6.8 HTTP/1.1" 200 5982 "https://keyfinancehomeloan.com.au/" "Mozilla/5.0 (X11; Linux x86_64) AppleWebKit/537.36 (KHTML, like Gecko) HeadlessChrome/64.0.3282.119 Safari/537.36"
185.190.238.29 - - [30/Apr/2025:02:51:47 -0400] "POST /?wc-ajax=get_refreshed_fragments HTTP/1.1" 200 291 "https://keyfinancehomeloan.com.au/" "Mozilla/5.0 (X11; Linux x86_64) AppleWebKit/537.36 (KHTML, like Gecko) HeadlessChrome/64.0.3282.119 Safari/537.36"
52.167.144.145 - - [30/Apr/2025:02:52:20 -0400] "GET /shopdetail/91227994 HTTP/1.1" 404 18059 "-" "Mozilla/5.0 AppleWebKit/537.36 (KHTML, like Gecko; compatible; bingbot/2.0; +http://www.bing.com/bingbot.htm) Chrome/116.0.1938.76 Safari/537.36"
199.188.205.55 - - [30/Apr/2025:03:04:08 -0400] "POST /wp-cron.php?doing_wp_cron=1745996648.1196091175079345703125 HTTP/1.1" 403 13 "-" "WordPress/6.8; https://keyfinancehomeloan.com.au"
52.167.144.169 - - [30/Apr/2025:03:03:51 -0400] "GET /shopdetail/106974994 HTTP/1.1" 404 18068 "-" "Mozilla/5.0 AppleWebKit/537.36 (KHTML, like Gecko; compatible; bingbot/2.0; +http://www.bing.com/bingbot.htm) Chrome/116.0.1938.76 Safari/537.36"
199.188.205.55 - - [30/Apr/2025:03:10:45 -0400] "POST /wp-cron.php?doing_wp_cron=1745997044.9345200061798095703125 HTTP/1.1" 403 13 "-" "WordPress/6.8; https://keyfinancehomeloan.com.au"
52.167.144.169 - - [30/Apr/2025:03:10:31 -0400] "GET /shopdetail/69890994 HTTP/1.1" 404 18058 "-" "Mozilla/5.0 AppleWebKit/537.36 (KHTML, like Gecko; compatible; bingbot/2.0; +http://www.bing.com/bingbot.htm) Chrome/116.0.1938.76 Safari/537.36"
40.77.167.72 - - [30/Apr/2025:03:11:42 -0400] "GET /shopdetail/140041994 HTTP/1.1" 404 18066 "-" "Mozilla/5.0 AppleWebKit/537.36 (KHTML, like Gecko; compatible; bingbot/2.0; +http://www.bing.com/bingbot.htm) Chrome/116.0.1938.76 Safari/537.36"
199.188.205.55 - - [30/Apr/2025:03:12:38 -0400] "POST /wp-cron.php?doing_wp_cron=1745997158.2363510131835937500000 HTTP/1.1" 403 13 "-" "WordPress/6.8; https://keyfinancehomeloan.com.au"
52.167.144.22 - - [30/Apr/2025:03:12:35 -0400] "GET /shopdetail/134711694 HTTP/1.1" 404 18067 "-" "Mozilla/5.0 AppleWebKit/537.36 (KHTML, like Gecko; compatible; bingbot/2.0; +http://www.bing.com/bingbot.htm) Chrome/116.0.1938.76 Safari/537.36"
199.188.205.55 - - [30/Apr/2025:03:17:26 -0400] "POST /wp-cron.php?doing_wp_cron=1745997446.2029330730438232421875 HTTP/1.1" 403 13 "-" "WordPress/6.8; https://keyfinancehomeloan.com.au"
40.77.167.72 - - [30/Apr/2025:03:17:12 -0400] "GET /shopdetail/89044594 HTTP/1.1" 404 18057 "-" "Mozilla/5.0 AppleWebKit/537.36 (KHTML, like Gecko; compatible; bingbot/2.0; +http://www.bing.com/bingbot.htm) Chrome/116.0.1938.76 Safari/537.36"
199.188.205.55 - - [30/Apr/2025:03:19:03 -0400] "POST /wp-cron.php?doing_wp_cron=1745997543.6688549518585205078125 HTTP/1.1" 403 13 "-" "WordPress/6.8; https://keyfinancehomeloan.com.au"
52.167.144.186 - - [30/Apr/2025:03:18:56 -0400] "GET /shopdetail/86226194 HTTP/1.1" 404 18059 "-" "Mozilla/5.0 AppleWebKit/537.36 (KHTML, like Gecko; compatible; bingbot/2.0; +http://www.bing.com/bingbot.htm) Chrome/116.0.1938.76 Safari/537.36"
199.188.205.55 - - [30/Apr/2025:03:24:16 -0400] "POST /wp-cron.php?doing_wp_cron=1745997855.9976649284362792968750 HTTP/1.1" 403 13 "-" "WordPress/6.8; https://keyfinancehomeloan.com.au"
40.77.167.33 - - [30/Apr/2025:03:24:02 -0400] "GET /shopdetail/94266594 HTTP/1.1" 404 18057 "-" "Mozilla/5.0 AppleWebKit/537.36 (KHTML, like Gecko; compatible; bingbot/2.0; +http://www.bing.com/bingbot.htm) Chrome/116.0.1938.76 Safari/537.36"
199.188.205.55 - - [30/Apr/2025:03:34:22 -0400] "POST /wp-cron.php?doing_wp_cron=1745998461.8965439796447753906250 HTTP/1.1" 403 13 "-" "WordPress/6.8; https://keyfinancehomeloan.com.au"
52.167.144.177 - - [30/Apr/2025:03:34:04 -0400] "GET /shopdetail/126484794 HTTP/1.1" 404 18068 "-" "Mozilla/5.0 AppleWebKit/537.36 (KHTML, like Gecko; compatible; bingbot/2.0; +http://www.bing.com/bingbot.htm) Chrome/116.0.1938.76 Safari/537.36"
199.188.205.55 - - [30/Apr/2025:03:41:15 -0400] "POST /wp-cron.php?doing_wp_cron=1745998875.3159000873565673828125 HTTP/1.1" 403 13 "-" "WordPress/6.8; https://keyfinancehomeloan.com.au"
52.167.144.177 - - [30/Apr/2025:03:41:06 -0400] "GET /shopdetail/9743194 HTTP/1.1" 404 18052 "-" "Mozilla/5.0 AppleWebKit/537.36 (KHTML, like Gecko; compatible; bingbot/2.0; +http://www.bing.com/bingbot.htm) Chrome/116.0.1938.76 Safari/537.36"
52.167.144.195 - - [30/Apr/2025:03:42:07 -0400] "GET /shopdetail/124680194 HTTP/1.1" 404 18066 "-" "Mozilla/5.0 AppleWebKit/537.36 (KHTML, like Gecko; compatible; bingbot/2.0; +http://www.bing.com/bingbot.htm) Chrome/116.0.1938.76 Safari/537.36"
199.188.205.55 - - [30/Apr/2025:03:45:13 -0400] "POST /wp-cron.php?doing_wp_cron=1745999113.7121529579162597656250 HTTP/1.1" 403 13 "-" "WordPress/6.8; https://keyfinancehomeloan.com.au"
52.167.144.156 - - [30/Apr/2025:03:45:03 -0400] "GET /shopdetail/186755794 HTTP/1.1" 404 18068 "-" "Mozilla/5.0 AppleWebKit/537.36 (KHTML, like Gecko; compatible; bingbot/2.0; +http://www.bing.com/bingbot.htm) Chrome/116.0.1938.76 Safari/537.36"
199.188.205.55 - - [30/Apr/2025:03:49:20 -0400] "POST /wp-cron.php?doing_wp_cron=1745999360.6730918884277343750000 HTTP/1.1" 403 13 "-" "WordPress/6.8; https://keyfinancehomeloan.com.au"
157.55.39.193 - - [30/Apr/2025:03:49:11 -0400] "GET /shopdetail/64282694 HTTP/1.1" 404 18058 "-" "Mozilla/5.0 AppleWebKit/537.36 (KHTML, like Gecko; compatible; bingbot/2.0; +http://www.bing.com/bingbot.htm) Chrome/116.0.1938.76 Safari/537.36"
199.188.205.55 - - [30/Apr/2025:03:53:27 -0400] "POST /wp-cron.php?doing_wp_cron=1745999607.0840470790863037109375 HTTP/1.1" 403 13 "-" "WordPress/6.8; https://keyfinancehomeloan.com.au"
157.55.39.193 - - [30/Apr/2025:03:53:19 -0400] "GET /shopdetail/38972694 HTTP/1.1" 404 18059 "-" "Mozilla/5.0 AppleWebKit/537.36 (KHTML, like Gecko; compatible; bingbot/2.0; +http://www.bing.com/bingbot.htm) Chrome/116.0.1938.76 Safari/537.36"
199.188.205.55 - - [30/Apr/2025:04:03:20 -0400] "POST /wp-cron.php?doing_wp_cron=1746000200.2087469100952148437500 HTTP/1.1" 403 13 "-" "WordPress/6.8; https://keyfinancehomeloan.com.au"
40.77.167.136 - - [30/Apr/2025:04:03:10 -0400] "GET /shopdetail/8561294 HTTP/1.1" 404 18052 "-" "Mozilla/5.0 AppleWebKit/537.36 (KHTML, like Gecko; compatible; bingbot/2.0; +http://www.bing.com/bingbot.htm) Chrome/116.0.1938.76 Safari/537.36"
199.188.205.55 - - [30/Apr/2025:04:05:59 -0400] "POST /wp-cron.php?doing_wp_cron=1746000359.9443910121917724609375 HTTP/1.1" 403 13 "-" "WordPress/6.8; https://keyfinancehomeloan.com.au"
40.77.167.136 - - [30/Apr/2025:04:05:50 -0400] "GET /shopdetail/146646994 HTTP/1.1" 404 18066 "-" "Mozilla/5.0 AppleWebKit/537.36 (KHTML, like Gecko; compatible; bingbot/2.0; +http://www.bing.com/bingbot.htm) Chrome/116.0.1938.76 Safari/537.36"
199.188.205.55 - - [30/Apr/2025:04:10:36 -0400] "POST /wp-cron.php?doing_wp_cron=1746000636.6342389583587646484375 HTTP/1.1" 403 13 "-" "WordPress/6.8; https://keyfinancehomeloan.com.au"
207.46.13.150 - - [30/Apr/2025:04:10:27 -0400] "GET /shopdetail/194362294 HTTP/1.1" 404 18068 "-" "Mozilla/5.0 AppleWebKit/537.36 (KHTML, like Gecko; compatible; bingbot/2.0; +http://www.bing.com/bingbot.htm) Chrome/116.0.1938.76 Safari/537.36"
40.77.167.93 - - [30/Apr/2025:04:13:11 -0400] "GET /robots.txt HTTP/1.1" 200 139 "-" "Mozilla/5.0 AppleWebKit/537.36 (KHTML, like Gecko; compatible; bingbot/2.0; +http://www.bing.com/bingbot.htm) Chrome/116.0.1938.76 Safari/537.36"
199.188.205.55 - - [30/Apr/2025:04:13:31 -0400] "POST /wp-cron.php?doing_wp_cron=1746000811.7476170063018798828125 HTTP/1.1" 403 13 "-" "WordPress/6.8; https://keyfinancehomeloan.com.au"
207.46.13.150 - - [30/Apr/2025:04:13:22 -0400] "GET /shopdetail/185420194 HTTP/1.1" 404 18067 "-" "Mozilla/5.0 AppleWebKit/537.36 (KHTML, like Gecko; compatible; bingbot/2.0; +http://www.bing.com/bingbot.htm) Chrome/116.0.1938.76 Safari/537.36"
207.46.13.150 - - [30/Apr/2025:04:13:56 -0400] "GET /feature/index.html HTTP/1.1" 404 18047 "-" "Mozilla/5.0 AppleWebKit/537.36 (KHTML, like Gecko; compatible; bingbot/2.0; +http://www.bing.com/bingbot.htm) Chrome/116.0.1938.76 Safari/537.36"
199.188.205.55 - - [30/Apr/2025:04:35:31 -0400] "POST /wp-cron.php?doing_wp_cron=1746002131.7090981006622314453125 HTTP/1.1" 403 13 "-" "WordPress/6.8; https://keyfinancehomeloan.com.au"
52.167.144.146 - - [30/Apr/2025:04:35:19 -0400] "GET /shopdetail/160400294 HTTP/1.1" 404 18066 "-" "Mozilla/5.0 AppleWebKit/537.36 (KHTML, like Gecko; compatible; bingbot/2.0; +http://www.bing.com/bingbot.htm) Chrome/116.0.1938.76 Safari/537.36"
199.188.205.55 - - [30/Apr/2025:04:47:39 -0400] "POST /wp-cron.php?doing_wp_cron=1746002859.7526969909667968750000 HTTP/1.1" 403 13 "-" "WordPress/6.8; https://keyfinancehomeloan.com.au"
52.167.144.149 - - [30/Apr/2025:04:47:21 -0400] "GET /shopdetail/76524694 HTTP/1.1" 404 18057 "-" "Mozilla/5.0 AppleWebKit/537.36 (KHTML, like Gecko; compatible; bingbot/2.0; +http://www.bing.com/bingbot.htm) Chrome/116.0.1938.76 Safari/537.36"
199.188.205.55 - - [30/Apr/2025:05:07:05 -0400] "POST /wp-cron.php?doing_wp_cron=1746004024.8984940052032470703125 HTTP/1.1" 403 13 "-" "WordPress/6.8; https://keyfinancehomeloan.com.au"
52.167.144.200 - - [30/Apr/2025:05:06:51 -0400] "GET /shopdetail/28009394 HTTP/1.1" 404 18057 "-" "Mozilla/5.0 AppleWebKit/537.36 (KHTML, like Gecko; compatible; bingbot/2.0; +http://www.bing.com/bingbot.htm) Chrome/116.0.1938.76 Safari/537.36"
199.188.205.55 - - [30/Apr/2025:05:10:41 -0400] "POST /wp-cron.php?doing_wp_cron=1746004241.6316809654235839843750 HTTP/1.1" 403 13 "-" "WordPress/6.8; https://keyfinancehomeloan.com.au"
207.46.13.17 - - [30/Apr/2025:05:10:28 -0400] "GET /shopdetail/204144494 HTTP/1.1" 404 18065 "-" "Mozilla/5.0 AppleWebKit/537.36 (KHTML, like Gecko; compatible; bingbot/2.0; +http://www.bing.com/bingbot.htm) Chrome/116.0.1938.76 Safari/537.36"
199.188.205.55 - - [30/Apr/2025:05:16:42 -0400] "POST /wp-cron.php?doing_wp_cron=1746004602.4083139896392822265625 HTTP/1.1" 403 13 "-" "WordPress/6.8; https://keyfinancehomeloan.com.au"
52.167.144.149 - - [30/Apr/2025:05:16:33 -0400] "GET /shopdetail/11601794 HTTP/1.1" 404 18059 "-" "Mozilla/5.0 AppleWebKit/537.36 (KHTML, like Gecko; compatible; bingbot/2.0; +http://www.bing.com/bingbot.htm) Chrome/116.0.1938.76 Safari/537.36"
40.77.167.41 - - [30/Apr/2025:05:30:17 -0400] "GET /shopdetail/47309894 HTTP/1.1" 404 18057 "-" "Mozilla/5.0 AppleWebKit/537.36 (KHTML, like Gecko; compatible; bingbot/2.0; +http://www.bing.com/bingbot.htm) Chrome/116.0.1938.76 Safari/537.36"
199.188.205.55 - - [30/Apr/2025:05:30:34 -0400] "POST /wp-cron.php?doing_wp_cron=1746005434.6635379791259765625000 HTTP/1.1" 403 13 "-" "WordPress/6.8; https://keyfinancehomeloan.com.au"
199.188.205.55 - - [30/Apr/2025:05:34:59 -0400] "POST /wp-cron.php?doing_wp_cron=1746005698.9713571071624755859375 HTTP/1.1" 403 13 "-" "WordPress/6.8; https://keyfinancehomeloan.com.au"
157.55.39.63 - - [30/Apr/2025:05:34:50 -0400] "GET /shopdetail/111243394 HTTP/1.1" 404 18066 "-" "Mozilla/5.0 AppleWebKit/537.36 (KHTML, like Gecko; compatible; bingbot/2.0; +http://www.bing.com/bingbot.htm) Chrome/116.0.1938.76 Safari/537.36"
40.77.167.41 - - [30/Apr/2025:05:35:09 -0400] "GET /shopdetail/12516994 HTTP/1.1" 404 18057 "-" "Mozilla/5.0 AppleWebKit/537.36 (KHTML, like Gecko; compatible; bingbot/2.0; +http://www.bing.com/bingbot.htm) Chrome/116.0.1938.76 Safari/537.36"
199.188.205.55 - - [30/Apr/2025:05:42:45 -0400] "POST /wp-cron.php?doing_wp_cron=1746006165.8347918987274169921875 HTTP/1.1" 403 13 "-" "WordPress/6.8; https://keyfinancehomeloan.com.au"
207.46.13.18 - - [30/Apr/2025:05:42:33 -0400] "GET /shopdetail/120101394 HTTP/1.1" 404 18066 "-" "Mozilla/5.0 AppleWebKit/537.36 (KHTML, like Gecko; compatible; bingbot/2.0; +http://www.bing.com/bingbot.htm) Chrome/116.0.1938.76 Safari/537.36"
199.188.205.55 - - [30/Apr/2025:05:43:48 -0400] "POST /wp-cron.php?doing_wp_cron=1746006228.0087080001831054687500 HTTP/1.1" 403 13 "-" "WordPress/6.8; https://keyfinancehomeloan.com.au"
40.77.167.28 - - [30/Apr/2025:05:43:46 -0400] "GET /shopdetail/103004094 HTTP/1.1" 404 18065 "-" "Mozilla/5.0 AppleWebKit/537.36 (KHTML, like Gecko; compatible; bingbot/2.0; +http://www.bing.com/bingbot.htm) Chrome/116.0.1938.76 Safari/537.36"
199.188.205.55 - - [30/Apr/2025:05:46:16 -0400] "POST /wp-cron.php?doing_wp_cron=1746006376.3646850585937500000000 HTTP/1.1" 403 13 "-" "WordPress/6.8; https://keyfinancehomeloan.com.au"
207.46.13.18 - - [30/Apr/2025:05:46:03 -0400] "GET /shopdetail/67323094 HTTP/1.1" 404 18059 "-" "Mozilla/5.0 AppleWebKit/537.36 (KHTML, like Gecko; compatible; bingbot/2.0; +http://www.bing.com/bingbot.htm) Chrome/116.0.1938.76 Safari/537.36"
199.188.205.55 - - [30/Apr/2025:05:48:11 -0400] "POST /wp-cron.php?doing_wp_cron=1746006490.8403730392456054687500 HTTP/1.1" 403 13 "-" "WordPress/6.8; https://keyfinancehomeloan.com.au"
52.167.144.19 - - [30/Apr/2025:05:47:59 -0400] "GET /shopdetail/212449894 HTTP/1.1" 404 18066 "-" "Mozilla/5.0 AppleWebKit/537.36 (KHTML, like Gecko; compatible; bingbot/2.0; +http://www.bing.com/bingbot.htm) Chrome/116.0.1938.76 Safari/537.36"
199.188.205.55 - - [30/Apr/2025:05:50:54 -0400] "POST /wp-cron.php?doing_wp_cron=1746006654.1250860691070556640625 HTTP/1.1" 403 13 "-" "WordPress/6.8; https://keyfinancehomeloan.com.au"
52.167.144.19 - - [30/Apr/2025:05:50:40 -0400] "GET /shopdetail/61020194 HTTP/1.1" 404 18057 "-" "Mozilla/5.0 AppleWebKit/537.36 (KHTML, like Gecko; compatible; bingbot/2.0; +http://www.bing.com/bingbot.htm) Chrome/116.0.1938.76 Safari/537.36"
199.188.205.55 - - [30/Apr/2025:05:53:49 -0400] "POST /wp-cron.php?doing_wp_cron=1746006829.3951349258422851562500 HTTP/1.1" 403 13 "-" "WordPress/6.8; https://keyfinancehomeloan.com.au"
52.167.144.19 - - [30/Apr/2025:05:53:40 -0400] "GET /shopdetail/145957094 HTTP/1.1" 404 18067 "-" "Mozilla/5.0 AppleWebKit/537.36 (KHTML, like Gecko; compatible; bingbot/2.0; +http://www.bing.com/bingbot.htm) Chrome/116.0.1938.76 Safari/537.36"
199.188.205.55 - - [30/Apr/2025:06:04:29 -0400] "POST /wp-cron.php?doing_wp_cron=1746007468.6414670944213867187500 HTTP/1.1" 403 13 "-" "WordPress/6.8; https://keyfinancehomeloan.com.au"
40.77.167.77 - - [30/Apr/2025:06:04:16 -0400] "GET /shopdetail/73377094 HTTP/1.1" 404 18057 "-" "Mozilla/5.0 AppleWebKit/537.36 (KHTML, like Gecko; compatible; bingbot/2.0; +http://www.bing.com/bingbot.htm) Chrome/116.0.1938.76 Safari/537.36"
199.188.205.55 - - [30/Apr/2025:06:07:31 -0400] "POST /wp-cron.php?doing_wp_cron=1746007651.0136380195617675781250 HTTP/1.1" 403 13 "-" "WordPress/6.8; https://keyfinancehomeloan.com.au"
52.167.144.162 - - [30/Apr/2025:06:07:21 -0400] "GET /shopdetail/197725594 HTTP/1.1" 404 18068 "-" "Mozilla/5.0 AppleWebKit/537.36 (KHTML, like Gecko; compatible; bingbot/2.0; +http://www.bing.com/bingbot.htm) Chrome/116.0.1938.76 Safari/537.36"
199.188.205.55 - - [30/Apr/2025:06:09:30 -0400] "POST /wp-cron.php?doing_wp_cron=1746007770.3583509922027587890625 HTTP/1.1" 403 13 "-" "WordPress/6.8; https://keyfinancehomeloan.com.au"
52.167.144.162 - - [30/Apr/2025:06:09:21 -0400] "GET /shopdetail/28227294 HTTP/1.1" 404 18057 "-" "Mozilla/5.0 AppleWebKit/537.36 (KHTML, like Gecko; compatible; bingbot/2.0; +http://www.bing.com/bingbot.htm) Chrome/116.0.1938.76 Safari/537.36"
199.188.205.55 - - [30/Apr/2025:06:11:54 -0400] "POST /wp-cron.php?doing_wp_cron=1746007914.2062289714813232421875 HTTP/1.1" 403 13 "-" "WordPress/6.8; https://keyfinancehomeloan.com.au"
157.55.39.202 - - [30/Apr/2025:06:11:44 -0400] "GET /shopdetail/66098594 HTTP/1.1" 404 18057 "-" "Mozilla/5.0 AppleWebKit/537.36 (KHTML, like Gecko; compatible; bingbot/2.0; +http://www.bing.com/bingbot.htm) Chrome/116.0.1938.76 Safari/537.36"
52.167.144.156 - - [30/Apr/2025:06:12:41 -0400] "GET /shopdetail/185127394 HTTP/1.1" 404 18066 "-" "Mozilla/5.0 AppleWebKit/537.36 (KHTML, like Gecko; compatible; bingbot/2.0; +http://www.bing.com/bingbot.htm) Chrome/116.0.1938.76 Safari/537.36"
199.188.205.55 - - [30/Apr/2025:06:16:42 -0400] "POST /wp-cron.php?doing_wp_cron=1746008202.3728089332580566406250 HTTP/1.1" 403 13 "-" "WordPress/6.8; https://keyfinancehomeloan.com.au"
52.167.144.229 - - [30/Apr/2025:06:16:27 -0400] "GET /loan-calculator/ HTTP/1.1" 200 19798 "-" "Mozilla/5.0 AppleWebKit/537.36 (KHTML, like Gecko; compatible; bingbot/2.0; +http://www.bing.com/bingbot.htm) Chrome/116.0.1938.76 Safari/537.36"
207.46.13.18 - - [30/Apr/2025:06:17:05 -0400] "GET /wp-content/plugins/chaty/admin/assets/js/picmo-latest-umd.min.js?ver=3.3.8 HTTP/1.1" 200 7150 "-" "Mozilla/5.0 AppleWebKit/537.36 (KHTML, like Gecko; compatible; bingbot/2.0; +http://www.bing.com/bingbot.htm) Chrome/116.0.1938.76 Safari/537.36"
207.46.13.18 - - [30/Apr/2025:06:17:06 -0400] "GET /wp-content/plugins/woocommerce/assets/js/jquery-blockui/jquery.blockUI.min.js?ver=2.7.0-wc.9.8.2 HTTP/1.1" 200 3277 "-" "Mozilla/5.0 AppleWebKit/537.36 (KHTML, like Gecko; compatible; bingbot/2.0; +http://www.bing.com/bingbot.htm) Chrome/116.0.1938.76 Safari/537.36"
207.46.13.18 - - [30/Apr/2025:06:17:07 -0400] "GET /wp-content/themes/keyfin/assets/js/wow.min.js?ver=1.3.0 HTTP/1.1" 200 2634 "-" "Mozilla/5.0 AppleWebKit/537.36 (KHTML, like Gecko; compatible; bingbot/2.0; +http://www.bing.com/bingbot.htm) Chrome/116.0.1938.76 Safari/537.36"
52.167.144.229 - - [30/Apr/2025:06:17:10 -0400] "GET /wp-content/plugins/chaty/admin/assets/js/picmo-umd.min.js?ver=3.3.8 HTTP/1.1" 200 24516 "-" "Mozilla/5.0 AppleWebKit/537.36 (KHTML, like Gecko; compatible; bingbot/2.0; +http://www.bing.com/bingbot.htm) Chrome/116.0.1938.76 Safari/537.36"
52.167.144.156 - - [30/Apr/2025:06:17:11 -0400] "GET /wp-content/plugins/woocommerce/assets/js/frontend/single-product.min.js?ver=9.8.2 HTTP/1.1" 200 2539 "-" "Mozilla/5.0 AppleWebKit/537.36 (KHTML, like Gecko; compatible; bingbot/2.0; +http://www.bing.com/bingbot.htm) Chrome/116.0.1938.76 Safari/537.36"
52.167.144.229 - - [30/Apr/2025:06:17:12 -0400] "GET /wp-content/plugins/chaty/js/cht-front-script.min.js?ver=3.3.81721214134 HTTP/1.1" 200 22150 "-" "Mozilla/5.0 AppleWebKit/537.36 (KHTML, like Gecko; compatible; bingbot/2.0; +http://www.bing.com/bingbot.htm) Chrome/116.0.1938.76 Safari/537.36"
52.167.144.229 - - [30/Apr/2025:06:17:14 -0400] "GET /wp-content/plugins/elementor/assets/js/frontend-modules.min.js?ver=3.28.4 HTTP/1.1" 200 14421 "-" "Mozilla/5.0 AppleWebKit/537.36 (KHTML, like Gecko; compatible; bingbot/2.0; +http://www.bing.com/bingbot.htm) Chrome/116.0.1938.76 Safari/537.36"
52.167.144.229 - - [30/Apr/2025:06:17:15 -0400] "GET /wp-content/plugins/mortgage-loan-calculator/en/widget-nj.js?ver=6.8 HTTP/1.1" 200 2022 "-" "Mozilla/5.0 AppleWebKit/537.36 (KHTML, like Gecko; compatible; bingbot/2.0; +http://www.bing.com/bingbot.htm) Chrome/116.0.1938.76 Safari/537.36"
52.167.144.229 - - [30/Apr/2025:06:17:16 -0400] "GET /wp-content/plugins/woocommerce/assets/js/sourcebuster/sourcebuster.min.js?ver=9.8.2 HTTP/1.1" 200 4609 "-" "Mozilla/5.0 AppleWebKit/537.36 (KHTML, like Gecko; compatible; bingbot/2.0; +http://www.bing.com/bingbot.htm) Chrome/116.0.1938.76 Safari/537.36"
52.167.144.229 - - [30/Apr/2025:06:17:17 -0400] "GET /wp-content/themes/keyfin/assets/js/magnific-popup.min.js?ver=1.1.0 HTTP/1.1" 200 7048 "-" "Mozilla/5.0 AppleWebKit/537.36 (KHTML, like Gecko; compatible; bingbot/2.0; +http://www.bing.com/bingbot.htm) Chrome/116.0.1938.76 Safari/537.36"
52.167.144.229 - - [30/Apr/2025:06:17:17 -0400] "GET /wp-content/themes/keyfin/assets/js/isotope.min.js?ver=3.0.4 HTTP/1.1" 200 9596 "-" "Mozilla/5.0 AppleWebKit/537.36 (KHTML, like Gecko; compatible; bingbot/2.0; +http://www.bing.com/bingbot.htm) Chrome/116.0.1938.76 Safari/537.36"
52.167.144.229 - - [30/Apr/2025:06:17:17 -0400] "GET /wp-content/themes/keyfin/assets/js/slick-slider.min.js?ver=1.0.0 HTTP/1.1" 200 10097 "-" "Mozilla/5.0 AppleWebKit/537.36 (KHTML, like Gecko; compatible; bingbot/2.0; +http://www.bing.com/bingbot.htm) Chrome/116.0.1938.76 Safari/537.36"
52.167.144.229 - - [30/Apr/2025:06:17:17 -0400] "GET /wp-content/themes/keyfin/assets/js/slicknav.min.js?ver=1.0.10 HTTP/1.1" 200 1920 "-" "Mozilla/5.0 AppleWebKit/537.36 (KHTML, like Gecko; compatible; bingbot/2.0; +http://www.bing.com/bingbot.htm) Chrome/116.0.1938.76 Safari/537.36"
52.167.144.229 - - [30/Apr/2025:06:17:18 -0400] "GET /wp-content/themes/keyfin/assets/js/uikit.min.js?ver=3.1.9 HTTP/1.1" 200 41088 "-" "Mozilla/5.0 AppleWebKit/537.36 (KHTML, like Gecko; compatible; bingbot/2.0; +http://www.bing.com/bingbot.htm) Chrome/116.0.1938.76 Safari/537.36"
52.167.144.229 - - [30/Apr/2025:06:17:18 -0400] "GET /wp-includes/js/jquery/jquery.min.js?ver=3.7.1 HTTP/1.1" 200 29744 "-" "Mozilla/5.0 AppleWebKit/537.36 (KHTML, like Gecko; compatible; bingbot/2.0; +http://www.bing.com/bingbot.htm) Chrome/116.0.1938.76 Safari/537.36"
52.167.144.229 - - [30/Apr/2025:06:17:20 -0400] "GET /wp-includes/js/underscore.min.js?ver=1.13.7 HTTP/1.1" 200 7185 "-" "Mozilla/5.0 AppleWebKit/537.36 (KHTML, like Gecko; compatible; bingbot/2.0; +http://www.bing.com/bingbot.htm) Chrome/116.0.1938.76 Safari/537.36"
52.167.144.229 - - [30/Apr/2025:06:17:20 -0400] "GET /wp-includes/js/wp-util.min.js?ver=6.8 HTTP/1.1" 200 690 "-" "Mozilla/5.0 AppleWebKit/537.36 (KHTML, like Gecko; compatible; bingbot/2.0; +http://www.bing.com/bingbot.htm) Chrome/116.0.1938.76 Safari/537.36"
52.167.144.156 - - [30/Apr/2025:06:17:23 -0400] "GET /wp-content/plugins/woocommerce/assets/js/js-cookie/js.cookie.min.js?ver=2.1.4-wc.9.8.2 HTTP/1.1" 200 760 "-" "Mozilla/5.0 AppleWebKit/537.36 (KHTML, like Gecko; compatible; bingbot/2.0; +http://www.bing.com/bingbot.htm) Chrome/116.0.1938.76 Safari/537.36"
199.188.205.55 - - [30/Apr/2025:06:18:42 -0400] "POST /wp-cron.php?doing_wp_cron=1746008322.4789030551910400390625 HTTP/1.1" 403 13 "-" "WordPress/6.8; https://keyfinancehomeloan.com.au"
40.77.167.255 - - [30/Apr/2025:06:18:30 -0400] "GET /shopdetail/206998094 HTTP/1.1" 404 18068 "-" "Mozilla/5.0 AppleWebKit/537.36 (KHTML, like Gecko; compatible; bingbot/2.0; +http://www.bing.com/bingbot.htm) Chrome/116.0.1938.76 Safari/537.36"
199.188.205.55 - - [30/Apr/2025:06:22:50 -0400] "POST /wp-cron.php?doing_wp_cron=1746008570.8992540836334228515625 HTTP/1.1" 403 13 "-" "WordPress/6.8; https://keyfinancehomeloan.com.au"
52.167.144.234 - - [30/Apr/2025:06:22:41 -0400] "GET /shopdetail/82658694 HTTP/1.1" 404 18059 "-" "Mozilla/5.0 AppleWebKit/537.36 (KHTML, like Gecko; compatible; bingbot/2.0; +http://www.bing.com/bingbot.htm) Chrome/116.0.1938.76 Safari/537.36"
199.188.205.55 - - [30/Apr/2025:06:28:04 -0400] "POST /wp-cron.php?doing_wp_cron=1746008883.7938520908355712890625 HTTP/1.1" 403 13 "-" "WordPress/6.8; https://keyfinancehomeloan.com.au"
207.46.13.150 - - [30/Apr/2025:06:27:47 -0400] "GET /shopdetail/4065594 HTTP/1.1" 404 18051 "-" "Mozilla/5.0 AppleWebKit/537.36 (KHTML, like Gecko; compatible; bingbot/2.0; +http://www.bing.com/bingbot.htm) Chrome/116.0.1938.76 Safari/537.36"
199.188.205.55 - - [30/Apr/2025:06:33:14 -0400] "POST /wp-cron.php?doing_wp_cron=1746009194.3281810283660888671875 HTTP/1.1" 403 13 "-" "WordPress/6.8; https://keyfinancehomeloan.com.au"
40.77.190.10 - - [30/Apr/2025:06:33:01 -0400] "GET /?wc-ajax=get_refreshed_fragments HTTP/1.1" 200 291 "-" "Mozilla/5.0 AppleWebKit/537.36 (KHTML, like Gecko; compatible; bingbot/2.0; +http://www.bing.com/bingbot.htm) Chrome/100.0.4896.127 Safari/537.36"
199.188.205.55 - - [30/Apr/2025:06:34:24 -0400] "POST /wp-cron.php?doing_wp_cron=1746009264.3328969478607177734375 HTTP/1.1" 403 13 "-" "WordPress/6.8; https://keyfinancehomeloan.com.au"
40.77.167.33 - - [30/Apr/2025:06:34:23 -0400] "GET /shopdetail/111419794 HTTP/1.1" 404 18066 "-" "Mozilla/5.0 AppleWebKit/537.36 (KHTML, like Gecko; compatible; bingbot/2.0; +http://www.bing.com/bingbot.htm) Chrome/116.0.1938.76 Safari/537.36"
199.188.205.55 - - [30/Apr/2025:06:41:03 -0400] "POST /wp-cron.php?doing_wp_cron=1746009663.2170870304107666015625 HTTP/1.1" 403 13 "-" "WordPress/6.8; https://keyfinancehomeloan.com.au"
52.167.144.157 - - [30/Apr/2025:06:40:51 -0400] "GET /shopdetail/135304294 HTTP/1.1" 404 18065 "-" "Mozilla/5.0 AppleWebKit/537.36 (KHTML, like Gecko; compatible; bingbot/2.0; +http://www.bing.com/bingbot.htm) Chrome/116.0.1938.76 Safari/537.36"
157.55.39.204 - - [30/Apr/2025:06:42:49 -0400] "GET /shopdetail/13080694 HTTP/1.1" 404 18056 "-" "Mozilla/5.0 AppleWebKit/537.36 (KHTML, like Gecko; compatible; bingbot/2.0; +http://www.bing.com/bingbot.htm) Chrome/116.0.1938.76 Safari/537.36"
199.188.205.55 - - [30/Apr/2025:06:54:29 -0400] "POST /wp-cron.php?doing_wp_cron=1746010469.7433049678802490234375 HTTP/1.1" 403 13 "-" "WordPress/6.8; https://keyfinancehomeloan.com.au"
40.77.167.33 - - [30/Apr/2025:06:54:13 -0400] "GET /shopdetail/48634594 HTTP/1.1" 404 18057 "-" "Mozilla/5.0 AppleWebKit/537.36 (KHTML, like Gecko; compatible; bingbot/2.0; +http://www.bing.com/bingbot.htm) Chrome/116.0.1938.76 Safari/537.36"
199.188.205.55 - - [30/Apr/2025:07:35:29 -0400] "POST /wp-cron.php?doing_wp_cron=1746012929.7050850391387939453125 HTTP/1.1" 403 13 "-" "WordPress/6.8; https://keyfinancehomeloan.com.au"
207.46.13.107 - - [30/Apr/2025:07:35:17 -0400] "GET /shopdetail/129046294 HTTP/1.1" 404 18066 "-" "Mozilla/5.0 AppleWebKit/537.36 (KHTML, like Gecko; compatible; bingbot/2.0; +http://www.bing.com/bingbot.htm) Chrome/116.0.1938.76 Safari/537.36"
199.188.205.55 - - [30/Apr/2025:07:46:33 -0400] "POST /wp-cron.php?doing_wp_cron=1746013593.5259408950805664062500 HTTP/1.1" 403 13 "-" "WordPress/6.8; https://keyfinancehomeloan.com.au"
207.46.13.18 - - [30/Apr/2025:07:46:19 -0400] "GET /shopdetail/164136094 HTTP/1.1" 404 18066 "-" "Mozilla/5.0 AppleWebKit/537.36 (KHTML, like Gecko; compatible; bingbot/2.0; +http://www.bing.com/bingbot.htm) Chrome/116.0.1938.76 Safari/537.36"
207.46.13.18 - - [30/Apr/2025:07:46:49 -0400] "GET /shopdetail/88241994 HTTP/1.1" 404 18057 "-" "Mozilla/5.0 AppleWebKit/537.36 (KHTML, like Gecko; compatible; bingbot/2.0; +http://www.bing.com/bingbot.htm) Chrome/116.0.1938.76 Safari/537.36"
199.188.205.55 - - [30/Apr/2025:07:53:43 -0400] "POST /wp-cron.php?doing_wp_cron=1746014023.3745338916778564453125 HTTP/1.1" 403 13 "-" "WordPress/6.8; https://keyfinancehomeloan.com.au"
52.167.144.172 - - [30/Apr/2025:07:53:27 -0400] "GET /shopdetail/209985994 HTTP/1.1" 404 18066 "-" "Mozilla/5.0 AppleWebKit/537.36 (KHTML, like Gecko; compatible; bingbot/2.0; +http://www.bing.com/bingbot.htm) Chrome/116.0.1938.76 Safari/537.36"
199.188.205.55 - - [30/Apr/2025:08:02:12 -0400] "POST /wp-cron.php?doing_wp_cron=1746014532.8028819561004638671875 HTTP/1.1" 403 13 "-" "WordPress/6.8; https://keyfinancehomeloan.com.au"
40.77.167.78 - - [30/Apr/2025:08:01:52 -0400] "GET /shopdetail/173876194 HTTP/1.1" 404 18066 "-" "Mozilla/5.0 AppleWebKit/537.36 (KHTML, like Gecko; compatible; bingbot/2.0; +http://www.bing.com/bingbot.htm) Chrome/116.0.1938.76 Safari/537.36"
207.46.13.102 - - [30/Apr/2025:08:02:41 -0400] "GET /shopdetail/170107594 HTTP/1.1" 404 18066 "-" "Mozilla/5.0 AppleWebKit/537.36 (KHTML, like Gecko; compatible; bingbot/2.0; +http://www.bing.com/bingbot.htm) Chrome/116.0.1938.76 Safari/537.36"
199.188.205.55 - - [30/Apr/2025:08:05:53 -0400] "POST /wp-cron.php?doing_wp_cron=1746014752.5538079738616943359375 HTTP/1.1" 200 0 "-" "WordPress/6.8; https://keyfinancehomeloan.com.au"
40.77.167.78 - - [30/Apr/2025:08:05:33 -0400] "GET /shopdetail/64167494 HTTP/1.1" 404 18059 "-" "Mozilla/5.0 AppleWebKit/537.36 (KHTML, like Gecko; compatible; bingbot/2.0; +http://www.bing.com/bingbot.htm) Chrome/116.0.1938.76 Safari/537.36"
199.188.205.55 - - [30/Apr/2025:08:21:43 -0400] "POST /wp-cron.php?doing_wp_cron=1746015703.2657160758972167968750 HTTP/1.1" 403 13 "-" "WordPress/6.8; https://keyfinancehomeloan.com.au"
207.46.13.155 - - [30/Apr/2025:08:21:23 -0400] "GET /shopdetail/133743494 HTTP/1.1" 404 18065 "-" "Mozilla/5.0 AppleWebKit/537.36 (KHTML, like Gecko; compatible; bingbot/2.0; +http://www.bing.com/bingbot.htm) Chrome/116.0.1938.76 Safari/537.36"
199.188.205.55 - - [30/Apr/2025:08:38:11 -0400] "POST /wp-cron.php?doing_wp_cron=1746016690.9459280967712402343750 HTTP/1.1" 403 13 "-" "WordPress/6.8; https://keyfinancehomeloan.com.au"
157.55.39.6 - - [30/Apr/2025:08:37:56 -0400] "GET /shopdetail/159055794 HTTP/1.1" 404 18066 "-" "Mozilla/5.0 AppleWebKit/537.36 (KHTML, like Gecko; compatible; bingbot/2.0; +http://www.bing.com/bingbot.htm) Chrome/116.0.1938.76 Safari/537.36"
199.188.205.55 - - [30/Apr/2025:08:43:11 -0400] "POST /wp-cron.php?doing_wp_cron=1746016991.2475700378417968750000 HTTP/1.1" 403 13 "-" "WordPress/6.8; https://keyfinancehomeloan.com.au"
52.167.144.217 - - [30/Apr/2025:08:42:56 -0400] "GET /shopdetail/210499394 HTTP/1.1" 404 18066 "-" "Mozilla/5.0 AppleWebKit/537.36 (KHTML, like Gecko; compatible; bingbot/2.0; +http://www.bing.com/bingbot.htm) Chrome/116.0.1938.76 Safari/537.36"
199.188.205.55 - - [30/Apr/2025:08:53:52 -0400] "POST /wp-cron.php?doing_wp_cron=1746017632.0472579002380371093750 HTTP/1.1" 403 13 "-" "WordPress/6.8; https://keyfinancehomeloan.com.au"
40.77.167.37 - - [30/Apr/2025:08:53:38 -0400] "GET /shopdetail/88324994 HTTP/1.1" 404 18059 "-" "Mozilla/5.0 AppleWebKit/537.36 (KHTML, like Gecko; compatible; bingbot/2.0; +http://www.bing.com/bingbot.htm) Chrome/116.0.1938.76 Safari/537.36"
40.123.39.43 - - [30/Apr/2025:09:06:17 -0400] "GET / HTTP/1.1" 200 118978 "-" "-"
199.188.205.55 - - [30/Apr/2025:09:10:11 -0400] "POST /wp-cron.php?doing_wp_cron=1746018611.4652140140533447265625 HTTP/1.1" 403 13 "-" "WordPress/6.8; https://keyfinancehomeloan.com.au"
52.167.144.142 - - [30/Apr/2025:09:10:07 -0400] "GET /shopdetail/157137194 HTTP/1.1" 404 18067 "-" "Mozilla/5.0 AppleWebKit/537.36 (KHTML, like Gecko; compatible; bingbot/2.0; +http://www.bing.com/bingbot.htm) Chrome/116.0.1938.76 Safari/537.36"
199.188.205.55 - - [30/Apr/2025:09:12:42 -0400] "POST /wp-cron.php?doing_wp_cron=1746018762.0931289196014404296875 HTTP/1.1" 403 13 "-" "WordPress/6.8; https://keyfinancehomeloan.com.au"
52.167.144.142 - - [30/Apr/2025:09:12:28 -0400] "GET /shopdetail/148370794 HTTP/1.1" 404 18068 "-" "Mozilla/5.0 AppleWebKit/537.36 (KHTML, like Gecko; compatible; bingbot/2.0; +http://www.bing.com/bingbot.htm) Chrome/116.0.1938.76 Safari/537.36"
199.188.205.55 - - [30/Apr/2025:09:24:35 -0400] "POST /wp-cron.php?doing_wp_cron=1746019475.1367349624633789062500 HTTP/1.1" 403 13 "-" "WordPress/6.8; https://keyfinancehomeloan.com.au"
52.167.144.159 - - [30/Apr/2025:09:24:16 -0400] "GET /shopdetail/38303494 HTTP/1.1" 404 18059 "-" "Mozilla/5.0 AppleWebKit/537.36 (KHTML, like Gecko; compatible; bingbot/2.0; +http://www.bing.com/bingbot.htm) Chrome/116.0.1938.76 Safari/537.36"
199.188.205.55 - - [30/Apr/2025:09:26:44 -0400] "POST /wp-cron.php?doing_wp_cron=1746019604.4103710651397705078125 HTTP/1.1" 403 13 "-" "WordPress/6.8; https://keyfinancehomeloan.com.au"
52.167.144.159 - - [30/Apr/2025:09:26:28 -0400] "GET /shopdetail/208391194 HTTP/1.1" 404 18068 "-" "Mozilla/5.0 AppleWebKit/537.36 (KHTML, like Gecko; compatible; bingbot/2.0; +http://www.bing.com/bingbot.htm) Chrome/116.0.1938.76 Safari/537.36"
199.188.205.55 - - [30/Apr/2025:09:35:55 -0400] "POST /wp-cron.php?doing_wp_cron=1746020155.8325459957122802734375 HTTP/1.1" 403 13 "-" "WordPress/6.8; https://keyfinancehomeloan.com.au"
207.46.13.18 - - [30/Apr/2025:09:35:42 -0400] "GET /shopdetail/137480094 HTTP/1.1" 404 18065 "-" "Mozilla/5.0 AppleWebKit/537.36 (KHTML, like Gecko; compatible; bingbot/2.0; +http://www.bing.com/bingbot.htm) Chrome/116.0.1938.76 Safari/537.36"
199.188.205.55 - - [30/Apr/2025:09:41:13 -0400] "POST /wp-cron.php?doing_wp_cron=1746020473.5859119892120361328125 HTTP/1.1" 403 13 "-" "WordPress/6.8; https://keyfinancehomeloan.com.au"
52.167.144.186 - - [30/Apr/2025:09:41:02 -0400] "GET /shopdetail/5507294 HTTP/1.1" 404 18052 "-" "Mozilla/5.0 AppleWebKit/537.36 (KHTML, like Gecko; compatible; bingbot/2.0; +http://www.bing.com/bingbot.htm) Chrome/116.0.1938.76 Safari/537.36"
51.195.36.135 - - [30/Apr/2025:09:48:26 -0400] "GET /wp-content/plugins/background-image-cropper/background-image-cropper.php HTTP/1.1" 200 0 "-" "Mozilla/5.0 (Windows NT 10.0; Win64; x64) AppleWebKit/537.36 (KHTML, like Gecko) Chrome/127.0.0.0 Safari/537.36"
199.188.205.55 - - [30/Apr/2025:09:48:35 -0400] "POST /wp-cron.php?doing_wp_cron=1746020915.2236928939819335937500 HTTP/1.1" 403 13 "-" "WordPress/6.8; https://keyfinancehomeloan.com.au"
51.195.36.135 - - [30/Apr/2025:09:48:35 -0400] "GET /accesson.php HTTP/1.1" 404 80600 "-" "Mozilla/5.0 (Windows NT 10.0; Win64; x64) AppleWebKit/537.36 (KHTML, like Gecko) Chrome/127.0.0.0 Safari/537.36"
199.188.205.55 - - [30/Apr/2025:09:50:56 -0400] "POST /wp-cron.php?doing_wp_cron=1746021056.2255880832672119140625 HTTP/1.1" 403 13 "-" "WordPress/6.8; https://keyfinancehomeloan.com.au"
157.55.39.16 - - [30/Apr/2025:09:50:46 -0400] "GET /shopdetail/176308894 HTTP/1.1" 404 18068 "-" "Mozilla/5.0 AppleWebKit/537.36 (KHTML, like Gecko; compatible; bingbot/2.0; +http://www.bing.com/bingbot.htm) Chrome/116.0.1938.76 Safari/537.36"
199.188.205.55 - - [30/Apr/2025:09:58:49 -0400] "POST /wp-cron.php?doing_wp_cron=1746021529.4153668880462646484375 HTTP/1.1" 403 13 "-" "WordPress/6.8; https://keyfinancehomeloan.com.au"
52.167.144.174 - - [30/Apr/2025:09:58:38 -0400] "GET /shopdetail/117164094 HTTP/1.1" 404 18066 "-" "Mozilla/5.0 AppleWebKit/537.36 (KHTML, like Gecko; compatible; bingbot/2.0; +http://www.bing.com/bingbot.htm) Chrome/116.0.1938.76 Safari/537.36"
199.188.205.55 - - [30/Apr/2025:10:01:28 -0400] "POST /wp-cron.php?doing_wp_cron=1746021688.5710549354553222656250 HTTP/1.1" 403 13 "-" "WordPress/6.8; https://keyfinancehomeloan.com.au"
52.167.144.162 - - [30/Apr/2025:10:01:21 -0400] "GET /shopdetail/100582994 HTTP/1.1" 404 18067 "-" "Mozilla/5.0 AppleWebKit/537.36 (KHTML, like Gecko; compatible; bingbot/2.0; +http://www.bing.com/bingbot.htm) Chrome/116.0.1938.76 Safari/537.36"
199.188.205.55 - - [30/Apr/2025:10:03:33 -0400] "POST /wp-cron.php?doing_wp_cron=1746021813.3187649250030517578125 HTTP/1.1" 403 13 "-" "WordPress/6.8; https://keyfinancehomeloan.com.au"
52.167.144.147 - - [30/Apr/2025:10:03:23 -0400] "GET /shopdetail/65119994 HTTP/1.1" 404 18057 "-" "Mozilla/5.0 AppleWebKit/537.36 (KHTML, like Gecko; compatible; bingbot/2.0; +http://www.bing.com/bingbot.htm) Chrome/116.0.1938.76 Safari/537.36"
199.188.205.55 - - [30/Apr/2025:10:04:42 -0400] "POST /wp-cron.php?doing_wp_cron=1746021882.6910378932952880859375 HTTP/1.1" 403 13 "-" "WordPress/6.8; https://keyfinancehomeloan.com.au"
52.167.144.162 - - [30/Apr/2025:10:04:41 -0400] "GET /shopdetail/191773994 HTTP/1.1" 404 18068 "-" "Mozilla/5.0 AppleWebKit/537.36 (KHTML, like Gecko; compatible; bingbot/2.0; +http://www.bing.com/bingbot.htm) Chrome/116.0.1938.76 Safari/537.36"
199.188.205.55 - - [30/Apr/2025:10:28:25 -0400] "POST /wp-cron.php?doing_wp_cron=1746023305.7141230106353759765625 HTTP/1.1" 403 13 "-" "WordPress/6.8; https://keyfinancehomeloan.com.au"
40.77.167.78 - - [30/Apr/2025:10:28:15 -0400] "GET /shopdetail/130905494 HTTP/1.1" 404 18067 "-" "Mozilla/5.0 AppleWebKit/537.36 (KHTML, like Gecko; compatible; bingbot/2.0; +http://www.bing.com/bingbot.htm) Chrome/116.0.1938.76 Safari/537.36"
199.188.205.55 - - [30/Apr/2025:10:30:23 -0400] "POST /wp-cron.php?doing_wp_cron=1746023422.9207649230957031250000 HTTP/1.1" 403 13 "-" "WordPress/6.8; https://keyfinancehomeloan.com.au"
40.77.167.37 - - [30/Apr/2025:10:30:11 -0400] "GET /loan-calculator/ HTTP/1.1" 200 19795 "-" "Mozilla/5.0 AppleWebKit/537.36 (KHTML, like Gecko; compatible; bingbot/2.0; +http://www.bing.com/bingbot.htm) Chrome/116.0.1938.76 Safari/537.36"
199.188.205.55 - - [30/Apr/2025:10:52:59 -0400] "POST /wp-cron.php?doing_wp_cron=1746024779.1700980663299560546875 HTTP/1.1" 403 13 "-" "WordPress/6.8; https://keyfinancehomeloan.com.au"
52.167.144.159 - - [30/Apr/2025:10:52:48 -0400] "GET /shopdetail/203712294 HTTP/1.1" 404 18065 "-" "Mozilla/5.0 AppleWebKit/537.36 (KHTML, like Gecko; compatible; bingbot/2.0; +http://www.bing.com/bingbot.htm) Chrome/116.0.1938.76 Safari/537.36"
199.188.205.55 - - [30/Apr/2025:10:56:49 -0400] "POST /wp-cron.php?doing_wp_cron=1746025009.7314100265502929687500 HTTP/1.1" 403 13 "-" "WordPress/6.8; https://keyfinancehomeloan.com.au"
52.167.144.203 - - [30/Apr/2025:10:56:39 -0400] "GET /shopdetail/4302394 HTTP/1.1" 404 18052 "-" "Mozilla/5.0 AppleWebKit/537.36 (KHTML, like Gecko; compatible; bingbot/2.0; +http://www.bing.com/bingbot.htm) Chrome/116.0.1938.76 Safari/537.36"
199.188.205.55 - - [30/Apr/2025:11:05:47 -0400] "POST /wp-cron.php?doing_wp_cron=1746025547.3992679119110107421875 HTTP/1.1" 403 13 "-" "WordPress/6.8; https://keyfinancehomeloan.com.au"
52.167.144.203 - - [30/Apr/2025:11:05:38 -0400] "GET /shopdetail/149816394 HTTP/1.1" 404 18068 "-" "Mozilla/5.0 AppleWebKit/537.36 (KHTML, like Gecko; compatible; bingbot/2.0; +http://www.bing.com/bingbot.htm) Chrome/116.0.1938.76 Safari/537.36"
199.188.205.55 - - [30/Apr/2025:11:18:00 -0400] "POST /wp-cron.php?doing_wp_cron=1746026280.8704330921173095703125 HTTP/1.1" 403 13 "-" "WordPress/6.8; https://keyfinancehomeloan.com.au"
40.77.167.7 - - [30/Apr/2025:11:17:50 -0400] "GET /shopdetail/176846494 HTTP/1.1" 404 18068 "-" "Mozilla/5.0 AppleWebKit/537.36 (KHTML, like Gecko; compatible; bingbot/2.0; +http://www.bing.com/bingbot.htm) Chrome/116.0.1938.76 Safari/537.36"
40.77.167.116 - - [30/Apr/2025:11:18:55 -0400] "GET /shopdetail/69728194 HTTP/1.1" 404 18058 "-" "Mozilla/5.0 AppleWebKit/537.36 (KHTML, like Gecko; compatible; bingbot/2.0; +http://www.bing.com/bingbot.htm) Chrome/116.0.1938.76 Safari/537.36"
199.188.205.55 - - [30/Apr/2025:11:24:44 -0400] "POST /wp-cron.php?doing_wp_cron=1746026683.7978410720825195312500 HTTP/1.1" 403 13 "-" "WordPress/6.8; https://keyfinancehomeloan.com.au"
40.77.167.7 - - [30/Apr/2025:11:24:31 -0400] "GET /shopdetail/109440694 HTTP/1.1" 404 18066 "-" "Mozilla/5.0 AppleWebKit/537.36 (KHTML, like Gecko; compatible; bingbot/2.0; +http://www.bing.com/bingbot.htm) Chrome/116.0.1938.76 Safari/537.36"
199.188.205.55 - - [30/Apr/2025:11:48:16 -0400] "POST /wp-cron.php?doing_wp_cron=1746028095.8676910400390625000000 HTTP/1.1" 403 13 "-" "WordPress/6.8; https://keyfinancehomeloan.com.au"
207.46.13.18 - - [30/Apr/2025:11:48:02 -0400] "GET /shopdetail/98345294 HTTP/1.1" 404 18058 "-" "Mozilla/5.0 AppleWebKit/537.36 (KHTML, like Gecko; compatible; bingbot/2.0; +http://www.bing.com/bingbot.htm) Chrome/116.0.1938.76 Safari/537.36"
199.188.205.55 - - [30/Apr/2025:12:05:34 -0400] "POST /wp-cron.php?doing_wp_cron=1746029134.7767660617828369140625 HTTP/1.1" 403 13 "-" "WordPress/6.8; https://keyfinancehomeloan.com.au"
52.167.144.161 - - [30/Apr/2025:12:05:25 -0400] "GET /shopdetail/143601294 HTTP/1.1" 404 18067 "-" "Mozilla/5.0 AppleWebKit/537.36 (KHTML, like Gecko; compatible; bingbot/2.0; +http://www.bing.com/bingbot.htm) Chrome/116.0.1938.76 Safari/537.36"
199.188.205.55 - - [30/Apr/2025:12:18:28 -0400] "POST /wp-cron.php?doing_wp_cron=1746029908.8417270183563232421875 HTTP/1.1" 403 13 "-" "WordPress/6.8; https://keyfinancehomeloan.com.au"
157.55.39.51 - - [30/Apr/2025:12:18:19 -0400] "GET /shopdetail/170466294 HTTP/1.1" 404 18066 "-" "Mozilla/5.0 AppleWebKit/537.36 (KHTML, like Gecko; compatible; bingbot/2.0; +http://www.bing.com/bingbot.htm) Chrome/116.0.1938.76 Safari/537.36"
52.167.144.217 - - [30/Apr/2025:12:20:46 -0400] "GET /shopdetail/180642194 HTTP/1.1" 404 18068 "-" "Mozilla/5.0 AppleWebKit/537.36 (KHTML, like Gecko; compatible; bingbot/2.0; +http://www.bing.com/bingbot.htm) Chrome/116.0.1938.76 Safari/537.36"
199.188.205.55 - - [30/Apr/2025:12:21:10 -0400] "POST /wp-cron.php?doing_wp_cron=1746030070.4016470909118652343750 HTTP/1.1" 403 13 "-" "WordPress/6.8; https://keyfinancehomeloan.com.au"
157.55.39.51 - - [30/Apr/2025:12:21:09 -0400] "GET /shopdetail/86255494 HTTP/1.1" 404 18057 "-" "Mozilla/5.0 AppleWebKit/537.36 (KHTML, like Gecko; compatible; bingbot/2.0; +http://www.bing.com/bingbot.htm) Chrome/116.0.1938.76 Safari/537.36"
52.167.144.217 - - [30/Apr/2025:12:21:46 -0400] "GET /shopdetail/108162494 HTTP/1.1" 404 18066 "-" "Mozilla/5.0 AppleWebKit/537.36 (KHTML, like Gecko; compatible; bingbot/2.0; +http://www.bing.com/bingbot.htm) Chrome/116.0.1938.76 Safari/537.36"
199.188.205.55 - - [30/Apr/2025:12:38:21 -0400] "POST /wp-cron.php?doing_wp_cron=1746031100.7015550136566162109375 HTTP/1.1" 403 13 "-" "WordPress/6.8; https://keyfinancehomeloan.com.au"
207.46.13.107 - - [30/Apr/2025:12:38:06 -0400] "GET /shopdetail/84359994 HTTP/1.1" 404 18058 "-" "Mozilla/5.0 AppleWebKit/537.36 (KHTML, like Gecko; compatible; bingbot/2.0; +http://www.bing.com/bingbot.htm) Chrome/116.0.1938.76 Safari/537.36"
199.188.205.55 - - [30/Apr/2025:12:40:32 -0400] "POST /wp-cron.php?doing_wp_cron=1746031232.5583119392395019531250 HTTP/1.1" 403 13 "-" "WordPress/6.8; https://keyfinancehomeloan.com.au"
207.46.13.107 - - [30/Apr/2025:12:40:14 -0400] "GET /shopdetail/137554594 HTTP/1.1" 404 18065 "-" "Mozilla/5.0 AppleWebKit/537.36 (KHTML, like Gecko; compatible; bingbot/2.0; +http://www.bing.com/bingbot.htm) Chrome/116.0.1938.76 Safari/537.36"
199.188.205.55 - - [30/Apr/2025:12:44:02 -0400] "POST /wp-cron.php?doing_wp_cron=1746031442.7489809989929199218750 HTTP/1.1" 403 13 "-" "WordPress/6.8; https://keyfinancehomeloan.com.au"
207.46.13.107 - - [30/Apr/2025:12:43:48 -0400] "GET /shopdetail/131667494 HTTP/1.1" 404 18065 "-" "Mozilla/5.0 AppleWebKit/537.36 (KHTML, like Gecko; compatible; bingbot/2.0; +http://www.bing.com/bingbot.htm) Chrome/116.0.1938.76 Safari/537.36"
199.188.205.55 - - [30/Apr/2025:12:45:55 -0400] "POST /wp-cron.php?doing_wp_cron=1746031554.9472498893737792968750 HTTP/1.1" 403 13 "-" "WordPress/6.8; https://keyfinancehomeloan.com.au"
207.46.13.107 - - [30/Apr/2025:12:45:40 -0400] "GET /shopdetail/144314994 HTTP/1.1" 404 18068 "-" "Mozilla/5.0 AppleWebKit/537.36 (KHTML, like Gecko; compatible; bingbot/2.0; +http://www.bing.com/bingbot.htm) Chrome/116.0.1938.76 Safari/537.36"
199.188.205.55 - - [30/Apr/2025:12:47:00 -0400] "POST /wp-cron.php?doing_wp_cron=1746031620.6302990913391113281250 HTTP/1.1" 403 13 "-" "WordPress/6.8; https://keyfinancehomeloan.com.au"
207.46.13.107 - - [30/Apr/2025:12:46:59 -0400] "GET /shopdetail/142370394 HTTP/1.1" 404 18067 "-" "Mozilla/5.0 AppleWebKit/537.36 (KHTML, like Gecko; compatible; bingbot/2.0; +http://www.bing.com/bingbot.htm) Chrome/116.0.1938.76 Safari/537.36"
199.188.205.55 - - [30/Apr/2025:12:51:13 -0400] "POST /wp-cron.php?doing_wp_cron=1746031873.4824819564819335937500 HTTP/1.1" 403 13 "-" "WordPress/6.8; https://keyfinancehomeloan.com.au"
207.46.13.107 - - [30/Apr/2025:12:51:03 -0400] "GET /shopdetail/158834294 HTTP/1.1" 404 18066 "-" "Mozilla/5.0 AppleWebKit/537.36 (KHTML, like Gecko; compatible; bingbot/2.0; +http://www.bing.com/bingbot.htm) Chrome/116.0.1938.76 Safari/537.36"
199.188.205.55 - - [30/Apr/2025:12:59:59 -0400] "POST /wp-cron.php?doing_wp_cron=1746032399.4944911003112792968750 HTTP/1.1" 403 13 "-" "WordPress/6.8; https://keyfinancehomeloan.com.au"
207.46.13.52 - - [30/Apr/2025:12:59:49 -0400] "GET /shopdetail/199535894 HTTP/1.1" 404 18067 "-" "Mozilla/5.0 AppleWebKit/537.36 (KHTML, like Gecko; compatible; bingbot/2.0; +http://www.bing.com/bingbot.htm) Chrome/116.0.1938.76 Safari/537.36"
199.188.205.55 - - [30/Apr/2025:13:19:19 -0400] "POST /wp-cron.php?doing_wp_cron=1746033559.4565379619598388671875 HTTP/1.1" 403 13 "-" "WordPress/6.8; https://keyfinancehomeloan.com.au"
52.167.144.180 - - [30/Apr/2025:13:19:11 -0400] "GET /shopdetail/44878894 HTTP/1.1" 404 18060 "-" "Mozilla/5.0 AppleWebKit/537.36 (KHTML, like Gecko; compatible; bingbot/2.0; +http://www.bing.com/bingbot.htm) Chrome/116.0.1938.76 Safari/537.36"
207.46.13.116 - - [30/Apr/2025:13:19:52 -0400] "GET /shopdetail/35191894 HTTP/1.1" 404 18057 "-" "Mozilla/5.0 AppleWebKit/537.36 (KHTML, like Gecko; compatible; bingbot/2.0; +http://www.bing.com/bingbot.htm) Chrome/116.0.1938.76 Safari/537.36"
199.188.205.55 - - [30/Apr/2025:13:23:05 -0400] "POST /wp-cron.php?doing_wp_cron=1746033785.6774930953979492187500 HTTP/1.1" 403 13 "-" "WordPress/6.8; https://keyfinancehomeloan.com.au"
207.46.13.155 - - [30/Apr/2025:13:22:53 -0400] "GET /shopdetail/190625194 HTTP/1.1" 404 18068 "-" "Mozilla/5.0 AppleWebKit/537.36 (KHTML, like Gecko; compatible; bingbot/2.0; +http://www.bing.com/bingbot.htm) Chrome/116.0.1938.76 Safari/537.36"
199.188.205.55 - - [30/Apr/2025:13:25:53 -0400] "POST /wp-cron.php?doing_wp_cron=1746033953.6328999996185302734375 HTTP/1.1" 403 13 "-" "WordPress/6.8; https://keyfinancehomeloan.com.au"
207.46.13.102 - - [30/Apr/2025:13:25:43 -0400] "GET /shopdetail/140060494 HTTP/1.1" 404 18065 "-" "Mozilla/5.0 AppleWebKit/537.36 (KHTML, like Gecko; compatible; bingbot/2.0; +http://www.bing.com/bingbot.htm) Chrome/116.0.1938.76 Safari/537.36"
199.188.205.55 - - [30/Apr/2025:13:27:04 -0400] "POST /wp-cron.php?doing_wp_cron=1746034024.4408380985260009765625 HTTP/1.1" 403 13 "-" "WordPress/6.8; https://keyfinancehomeloan.com.au"
52.167.144.180 - - [30/Apr/2025:13:27:03 -0400] "GET /shopdetail/42950694 HTTP/1.1" 404 18057 "-" "Mozilla/5.0 AppleWebKit/537.36 (KHTML, like Gecko; compatible; bingbot/2.0; +http://www.bing.com/bingbot.htm) Chrome/116.0.1938.76 Safari/537.36"
