199.188.205.55 - - [06/May/2025:08:41:35 -0400] "POST /wp-cron.php?doing_wp_cron=1746535295.1781098842620849609375 HTTP/1.1" 200 0 "-" "WordPress/6.8.1; https://keyfinancehomeloan.com.au"
157.55.39.204 - - [06/May/2025:08:41:33 -0400] "GET /shopdetail/112479794 HTTP/1.1" 404 18121 "-" "Mozilla/5.0 AppleWebKit/537.36 (KHTML, like Gecko; compatible; bingbot/2.0; +http://www.bing.com/bingbot.htm) Chrome/116.0.1938.76 Safari/537.36"
199.188.205.55 - - [06/May/2025:08:41:36 -0400] "POST /wp-admin/admin-ajax.php?action=async_litespeed&nonce=jLmFOcMRSLKWMWEVMC0zxndc2rDvitZO&litespeed_type=imgoptm HTTP/1.1" 200 0 "-" "WordPress/6.8.1; https://keyfinancehomeloan.com.au"
3.136.17.154 - - [06/May/2025:08:52:13 -0400] "GET /robots.txt HTTP/1.1" 200 139 "-" "Mozilla/5.0 AppleWebKit/537.36 (KHTML, like Gecko; compatible; ClaudeBot/1.0; +claudebot@anthropic.com)"
3.136.17.154 - - [06/May/2025:08:52:14 -0400] "GET /wp-content/plugins/ti-woocommerce-wishlist/assets/css/public.min.css HTTP/1.1" 200 5295 "-" "Mozilla/5.0 AppleWebKit/537.36 (KHTML, like Gecko; compatible; ClaudeBot/1.0; +claudebot@anthropic.com)"
199.188.205.55 - - [06/May/2025:08:59:13 -0400] "POST /wp-admin/admin-ajax.php?action=async_litespeed&nonce=zOmBDrCKKU29VpebzdkVcAnk6hJ2961B&litespeed_type=imgoptm HTTP/1.1" 200 0 "-" "WordPress/6.8.1; https://keyfinancehomeloan.com.au"
199.188.205.55 - - [06/May/2025:09:07:49 -0400] "POST /wp-cron.php?doing_wp_cron=1746536869.5663499832153320312500 HTTP/1.1" 200 0 "-" "WordPress/6.8.1; https://keyfinancehomeloan.com.au"
207.46.13.154 - - [06/May/2025:09:07:40 -0400] "GET /shopdetail/97571194 HTTP/1.1" 404 18073 "-" "Mozilla/5.0 AppleWebKit/537.36 (KHTML, like Gecko; compatible; bingbot/2.0; +http://www.bing.com/bingbot.htm) Chrome/116.0.1938.76 Safari/537.36"
199.188.205.55 - - [06/May/2025:09:07:52 -0400] "POST /wp-admin/admin-ajax.php?action=async_litespeed&nonce=2CuCMa6PAUqFj71galXhA93TSWuhhLtW&litespeed_type=imgoptm HTTP/1.1" 200 0 "-" "WordPress/6.8.1; https://keyfinancehomeloan.com.au"
199.188.205.55 - - [06/May/2025:09:18:48 -0400] "POST /wp-admin/admin-ajax.php?action=async_litespeed&nonce=xk8ZtXyXt5Jo8yUaWxgehN6eHPn4AO8f&litespeed_type=imgoptm HTTP/1.1" 200 0 "-" "WordPress/6.8.1; https://keyfinancehomeloan.com.au"
199.188.205.55 - - [06/May/2025:09:24:37 -0400] "POST /wp-cron.php?doing_wp_cron=1746537877.1130359172821044921875 HTTP/1.1" 200 0 "-" "WordPress/6.8.1; https://keyfinancehomeloan.com.au"
157.55.39.193 - - [06/May/2025:09:24:19 -0400] "GET /shopdetail/111506594 HTTP/1.1" 404 18121 "-" "Mozilla/5.0 AppleWebKit/537.36 (KHTML, like Gecko; compatible; bingbot/2.0; +http://www.bing.com/bingbot.htm) Chrome/116.0.1938.76 Safari/537.36"
199.188.205.55 - - [06/May/2025:09:24:39 -0400] "POST /wp-admin/admin-ajax.php?action=async_litespeed&nonce=51tHYj9ZkbsjCg6XjjVot7LHZz6O7rQu&litespeed_type=imgoptm HTTP/1.1" 200 0 "-" "WordPress/6.8.1; https://keyfinancehomeloan.com.au"
199.188.205.55 - - [06/May/2025:09:38:21 -0400] "POST /wp-admin/admin-ajax.php?action=async_litespeed&nonce=yGqhnTbEcSQjCd4qYML2UQdxAzKKBNfh&litespeed_type=imgoptm HTTP/1.1" 200 0 "-" "WordPress/6.8.1; https://keyfinancehomeloan.com.au"
199.188.205.55 - - [06/May/2025:09:41:55 -0400] "POST /wp-cron.php?doing_wp_cron=1746538914.8157649040222167968750 HTTP/1.1" 200 0 "-" "WordPress/6.8.1; https://keyfinancehomeloan.com.au"
157.55.39.60 - - [06/May/2025:09:41:39 -0400] "GET /shopdetail/19115194 HTTP/1.1" 404 18071 "-" "Mozilla/5.0 AppleWebKit/537.36 (KHTML, like Gecko; compatible; bingbot/2.0; +http://www.bing.com/bingbot.htm) Chrome/116.0.1938.76 Safari/537.36"
199.188.205.55 - - [06/May/2025:09:41:57 -0400] "POST /wp-admin/admin-ajax.php?action=async_litespeed&nonce=CbZz1k41Mz4PuYKoYTPZy5w7w5GSi7ks&litespeed_type=imgoptm HTTP/1.1" 200 0 "-" "WordPress/6.8.1; https://keyfinancehomeloan.com.au"
199.188.205.55 - - [06/May/2025:09:52:26 -0400] "POST /wp-cron.php?doing_wp_cron=1746539546.1795361042022705078125 HTTP/1.1" 200 0 "-" "WordPress/6.8.1; https://keyfinancehomeloan.com.au"
157.55.39.202 - - [06/May/2025:09:52:12 -0400] "GET /shopdetail/165217394 HTTP/1.1" 404 18121 "-" "Mozilla/5.0 AppleWebKit/537.36 (KHTML, like Gecko; compatible; bingbot/2.0; +http://www.bing.com/bingbot.htm) Chrome/116.0.1938.76 Safari/537.36"
199.188.205.55 - - [06/May/2025:09:52:28 -0400] "POST /wp-admin/admin-ajax.php?action=async_litespeed&nonce=HcIL7l6cX7ksTkmIyusQFHXFJNKynK52&litespeed_type=imgoptm HTTP/1.1" 200 0 "-" "WordPress/6.8.1; https://keyfinancehomeloan.com.au"
199.188.205.55 - - [06/May/2025:09:52:58 -0400] "POST /wp-cron.php?doing_wp_cron=1746539578.1229059696197509765625 HTTP/1.1" 200 0 "-" "WordPress/6.8.1; https://keyfinancehomeloan.com.au"
52.167.144.203 - - [06/May/2025:09:52:56 -0400] "GET /shopdetail/161119794 HTTP/1.1" 404 18121 "-" "Mozilla/5.0 AppleWebKit/537.36 (KHTML, like Gecko; compatible; bingbot/2.0; +http://www.bing.com/bingbot.htm) Chrome/116.0.1938.76 Safari/537.36"
199.188.205.55 - - [06/May/2025:09:59:12 -0400] "POST /wp-admin/admin-ajax.php?action=async_litespeed&nonce=TqzUpn1TY0s2LoliRdDaUzEFaWBlgcqm&litespeed_type=imgoptm HTTP/1.1" 200 0 "-" "WordPress/6.8.1; https://keyfinancehomeloan.com.au"
199.188.205.55 - - [06/May/2025:10:14:36 -0400] "POST /wp-cron.php?doing_wp_cron=1746540876.9378569126129150390625 HTTP/1.1" 200 0 "-" "WordPress/6.8.1; https://keyfinancehomeloan.com.au"
207.46.13.150 - - [06/May/2025:10:14:29 -0400] "GET /shopdetail/89784594 HTTP/1.1" 404 18073 "-" "Mozilla/5.0 AppleWebKit/537.36 (KHTML, like Gecko; compatible; bingbot/2.0; +http://www.bing.com/bingbot.htm) Chrome/116.0.1938.76 Safari/537.36"
199.188.205.55 - - [06/May/2025:10:14:38 -0400] "POST /wp-admin/admin-ajax.php?action=async_litespeed&nonce=tQLr1DlukhKZZC9piYkwYQJRqtG0RWNb&litespeed_type=imgoptm HTTP/1.1" 200 0 "-" "WordPress/6.8.1; https://keyfinancehomeloan.com.au"
199.188.205.55 - - [06/May/2025:10:20:33 -0400] "POST /wp-admin/admin-ajax.php?action=async_litespeed&nonce=MbmlCUdez3nlv8NxjbyF2rsq8WUnuL07&litespeed_type=imgoptm HTTP/1.1" 200 0 "-" "WordPress/6.8.1; https://keyfinancehomeloan.com.au"
199.188.205.55 - - [06/May/2025:10:27:45 -0400] "POST /wp-cron.php?doing_wp_cron=1746541665.9524340629577636718750 HTTP/1.1" 200 0 "-" "WordPress/6.8.1; https://keyfinancehomeloan.com.au"
157.245.150.239 - - [06/May/2025:10:27:38 -0400] "GET / HTTP/1.1" 200 24017 "-" "Mozilla/5.0 (Windows NT 10.0; Win64; x64; rv:138.0) Gecko/20100101 Firefox/138.0"
157.245.150.239 - - [06/May/2025:10:27:48 -0400] "GET /wp-content/plugins/contact-form-7/includes/css/styles.css?ver=6.0.6 HTTP/1.1" 200 890 "https://keyfinancehomeloan.com.au/" "Mozilla/5.0 (Windows NT 10.0; Win64; x64; rv:138.0) Gecko/20100101 Firefox/138.0"
157.245.150.239 - - [06/May/2025:10:27:48 -0400] "GET /wp-content/plugins/themedraft-core/elementor-widgets/assets/fonts/flaticon.css?ver=https://keyfinancehomeloan.com.au/wp-content/plugins/themedraft-core/elementor-widgets/assets/ HTTP/1.1" 200 2157 "https://keyfinancehomeloan.com.au/" "Mozilla/5.0 (Windows NT 10.0; Win64; x64; rv:138.0) Gecko/20100101 Firefox/138.0"
157.245.150.239 - - [06/May/2025:10:27:48 -0400] "GET /wp-content/uploads/elementor/css/post-29.css?ver=1721126624 HTTP/1.1" 200 313 "https://keyfinancehomeloan.com.au/" "Mozilla/5.0 (Windows NT 10.0; Win64; x64; rv:138.0) Gecko/20100101 Firefox/138.0"
157.245.150.239 - - [06/May/2025:10:27:48 -0400] "GET /wp-content/uploads/elementor/css/post-96.css?ver=1724147828 HTTP/1.1" 200 1034 "https://keyfinancehomeloan.com.au/" "Mozilla/5.0 (Windows NT 10.0; Win64; x64; rv:138.0) Gecko/20100101 Firefox/138.0"
157.245.150.239 - - [06/May/2025:10:27:48 -0400] "GET /wp-content/plugins/themedraft-core/elementor-widgets/assets/fonts/flaticon.css?ver=1.0.0 HTTP/1.1" 200 2157 "https://keyfinancehomeloan.com.au/" "Mozilla/5.0 (Windows NT 10.0; Win64; x64; rv:138.0) Gecko/20100101 Firefox/138.0"
157.245.150.239 - - [06/May/2025:10:27:48 -0400] "GET /wp-content/uploads/elementor/google-fonts/css/roboto.css?ver=1742282740 HTTP/1.1" 200 1881 "https://keyfinancehomeloan.com.au/" "Mozilla/5.0 (Windows NT 10.0; Win64; x64; rv:138.0) Gecko/20100101 Firefox/138.0"
157.245.150.239 - - [06/May/2025:10:27:48 -0400] "GET /wp-content/uploads/elementor/google-fonts/css/robotoslab.css?ver=1742282746 HTTP/1.1" 200 718 "https://keyfinancehomeloan.com.au/" "Mozilla/5.0 (Windows NT 10.0; Win64; x64; rv:138.0) Gecko/20100101 Firefox/138.0"
157.245.150.239 - - [06/May/2025:10:27:48 -0400] "GET /wp-content/plugins/yith-woocommerce-quick-view/assets/css/yith-quick-view.css?ver=2.4.0 HTTP/1.1" 200 1870 "https://keyfinancehomeloan.com.au/" "Mozilla/5.0 (Windows NT 10.0; Win64; x64; rv:138.0) Gecko/20100101 Firefox/138.0"
157.245.150.239 - - [06/May/2025:10:27:48 -0400] "GET /wp-content/plugins/simply-schedule-appointments/assets/css/upcoming-appointments.css?ver=1.6.8.22 HTTP/1.1" 200 727 "https://keyfinancehomeloan.com.au/" "Mozilla/5.0 (Windows NT 10.0; Win64; x64; rv:138.0) Gecko/20100101 Firefox/138.0"
157.245.150.239 - - [06/May/2025:10:27:48 -0400] "GET /wp-content/plugins/ti-woocommerce-wishlist/assets/fonts/tinvwl-webfont.woff2?ver=xu2uyi HTTP/1.1" 200 4404 "https://keyfinancehomeloan.com.au/" "Mozilla/5.0 (Windows NT 10.0; Win64; x64; rv:138.0) Gecko/20100101 Firefox/138.0"
157.245.150.239 - - [06/May/2025:10:27:48 -0400] "GET /wp-content/plugins/woocommerce/assets/css/brands.css?ver=9.8.3 HTTP/1.1" 200 579 "https://keyfinancehomeloan.com.au/" "Mozilla/5.0 (Windows NT 10.0; Win64; x64; rv:138.0) Gecko/20100101 Firefox/138.0"
157.245.150.239 - - [06/May/2025:10:27:48 -0400] "GET /wp-content/themes/keyfin/assets/css/magnific-popup.css?ver=1.1.0 HTTP/1.1" 200 1780 "https://keyfinancehomeloan.com.au/" "Mozilla/5.0 (Windows NT 10.0; Win64; x64; rv:138.0) Gecko/20100101 Firefox/138.0"
157.245.150.239 - - [06/May/2025:10:27:48 -0400] "GET /wp-content/plugins/ti-woocommerce-wishlist/assets/css/webfont.min.css?ver=2.9.2 HTTP/1.1" 200 785 "https://keyfinancehomeloan.com.au/" "Mozilla/5.0 (Windows NT 10.0; Win64; x64; rv:138.0) Gecko/20100101 Firefox/138.0"
157.245.150.239 - - [06/May/2025:10:27:48 -0400] "GET /wp-content/themes/keyfin/assets/css/slick-slider.css?ver=1.0.0 HTTP/1.1" 200 483 "https://keyfinancehomeloan.com.au/" "Mozilla/5.0 (Windows NT 10.0; Win64; x64; rv:138.0) Gecko/20100101 Firefox/138.0"
157.245.150.239 - - [06/May/2025:10:27:48 -0400] "GET /wp-content/themes/keyfin/assets/css/slicknav.min.css?ver=1.0.10 HTTP/1.1" 200 688 "https://keyfinancehomeloan.com.au/" "Mozilla/5.0 (Windows NT 10.0; Win64; x64; rv:138.0) Gecko/20100101 Firefox/138.0"
157.245.150.239 - - [06/May/2025:10:27:48 -0400] "GET /wp-content/themes/keyfin/assets/css/inline-style.css?ver=1.1.3 HTTP/1.1" 200 0 "https://keyfinancehomeloan.com.au/" "Mozilla/5.0 (Windows NT 10.0; Win64; x64; rv:138.0) Gecko/20100101 Firefox/138.0"
157.245.150.239 - - [06/May/2025:10:27:48 -0400] "GET /wp-content/plugins/simply-schedule-appointments/assets/css/ssa-styles.css?ver=1.6.8.22 HTTP/1.1" 200 189 "https://keyfinancehomeloan.com.au/" "Mozilla/5.0 (Windows NT 10.0; Win64; x64; rv:138.0) Gecko/20100101 Firefox/138.0"
157.245.150.239 - - [06/May/2025:10:27:48 -0400] "GET /wp-content/themes/keyfin/style.css?ver=1.1.3 HTTP/1.1" 200 234 "https://keyfinancehomeloan.com.au/" "Mozilla/5.0 (Windows NT 10.0; Win64; x64; rv:138.0) Gecko/20100101 Firefox/138.0"
157.245.150.239 - - [06/May/2025:10:27:48 -0400] "GET /wp-content/plugins/woocommerce/assets/css/woocommerce-layout.css?ver=9.8.3 HTTP/1.1" 200 3160 "https://keyfinancehomeloan.com.au/" "Mozilla/5.0 (Windows NT 10.0; Win64; x64; rv:138.0) Gecko/20100101 Firefox/138.0"
157.245.150.239 - - [06/May/2025:10:27:48 -0400] "GET /wp-content/plugins/woocommerce/assets/js/jquery-blockui/jquery.blockUI.min.js?ver=2.7.0-wc.9.8.3 HTTP/1.1" 200 3277 "https://keyfinancehomeloan.com.au/" "Mozilla/5.0 (Windows NT 10.0; Win64; x64; rv:138.0) Gecko/20100101 Firefox/138.0"
157.245.150.239 - - [06/May/2025:10:27:48 -0400] "GET /wp-content/plugins/woocommerce/assets/js/frontend/add-to-cart.min.js?ver=9.8.3 HTTP/1.1" 200 1225 "https://keyfinancehomeloan.com.au/" "Mozilla/5.0 (Windows NT 10.0; Win64; x64; rv:138.0) Gecko/20100101 Firefox/138.0"
157.245.150.239 - - [06/May/2025:10:27:48 -0400] "GET /wp-content/plugins/woocommerce/assets/css/woocommerce.css?ver=9.8.3 HTTP/1.1" 200 10163 "https://keyfinancehomeloan.com.au/" "Mozilla/5.0 (Windows NT 10.0; Win64; x64; rv:138.0) Gecko/20100101 Firefox/138.0"
157.245.150.239 - - [06/May/2025:10:27:48 -0400] "GET /wp-content/themes/keyfin/assets/css/bootstrap.min.css?ver=4.4.1 HTTP/1.1" 200 21341 "https://keyfinancehomeloan.com.au/" "Mozilla/5.0 (Windows NT 10.0; Win64; x64; rv:138.0) Gecko/20100101 Firefox/138.0"
157.245.150.239 - - [06/May/2025:10:27:48 -0400] "GET /wp-content/themes/keyfin/assets/css/fontawesome.min.css?ver=5.13.0 HTTP/1.1" 200 12163 "https://keyfinancehomeloan.com.au/" "Mozilla/5.0 (Windows NT 10.0; Win64; x64; rv:138.0) Gecko/20100101 Firefox/138.0"
157.245.150.239 - - [06/May/2025:10:27:48 -0400] "GET /wp-content/plugins/ti-woocommerce-wishlist/assets/css/public.min.css?ver=2.9.2 HTTP/1.1" 200 5295 "https://keyfinancehomeloan.com.au/" "Mozilla/5.0 (Windows NT 10.0; Win64; x64; rv:138.0) Gecko/20100101 Firefox/138.0"
157.245.150.239 - - [06/May/2025:10:27:48 -0400] "GET /wp-content/themes/keyfin/assets/css/uikit.min.css?ver=3.1.9 HTTP/1.1" 200 25852 "https://keyfinancehomeloan.com.au/" "Mozilla/5.0 (Windows NT 10.0; Win64; x64; rv:138.0) Gecko/20100101 Firefox/138.0"
157.245.150.239 - - [06/May/2025:10:27:48 -0400] "GET /wp-content/plugins/chaty/css/chaty-front.min.css?ver=3.3.91721214134 HTTP/1.1" 200 6388 "https://keyfinancehomeloan.com.au/" "Mozilla/5.0 (Windows NT 10.0; Win64; x64; rv:138.0) Gecko/20100101 Firefox/138.0"
157.245.150.239 - - [06/May/2025:10:27:48 -0400] "GET /wp-content/themes/keyfin/assets/css/main.css?ver=1.1.3 HTTP/1.1" 200 14607 "https://keyfinancehomeloan.com.au/" "Mozilla/5.0 (Windows NT 10.0; Win64; x64; rv:138.0) Gecko/20100101 Firefox/138.0"
157.245.150.239 - - [06/May/2025:10:27:48 -0400] "GET /wp-content/plugins/elementor/assets/css/frontend.min.css?ver=3.28.4 HTTP/1.1" 200 6453 "https://keyfinancehomeloan.com.au/" "Mozilla/5.0 (Windows NT 10.0; Win64; x64; rv:138.0) Gecko/20100101 Firefox/138.0"
157.245.150.239 - - [06/May/2025:10:27:48 -0400] "GET /wp-content/themes/keyfin/assets/css/custom-el-widget.css?ver=1.1.3 HTTP/1.1" 200 5451 "https://keyfinancehomeloan.com.au/" "Mozilla/5.0 (Windows NT 10.0; Win64; x64; rv:138.0) Gecko/20100101 Firefox/138.0"
157.245.150.239 - - [06/May/2025:10:27:48 -0400] "GET /wp-content/themes/keyfin/assets/css/woocommerce.css?ver=1.0.0 HTTP/1.1" 200 7141 "https://keyfinancehomeloan.com.au/" "Mozilla/5.0 (Windows NT 10.0; Win64; x64; rv:138.0) Gecko/20100101 Firefox/138.0"
157.245.150.239 - - [06/May/2025:10:27:48 -0400] "GET /wp-includes/js/jquery/jquery-migrate.min.js?ver=3.4.1 HTTP/1.1" 200 4678 "https://keyfinancehomeloan.com.au/" "Mozilla/5.0 (Windows NT 10.0; Win64; x64; rv:138.0) Gecko/20100101 Firefox/138.0"
157.245.150.239 - - [06/May/2025:10:27:48 -0400] "GET /wp-includes/js/jquery/jquery.min.js?ver=3.7.1 HTTP/1.1" 200 29744 "https://keyfinancehomeloan.com.au/" "Mozilla/5.0 (Windows NT 10.0; Win64; x64; rv:138.0) Gecko/20100101 Firefox/138.0"
157.245.150.239 - - [06/May/2025:10:27:48 -0400] "GET /wp-content/plugins/woocommerce/assets/js/js-cookie/js.cookie.min.js?ver=2.1.4-wc.9.8.3 HTTP/1.1" 200 760 "https://keyfinancehomeloan.com.au/" "Mozilla/5.0 (Windows NT 10.0; Win64; x64; rv:138.0) Gecko/20100101 Firefox/138.0"
157.245.150.239 - - [06/May/2025:10:27:48 -0400] "GET /wp-content/plugins/woocommerce/assets/js/frontend/woocommerce.min.js?ver=9.8.3 HTTP/1.1" 200 1241 "https://keyfinancehomeloan.com.au/" "Mozilla/5.0 (Windows NT 10.0; Win64; x64; rv:138.0) Gecko/20100101 Firefox/138.0"
157.245.150.239 - - [06/May/2025:10:27:48 -0400] "GET /wp-content/uploads/2024/07/KFHL-removebg-preview.png HTTP/1.1" 200 87443 "https://keyfinancehomeloan.com.au/" "Mozilla/5.0 (Windows NT 10.0; Win64; x64; rv:138.0) Gecko/20100101 Firefox/138.0"
157.245.150.239 - - [06/May/2025:10:27:48 -0400] "GET /wp-content/uploads/2024/07/Car-Loan.jpeg HTTP/1.1" 200 160458 "https://keyfinancehomeloan.com.au/" "Mozilla/5.0 (Windows NT 10.0; Win64; x64; rv:138.0) Gecko/20100101 Firefox/138.0"
157.245.150.239 - - [06/May/2025:10:27:48 -0400] "GET /wp-content/uploads/2024/07/First-Home-Buyer.jpeg HTTP/1.1" 200 69257 "https://keyfinancehomeloan.com.au/" "Mozilla/5.0 (Windows NT 10.0; Win64; x64; rv:138.0) Gecko/20100101 Firefox/138.0"
157.245.150.239 - - [06/May/2025:10:27:48 -0400] "GET /wp-content/uploads/2024/07/Business-loan-3.jpeg HTTP/1.1" 200 71187 "https://keyfinancehomeloan.com.au/" "Mozilla/5.0 (Windows NT 10.0; Win64; x64; rv:138.0) Gecko/20100101 Firefox/138.0"
157.245.150.239 - - [06/May/2025:10:27:48 -0400] "GET /wp-content/uploads/2024/07/Business-Loan.jpeg HTTP/1.1" 200 74513 "https://keyfinancehomeloan.com.au/" "Mozilla/5.0 (Windows NT 10.0; Win64; x64; rv:138.0) Gecko/20100101 Firefox/138.0"
157.245.150.239 - - [06/May/2025:10:27:48 -0400] "GET /wp-content/uploads/2024/07/Business-Loan-1.jpeg HTTP/1.1" 200 35413 "https://keyfinancehomeloan.com.au/" "Mozilla/5.0 (Windows NT 10.0; Win64; x64; rv:138.0) Gecko/20100101 Firefox/138.0"
157.245.150.239 - - [06/May/2025:10:27:48 -0400] "GET /wp-content/uploads/2024/07/First-Home-Buyer-1.jpeg HTTP/1.1" 200 240578 "https://keyfinancehomeloan.com.au/" "Mozilla/5.0 (Windows NT 10.0; Win64; x64; rv:138.0) Gecko/20100101 Firefox/138.0"
157.245.150.239 - - [06/May/2025:10:27:48 -0400] "GET /wp-content/plugins/mortgage-loan-calculator/en/images/top-panel-loan.png HTTP/1.1" 200 4670 "https://keyfinancehomeloan.com.au/" "Mozilla/5.0 (Windows NT 10.0; Win64; x64; rv:138.0) Gecko/20100101 Firefox/138.0"
157.245.150.239 - - [06/May/2025:10:27:48 -0400] "GET /wp-content/plugins/mortgage-loan-calculator/en/images/top-panel-mortgage-only.png HTTP/1.1" 200 3616 "https://keyfinancehomeloan.com.au/" "Mozilla/5.0 (Windows NT 10.0; Win64; x64; rv:138.0) Gecko/20100101 Firefox/138.0"
157.245.150.239 - - [06/May/2025:10:27:48 -0400] "GET /wp-content/plugins/mortgage-loan-calculator/en/images/top-panel-loan-only.png HTTP/1.1" 200 2445 "https://keyfinancehomeloan.com.au/" "Mozilla/5.0 (Windows NT 10.0; Win64; x64; rv:138.0) Gecko/20100101 Firefox/138.0"
157.245.150.239 - - [06/May/2025:10:27:48 -0400] "GET /wp-content/plugins/mortgage-loan-calculator/images/bottom.png HTTP/1.1" 200 693 "https://keyfinancehomeloan.com.au/" "Mozilla/5.0 (Windows NT 10.0; Win64; x64; rv:138.0) Gecko/20100101 Firefox/138.0"
157.245.150.239 - - [06/May/2025:10:27:48 -0400] "GET /wp-content/plugins/mortgage-loan-calculator/widget-form.css?ver=6.8.1 HTTP/1.1" 200 782 "https://keyfinancehomeloan.com.au/" "Mozilla/5.0 (Windows NT 10.0; Win64; x64; rv:138.0) Gecko/20100101 Firefox/138.0"
157.245.150.239 - - [06/May/2025:10:27:48 -0400] "GET /wp-content/plugins/elementor/assets/css/widget-image.min.css?ver=3.28.4 HTTP/1.1" 200 254 "https://keyfinancehomeloan.com.au/" "Mozilla/5.0 (Windows NT 10.0; Win64; x64; rv:138.0) Gecko/20100101 Firefox/138.0"
157.245.150.239 - - [06/May/2025:10:27:48 -0400] "GET /wp-content/plugins/woocommerce/assets/client/blocks/wc-blocks.css?ver=wc-9.8.3 HTTP/1.1" 200 2282 "https://keyfinancehomeloan.com.au/" "Mozilla/5.0 (Windows NT 10.0; Win64; x64; rv:138.0) Gecko/20100101 Firefox/138.0"
157.245.150.239 - - [06/May/2025:10:27:48 -0400] "GET /wp-content/plugins/mortgage-loan-calculator/en/images/top-panel-mortgage.png HTTP/1.1" 200 4605 "https://keyfinancehomeloan.com.au/" "Mozilla/5.0 (Windows NT 10.0; Win64; x64; rv:138.0) Gecko/20100101 Firefox/138.0"
157.245.150.239 - - [06/May/2025:10:27:48 -0400] "GET /wp-content/plugins/woocommerce/assets/css/photoswipe/photoswipe.min.css?ver=9.8.3 HTTP/1.1" 200 857 "https://keyfinancehomeloan.com.au/" "Mozilla/5.0 (Windows NT 10.0; Win64; x64; rv:138.0) Gecko/20100101 Firefox/138.0"
157.245.150.239 - - [06/May/2025:10:27:48 -0400] "GET /wp-content/plugins/woocommerce/assets/css/photoswipe/default-skin/default-skin.min.css?ver=9.8.3 HTTP/1.1" 200 1759 "https://keyfinancehomeloan.com.au/" "Mozilla/5.0 (Windows NT 10.0; Win64; x64; rv:138.0) Gecko/20100101 Firefox/138.0"
157.245.150.239 - - [06/May/2025:10:27:48 -0400] "GET /wp-includes/js/dist/hooks.min.js?ver=4d63a3d491d11ffd8ac6 HTTP/1.1" 200 1571 "https://keyfinancehomeloan.com.au/" "Mozilla/5.0 (Windows NT 10.0; Win64; x64; rv:138.0) Gecko/20100101 Firefox/138.0"
157.245.150.239 - - [06/May/2025:10:27:48 -0400] "GET /wp-content/plugins/yith-woocommerce-quick-view/assets/js/frontend.min.js?ver=2.4.0 HTTP/1.1" 200 814 "https://keyfinancehomeloan.com.au/" "Mozilla/5.0 (Windows NT 10.0; Win64; x64; rv:138.0) Gecko/20100101 Firefox/138.0"
157.245.150.239 - - [06/May/2025:10:27:48 -0400] "GET /wp-includes/js/dist/i18n.min.js?ver=5e580eb46a90c2b997e6 HTTP/1.1" 200 3542 "https://keyfinancehomeloan.com.au/" "Mozilla/5.0 (Windows NT 10.0; Win64; x64; rv:138.0) Gecko/20100101 Firefox/138.0"
157.245.150.239 - - [06/May/2025:10:27:48 -0400] "GET /wp-content/plugins/woocommerce/assets/js/frontend/cart-fragments.min.js?ver=9.8.3 HTTP/1.1" 200 943 "https://keyfinancehomeloan.com.au/" "Mozilla/5.0 (Windows NT 10.0; Win64; x64; rv:138.0) Gecko/20100101 Firefox/138.0"
157.245.150.239 - - [06/May/2025:10:27:48 -0400] "GET /wp-content/plugins/contact-form-7/includes/js/index.js?ver=6.0.6 HTTP/1.1" 200 4008 "https://keyfinancehomeloan.com.au/" "Mozilla/5.0 (Windows NT 10.0; Win64; x64; rv:138.0) Gecko/20100101 Firefox/138.0"
157.245.150.239 - - [06/May/2025:10:27:48 -0400] "GET /wp-content/plugins/contact-form-7/includes/swv/js/index.js?ver=6.0.6 HTTP/1.1" 200 3369 "https://keyfinancehomeloan.com.au/" "Mozilla/5.0 (Windows NT 10.0; Win64; x64; rv:138.0) Gecko/20100101 Firefox/138.0"
157.245.150.239 - - [06/May/2025:10:27:48 -0400] "GET /wp-includes/js/imagesloaded.min.js?ver=5.0.0 HTTP/1.1" 200 1687 "https://keyfinancehomeloan.com.au/" "Mozilla/5.0 (Windows NT 10.0; Win64; x64; rv:138.0) Gecko/20100101 Firefox/138.0"
157.245.150.239 - - [06/May/2025:10:27:48 -0400] "GET /wp-content/themes/keyfin/assets/js/main.js?ver=1.1.3 HTTP/1.1" 200 1361 "https://keyfinancehomeloan.com.au/" "Mozilla/5.0 (Windows NT 10.0; Win64; x64; rv:138.0) Gecko/20100101 Firefox/138.0"
157.245.150.239 - - [06/May/2025:10:27:48 -0400] "GET /wp-content/themes/keyfin/assets/js/slicknav.min.js?ver=1.0.10 HTTP/1.1" 200 1920 "https://keyfinancehomeloan.com.au/" "Mozilla/5.0 (Windows NT 10.0; Win64; x64; rv:138.0) Gecko/20100101 Firefox/138.0"
157.245.150.239 - - [06/May/2025:10:27:48 -0400] "GET /wp-content/themes/keyfin/assets/js/wow.min.js?ver=1.3.0 HTTP/1.1" 200 2634 "https://keyfinancehomeloan.com.au/" "Mozilla/5.0 (Windows NT 10.0; Win64; x64; rv:138.0) Gecko/20100101 Firefox/138.0"
157.245.150.239 - - [06/May/2025:10:27:48 -0400] "GET /wp-content/plugins/ti-woocommerce-wishlist/assets/js/public.min.js?ver=2.9.2 HTTP/1.1" 200 5635 "https://keyfinancehomeloan.com.au/" "Mozilla/5.0 (Windows NT 10.0; Win64; x64; rv:138.0) Gecko/20100101 Firefox/138.0"
157.245.150.239 - - [06/May/2025:10:27:48 -0400] "GET /wp-content/themes/keyfin/assets/js/bootstrap.min.js?ver=4.4.1 HTTP/1.1" 200 15247 "https://keyfinancehomeloan.com.au/" "Mozilla/5.0 (Windows NT 10.0; Win64; x64; rv:138.0) Gecko/20100101 Firefox/138.0"
157.245.150.239 - - [06/May/2025:10:27:48 -0400] "GET /wp-content/themes/keyfin/assets/js/popper.min.js?ver=1.12.9 HTTP/1.1" 200 6644 "https://keyfinancehomeloan.com.au/" "Mozilla/5.0 (Windows NT 10.0; Win64; x64; rv:138.0) Gecko/20100101 Firefox/138.0"
157.245.150.239 - - [06/May/2025:10:27:48 -0400] "GET /wp-content/themes/keyfin/assets/js/slick-slider.min.js?ver=1.0.0 HTTP/1.1" 200 10097 "https://keyfinancehomeloan.com.au/" "Mozilla/5.0 (Windows NT 10.0; Win64; x64; rv:138.0) Gecko/20100101 Firefox/138.0"
157.245.150.239 - - [06/May/2025:10:27:48 -0400] "GET /wp-content/themes/keyfin/assets/js/uikit.min.js?ver=3.1.9 HTTP/1.1" 200 41088 "https://keyfinancehomeloan.com.au/" "Mozilla/5.0 (Windows NT 10.0; Win64; x64; rv:138.0) Gecko/20100101 Firefox/138.0"
157.245.150.239 - - [06/May/2025:10:27:48 -0400] "GET /wp-content/themes/keyfin/assets/js/magnific-popup.min.js?ver=1.1.0 HTTP/1.1" 200 7048 "https://keyfinancehomeloan.com.au/" "Mozilla/5.0 (Windows NT 10.0; Win64; x64; rv:138.0) Gecko/20100101 Firefox/138.0"
157.245.150.239 - - [06/May/2025:10:27:48 -0400] "GET /wp-content/themes/keyfin/assets/js/isotope.min.js?ver=3.0.4 HTTP/1.1" 200 9596 "https://keyfinancehomeloan.com.au/" "Mozilla/5.0 (Windows NT 10.0; Win64; x64; rv:138.0) Gecko/20100101 Firefox/138.0"
157.245.150.239 - - [06/May/2025:10:27:48 -0400] "GET /wp-content/plugins/chaty/admin/assets/js/picmo-umd.min.js?ver=3.3.9 HTTP/1.1" 200 24516 "https://keyfinancehomeloan.com.au/" "Mozilla/5.0 (Windows NT 10.0; Win64; x64; rv:138.0) Gecko/20100101 Firefox/138.0"
157.245.150.239 - - [06/May/2025:10:27:48 -0400] "GET /wp-content/plugins/chaty/js/cht-front-script.min.js?ver=3.3.91721214134 HTTP/1.1" 200 22150 "https://keyfinancehomeloan.com.au/" "Mozilla/5.0 (Windows NT 10.0; Win64; x64; rv:138.0) Gecko/20100101 Firefox/138.0"
157.245.150.239 - - [06/May/2025:10:27:48 -0400] "GET /wp-content/uploads/2024/07/Home-Loan-1.png HTTP/1.1" 200 387309 "https://keyfinancehomeloan.com.au/" "Mozilla/5.0 (Windows NT 10.0; Win64; x64; rv:138.0) Gecko/20100101 Firefox/138.0"
157.245.150.239 - - [06/May/2025:10:27:48 -0400] "GET /wp-content/plugins/mailchimp-for-wp/assets/js/forms.js?ver=4.10.3 HTTP/1.1" 200 2439 "https://keyfinancehomeloan.com.au/" "Mozilla/5.0 (Windows NT 10.0; Win64; x64; rv:138.0) Gecko/20100101 Firefox/138.0"
157.245.150.239 - - [06/May/2025:10:27:48 -0400] "GET /wp-content/plugins/themedraft-core/elementor-widgets/assets/js/counterup.js?ver=1.0 HTTP/1.1" 200 2763 "https://keyfinancehomeloan.com.au/" "Mozilla/5.0 (Windows NT 10.0; Win64; x64; rv:138.0) Gecko/20100101 Firefox/138.0"
157.245.150.239 - - [06/May/2025:10:27:48 -0400] "GET /wp-content/plugins/woocommerce/assets/js/frontend/order-attribution.min.js?ver=9.8.3 HTTP/1.1" 200 1006 "https://keyfinancehomeloan.com.au/" "Mozilla/5.0 (Windows NT 10.0; Win64; x64; rv:138.0) Gecko/20100101 Firefox/138.0"
157.245.150.239 - - [06/May/2025:10:27:48 -0400] "GET /wp-includes/js/wp-util.min.js?ver=6.8.1 HTTP/1.1" 200 690 "https://keyfinancehomeloan.com.au/" "Mozilla/5.0 (Windows NT 10.0; Win64; x64; rv:138.0) Gecko/20100101 Firefox/138.0"
157.245.150.239 - - [06/May/2025:10:27:48 -0400] "GET /wp-content/plugins/woocommerce/assets/js/frontend/add-to-cart-variation.min.js?ver=9.8.3 HTTP/1.1" 200 3712 "https://keyfinancehomeloan.com.au/" "Mozilla/5.0 (Windows NT 10.0; Win64; x64; rv:138.0) Gecko/20100101 Firefox/138.0"
157.245.150.239 - - [06/May/2025:10:27:48 -0400] "GET /wp-content/plugins/woocommerce/assets/js/zoom/jquery.zoom.min.js?ver=1.7.21-wc.9.8.3 HTTP/1.1" 200 1052 "https://keyfinancehomeloan.com.au/" "Mozilla/5.0 (Windows NT 10.0; Win64; x64; rv:138.0) Gecko/20100101 Firefox/138.0"
157.245.150.239 - - [06/May/2025:10:27:48 -0400] "GET /wp-content/plugins/chaty/admin/assets/js/picmo-latest-umd.min.js?ver=3.3.9 HTTP/1.1" 200 7150 "https://keyfinancehomeloan.com.au/" "Mozilla/5.0 (Windows NT 10.0; Win64; x64; rv:138.0) Gecko/20100101 Firefox/138.0"
157.245.150.239 - - [06/May/2025:10:27:48 -0400] "GET /wp-content/plugins/mortgage-loan-calculator/en/widget-nj.js?ver=6.8.1 HTTP/1.1" 200 2022 "https://keyfinancehomeloan.com.au/" "Mozilla/5.0 (Windows NT 10.0; Win64; x64; rv:138.0) Gecko/20100101 Firefox/138.0"
157.245.150.239 - - [06/May/2025:10:27:48 -0400] "GET /wp-includes/js/underscore.min.js?ver=1.13.7 HTTP/1.1" 200 7185 "https://keyfinancehomeloan.com.au/" "Mozilla/5.0 (Windows NT 10.0; Win64; x64; rv:138.0) Gecko/20100101 Firefox/138.0"
157.245.150.239 - - [06/May/2025:10:27:48 -0400] "GET /wp-content/plugins/woocommerce/assets/js/sourcebuster/sourcebuster.min.js?ver=9.8.3 HTTP/1.1" 200 4609 "https://keyfinancehomeloan.com.au/" "Mozilla/5.0 (Windows NT 10.0; Win64; x64; rv:138.0) Gecko/20100101 Firefox/138.0"
157.245.150.239 - - [06/May/2025:10:27:48 -0400] "GET /wp-content/plugins/woocommerce/assets/js/photoswipe/photoswipe-ui-default.min.js?ver=4.1.1-wc.9.8.3 HTTP/1.1" 200 3478 "https://keyfinancehomeloan.com.au/" "Mozilla/5.0 (Windows NT 10.0; Win64; x64; rv:138.0) Gecko/20100101 Firefox/138.0"
157.245.150.239 - - [06/May/2025:10:27:48 -0400] "GET /wp-content/plugins/elementor/assets/js/webpack.runtime.min.js?ver=3.28.4 HTTP/1.1" 200 2228 "https://keyfinancehomeloan.com.au/" "Mozilla/5.0 (Windows NT 10.0; Win64; x64; rv:138.0) Gecko/20100101 Firefox/138.0"
157.245.150.239 - - [06/May/2025:10:27:48 -0400] "GET /wp-content/plugins/woocommerce/assets/js/frontend/single-product.min.js?ver=9.8.3 HTTP/1.1" 200 2539 "https://keyfinancehomeloan.com.au/" "Mozilla/5.0 (Windows NT 10.0; Win64; x64; rv:138.0) Gecko/20100101 Firefox/138.0"
157.245.150.239 - - [06/May/2025:10:27:48 -0400] "GET /wp-content/plugins/woocommerce/assets/js/photoswipe/photoswipe.min.js?ver=4.1.1-wc.9.8.3 HTTP/1.1" 200 11652 "https://keyfinancehomeloan.com.au/" "Mozilla/5.0 (Windows NT 10.0; Win64; x64; rv:138.0) Gecko/20100101 Firefox/138.0"
157.245.150.239 - - [06/May/2025:10:27:48 -0400] "GET /wp-content/plugins/elementor/assets/js/frontend-modules.min.js?ver=3.28.4 HTTP/1.1" 200 14421 "https://keyfinancehomeloan.com.au/" "Mozilla/5.0 (Windows NT 10.0; Win64; x64; rv:138.0) Gecko/20100101 Firefox/138.0"
157.245.150.239 - - [06/May/2025:10:27:48 -0400] "GET /wp-content/plugins/elementor/assets/js/frontend.min.js?ver=3.28.4 HTTP/1.1" 200 13099 "https://keyfinancehomeloan.com.au/" "Mozilla/5.0 (Windows NT 10.0; Win64; x64; rv:138.0) Gecko/20100101 Firefox/138.0"
157.245.150.239 - - [06/May/2025:10:27:48 -0400] "GET /wp-includes/js/jquery/ui/core.min.js?ver=1.13.3 HTTP/1.1" 200 6812 "https://keyfinancehomeloan.com.au/" "Mozilla/5.0 (Windows NT 10.0; Win64; x64; rv:138.0) Gecko/20100101 Firefox/138.0"
199.188.205.55 - - [06/May/2025:10:27:47 -0400] "POST /wp-admin/admin-ajax.php?action=async_litespeed&nonce=MaHuFG766lU0g8Fw0IIIvffhy4VwbzUM&litespeed_type=imgoptm HTTP/1.1" 200 0 "-" "WordPress/6.8.1; https://keyfinancehomeloan.com.au"
157.245.150.239 - - [06/May/2025:10:27:47 -0400] "GET / HTTP/1.1" 200 24017 "-" "Mozilla/5.0 (Windows NT 10.0; Win64; x64; rv:138.0) Gecko/20100101 Firefox/138.0"
157.245.150.239 - - [06/May/2025:10:27:49 -0400] "GET /wp-content/plugins/woocommerce/assets/css/woocommerce-smallscreen.css?ver=9.8.3 HTTP/1.1" 200 1165 "https://keyfinancehomeloan.com.au/" "Mozilla/5.0 (Windows NT 10.0; Win64; x64; rv:138.0) Gecko/20100101 Firefox/138.0"
157.245.150.239 - - [06/May/2025:10:27:49 -0400] "GET /wp-content/plugins/mortgage-loan-calculator/images/ajax-loader.gif HTTP/1.1" 200 1761 "https://keyfinancehomeloan.com.au/" "Mozilla/5.0 (Windows NT 10.0; Win64; x64; rv:138.0) Gecko/20100101 Firefox/138.0"
157.245.150.239 - - [06/May/2025:10:27:49 -0400] "GET /wp-includes/js/wp-emoji-release.min.js?ver=6.8.1 HTTP/1.1" 200 4771 "https://keyfinancehomeloan.com.au/" "Mozilla/5.0 (Windows NT 10.0; Win64; x64; rv:138.0) Gecko/20100101 Firefox/138.0"
157.245.150.239 - - [06/May/2025:10:27:49 -0400] "GET /wp-content/themes/keyfin/assets/images/footer-image.png HTTP/1.1" 200 118180 "https://keyfinancehomeloan.com.au/wp-content/themes/keyfin/assets/css/main.css?ver=1.1.3" "Mozilla/5.0 (Windows NT 10.0; Win64; x64; rv:138.0) Gecko/20100101 Firefox/138.0"
157.245.150.239 - - [06/May/2025:10:27:49 -0400] "GET /wp-content/plugins/mortgage-loan-calculator/images/left-bg.png HTTP/1.1" 200 206 "https://keyfinancehomeloan.com.au/" "Mozilla/5.0 (Windows NT 10.0; Win64; x64; rv:138.0) Gecko/20100101 Firefox/138.0"
157.245.150.239 - - [06/May/2025:10:27:49 -0400] "GET /wp-content/themes/keyfin/assets/fonts/fa-brands-400.woff2 HTTP/1.1" 200 76612 "https://keyfinancehomeloan.com.au/wp-content/themes/keyfin/assets/css/fontawesome.min.css?ver=5.13.0" "Mozilla/5.0 (Windows NT 10.0; Win64; x64; rv:138.0) Gecko/20100101 Firefox/138.0"
157.245.150.239 - - [06/May/2025:10:27:49 -0400] "GET /wp-content/plugins/mortgage-loan-calculator/images/right-bg.png HTTP/1.1" 200 204 "https://keyfinancehomeloan.com.au/" "Mozilla/5.0 (Windows NT 10.0; Win64; x64; rv:138.0) Gecko/20100101 Firefox/138.0"
157.245.150.239 - - [06/May/2025:10:27:49 -0400] "GET /wp-content/plugins/themedraft-core/elementor-widgets/assets/fonts/Flaticon-business.woff2 HTTP/1.1" 200 77012 "https://keyfinancehomeloan.com.au/wp-content/plugins/themedraft-core/elementor-widgets/assets/fonts/flaticon.css?ver=https://keyfinancehomeloan.com.au/wp-content/plugins/themedraft-core/elementor-widgets/assets/" "Mozilla/5.0 (Windows NT 10.0; Win64; x64; rv:138.0) Gecko/20100101 Firefox/138.0"
157.245.150.239 - - [06/May/2025:10:27:49 -0400] "GET /wp-content/themes/keyfin/assets/fonts/fa-solid-900.woff2 HTTP/1.1" 200 79444 "https://keyfinancehomeloan.com.au/wp-content/themes/keyfin/assets/css/fontawesome.min.css?ver=5.13.0" "Mozilla/5.0 (Windows NT 10.0; Win64; x64; rv:138.0) Gecko/20100101 Firefox/138.0"
157.245.150.239 - - [06/May/2025:10:27:49 -0400] "GET /wp-content/plugins/chaty/images/whatsapp.png HTTP/1.1" 200 69499 "https://keyfinancehomeloan.com.au/wp-content/plugins/chaty/css/chaty-front.min.css?ver=3.3.91721214134" "Mozilla/5.0 (Windows NT 10.0; Win64; x64; rv:138.0) Gecko/20100101 Firefox/138.0"
157.245.150.239 - - [06/May/2025:10:27:49 -0400] "POST /?wc-ajax=get_refreshed_fragments HTTP/1.1" 200 291 "https://keyfinancehomeloan.com.au/" "Mozilla/5.0 (Windows NT 10.0; Win64; x64; rv:138.0) Gecko/20100101 Firefox/138.0"
157.245.150.239 - - [06/May/2025:10:27:50 -0400] "GET /wp-content/uploads/2024/07/cropped-KFHL-removebg-preview-192x192.png HTTP/1.1" 200 25804 "https://keyfinancehomeloan.com.au/" "Mozilla/5.0 (Windows NT 10.0; Win64; x64; rv:138.0) Gecko/20100101 Firefox/138.0"
157.245.150.239 - - [06/May/2025:10:27:50 -0400] "GET /wp-content/uploads/2024/07/cropped-KFHL-removebg-preview-32x32.png HTTP/1.1" 200 1696 "https://keyfinancehomeloan.com.au/" "Mozilla/5.0 (Windows NT 10.0; Win64; x64; rv:138.0) Gecko/20100101 Firefox/138.0"
157.55.39.193 - - [06/May/2025:10:31:51 -0400] "GET /shopdetail/48603894 HTTP/1.1" 404 18072 "-" "Mozilla/5.0 AppleWebKit/537.36 (KHTML, like Gecko; compatible; bingbot/2.0; +http://www.bing.com/bingbot.htm) Chrome/116.0.1938.76 Safari/537.36"
199.188.205.55 - - [06/May/2025:10:39:48 -0400] "POST /wp-cron.php?doing_wp_cron=1746542388.0098021030426025390625 HTTP/1.1" 200 0 "-" "WordPress/6.8.1; https://keyfinancehomeloan.com.au"
157.55.39.193 - - [06/May/2025:10:39:35 -0400] "GET /shopdetail/12409494 HTTP/1.1" 404 18071 "-" "Mozilla/5.0 AppleWebKit/537.36 (KHTML, like Gecko; compatible; bingbot/2.0; +http://www.bing.com/bingbot.htm) Chrome/116.0.1938.76 Safari/537.36"
199.188.205.55 - - [06/May/2025:10:39:51 -0400] "POST /wp-admin/admin-ajax.php?action=async_litespeed&nonce=9DMiHzUU5RteyFIGmUZZ5LdeWJE9c5eE&litespeed_type=imgoptm HTTP/1.1" 200 0 "-" "WordPress/6.8.1; https://keyfinancehomeloan.com.au"
199.188.205.55 - - [06/May/2025:10:40:57 -0400] "POST /wp-cron.php?doing_wp_cron=1746542457.8510160446166992187500 HTTP/1.1" 200 0 "-" "WordPress/6.8.1; https://keyfinancehomeloan.com.au"
207.46.13.17 - - [06/May/2025:10:40:56 -0400] "GET /shopdetail/66083494 HTTP/1.1" 404 18071 "-" "Mozilla/5.0 AppleWebKit/537.36 (KHTML, like Gecko; compatible; bingbot/2.0; +http://www.bing.com/bingbot.htm) Chrome/116.0.1938.76 Safari/537.36"
199.188.205.55 - - [06/May/2025:10:40:59 -0400] "POST /wp-admin/admin-ajax.php?action=async_litespeed&nonce=nxNlr1df7LiIhQdN996pwLeGWY8CihmO&litespeed_type=imgoptm HTTP/1.1" 200 0 "-" "WordPress/6.8.1; https://keyfinancehomeloan.com.au"
199.188.205.55 - - [06/May/2025:10:44:11 -0400] "POST /wp-cron.php?doing_wp_cron=1746542650.8529028892517089843750 HTTP/1.1" 200 0 "-" "WordPress/6.8.1; https://keyfinancehomeloan.com.au"
157.55.39.201 - - [06/May/2025:10:43:57 -0400] "GET /shopdetail/72312994 HTTP/1.1" 404 18071 "-" "Mozilla/5.0 AppleWebKit/537.36 (KHTML, like Gecko; compatible; bingbot/2.0; +http://www.bing.com/bingbot.htm) Chrome/116.0.1938.76 Safari/537.36"
199.188.205.55 - - [06/May/2025:10:44:13 -0400] "POST /wp-admin/admin-ajax.php?action=async_litespeed&nonce=Q4Xm4LsgLmtNh8viHzNuh68f5TshRdOJ&litespeed_type=imgoptm HTTP/1.1" 200 0 "-" "WordPress/6.8.1; https://keyfinancehomeloan.com.au"
199.188.205.55 - - [06/May/2025:10:51:14 -0400] "POST /wp-cron.php?doing_wp_cron=1746543074.2849490642547607421875 HTTP/1.1" 200 0 "-" "WordPress/6.8.1; https://keyfinancehomeloan.com.au"
51.222.253.3 - - [06/May/2025:10:51:04 -0400] "GET /product/t-shirt-with-logo/?add-to-cart=25 HTTP/1.1" 200 22188 "-" "Mozilla/5.0 (compatible; AhrefsBot/7.0; +http://ahrefs.com/robot/)"
199.188.205.55 - - [06/May/2025:10:51:16 -0400] "POST /wp-admin/admin-ajax.php?action=async_litespeed&nonce=LBPeBrRyX0e4n2kikK0nW3Bv2heYfFBq&litespeed_type=imgoptm HTTP/1.1" 200 0 "-" "WordPress/6.8.1; https://keyfinancehomeloan.com.au"
199.188.205.55 - - [06/May/2025:10:54:33 -0400] "POST /wp-cron.php?doing_wp_cron=1746543273.4393079280853271484375 HTTP/1.1" 200 0 "-" "WordPress/6.8.1; https://keyfinancehomeloan.com.au"
52.167.144.162 - - [06/May/2025:10:54:20 -0400] "GET /shopdetail/97077694 HTTP/1.1" 404 18072 "-" "Mozilla/5.0 AppleWebKit/537.36 (KHTML, like Gecko; compatible; bingbot/2.0; +http://www.bing.com/bingbot.htm) Chrome/116.0.1938.76 Safari/537.36"
199.188.205.55 - - [06/May/2025:10:54:37 -0400] "POST /wp-admin/admin-ajax.php?action=async_litespeed&nonce=dc15mhV8QiTZaVKpUjFHGxy1mlHvcERd&litespeed_type=imgoptm HTTP/1.1" 200 0 "-" "WordPress/6.8.1; https://keyfinancehomeloan.com.au"
199.188.205.55 - - [06/May/2025:11:06:37 -0400] "POST /wp-cron.php?doing_wp_cron=1746543997.2586081027984619140625 HTTP/1.1" 200 0 "-" "WordPress/6.8.1; https://keyfinancehomeloan.com.au"
40.77.167.10 - - [06/May/2025:11:06:23 -0400] "GET /shopdetail/69588094 HTTP/1.1" 404 18072 "-" "Mozilla/5.0 AppleWebKit/537.36 (KHTML, like Gecko; compatible; bingbot/2.0; +http://www.bing.com/bingbot.htm) Chrome/116.0.1938.76 Safari/537.36"
199.188.205.55 - - [06/May/2025:11:06:40 -0400] "POST /wp-admin/admin-ajax.php?action=async_litespeed&nonce=plRW3d2reko4k7jwHXm0ZO7lVb2NDhjV&litespeed_type=imgoptm HTTP/1.1" 200 0 "-" "WordPress/6.8.1; https://keyfinancehomeloan.com.au"
199.188.205.55 - - [06/May/2025:11:10:31 -0400] "POST /wp-cron.php?doing_wp_cron=1746544230.1257059574127197265625 HTTP/1.1" 200 0 "-" "WordPress/6.8.1; https://keyfinancehomeloan.com.au"
40.77.167.10 - - [06/May/2025:11:10:15 -0400] "GET /shopdetail/199258994 HTTP/1.1" 404 18121 "-" "Mozilla/5.0 AppleWebKit/537.36 (KHTML, like Gecko; compatible; bingbot/2.0; +http://www.bing.com/bingbot.htm) Chrome/116.0.1938.76 Safari/537.36"
199.188.205.55 - - [06/May/2025:11:16:12 -0400] "POST /wp-cron.php?doing_wp_cron=1746544572.1335630416870117187500 HTTP/1.1" 200 0 "-" "WordPress/6.8.1; https://keyfinancehomeloan.com.au"
199.188.205.55 - - [06/May/2025:11:16:12 -0400] "POST /wp-cron.php?doing_wp_cron=1746544572.3717489242553710937500 HTTP/1.1" 200 0 "-" "WordPress/6.8.1; https://keyfinancehomeloan.com.au"
40.77.167.22 - - [06/May/2025:11:16:02 -0400] "GET /shopdetail/30121894 HTTP/1.1" 404 18073 "-" "Mozilla/5.0 AppleWebKit/537.36 (KHTML, like Gecko; compatible; bingbot/2.0; +http://www.bing.com/bingbot.htm) Chrome/116.0.1938.76 Safari/537.36"
51.222.253.12 - - [06/May/2025:11:15:57 -0400] "GET /product/beanie/?add-to-cart=270 HTTP/1.1" 200 23282 "-" "Mozilla/5.0 (compatible; AhrefsBot/7.0; +http://ahrefs.com/robot/)"
199.188.205.55 - - [06/May/2025:11:16:16 -0400] "POST /wp-admin/admin-ajax.php?action=async_litespeed&nonce=f0w605lZstyWM2MSXhXe1elqk7wUNVv2&litespeed_type=imgoptm HTTP/1.1" 200 0 "-" "WordPress/6.8.1; https://keyfinancehomeloan.com.au"
199.188.205.55 - - [06/May/2025:11:28:54 -0400] "POST /wp-cron.php?doing_wp_cron=1746545333.6920659542083740234375 HTTP/1.1" 200 0 "-" "WordPress/6.8.1; https://keyfinancehomeloan.com.au"
207.46.13.124 - - [06/May/2025:11:28:42 -0400] "GET /shopdetail/31617694 HTTP/1.1" 404 18074 "-" "Mozilla/5.0 AppleWebKit/537.36 (KHTML, like Gecko; compatible; bingbot/2.0; +http://www.bing.com/bingbot.htm) Chrome/116.0.1938.76 Safari/537.36"
199.188.205.55 - - [06/May/2025:11:28:57 -0400] "POST /wp-admin/admin-ajax.php?action=async_litespeed&nonce=Qt6qgjESSIeUW9GSZplUei1gbaWtORa1&litespeed_type=imgoptm HTTP/1.1" 200 0 "-" "WordPress/6.8.1; https://keyfinancehomeloan.com.au"
199.188.205.55 - - [06/May/2025:11:40:45 -0400] "POST /wp-admin/admin-ajax.php?action=async_litespeed&nonce=HwgwODxbgwm3ph3iQoPwnRd7z0rtFCpX&litespeed_type=imgoptm HTTP/1.1" 200 0 "-" "WordPress/6.8.1; https://keyfinancehomeloan.com.au"
199.188.205.55 - - [06/May/2025:11:57:00 -0400] "POST /wp-cron.php?doing_wp_cron=1746547019.9910259246826171875000 HTTP/1.1" 200 0 "-" "WordPress/6.8.1; https://keyfinancehomeloan.com.au"
157.55.39.62 - - [06/May/2025:11:56:45 -0400] "GET /shopdetail/162119094 HTTP/1.1" 404 18121 "-" "Mozilla/5.0 AppleWebKit/537.36 (KHTML, like Gecko; compatible; bingbot/2.0; +http://www.bing.com/bingbot.htm) Chrome/116.0.1938.76 Safari/537.36"
199.188.205.55 - - [06/May/2025:11:57:03 -0400] "POST /wp-admin/admin-ajax.php?action=async_litespeed&nonce=lQllgMDSMVXNKgSwFntPRvQgGdtQt9Nw&litespeed_type=imgoptm HTTP/1.1" 200 0 "-" "WordPress/6.8.1; https://keyfinancehomeloan.com.au"
199.188.205.55 - - [06/May/2025:12:02:52 -0400] "POST /wp-cron.php?doing_wp_cron=1746547371.3076009750366210937500 HTTP/1.1" 200 0 "-" "WordPress/6.8.1; https://keyfinancehomeloan.com.au"
52.167.144.205 - - [06/May/2025:12:02:37 -0400] "GET /shopdetail/208384394 HTTP/1.1" 404 18122 "-" "Mozilla/5.0 AppleWebKit/537.36 (KHTML, like Gecko; compatible; bingbot/2.0; +http://www.bing.com/bingbot.htm) Chrome/116.0.1938.76 Safari/537.36"
199.188.205.55 - - [06/May/2025:12:02:56 -0400] "POST /wp-admin/admin-ajax.php?action=async_litespeed&nonce=aQuKoRsHDAHknHfDgSc3ycvTZqhSTa84&litespeed_type=imgoptm HTTP/1.1" 200 0 "-" "WordPress/6.8.1; https://keyfinancehomeloan.com.au"
199.188.205.55 - - [06/May/2025:12:03:41 -0400] "POST /wp-admin/admin-ajax.php?action=async_litespeed&nonce=I4zcyIFEKgKH2u1wTu8AspfD5heVhNLk&litespeed_type=imgoptm HTTP/1.1" 200 0 "-" "WordPress/6.8.1; https://keyfinancehomeloan.com.au"
52.167.144.205 - - [06/May/2025:12:03:50 -0400] "GET /shopdetail/72998194 HTTP/1.1" 404 18072 "-" "Mozilla/5.0 AppleWebKit/537.36 (KHTML, like Gecko; compatible; bingbot/2.0; +http://www.bing.com/bingbot.htm) Chrome/116.0.1938.76 Safari/537.36"
199.188.205.55 - - [06/May/2025:12:13:55 -0400] "POST /wp-cron.php?doing_wp_cron=1746548034.6984570026397705078125 HTTP/1.1" 200 0 "-" "WordPress/6.8.1; https://keyfinancehomeloan.com.au"
157.55.39.63 - - [06/May/2025:12:13:39 -0400] "GET /shopdetail/113993594 HTTP/1.1" 404 18120 "-" "Mozilla/5.0 AppleWebKit/537.36 (KHTML, like Gecko; compatible; bingbot/2.0; +http://www.bing.com/bingbot.htm) Chrome/116.0.1938.76 Safari/537.36"
199.188.205.55 - - [06/May/2025:12:25:07 -0400] "POST /wp-cron.php?doing_wp_cron=1746548706.9432010650634765625000 HTTP/1.1" 200 0 "-" "WordPress/6.8.1; https://keyfinancehomeloan.com.au"
40.77.167.35 - - [06/May/2025:12:24:50 -0400] "GET /shopdetail/23608894 HTTP/1.1" 404 18073 "-" "Mozilla/5.0 AppleWebKit/537.36 (KHTML, like Gecko; compatible; bingbot/2.0; +http://www.bing.com/bingbot.htm) Chrome/116.0.1938.76 Safari/537.36"
199.188.205.55 - - [06/May/2025:12:25:11 -0400] "POST /wp-admin/admin-ajax.php?action=async_litespeed&nonce=cqJcq9Zawb1CAM8QtzINisfDVWClhJWv&litespeed_type=imgoptm HTTP/1.1" 200 0 "-" "WordPress/6.8.1; https://keyfinancehomeloan.com.au"
199.188.205.55 - - [06/May/2025:12:30:25 -0400] "POST /wp-admin/admin-ajax.php?action=async_litespeed&nonce=Idsy4fTFkvGUq9KfFR6RdjKcTfuztR7v&litespeed_type=imgoptm HTTP/1.1" 200 0 "-" "WordPress/6.8.1; https://keyfinancehomeloan.com.au"
199.188.205.55 - - [06/May/2025:12:58:42 -0400] "POST /wp-cron.php?doing_wp_cron=1746550721.8920590877532958984375 HTTP/1.1" 200 0 "-" "WordPress/6.8.1; https://keyfinancehomeloan.com.au"
207.46.13.150 - - [06/May/2025:12:58:23 -0400] "GET /shopdetail/193584894 HTTP/1.1" 404 18121 "-" "Mozilla/5.0 AppleWebKit/537.36 (KHTML, like Gecko; compatible; bingbot/2.0; +http://www.bing.com/bingbot.htm) Chrome/116.0.1938.76 Safari/537.36"
199.188.205.55 - - [06/May/2025:12:58:46 -0400] "POST /wp-admin/admin-ajax.php?action=async_litespeed&nonce=bQrsaxIR6wjlWWXgqgcSVT0h67ndzXuy&litespeed_type=imgoptm HTTP/1.1" 200 0 "-" "WordPress/6.8.1; https://keyfinancehomeloan.com.au"
199.188.205.55 - - [06/May/2025:13:08:32 -0400] "POST /wp-cron.php?doing_wp_cron=1746551312.7631740570068359375000 HTTP/1.1" 200 0 "-" "WordPress/6.8.1; https://keyfinancehomeloan.com.au"
207.46.13.111 - - [06/May/2025:13:08:12 -0400] "GET /shopdetail/188119494 HTTP/1.1" 404 18123 "-" "Mozilla/5.0 AppleWebKit/537.36 (KHTML, like Gecko; compatible; bingbot/2.0; +http://www.bing.com/bingbot.htm) Chrome/116.0.1938.76 Safari/537.36"
199.188.205.55 - - [06/May/2025:13:08:36 -0400] "POST /wp-admin/admin-ajax.php?action=async_litespeed&nonce=fxvBMAcg9cVb2hHrMbKggZv31k6Laalk&litespeed_type=imgoptm HTTP/1.1" 200 0 "-" "WordPress/6.8.1; https://keyfinancehomeloan.com.au"
40.77.167.235 - - [06/May/2025:13:10:14 -0400] "GET /shopdetail/204899494 HTTP/1.1" 404 18121 "-" "Mozilla/5.0 AppleWebKit/537.36 (KHTML, like Gecko; compatible; bingbot/2.0; +http://www.bing.com/bingbot.htm) Chrome/116.0.1938.76 Safari/537.36"
199.188.205.55 - - [06/May/2025:13:10:31 -0400] "POST /wp-cron.php?doing_wp_cron=1746551428.7098000049591064453125 HTTP/1.1" 200 0 "-" "WordPress/6.8.1; https://keyfinancehomeloan.com.au"
207.46.13.111 - - [06/May/2025:13:11:11 -0400] "GET /shopdetail/62349694 HTTP/1.1" 404 18072 "-" "Mozilla/5.0 AppleWebKit/537.36 (KHTML, like Gecko; compatible; bingbot/2.0; +http://www.bing.com/bingbot.htm) Chrome/116.0.1938.76 Safari/537.36"
199.188.205.55 - - [06/May/2025:13:12:20 -0400] "POST /wp-cron.php?doing_wp_cron=1746551539.6464540958404541015625 HTTP/1.1" 200 0 "-" "WordPress/6.8.1; https://keyfinancehomeloan.com.au"
40.77.167.235 - - [06/May/2025:13:12:17 -0400] "GET /shopdetail/159727094 HTTP/1.1" 404 18121 "-" "Mozilla/5.0 AppleWebKit/537.36 (KHTML, like Gecko; compatible; bingbot/2.0; +http://www.bing.com/bingbot.htm) Chrome/116.0.1938.76 Safari/537.36"
199.188.205.55 - - [06/May/2025:13:12:25 -0400] "POST /wp-admin/admin-ajax.php?action=async_litespeed&nonce=ED84LoNN8CwlRQ83enxgIVTJVeJHLl50&litespeed_type=imgoptm HTTP/1.1" 200 0 "-" "WordPress/6.8.1; https://keyfinancehomeloan.com.au"
52.167.144.167 - - [06/May/2025:13:25:25 -0400] "GET /shopdetail/202677694 HTTP/1.1" 404 18118 "-" "Mozilla/5.0 AppleWebKit/537.36 (KHTML, like Gecko; compatible; bingbot/2.0; +http://www.bing.com/bingbot.htm) Chrome/116.0.1938.76 Safari/537.36"
199.188.205.55 - - [06/May/2025:13:42:51 -0400] "POST /wp-cron.php?doing_wp_cron=1746553370.9257121086120605468750 HTTP/1.1" 200 0 "-" "WordPress/6.8.1; https://keyfinancehomeloan.com.au"
157.55.39.63 - - [06/May/2025:13:42:29 -0400] "GET /shopdetail/113480794 HTTP/1.1" 404 18121 "-" "Mozilla/5.0 AppleWebKit/537.36 (KHTML, like Gecko; compatible; bingbot/2.0; +http://www.bing.com/bingbot.htm) Chrome/116.0.1938.76 Safari/537.36"
199.188.205.55 - - [06/May/2025:13:43:00 -0400] "POST /wp-admin/admin-ajax.php?action=async_litespeed&nonce=BhbGDon1ra4RC3uVUa697cEKgDpbYtHj&litespeed_type=imgoptm HTTP/1.1" 200 0 "-" "WordPress/6.8.1; https://keyfinancehomeloan.com.au"
199.188.205.55 - - [06/May/2025:13:48:02 -0400] "POST /wp-cron.php?doing_wp_cron=1746553679.8970239162445068359375 HTTP/1.1" 200 0 "-" "WordPress/6.8.1; https://keyfinancehomeloan.com.au"
157.55.39.201 - - [06/May/2025:13:47:40 -0400] "GET /shopdetail/199488794 HTTP/1.1" 404 18121 "-" "Mozilla/5.0 AppleWebKit/537.36 (KHTML, like Gecko; compatible; bingbot/2.0; +http://www.bing.com/bingbot.htm) Chrome/116.0.1938.76 Safari/537.36"
199.188.205.55 - - [06/May/2025:13:53:32 -0400] "POST /wp-admin/admin-ajax.php?action=async_litespeed&nonce=EcvFtHoOpQDn0czmlrdXBGKFV4B0Xozg&litespeed_type=imgoptm HTTP/1.1" 200 0 "-" "WordPress/6.8.1; https://keyfinancehomeloan.com.au"
199.188.205.55 - - [06/May/2025:13:55:41 -0400] "POST /wp-cron.php?doing_wp_cron=1746554140.9101109504699707031250 HTTP/1.1" 200 0 "-" "WordPress/6.8.1; https://keyfinancehomeloan.com.au"
157.55.39.201 - - [06/May/2025:13:55:20 -0400] "GET /shopdetail/193121894 HTTP/1.1" 404 18121 "-" "Mozilla/5.0 AppleWebKit/537.36 (KHTML, like Gecko; compatible; bingbot/2.0; +http://www.bing.com/bingbot.htm) Chrome/116.0.1938.76 Safari/537.36"
199.188.205.55 - - [06/May/2025:13:55:47 -0400] "POST /wp-admin/admin-ajax.php?action=async_litespeed&nonce=TqhoxZ3DQwsHwT8nEl5AUzc9PwywVF1M&litespeed_type=imgoptm HTTP/1.1" 200 0 "-" "WordPress/6.8.1; https://keyfinancehomeloan.com.au"
104.210.140.135 - - [06/May/2025:13:59:44 -0400] "GET /robots.txt HTTP/1.1" 200 139 "-" "Mozilla/5.0 (Macintosh; Intel Mac OS X 10_15_7) AppleWebKit/537.36 (KHTML, like Gecko) Chrome/131.0.0.0 Safari/537.36; compatible; OAI-SearchBot/1.0; +https://openai.com/searchbot"
199.188.205.55 - - [06/May/2025:14:13:46 -0400] "POST /wp-admin/admin-ajax.php?action=async_litespeed&nonce=lotM2ND2rzkZvTbdEgP5HfdPGxghvnbJ&litespeed_type=imgoptm HTTP/1.1" 200 0 "-" "WordPress/6.8.1; https://keyfinancehomeloan.com.au"
199.188.205.55 - - [06/May/2025:14:23:36 -0400] "POST /wp-cron.php?doing_wp_cron=1746555814.9472429752349853515625 HTTP/1.1" 200 0 "-" "WordPress/6.8.1; https://keyfinancehomeloan.com.au"
157.55.39.62 - - [06/May/2025:14:23:10 -0400] "GET /shopdetail/80944494 HTTP/1.1" 404 18071 "-" "Mozilla/5.0 AppleWebKit/537.36 (KHTML, like Gecko; compatible; bingbot/2.0; +http://www.bing.com/bingbot.htm) Chrome/116.0.1938.76 Safari/537.36"
199.188.205.55 - - [06/May/2025:14:27:46 -0400] "POST /wp-cron.php?doing_wp_cron=1746556066.1528201103210449218750 HTTP/1.1" 200 0 "-" "WordPress/6.8.1; https://keyfinancehomeloan.com.au"
