18.195.204.8 - - [03/May/2025:07:49:48 -0400] "GET /wp-content/plugins/themedraft-core/elementor-widgets/assets/fonts/flaticon.css?ver=https://keyfinancehomeloan.com.au/wp-content/plugins/themedraft-core/elementor-widgets/assets/ HTTP/1.1" 200 2474 "-" "CheckMarkNetwork/1.0 (+http://www.checkmarknetwork.com/spider.html)"
18.195.204.8 - - [03/May/2025:07:49:48 -0400] "GET /wp-content/uploads/elementor/css/post-29.css?ver=1721126624 HTTP/1.1" 200 373 "-" "CheckMarkNetwork/1.0 (+http://www.checkmarknetwork.com/spider.html)"
18.195.204.8 - - [03/May/2025:07:49:48 -0400] "GET /wp-content/uploads/elementor/google-fonts/css/roboto.css?ver=1742282740 HTTP/1.1" 200 4652 "-" "CheckMarkNetwork/1.0 (+http://www.checkmarknetwork.com/spider.html)"
18.195.204.8 - - [03/May/2025:07:49:48 -0400] "GET /wp-content/plugins/themedraft-core/elementor-widgets/assets/fonts/flaticon.css?ver=1.0.0 HTTP/1.1" 200 2474 "-" "CheckMarkNetwork/1.0 (+http://www.checkmarknetwork.com/spider.html)"
18.195.204.8 - - [03/May/2025:07:49:48 -0400] "GET /wp-content/themes/keyfin/assets/css/fontawesome.min.css?ver=5.13.0 HTTP/1.1" 200 14460 "-" "CheckMarkNetwork/1.0 (+http://www.checkmarknetwork.com/spider.html)"
18.195.204.8 - - [03/May/2025:07:49:48 -0400] "GET /wp-content/plugins/woocommerce/assets/client/blocks/wc-blocks.css?ver=wc-9.8.3 HTTP/1.1" 200 2907 "-" "CheckMarkNetwork/1.0 (+http://www.checkmarknetwork.com/spider.html)"
18.195.204.8 - - [03/May/2025:07:49:48 -0400] "GET /wp-content/plugins/ti-woocommerce-wishlist/assets/css/webfont.min.css?ver=2.9.2 HTTP/1.1" 200 910 "-" "CheckMarkNetwork/1.0 (+http://www.checkmarknetwork.com/spider.html)"
18.195.204.8 - - [03/May/2025:07:49:48 -0400] "GET /wp-content/plugins/simply-schedule-appointments/assets/css/upcoming-appointments.css?ver=1.6.8.22 HTTP/1.1" 200 995 "-" "CheckMarkNetwork/1.0 (+http://www.checkmarknetwork.com/spider.html)"
18.195.204.8 - - [03/May/2025:07:49:48 -0400] "GET /wp-content/themes/keyfin/assets/css/bootstrap.min.css?ver=4.4.1 HTTP/1.1" 200 31623 "-" "CheckMarkNetwork/1.0 (+http://www.checkmarknetwork.com/spider.html)"
18.195.204.8 - - [03/May/2025:07:49:49 -0400] "GET /wp-includes/js/jquery/jquery.min.js?ver=3.7.1 HTTP/1.1" 200 35438 "-" "CheckMarkNetwork/1.0 (+http://www.checkmarknetwork.com/spider.html)"
18.195.204.8 - - [03/May/2025:07:49:49 -0400] "GET /wp-includes/js/jquery/jquery-migrate.min.js?ver=3.4.1 HTTP/1.1" 200 5342 "-" "CheckMarkNetwork/1.0 (+http://www.checkmarknetwork.com/spider.html)"
18.195.204.8 - - [03/May/2025:07:49:50 -0400] "GET /wp-content/plugins/woocommerce/assets/js/jquery-blockui/jquery.blockUI.min.js?ver=2.7.0-wc.9.8.3 HTTP/1.1" 200 3810 "-" "CheckMarkNetwork/1.0 (+http://www.checkmarknetwork.com/spider.html)"
18.195.204.8 - - [03/May/2025:07:49:50 -0400] "GET /wp-content/plugins/woocommerce/assets/js/frontend/add-to-cart.min.js?ver=9.8.3 HTTP/1.1" 200 1482 "-" "CheckMarkNetwork/1.0 (+http://www.checkmarknetwork.com/spider.html)"
18.195.204.8 - - [03/May/2025:07:49:50 -0400] "GET /wp-content/plugins/woocommerce/assets/js/js-cookie/js.cookie.min.js?ver=2.1.4-wc.9.8.3 HTTP/1.1" 200 854 "-" "CheckMarkNetwork/1.0 (+http://www.checkmarknetwork.com/spider.html)"
18.195.204.8 - - [03/May/2025:07:49:50 -0400] "GET /wp-content/plugins/woocommerce/assets/js/frontend/woocommerce.min.js?ver=9.8.3 HTTP/1.1" 200 1544 "-" "CheckMarkNetwork/1.0 (+http://www.checkmarknetwork.com/spider.html)"
18.195.204.8 - - [03/May/2025:07:49:50 -0400] "GET /wp-includes/js/dist/hooks.min.js?ver=4d63a3d491d11ffd8ac6 HTTP/1.1" 200 1758 "-" "CheckMarkNetwork/1.0 (+http://www.checkmarknetwork.com/spider.html)"
18.195.204.8 - - [03/May/2025:07:49:51 -0400] "GET /wp-includes/js/dist/i18n.min.js?ver=5e580eb46a90c2b997e6 HTTP/1.1" 200 3910 "-" "CheckMarkNetwork/1.0 (+http://www.checkmarknetwork.com/spider.html)"
18.195.204.8 - - [03/May/2025:07:49:51 -0400] "GET /wp-content/plugins/contact-form-7/includes/swv/js/index.js?ver=6.0.6 HTTP/1.1" 200 3878 "-" "CheckMarkNetwork/1.0 (+http://www.checkmarknetwork.com/spider.html)"
18.195.204.8 - - [03/May/2025:07:49:51 -0400] "GET /wp-content/plugins/contact-form-7/includes/js/index.js?ver=6.0.6 HTTP/1.1" 200 4788 "-" "CheckMarkNetwork/1.0 (+http://www.checkmarknetwork.com/spider.html)"
18.195.204.8 - - [03/May/2025:07:49:51 -0400] "GET /wp-content/plugins/yith-woocommerce-quick-view/assets/js/frontend.min.js?ver=2.4.0 HTTP/1.1" 200 961 "-" "CheckMarkNetwork/1.0 (+http://www.checkmarknetwork.com/spider.html)"
18.195.204.8 - - [03/May/2025:07:49:51 -0400] "GET /wp-content/plugins/woocommerce/assets/js/frontend/cart-fragments.min.js?ver=9.8.3 HTTP/1.1" 200 1110 "-" "CheckMarkNetwork/1.0 (+http://www.checkmarknetwork.com/spider.html)"
18.195.204.8 - - [03/May/2025:07:49:52 -0400] "GET /wp-content/plugins/ti-woocommerce-wishlist/assets/js/public.min.js?ver=2.9.2 HTTP/1.1" 200 7106 "-" "CheckMarkNetwork/1.0 (+http://www.checkmarknetwork.com/spider.html)"
18.195.204.8 - - [03/May/2025:07:49:52 -0400] "GET /wp-content/themes/keyfin/assets/js/popper.min.js?ver=1.12.9 HTTP/1.1" 200 7698 "-" "CheckMarkNetwork/1.0 (+http://www.checkmarknetwork.com/spider.html)"
18.195.204.8 - - [03/May/2025:07:49:52 -0400] "GET /wp-content/themes/keyfin/assets/js/bootstrap.min.js?ver=4.4.1 HTTP/1.1" 200 19595 "-" "CheckMarkNetwork/1.0 (+http://www.checkmarknetwork.com/spider.html)"
18.195.204.8 - - [03/May/2025:07:49:52 -0400] "GET /wp-content/themes/keyfin/assets/js/slick-slider.min.js?ver=1.0.0 HTTP/1.1" 200 12980 "-" "CheckMarkNetwork/1.0 (+http://www.checkmarknetwork.com/spider.html)"
18.195.204.8 - - [03/May/2025:07:49:52 -0400] "GET /wp-content/themes/keyfin/assets/js/magnific-popup.min.js?ver=1.1.0 HTTP/1.1" 200 8291 "-" "CheckMarkNetwork/1.0 (+http://www.checkmarknetwork.com/spider.html)"
18.195.204.8 - - [03/May/2025:07:49:53 -0400] "GET /wp-content/themes/keyfin/assets/js/wow.min.js?ver=1.3.0 HTTP/1.1" 200 3097 "-" "CheckMarkNetwork/1.0 (+http://www.checkmarknetwork.com/spider.html)"
18.195.204.8 - - [03/May/2025:07:49:53 -0400] "GET /wp-content/themes/keyfin/assets/js/slicknav.min.js?ver=1.0.10 HTTP/1.1" 200 2238 "-" "CheckMarkNetwork/1.0 (+http://www.checkmarknetwork.com/spider.html)"
18.195.204.8 - - [03/May/2025:07:49:54 -0400] "GET /wp-includes/js/imagesloaded.min.js?ver=5.0.0 HTTP/1.1" 200 1976 "-" "CheckMarkNetwork/1.0 (+http://www.checkmarknetwork.com/spider.html)"
18.195.204.8 - - [03/May/2025:07:49:54 -0400] "GET /wp-content/themes/keyfin/assets/js/isotope.min.js?ver=3.0.4 HTTP/1.1" 200 11821 "-" "CheckMarkNetwork/1.0 (+http://www.checkmarknetwork.com/spider.html)"
18.195.204.8 - - [03/May/2025:07:49:54 -0400] "GET /wp-content/themes/keyfin/assets/js/uikit.min.js?ver=3.1.9 HTTP/1.1" 200 50121 "-" "CheckMarkNetwork/1.0 (+http://www.checkmarknetwork.com/spider.html)"
18.195.204.8 - - [03/May/2025:07:49:55 -0400] "GET /wp-content/themes/keyfin/assets/js/main.js?ver=1.1.3 HTTP/1.1" 200 1655 "-" "CheckMarkNetwork/1.0 (+http://www.checkmarknetwork.com/spider.html)"
18.195.204.8 - - [03/May/2025:07:49:55 -0400] "GET /wp-content/plugins/chaty/js/cht-front-script.min.js?ver=3.3.91721214134 HTTP/1.1" 200 27796 "-" "CheckMarkNetwork/1.0 (+http://www.checkmarknetwork.com/spider.html)"
18.195.204.8 - - [03/May/2025:07:49:55 -0400] "GET /wp-content/plugins/chaty/admin/assets/js/picmo-umd.min.js?ver=3.3.9 HTTP/1.1" 200 30660 "-" "CheckMarkNetwork/1.0 (+http://www.checkmarknetwork.com/spider.html)"
18.195.204.8 - - [03/May/2025:07:49:56 -0400] "GET /wp-content/plugins/chaty/admin/assets/js/picmo-latest-umd.min.js?ver=3.3.9 HTTP/1.1" 200 8134 "-" "CheckMarkNetwork/1.0 (+http://www.checkmarknetwork.com/spider.html)"
18.195.204.8 - - [03/May/2025:07:49:56 -0400] "GET /wp-content/plugins/woocommerce/assets/js/sourcebuster/sourcebuster.min.js?ver=9.8.3 HTTP/1.1" 200 5340 "-" "CheckMarkNetwork/1.0 (+http://www.checkmarknetwork.com/spider.html)"
199.188.205.55 - - [03/May/2025:07:16:37 -0400] "POST /wp-cron.php?doing_wp_cron=1746270997.0319108963012695312500 HTTP/1.1" 403 13 "-" "WordPress/6.8; https://keyfinancehomeloan.com.au"
40.77.167.13 - - [03/May/2025:07:16:14 -0400] "GET /shopdetail/105164394 HTTP/1.1" 404 18092 "-" "Mozilla/5.0 AppleWebKit/537.36 (KHTML, like Gecko; compatible; bingbot/2.0; +http://www.bing.com/bingbot.htm) Chrome/116.0.1938.76 Safari/537.36"
157.55.39.15 - - [03/May/2025:07:17:22 -0400] "GET /shopdetail/190528194 HTTP/1.1" 404 18094 "-" "Mozilla/5.0 AppleWebKit/537.36 (KHTML, like Gecko; compatible; bingbot/2.0; +http://www.bing.com/bingbot.htm) Chrome/116.0.1938.76 Safari/537.36"
199.188.205.55 - - [03/May/2025:07:30:41 -0400] "POST /wp-cron.php?doing_wp_cron=1746271840.6988348960876464843750 HTTP/1.1" 403 13 "-" "WordPress/6.8; https://keyfinancehomeloan.com.au"
157.55.39.6 - - [03/May/2025:07:30:25 -0400] "GET /shopdetail/59445394 HTTP/1.1" 404 18098 "-" "Mozilla/5.0 AppleWebKit/537.36 (KHTML, like Gecko; compatible; bingbot/2.0; +http://www.bing.com/bingbot.htm) Chrome/116.0.1938.76 Safari/537.36"
199.188.205.55 - - [03/May/2025:07:37:12 -0400] "POST /wp-cron.php?doing_wp_cron=1746272232.0174469947814941406250 HTTP/1.1" 403 13 "-" "WordPress/6.8; https://keyfinancehomeloan.com.au"
157.55.39.204 - - [03/May/2025:07:36:59 -0400] "GET /shopdetail/169929394 HTTP/1.1" 404 18092 "-" "Mozilla/5.0 AppleWebKit/537.36 (KHTML, like Gecko; compatible; bingbot/2.0; +http://www.bing.com/bingbot.htm) Chrome/116.0.1938.76 Safari/537.36"
199.188.205.55 - - [03/May/2025:07:38:30 -0400] "POST /wp-cron.php?doing_wp_cron=1746272310.7275729179382324218750 HTTP/1.1" 403 13 "-" "WordPress/6.8; https://keyfinancehomeloan.com.au"
52.167.144.159 - - [03/May/2025:07:38:26 -0400] "GET /shopdetail/123422794 HTTP/1.1" 404 18092 "-" "Mozilla/5.0 AppleWebKit/537.36 (KHTML, like Gecko; compatible; bingbot/2.0; +http://www.bing.com/bingbot.htm) Chrome/116.0.1938.76 Safari/537.36"
52.167.144.159 - - [03/May/2025:07:38:46 -0400] "GET /shopdetail/131321894 HTTP/1.1" 404 18092 "-" "Mozilla/5.0 AppleWebKit/537.36 (KHTML, like Gecko; compatible; bingbot/2.0; +http://www.bing.com/bingbot.htm) Chrome/116.0.1938.76 Safari/537.36"
18.195.204.8 - - [03/May/2025:07:49:56 -0400] "GET /wp-content/plugins/woocommerce/assets/js/frontend/order-attribution.min.js?ver=9.8.3 HTTP/1.1" 200 1173 "-" "CheckMarkNetwork/1.0 (+http://www.checkmarknetwork.com/spider.html)"
18.195.204.8 - - [03/May/2025:07:49:56 -0400] "GET /wp-content/plugins/themedraft-core/elementor-widgets/assets/js/counterup.js?ver=1.0 HTTP/1.1" 200 3240 "-" "CheckMarkNetwork/1.0 (+http://www.checkmarknetwork.com/spider.html)"
18.195.204.8 - - [03/May/2025:07:49:57 -0400] "GET /wp-content/plugins/mortgage-loan-calculator/en/widget-nj.js?ver=6.8 HTTP/1.1" 200 2520 "-" "CheckMarkNetwork/1.0 (+http://www.checkmarknetwork.com/spider.html)"
18.195.204.8 - - [03/May/2025:07:49:57 -0400] "GET /wp-content/plugins/mailchimp-for-wp/assets/js/forms.js?ver=4.10.3 HTTP/1.1" 200 2775 "-" "CheckMarkNetwork/1.0 (+http://www.checkmarknetwork.com/spider.html)"
18.195.204.8 - - [03/May/2025:07:49:57 -0400] "GET /wp-includes/js/underscore.min.js?ver=1.13.7 HTTP/1.1" 200 8084 "-" "CheckMarkNetwork/1.0 (+http://www.checkmarknetwork.com/spider.html)"
18.195.204.8 - - [03/May/2025:07:49:58 -0400] "GET /wp-includes/js/wp-util.min.js?ver=6.8 HTTP/1.1" 200 767 "-" "CheckMarkNetwork/1.0 (+http://www.checkmarknetwork.com/spider.html)"
18.195.204.8 - - [03/May/2025:07:49:58 -0400] "GET /wp-content/plugins/woocommerce/assets/js/frontend/add-to-cart-variation.min.js?ver=9.8.3 HTTP/1.1" 200 4451 "-" "CheckMarkNetwork/1.0 (+http://www.checkmarknetwork.com/spider.html)"
18.195.204.8 - - [03/May/2025:07:49:58 -0400] "GET /wp-content/plugins/woocommerce/assets/js/zoom/jquery.zoom.min.js?ver=1.7.21-wc.9.8.3 HTTP/1.1" 200 1239 "-" "CheckMarkNetwork/1.0 (+http://www.checkmarknetwork.com/spider.html)"
18.195.204.8 - - [03/May/2025:07:49:58 -0400] "GET /wp-content/plugins/woocommerce/assets/js/photoswipe/photoswipe.min.js?ver=4.1.1-wc.9.8.3 HTTP/1.1" 200 13389 "-" "CheckMarkNetwork/1.0 (+http://www.checkmarknetwork.com/spider.html)"
18.195.204.8 - - [03/May/2025:07:49:59 -0400] "GET /wp-content/plugins/woocommerce/assets/js/photoswipe/photoswipe-ui-default.min.js?ver=4.1.1-wc.9.8.3 HTTP/1.1" 200 3965 "-" "CheckMarkNetwork/1.0 (+http://www.checkmarknetwork.com/spider.html)"
18.195.204.8 - - [03/May/2025:07:49:59 -0400] "GET /wp-content/plugins/woocommerce/assets/js/frontend/single-product.min.js?ver=9.8.3 HTTP/1.1" 200 3079 "-" "CheckMarkNetwork/1.0 (+http://www.checkmarknetwork.com/spider.html)"
18.195.204.8 - - [03/May/2025:07:49:59 -0400] "GET /wp-content/plugins/elementor/assets/js/webpack.runtime.min.js?ver=3.28.4 HTTP/1.1" 200 2496 "-" "CheckMarkNetwork/1.0 (+http://www.checkmarknetwork.com/spider.html)"
18.195.204.8 - - [03/May/2025:07:50:00 -0400] "GET /wp-content/plugins/elementor/assets/js/frontend-modules.min.js?ver=3.28.4 HTTP/1.1" 200 17170 "-" "CheckMarkNetwork/1.0 (+http://www.checkmarknetwork.com/spider.html)"
18.195.204.8 - - [03/May/2025:07:50:00 -0400] "GET /wp-includes/js/jquery/ui/core.min.js?ver=1.13.3 HTTP/1.1" 200 7941 "-" "CheckMarkNetwork/1.0 (+http://www.checkmarknetwork.com/spider.html)"
18.195.204.8 - - [03/May/2025:07:50:00 -0400] "GET /wp-content/plugins/elementor/assets/js/frontend.min.js?ver=3.28.4 HTTP/1.1" 200 15618 "-" "CheckMarkNetwork/1.0 (+http://www.checkmarknetwork.com/spider.html)"
199.188.205.55 - - [03/May/2025:08:13:02 -0400] "POST /wp-cron.php?doing_wp_cron=1746274382.1859669685363769531250 HTTP/1.1" 403 13 "-" "WordPress/6.8; https://keyfinancehomeloan.com.au"
207.46.13.153 - - [03/May/2025:08:12:50 -0400] "GET /Contact-Us/ HTTP/1.1" 200 20704 "-" "Mozilla/5.0 AppleWebKit/537.36 (KHTML, like Gecko; compatible; bingbot/2.0; +http://www.bing.com/bingbot.htm) Chrome/116.0.1938.76 Safari/537.36"
199.188.205.55 - - [03/May/2025:08:14:13 -0400] "POST /wp-cron.php?doing_wp_cron=1746274453.9059250354766845703125 HTTP/1.1" 403 13 "-" "WordPress/6.8; https://keyfinancehomeloan.com.au"
207.46.13.153 - - [03/May/2025:08:14:12 -0400] "GET /shopdetail/73583894 HTTP/1.1" 404 18088 "-" "Mozilla/5.0 AppleWebKit/537.36 (KHTML, like Gecko; compatible; bingbot/2.0; +http://www.bing.com/bingbot.htm) Chrome/116.0.1938.76 Safari/537.36"
199.188.205.55 - - [03/May/2025:08:16:01 -0400] "POST /wp-cron.php?doing_wp_cron=1746274561.3407139778137207031250 HTTP/1.1" 403 13 "-" "WordPress/6.8; https://keyfinancehomeloan.com.au"
157.55.39.194 - - [03/May/2025:08:15:49 -0400] "GET /shopdetail/10073994 HTTP/1.1" 404 18088 "-" "Mozilla/5.0 AppleWebKit/537.36 (KHTML, like Gecko; compatible; bingbot/2.0; +http://www.bing.com/bingbot.htm) Chrome/116.0.1938.76 Safari/537.36"
199.188.205.55 - - [03/May/2025:08:20:02 -0400] "POST /wp-cron.php?doing_wp_cron=1746274802.5418980121612548828125 HTTP/1.1" 403 13 "-" "WordPress/6.8; https://keyfinancehomeloan.com.au"
157.55.39.194 - - [03/May/2025:08:19:48 -0400] "GET /shopdetail/13724594 HTTP/1.1" 404 18087 "-" "Mozilla/5.0 AppleWebKit/537.36 (KHTML, like Gecko; compatible; bingbot/2.0; +http://www.bing.com/bingbot.htm) Chrome/116.0.1938.76 Safari/537.36"
199.188.205.55 - - [03/May/2025:08:21:24 -0400] "POST /wp-cron.php?doing_wp_cron=1746274884.3830330371856689453125 HTTP/1.1" 403 13 "-" "WordPress/6.8; https://keyfinancehomeloan.com.au"
52.167.144.145 - - [03/May/2025:08:21:20 -0400] "GET /shopdetail/132933894 HTTP/1.1" 404 18079 "-" "Mozilla/5.0 AppleWebKit/537.36 (KHTML, like Gecko; compatible; bingbot/2.0; +http://www.bing.com/bingbot.htm) Chrome/116.0.1938.76 Safari/537.36"
199.188.205.55 - - [03/May/2025:08:29:16 -0400] "POST /wp-cron.php?doing_wp_cron=1746275356.3439419269561767578125 HTTP/1.1" 403 13 "-" "WordPress/6.8; https://keyfinancehomeloan.com.au"
157.55.39.62 - - [03/May/2025:08:29:05 -0400] "GET /shopdetail/152954594 HTTP/1.1" 404 18082 "-" "Mozilla/5.0 AppleWebKit/537.36 (KHTML, like Gecko; compatible; bingbot/2.0; +http://www.bing.com/bingbot.htm) Chrome/116.0.1938.76 Safari/537.36"
199.188.205.55 - - [03/May/2025:09:15:49 -0400] "POST /wp-cron.php?doing_wp_cron=1746278149.7457120418548583984375 HTTP/1.1" 403 13 "-" "WordPress/6.8; https://keyfinancehomeloan.com.au"
207.46.13.18 - - [03/May/2025:09:15:39 -0400] "GET /shopdetail/147148294 HTTP/1.1" 404 18081 "-" "Mozilla/5.0 AppleWebKit/537.36 (KHTML, like Gecko; compatible; bingbot/2.0; +http://www.bing.com/bingbot.htm) Chrome/116.0.1938.76 Safari/537.36"
199.188.205.55 - - [03/May/2025:09:17:02 -0400] "POST /wp-cron.php?doing_wp_cron=1746278222.4037420749664306640625 HTTP/1.1" 403 13 "-" "WordPress/6.8; https://keyfinancehomeloan.com.au"
157.55.39.6 - - [03/May/2025:09:17:01 -0400] "GET /shopdetail/3180294 HTTP/1.1" 404 18078 "-" "Mozilla/5.0 AppleWebKit/537.36 (KHTML, like Gecko; compatible; bingbot/2.0; +http://www.bing.com/bingbot.htm) Chrome/116.0.1938.76 Safari/537.36"
199.188.205.55 - - [03/May/2025:09:26:15 -0400] "POST /wp-cron.php?doing_wp_cron=1746278775.5008850097656250000000 HTTP/1.1" 403 13 "-" "WordPress/6.8; https://keyfinancehomeloan.com.au"
40.77.167.93 - - [03/May/2025:09:26:16 -0400] "GET /robots.txt HTTP/1.1" 200 139 "-" "Mozilla/5.0 AppleWebKit/537.36 (KHTML, like Gecko; compatible; bingbot/2.0; +http://www.bing.com/bingbot.htm) Chrome/116.0.1938.76 Safari/537.36"
52.167.144.233 - - [03/May/2025:09:26:03 -0400] "GET /shopdetail/96682094 HTTP/1.1" 404 18088 "-" "Mozilla/5.0 AppleWebKit/537.36 (KHTML, like Gecko; compatible; bingbot/2.0; +http://www.bing.com/bingbot.htm) Chrome/116.0.1938.76 Safari/537.36"
199.188.205.55 - - [03/May/2025:09:31:25 -0400] "POST /wp-cron.php?doing_wp_cron=1746279085.1165189743041992187500 HTTP/1.1" 403 13 "-" "WordPress/6.8; https://keyfinancehomeloan.com.au"
207.46.13.86 - - [03/May/2025:09:31:14 -0400] "GET /shopdetail/142082794 HTTP/1.1" 404 18080 "-" "Mozilla/5.0 AppleWebKit/537.36 (KHTML, like Gecko; compatible; bingbot/2.0; +http://www.bing.com/bingbot.htm) Chrome/116.0.1938.76 Safari/537.36"
66.249.68.32 - - [03/May/2025:09:33:38 -0400] "GET /robots.txt HTTP/1.1" 200 139 "-" "Mozilla/5.0 (compatible; Googlebot/2.1; +http://www.google.com/bot.html)"
66.249.68.38 - - [03/May/2025:09:33:48 -0400] "GET /wp-content/uploads/2024/07/Business-loan-3.jpeg HTTP/1.1" 304 0 "-" "Googlebot-Image/1.0"
199.188.205.55 - - [03/May/2025:09:47:49 -0400] "POST /wp-cron.php?doing_wp_cron=1746280069.5759010314941406250000 HTTP/1.1" 403 13 "-" "WordPress/6.8; https://keyfinancehomeloan.com.au"
52.167.144.138 - - [03/May/2025:09:47:37 -0400] "GET /shopdetail/82208994 HTTP/1.1" 404 18088 "-" "Mozilla/5.0 AppleWebKit/537.36 (KHTML, like Gecko; compatible; bingbot/2.0; +http://www.bing.com/bingbot.htm) Chrome/116.0.1938.76 Safari/537.36"
199.188.205.55 - - [03/May/2025:09:49:59 -0400] "POST /wp-cron.php?doing_wp_cron=1746280199.9412710666656494140625 HTTP/1.1" 403 13 "-" "WordPress/6.8; https://keyfinancehomeloan.com.au"
207.46.13.124 - - [03/May/2025:09:49:51 -0400] "GET /shopdetail/54313294 HTTP/1.1" 404 18088 "-" "Mozilla/5.0 AppleWebKit/537.36 (KHTML, like Gecko; compatible; bingbot/2.0; +http://www.bing.com/bingbot.htm) Chrome/116.0.1938.76 Safari/537.36"
54.36.148.149 - - [03/May/2025:10:09:04 -0400] "GET /robots.txt HTTP/1.1" 200 139 "-" "Mozilla/5.0 (compatible; AhrefsBot/7.0; +http://ahrefs.com/robot/)"
199.188.205.55 - - [03/May/2025:10:09:32 -0400] "POST /wp-cron.php?doing_wp_cron=1746281371.9845321178436279296875 HTTP/1.1" 403 13 "-" "WordPress/6.8; https://keyfinancehomeloan.com.au"
51.222.253.13 - - [03/May/2025:10:09:16 -0400] "GET /product-category/clothing/?add-to-cart=25 HTTP/1.1" 200 21712 "-" "Mozilla/5.0 (compatible; AhrefsBot/7.0; +http://ahrefs.com/robot/)"
51.222.253.2 - - [03/May/2025:10:09:35 -0400] "GET /wp-content/plugins/woocommerce/assets/js/frontend/single-product.min.js?ver=9.8.3 HTTP/1.1" 200 2539 "-" "Mozilla/5.0 (compatible; AhrefsBot/7.0; +http://ahrefs.com/robot/)"
51.222.253.10 - - [03/May/2025:10:09:37 -0400] "GET /wp-content/plugins/woocommerce/assets/css/brands.css?ver=9.8.3 HTTP/1.1" 200 579 "-" "Mozilla/5.0 (compatible; AhrefsBot/7.0; +http://ahrefs.com/robot/)"
51.222.253.10 - - [03/May/2025:10:09:39 -0400] "GET /wp-includes/js/underscore.min.js?ver=1.13.7 HTTP/1.1" 200 7185 "-" "Mozilla/5.0 (compatible; AhrefsBot/7.0; +http://ahrefs.com/robot/)"
51.222.253.7 - - [03/May/2025:10:09:40 -0400] "GET /wp-content/themes/keyfin/assets/css/inline-style.css?ver=1.1.3 HTTP/1.1" 200 0 "-" "Mozilla/5.0 (compatible; AhrefsBot/7.0; +http://ahrefs.com/robot/)"
51.222.253.10 - - [03/May/2025:10:09:41 -0400] "GET /wp-content/themes/keyfin/assets/css/fontawesome.min.css?ver=5.13.0 HTTP/1.1" 200 12163 "-" "Mozilla/5.0 (compatible; AhrefsBot/7.0; +http://ahrefs.com/robot/)"
51.222.253.9 - - [03/May/2025:10:09:42 -0400] "GET /wp-content/plugins/woocommerce/assets/js/js-cookie/js.cookie.min.js?ver=2.1.4-wc.9.8.3 HTTP/1.1" 200 760 "-" "Mozilla/5.0 (compatible; AhrefsBot/7.0; +http://ahrefs.com/robot/)"
51.222.253.15 - - [03/May/2025:10:09:44 -0400] "GET /wp-content/plugins/woocommerce/assets/css/woocommerce-layout.css?ver=9.8.3 HTTP/1.1" 200 3160 "-" "Mozilla/5.0 (compatible; AhrefsBot/7.0; +http://ahrefs.com/robot/)"
51.222.253.13 - - [03/May/2025:10:10:39 -0400] "GET /wp-content/plugins/contact-form-7/includes/js/index.js?ver=6.0.6 HTTP/1.1" 200 4008 "-" "Mozilla/5.0 (compatible; AhrefsBot/7.0; +http://ahrefs.com/robot/)"
51.222.253.12 - - [03/May/2025:10:10:41 -0400] "GET /wp-content/plugins/woocommerce/assets/js/jquery-blockui/jquery.blockUI.min.js?ver=2.7.0-wc.9.8.3 HTTP/1.1" 200 3277 "-" "Mozilla/5.0 (compatible; AhrefsBot/7.0; +http://ahrefs.com/robot/)"
51.222.253.5 - - [03/May/2025:10:10:42 -0400] "GET /wp-content/uploads/2024/07/KFHL-removebg-preview.png HTTP/1.1" 200 87443 "-" "Mozilla/5.0 (compatible; AhrefsBot/7.0; +http://ahrefs.com/robot/)"
51.222.253.8 - - [03/May/2025:10:10:44 -0400] "GET /wp-content/plugins/chaty/admin/assets/js/picmo-latest-umd.min.js?ver=3.3.9 HTTP/1.1" 200 7150 "-" "Mozilla/5.0 (compatible; AhrefsBot/7.0; +http://ahrefs.com/robot/)"
51.222.253.6 - - [03/May/2025:10:10:45 -0400] "GET /wp-content/themes/keyfin/assets/css/uikit.min.css?ver=3.1.9 HTTP/1.1" 200 25852 "-" "Mozilla/5.0 (compatible; AhrefsBot/7.0; +http://ahrefs.com/robot/)"
51.222.253.15 - - [03/May/2025:10:10:47 -0400] "GET /wp-includes/js/dist/i18n.min.js HTTP/1.1" 200 3542 "-" "Mozilla/5.0 (compatible; AhrefsBot/7.0; +http://ahrefs.com/robot/)"
51.222.253.5 - - [03/May/2025:10:10:48 -0400] "GET /wp-content/plugins/ti-woocommerce-wishlist/assets/js/public.min.js?ver=2.9.2 HTTP/1.1" 200 5635 "-" "Mozilla/5.0 (compatible; AhrefsBot/7.0; +http://ahrefs.com/robot/)"
51.222.253.2 - - [03/May/2025:10:10:49 -0400] "GET /wp-content/plugins/yith-woocommerce-quick-view/assets/css/yith-quick-view.css?ver=2.4.0 HTTP/1.1" 200 1870 "-" "Mozilla/5.0 (compatible; AhrefsBot/7.0; +http://ahrefs.com/robot/)"
51.222.253.7 - - [03/May/2025:10:10:50 -0400] "GET /wp-content/themes/keyfin/assets/css/slick-slider.css?ver=1.0.0 HTTP/1.1" 200 483 "-" "Mozilla/5.0 (compatible; AhrefsBot/7.0; +http://ahrefs.com/robot/)"
51.222.253.9 - - [03/May/2025:10:10:51 -0400] "GET /wp-content/plugins/contact-form-7/includes/swv/js/index.js?ver=6.0.6 HTTP/1.1" 200 3369 "-" "Mozilla/5.0 (compatible; AhrefsBot/7.0; +http://ahrefs.com/robot/)"
51.222.253.12 - - [03/May/2025:10:10:52 -0400] "GET /wp-content/plugins/woocommerce/assets/client/blocks/wc-blocks.css?ver=wc-9.8.3 HTTP/1.1" 200 2282 "-" "Mozilla/5.0 (compatible; AhrefsBot/7.0; +http://ahrefs.com/robot/)"
51.222.253.7 - - [03/May/2025:10:10:53 -0400] "GET /wp-content/themes/keyfin/assets/css/main.css?ver=1.1.3 HTTP/1.1" 200 14607 "-" "Mozilla/5.0 (compatible; AhrefsBot/7.0; +http://ahrefs.com/robot/)"
51.222.253.15 - - [03/May/2025:10:10:54 -0400] "GET /wp-content/themes/keyfin/assets/js/main.js?ver=1.1.3 HTTP/1.1" 200 1361 "-" "Mozilla/5.0 (compatible; AhrefsBot/7.0; +http://ahrefs.com/robot/)"
51.222.253.5 - - [03/May/2025:10:10:55 -0400] "GET /wp-content/plugins/ti-woocommerce-wishlist/assets/css/webfont.min.css?ver=2.9.2 HTTP/1.1" 200 785 "-" "Mozilla/5.0 (compatible; AhrefsBot/7.0; +http://ahrefs.com/robot/)"
51.222.253.17 - - [03/May/2025:10:10:56 -0400] "GET /wp-content/themes/keyfin/assets/css/woocommerce.css?ver=1.0.0 HTTP/1.1" 200 7141 "-" "Mozilla/5.0 (compatible; AhrefsBot/7.0; +http://ahrefs.com/robot/)"
51.222.253.9 - - [03/May/2025:10:10:57 -0400] "GET /wp-content/themes/keyfin/assets/css/slicknav.min.css?ver=1.0.10 HTTP/1.1" 200 688 "-" "Mozilla/5.0 (compatible; AhrefsBot/7.0; +http://ahrefs.com/robot/)"
51.222.253.8 - - [03/May/2025:10:10:58 -0400] "GET /wp-content/themes/keyfin/assets/js/slick-slider.min.js?ver=1.0.0 HTTP/1.1" 200 10097 "-" "Mozilla/5.0 (compatible; AhrefsBot/7.0; +http://ahrefs.com/robot/)"
51.222.253.5 - - [03/May/2025:10:11:00 -0400] "GET /wp-includes/js/imagesloaded.min.js?ver=5.0.0 HTTP/1.1" 200 1687 "-" "Mozilla/5.0 (compatible; AhrefsBot/7.0; +http://ahrefs.com/robot/)"
51.222.253.8 - - [03/May/2025:10:11:01 -0400] "GET /wp-content/plugins/woocommerce/assets/css/woocommerce.css?ver=9.8.3 HTTP/1.1" 200 10163 "-" "Mozilla/5.0 (compatible; AhrefsBot/7.0; +http://ahrefs.com/robot/)"
51.222.253.11 - - [03/May/2025:10:11:02 -0400] "GET /wp-content/plugins/woocommerce/assets/css/photoswipe/default-skin/default-skin.min.css?ver=9.8.3 HTTP/1.1" 200 1759 "-" "Mozilla/5.0 (compatible; AhrefsBot/7.0; +http://ahrefs.com/robot/)"
51.222.253.9 - - [03/May/2025:10:11:03 -0400] "GET /wp-content/themes/keyfin/assets/js/uikit.min.js?ver=3.1.9 HTTP/1.1" 200 41088 "-" "Mozilla/5.0 (compatible; AhrefsBot/7.0; +http://ahrefs.com/robot/)"
51.222.253.14 - - [03/May/2025:10:11:05 -0400] "GET /wp-content/plugins/woocommerce/assets/js/photoswipe/photoswipe-ui-default.min.js?ver=4.1.1-wc.9.8.3 HTTP/1.1" 200 3478 "-" "Mozilla/5.0 (compatible; AhrefsBot/7.0; +http://ahrefs.com/robot/)"
51.222.253.9 - - [03/May/2025:10:11:06 -0400] "GET /wp-content/plugins/woocommerce/assets/js/frontend/woocommerce.min.js?ver=9.8.3 HTTP/1.1" 200 1241 "-" "Mozilla/5.0 (compatible; AhrefsBot/7.0; +http://ahrefs.com/robot/)"
51.222.253.19 - - [03/May/2025:10:11:07 -0400] "GET /wp-content/plugins/chaty/js/cht-front-script.min.js?ver=3.3.91721214134 HTTP/1.1" 200 22150 "-" "Mozilla/5.0 (compatible; AhrefsBot/7.0; +http://ahrefs.com/robot/)"
51.222.253.3 - - [03/May/2025:10:11:08 -0400] "GET /wp-content/plugins/chaty/css/chaty-front.min.css?ver=3.3.91721214134 HTTP/1.1" 200 6388 "-" "Mozilla/5.0 (compatible; AhrefsBot/7.0; +http://ahrefs.com/robot/)"
51.222.253.12 - - [03/May/2025:10:11:09 -0400] "GET /wp-content/themes/keyfin/assets/js/popper.min.js?ver=1.12.9 HTTP/1.1" 200 6644 "-" "Mozilla/5.0 (compatible; AhrefsBot/7.0; +http://ahrefs.com/robot/)"
51.222.253.20 - - [03/May/2025:10:11:10 -0400] "GET /wp-content/plugins/simply-schedule-appointments/assets/css/upcoming-appointments.css?ver=1.6.8.22 HTTP/1.1" 200 727 "-" "Mozilla/5.0 (compatible; AhrefsBot/7.0; +http://ahrefs.com/robot/)"
51.222.253.7 - - [03/May/2025:10:11:11 -0400] "GET /wp-content/plugins/woocommerce/assets/js/frontend/add-to-cart-variation.min.js?ver=9.8.3 HTTP/1.1" 200 3712 "-" "Mozilla/5.0 (compatible; AhrefsBot/7.0; +http://ahrefs.com/robot/)"
51.222.253.5 - - [03/May/2025:10:11:12 -0400] "GET /wp-content/themes/keyfin/assets/css/custom-el-widget.css?ver=1.1.3 HTTP/1.1" 200 5451 "-" "Mozilla/5.0 (compatible; AhrefsBot/7.0; +http://ahrefs.com/robot/)"
51.222.253.10 - - [03/May/2025:10:11:13 -0400] "GET /wp-content/plugins/woocommerce/assets/js/frontend/order-attribution.min.js?ver=9.8.3 HTTP/1.1" 200 1006 "-" "Mozilla/5.0 (compatible; AhrefsBot/7.0; +http://ahrefs.com/robot/)"
51.222.253.4 - - [03/May/2025:10:11:15 -0400] "GET /wp-content/themes/keyfin/assets/js/magnific-popup.min.js?ver=1.1.0 HTTP/1.1" 200 7048 "-" "Mozilla/5.0 (compatible; AhrefsBot/7.0; +http://ahrefs.com/robot/)"
51.222.253.13 - - [03/May/2025:10:11:22 -0400] "GET /wp-content/plugins/mortgage-loan-calculator/widget-form.css?ver=6.8 HTTP/1.1" 200 782 "-" "Mozilla/5.0 (compatible; AhrefsBot/7.0; +http://ahrefs.com/robot/)"
51.222.253.7 - - [03/May/2025:10:11:23 -0400] "GET /wp-content/plugins/woocommerce/assets/js/zoom/jquery.zoom.min.js?ver=1.7.21-wc.9.8.3 HTTP/1.1" 200 1052 "-" "Mozilla/5.0 (compatible; AhrefsBot/7.0; +http://ahrefs.com/robot/)"
51.222.253.2 - - [03/May/2025:10:11:24 -0400] "GET /wp-content/plugins/woocommerce/assets/js/frontend/cart-fragments.min.js?ver=9.8.3 HTTP/1.1" 200 943 "-" "Mozilla/5.0 (compatible; AhrefsBot/7.0; +http://ahrefs.com/robot/)"
51.222.253.2 - - [03/May/2025:10:11:25 -0400] "GET /wp-content/plugins/contact-form-7/includes/css/styles.css?ver=6.0.6 HTTP/1.1" 200 890 "-" "Mozilla/5.0 (compatible; AhrefsBot/7.0; +http://ahrefs.com/robot/)"
51.222.253.9 - - [03/May/2025:10:11:26 -0400] "GET /wp-content/themes/keyfin/style.css?ver=1.1.3 HTTP/1.1" 200 234 "-" "Mozilla/5.0 (compatible; AhrefsBot/7.0; +http://ahrefs.com/robot/)"
51.222.253.4 - - [03/May/2025:10:11:27 -0400] "GET /wp-content/themes/keyfin/assets/js/slicknav.min.js?ver=1.0.10 HTTP/1.1" 200 1920 "-" "Mozilla/5.0 (compatible; AhrefsBot/7.0; +http://ahrefs.com/robot/)"
51.222.253.19 - - [03/May/2025:10:11:28 -0400] "GET /wp-content/plugins/themedraft-core/elementor-widgets/assets/fonts/flaticon.css?ver=1.0.0 HTTP/1.1" 200 2157 "-" "Mozilla/5.0 (compatible; AhrefsBot/7.0; +http://ahrefs.com/robot/)"
51.222.253.1 - - [03/May/2025:10:11:29 -0400] "GET /wp-content/plugins/ti-woocommerce-wishlist/assets/css/public.min.css?ver=2.9.2 HTTP/1.1" 200 5295 "-" "Mozilla/5.0 (compatible; AhrefsBot/7.0; +http://ahrefs.com/robot/)"
51.222.253.11 - - [03/May/2025:10:11:30 -0400] "GET /wp-content/plugins/mortgage-loan-calculator/en/widget-nj.js?ver=6.8 HTTP/1.1" 200 2022 "-" "Mozilla/5.0 (compatible; AhrefsBot/7.0; +http://ahrefs.com/robot/)"
51.222.253.8 - - [03/May/2025:10:11:31 -0400] "GET /wp-includes/js/dist/hooks.min.js HTTP/1.1" 200 1571 "-" "Mozilla/5.0 (compatible; AhrefsBot/7.0; +http://ahrefs.com/robot/)"
51.222.253.8 - - [03/May/2025:10:11:32 -0400] "GET /wp-content/plugins/simply-schedule-appointments/assets/css/ssa-styles.css?ver=1.6.8.22 HTTP/1.1" 200 189 "-" "Mozilla/5.0 (compatible; AhrefsBot/7.0; +http://ahrefs.com/robot/)"
51.222.253.17 - - [03/May/2025:10:11:33 -0400] "GET /wp-content/themes/keyfin/assets/js/isotope.min.js?ver=3.0.4 HTTP/1.1" 200 9596 "-" "Mozilla/5.0 (compatible; AhrefsBot/7.0; +http://ahrefs.com/robot/)"
51.222.253.17 - - [03/May/2025:10:11:34 -0400] "GET /wp-includes/js/jquery/jquery.min.js?ver=3.7.1 HTTP/1.1" 200 29744 "-" "Mozilla/5.0 (compatible; AhrefsBot/7.0; +http://ahrefs.com/robot/)"
51.222.253.5 - - [03/May/2025:10:11:36 -0400] "GET /wp-includes/js/wp-util.min.js?ver=6.8 HTTP/1.1" 200 690 "-" "Mozilla/5.0 (compatible; AhrefsBot/7.0; +http://ahrefs.com/robot/)"
51.222.253.16 - - [03/May/2025:10:11:37 -0400] "GET /wp-content/plugins/yith-woocommerce-quick-view/assets/js/frontend.min.js?ver=2.4.0 HTTP/1.1" 200 814 "-" "Mozilla/5.0 (compatible; AhrefsBot/7.0; +http://ahrefs.com/robot/)"
51.222.253.15 - - [03/May/2025:10:11:38 -0400] "GET /wp-content/plugins/woocommerce/assets/css/photoswipe/photoswipe.min.css?ver=9.8.3 HTTP/1.1" 200 857 "-" "Mozilla/5.0 (compatible; AhrefsBot/7.0; +http://ahrefs.com/robot/)"
51.222.253.2 - - [03/May/2025:10:11:39 -0400] "GET /wp-includes/css/dist/block-library/style.min.css?ver=6.8 HTTP/1.1" 200 14358 "-" "Mozilla/5.0 (compatible; AhrefsBot/7.0; +http://ahrefs.com/robot/)"
51.222.253.11 - - [03/May/2025:10:11:41 -0400] "GET /wp-content/plugins/woocommerce/assets/js/frontend/add-to-cart.min.js?ver=9.8.3 HTTP/1.1" 200 1225 "-" "Mozilla/5.0 (compatible; AhrefsBot/7.0; +http://ahrefs.com/robot/)"
51.222.253.17 - - [03/May/2025:10:11:42 -0400] "GET /wp-content/plugins/woocommerce/assets/js/photoswipe/photoswipe.min.js?ver=4.1.1-wc.9.8.3 HTTP/1.1" 200 11652 "-" "Mozilla/5.0 (compatible; AhrefsBot/7.0; +http://ahrefs.com/robot/)"
51.222.253.4 - - [03/May/2025:10:11:44 -0400] "GET /wp-content/plugins/woocommerce/assets/css/woocommerce-smallscreen.css?ver=9.8.3 HTTP/1.1" 200 1165 "-" "Mozilla/5.0 (compatible; AhrefsBot/7.0; +http://ahrefs.com/robot/)"
51.222.253.5 - - [03/May/2025:10:11:45 -0400] "GET /wp-content/themes/keyfin/assets/css/magnific-popup.css?ver=1.1.0 HTTP/1.1" 200 1780 "-" "Mozilla/5.0 (compatible; AhrefsBot/7.0; +http://ahrefs.com/robot/)"
51.222.253.9 - - [03/May/2025:10:11:46 -0400] "GET /wp-content/themes/keyfin/assets/js/bootstrap.min.js?ver=4.4.1 HTTP/1.1" 200 15247 "-" "Mozilla/5.0 (compatible; AhrefsBot/7.0; +http://ahrefs.com/robot/)"
51.222.253.3 - - [03/May/2025:10:11:47 -0400] "GET /wp-includes/js/jquery/jquery-migrate.min.js?ver=3.4.1 HTTP/1.1" 200 4678 "-" "Mozilla/5.0 (compatible; AhrefsBot/7.0; +http://ahrefs.com/robot/)"
51.222.253.3 - - [03/May/2025:10:11:48 -0400] "GET /wp-content/themes/keyfin/assets/js/wow.min.js?ver=1.3.0 HTTP/1.1" 200 2634 "-" "Mozilla/5.0 (compatible; AhrefsBot/7.0; +http://ahrefs.com/robot/)"
51.222.253.5 - - [03/May/2025:10:11:50 -0400] "GET /wp-content/themes/keyfin/assets/css/bootstrap.min.css?ver=4.4.1 HTTP/1.1" 200 21341 "-" "Mozilla/5.0 (compatible; AhrefsBot/7.0; +http://ahrefs.com/robot/)"
51.222.253.3 - - [03/May/2025:10:11:51 -0400] "GET /wp-content/plugins/chaty/admin/assets/js/picmo-umd.min.js?ver=3.3.9 HTTP/1.1" 200 24516 "-" "Mozilla/5.0 (compatible; AhrefsBot/7.0; +http://ahrefs.com/robot/)"
51.222.253.5 - - [03/May/2025:10:11:53 -0400] "GET /wp-content/plugins/woocommerce/assets/js/sourcebuster/sourcebuster.min.js?ver=9.8.3 HTTP/1.1" 200 4609 "-" "Mozilla/5.0 (compatible; AhrefsBot/7.0; +http://ahrefs.com/robot/)"
199.188.205.55 - - [03/May/2025:10:14:34 -0400] "POST /wp-cron.php?doing_wp_cron=1746281674.4791290760040283203125 HTTP/1.1" 403 13 "-" "WordPress/6.8; https://keyfinancehomeloan.com.au"
207.46.13.107 - - [03/May/2025:10:14:27 -0400] "GET /shopdetail/97953194 HTTP/1.1" 404 18090 "-" "Mozilla/5.0 AppleWebKit/537.36 (KHTML, like Gecko; compatible; bingbot/2.0; +http://www.bing.com/bingbot.htm) Chrome/116.0.1938.76 Safari/537.36"
3.136.20.78 - - [03/May/2025:10:17:26 -0400] "GET /robots.txt HTTP/1.1" 200 139 "-" "Mozilla/5.0 AppleWebKit/537.36 (KHTML, like Gecko; compatible; ClaudeBot/1.0; +claudebot@anthropic.com)"
3.136.20.78 - - [03/May/2025:10:17:26 -0400] "GET /wp-content/themes/keyfin/assets/css/fontawesome.min.css HTTP/1.1" 200 12163 "-" "Mozilla/5.0 AppleWebKit/537.36 (KHTML, like Gecko; compatible; ClaudeBot/1.0; +claudebot@anthropic.com)"
199.188.205.55 - - [03/May/2025:10:27:44 -0400] "POST /wp-cron.php?doing_wp_cron=1746282464.0037190914154052734375 HTTP/1.1" 403 13 "-" "WordPress/6.8; https://keyfinancehomeloan.com.au"
157.55.39.55 - - [03/May/2025:10:27:33 -0400] "GET /shopdetail/140550594 HTTP/1.1" 404 18082 "-" "Mozilla/5.0 AppleWebKit/537.36 (KHTML, like Gecko; compatible; bingbot/2.0; +http://www.bing.com/bingbot.htm) Chrome/116.0.1938.76 Safari/537.36"
199.188.205.55 - - [03/May/2025:10:31:32 -0400] "POST /wp-cron.php?doing_wp_cron=1746282692.6364870071411132812500 HTTP/1.1" 403 13 "-" "WordPress/6.8; https://keyfinancehomeloan.com.au"
207.46.13.155 - - [03/May/2025:10:31:25 -0400] "GET /shopdetail/94420294 HTTP/1.1" 404 18088 "-" "Mozilla/5.0 AppleWebKit/537.36 (KHTML, like Gecko; compatible; bingbot/2.0; +http://www.bing.com/bingbot.htm) Chrome/116.0.1938.76 Safari/537.36"
199.188.205.55 - - [03/May/2025:10:46:19 -0400] "POST /wp-cron.php?doing_wp_cron=1746283579.2571759223937988281250 HTTP/1.1" 403 13 "-" "WordPress/6.8; https://keyfinancehomeloan.com.au"
207.46.13.18 - - [03/May/2025:10:46:10 -0400] "GET /shopdetail/6207694 HTTP/1.1" 404 18080 "-" "Mozilla/5.0 AppleWebKit/537.36 (KHTML, like Gecko; compatible; bingbot/2.0; +http://www.bing.com/bingbot.htm) Chrome/116.0.1938.76 Safari/537.36"
199.188.205.55 - - [03/May/2025:10:48:53 -0400] "POST /wp-cron.php?doing_wp_cron=1746283733.8486070632934570312500 HTTP/1.1" 403 13 "-" "WordPress/6.8; https://keyfinancehomeloan.com.au"
207.46.13.64 - - [03/May/2025:10:48:46 -0400] "GET /shopdetail/89400894 HTTP/1.1" 404 18090 "-" "Mozilla/5.0 AppleWebKit/537.36 (KHTML, like Gecko; compatible; bingbot/2.0; +http://www.bing.com/bingbot.htm) Chrome/116.0.1938.76 Safari/537.36"
199.188.205.55 - - [03/May/2025:11:01:47 -0400] "POST /wp-cron.php?doing_wp_cron=1746284506.9976871013641357421875 HTTP/1.1" 403 13 "-" "WordPress/6.8; https://keyfinancehomeloan.com.au"
157.55.39.56 - - [03/May/2025:11:01:31 -0400] "GET /shopdetail/114094094 HTTP/1.1" 404 18080 "-" "Mozilla/5.0 AppleWebKit/537.36 (KHTML, like Gecko; compatible; bingbot/2.0; +http://www.bing.com/bingbot.htm) Chrome/116.0.1938.76 Safari/537.36"
199.188.205.55 - - [03/May/2025:11:05:44 -0400] "POST /wp-cron.php?doing_wp_cron=1746284744.4066019058227539062500 HTTP/1.1" 403 13 "-" "WordPress/6.8; https://keyfinancehomeloan.com.au"
157.55.39.56 - - [03/May/2025:11:05:37 -0400] "GET /shopdetail/29767794 HTTP/1.1" 404 18089 "-" "Mozilla/5.0 AppleWebKit/537.36 (KHTML, like Gecko; compatible; bingbot/2.0; +http://www.bing.com/bingbot.htm) Chrome/116.0.1938.76 Safari/537.36"
199.188.205.55 - - [03/May/2025:11:23:59 -0400] "POST /wp-cron.php?doing_wp_cron=1746285838.8918299674987792968750 HTTP/1.1" 403 0 "-" "WordPress/6.8; https://keyfinancehomeloan.com.au"
40.77.167.7 - - [03/May/2025:11:23:45 -0400] "GET /shopdetail/82208994 HTTP/1.1" 404 18090 "-" "Mozilla/5.0 AppleWebKit/537.36 (KHTML, like Gecko; compatible; bingbot/2.0; +http://www.bing.com/bingbot.htm) Chrome/116.0.1938.76 Safari/537.36"
199.188.205.55 - - [03/May/2025:11:37:01 -0400] "POST /wp-cron.php?doing_wp_cron=1746286621.9103319644927978515625 HTTP/1.1" 403 13 "-" "WordPress/6.8; https://keyfinancehomeloan.com.au"
157.55.39.53 - - [03/May/2025:11:36:52 -0400] "GET /shopdetail/147367594 HTTP/1.1" 404 18081 "-" "Mozilla/5.0 AppleWebKit/537.36 (KHTML, like Gecko; compatible; bingbot/2.0; +http://www.bing.com/bingbot.htm) Chrome/116.0.1938.76 Safari/537.36"
199.188.205.55 - - [03/May/2025:11:38:25 -0400] "POST /wp-cron.php?doing_wp_cron=1746286705.3155200481414794921875 HTTP/1.1" 403 13 "-" "WordPress/6.8; https://keyfinancehomeloan.com.au"
157.55.39.53 - - [03/May/2025:11:38:24 -0400] "GET /shopdetail/112703594 HTTP/1.1" 404 18080 "-" "Mozilla/5.0 AppleWebKit/537.36 (KHTML, like Gecko; compatible; bingbot/2.0; +http://www.bing.com/bingbot.htm) Chrome/116.0.1938.76 Safari/537.36"
207.46.13.150 - - [03/May/2025:11:49:42 -0400] "GET /wp-content/plugins/chaty/css/chaty-front.min.css?ver=3.3.91721214134 HTTP/1.1" 200 6388 "-" "Mozilla/5.0 AppleWebKit/537.36 (KHTML, like Gecko; compatible; bingbot/2.0; +http://www.bing.com/bingbot.htm) Chrome/116.0.1938.76 Safari/537.36"
207.46.13.150 - - [03/May/2025:11:49:42 -0400] "GET /wp-content/plugins/contact-form-7/includes/css/styles.css?ver=6.0.6 HTTP/1.1" 200 890 "-" "Mozilla/5.0 AppleWebKit/537.36 (KHTML, like Gecko; compatible; bingbot/2.0; +http://www.bing.com/bingbot.htm) Chrome/116.0.1938.76 Safari/537.36"
207.46.13.150 - - [03/May/2025:11:49:42 -0400] "GET /wp-content/plugins/themedraft-core/elementor-widgets/assets/fonts/flaticon.css?ver=https://keyfinancehomeloan.com.au/wp-content/plugins/themedraft-core/elementor-widgets/assets/ HTTP/1.1" 200 2157 "-" "Mozilla/5.0 AppleWebKit/537.36 (KHTML, like Gecko; compatible; bingbot/2.0; +http://www.bing.com/bingbot.htm) Chrome/116.0.1938.76 Safari/537.36"
207.46.13.150 - - [03/May/2025:11:49:43 -0400] "GET /wp-content/plugins/themedraft-core/elementor-widgets/assets/js/circle-progress.min.js?ver=1.0 HTTP/1.1" 200 1764 "-" "Mozilla/5.0 AppleWebKit/537.36 (KHTML, like Gecko; compatible; bingbot/2.0; +http://www.bing.com/bingbot.htm) Chrome/116.0.1938.76 Safari/537.36"
207.46.13.150 - - [03/May/2025:11:49:43 -0400] "GET /wp-content/plugins/themedraft-core/elementor-widgets/assets/js/counterup.js?ver=1.0 HTTP/1.1" 200 2763 "-" "Mozilla/5.0 AppleWebKit/537.36 (KHTML, like Gecko; compatible; bingbot/2.0; +http://www.bing.com/bingbot.htm) Chrome/116.0.1938.76 Safari/537.36"
207.46.13.150 - - [03/May/2025:11:49:43 -0400] "GET /wp-content/plugins/woocommerce/assets/css/photoswipe/photoswipe.min.css?ver=9.8.3 HTTP/1.1" 200 857 "-" "Mozilla/5.0 AppleWebKit/537.36 (KHTML, like Gecko; compatible; bingbot/2.0; +http://www.bing.com/bingbot.htm) Chrome/116.0.1938.76 Safari/537.36"
207.46.13.150 - - [03/May/2025:11:49:44 -0400] "GET /wp-content/plugins/woocommerce/assets/css/woocommerce-layout.css?ver=9.8.3 HTTP/1.1" 200 3160 "-" "Mozilla/5.0 AppleWebKit/537.36 (KHTML, like Gecko; compatible; bingbot/2.0; +http://www.bing.com/bingbot.htm) Chrome/116.0.1938.76 Safari/537.36"
207.46.13.107 - - [03/May/2025:11:49:44 -0400] "GET /wp-content/plugins/mortgage-loan-calculator/widget-form.css?ver=6.8 HTTP/1.1" 200 782 "-" "Mozilla/5.0 AppleWebKit/537.36 (KHTML, like Gecko; compatible; bingbot/2.0; +http://www.bing.com/bingbot.htm) Chrome/116.0.1938.76 Safari/537.36"
207.46.13.150 - - [03/May/2025:11:49:44 -0400] "GET /wp-content/plugins/woocommerce/assets/css/woocommerce-smallscreen.css?ver=9.8.3 HTTP/1.1" 200 1165 "-" "Mozilla/5.0 AppleWebKit/537.36 (KHTML, like Gecko; compatible; bingbot/2.0; +http://www.bing.com/bingbot.htm) Chrome/116.0.1938.76 Safari/537.36"
207.46.13.150 - - [03/May/2025:11:49:44 -0400] "GET /wp-content/themes/keyfin/assets/css/fontawesome.min.css?ver=5.13.0 HTTP/1.1" 200 12163 "-" "Mozilla/5.0 AppleWebKit/537.36 (KHTML, like Gecko; compatible; bingbot/2.0; +http://www.bing.com/bingbot.htm) Chrome/116.0.1938.76 Safari/537.36"
207.46.13.150 - - [03/May/2025:11:49:45 -0400] "GET /wp-content/themes/keyfin/assets/css/custom-el-widget.css?ver=1.1.3 HTTP/1.1" 200 5451 "-" "Mozilla/5.0 AppleWebKit/537.36 (KHTML, like Gecko; compatible; bingbot/2.0; +http://www.bing.com/bingbot.htm) Chrome/116.0.1938.76 Safari/537.36"
207.46.13.150 - - [03/May/2025:11:49:45 -0400] "GET /wp-content/themes/keyfin/assets/css/magnific-popup.css?ver=1.1.0 HTTP/1.1" 200 1780 "-" "Mozilla/5.0 AppleWebKit/537.36 (KHTML, like Gecko; compatible; bingbot/2.0; +http://www.bing.com/bingbot.htm) Chrome/116.0.1938.76 Safari/537.36"
207.46.13.150 - - [03/May/2025:11:49:45 -0400] "GET /wp-content/themes/keyfin/assets/css/inline-style.css?ver=1.1.3 HTTP/1.1" 200 0 "-" "Mozilla/5.0 AppleWebKit/537.36 (KHTML, like Gecko; compatible; bingbot/2.0; +http://www.bing.com/bingbot.htm) Chrome/116.0.1938.76 Safari/537.36"
207.46.13.150 - - [03/May/2025:11:49:46 -0400] "GET /wp-content/themes/keyfin/assets/css/uikit.min.css?ver=3.1.9 HTTP/1.1" 200 25852 "-" "Mozilla/5.0 AppleWebKit/537.36 (KHTML, like Gecko; compatible; bingbot/2.0; +http://www.bing.com/bingbot.htm) Chrome/116.0.1938.76 Safari/537.36"
207.46.13.150 - - [03/May/2025:11:49:46 -0400] "GET /wp-content/themes/keyfin/assets/css/slick-slider.css?ver=1.0.0 HTTP/1.1" 200 483 "-" "Mozilla/5.0 AppleWebKit/537.36 (KHTML, like Gecko; compatible; bingbot/2.0; +http://www.bing.com/bingbot.htm) Chrome/116.0.1938.76 Safari/537.36"
207.46.13.150 - - [03/May/2025:11:49:46 -0400] "GET /wp-content/uploads/elementor/css/post-120.css?ver=1721199559 HTTP/1.1" 200 773 "-" "Mozilla/5.0 AppleWebKit/537.36 (KHTML, like Gecko; compatible; bingbot/2.0; +http://www.bing.com/bingbot.htm) Chrome/116.0.1938.76 Safari/537.36"
207.46.13.150 - - [03/May/2025:11:49:47 -0400] "GET /wp-content/uploads/elementor/css/post-29.css?ver=1721126624 HTTP/1.1" 200 313 "-" "Mozilla/5.0 AppleWebKit/537.36 (KHTML, like Gecko; compatible; bingbot/2.0; +http://www.bing.com/bingbot.htm) Chrome/116.0.1938.76 Safari/537.36"
207.46.13.150 - - [03/May/2025:11:49:47 -0400] "GET /wp-content/uploads/elementor/google-fonts/css/robotoslab.css?ver=1742282746 HTTP/1.1" 200 718 "-" "Mozilla/5.0 AppleWebKit/537.36 (KHTML, like Gecko; compatible; bingbot/2.0; +http://www.bing.com/bingbot.htm) Chrome/116.0.1938.76 Safari/537.36"
207.46.13.150 - - [03/May/2025:11:49:48 -0400] "GET /wp-includes/js/jquery/jquery-migrate.min.js?ver=3.4.1 HTTP/1.1" 200 4678 "-" "Mozilla/5.0 AppleWebKit/537.36 (KHTML, like Gecko; compatible; bingbot/2.0; +http://www.bing.com/bingbot.htm) Chrome/116.0.1938.76 Safari/537.36"
207.46.13.107 - - [03/May/2025:11:49:59 -0400] "GET /wp-content/plugins/ti-woocommerce-wishlist/assets/css/public.min.css?ver=2.9.2 HTTP/1.1" 200 5295 "-" "Mozilla/5.0 AppleWebKit/537.36 (KHTML, like Gecko; compatible; bingbot/2.0; +http://www.bing.com/bingbot.htm) Chrome/116.0.1938.76 Safari/537.36"
207.46.13.107 - - [03/May/2025:11:49:59 -0400] "GET /wp-content/themes/keyfin/assets/css/bootstrap.min.css?ver=4.4.1 HTTP/1.1" 200 21341 "-" "Mozilla/5.0 AppleWebKit/537.36 (KHTML, like Gecko; compatible; bingbot/2.0; +http://www.bing.com/bingbot.htm) Chrome/116.0.1938.76 Safari/537.36"
207.46.13.107 - - [03/May/2025:11:50:00 -0400] "GET /wp-content/themes/keyfin/assets/css/slicknav.min.css?ver=1.0.10 HTTP/1.1" 200 688 "-" "Mozilla/5.0 AppleWebKit/537.36 (KHTML, like Gecko; compatible; bingbot/2.0; +http://www.bing.com/bingbot.htm) Chrome/116.0.1938.76 Safari/537.36"
52.167.144.166 - - [03/May/2025:11:50:06 -0400] "GET /wp-content/plugins/elementor/assets/css/frontend.min.css?ver=3.28.4 HTTP/1.1" 200 6453 "-" "Mozilla/5.0 AppleWebKit/537.36 (KHTML, like Gecko; compatible; bingbot/2.0; +http://www.bing.com/bingbot.htm) Chrome/116.0.1938.76 Safari/537.36"
52.167.144.166 - - [03/May/2025:11:50:07 -0400] "GET /wp-content/plugins/elementor/assets/css/widget-image.min.css?ver=3.28.4 HTTP/1.1" 200 254 "-" "Mozilla/5.0 AppleWebKit/537.36 (KHTML, like Gecko; compatible; bingbot/2.0; +http://www.bing.com/bingbot.htm) Chrome/116.0.1938.76 Safari/537.36"
52.167.144.166 - - [03/May/2025:11:50:07 -0400] "GET /wp-content/plugins/elementor/assets/css/widget-spacer.min.css?ver=3.28.4 HTTP/1.1" 200 315 "-" "Mozilla/5.0 AppleWebKit/537.36 (KHTML, like Gecko; compatible; bingbot/2.0; +http://www.bing.com/bingbot.htm) Chrome/116.0.1938.76 Safari/537.36"
52.167.144.166 - - [03/May/2025:11:50:07 -0400] "GET /wp-content/plugins/simply-schedule-appointments/assets/css/upcoming-appointments.css?ver=1.6.8.22 HTTP/1.1" 200 727 "-" "Mozilla/5.0 AppleWebKit/537.36 (KHTML, like Gecko; compatible; bingbot/2.0; +http://www.bing.com/bingbot.htm) Chrome/116.0.1938.76 Safari/537.36"
52.167.144.166 - - [03/May/2025:11:50:07 -0400] "GET /wp-content/plugins/simply-schedule-appointments/assets/css/ssa-styles.css?ver=1.6.8.22 HTTP/1.1" 200 189 "-" "Mozilla/5.0 AppleWebKit/537.36 (KHTML, like Gecko; compatible; bingbot/2.0; +http://www.bing.com/bingbot.htm) Chrome/116.0.1938.76 Safari/537.36"
52.167.144.166 - - [03/May/2025:11:50:08 -0400] "GET /wp-content/plugins/themedraft-core/elementor-widgets/assets/fonts/flaticon.css?ver=1.0.0 HTTP/1.1" 200 2157 "-" "Mozilla/5.0 AppleWebKit/537.36 (KHTML, like Gecko; compatible; bingbot/2.0; +http://www.bing.com/bingbot.htm) Chrome/116.0.1938.76 Safari/537.36"
52.167.144.166 - - [03/May/2025:11:50:08 -0400] "GET /wp-content/plugins/ti-woocommerce-wishlist/assets/css/webfont.min.css?ver=2.9.2 HTTP/1.1" 200 785 "-" "Mozilla/5.0 AppleWebKit/537.36 (KHTML, like Gecko; compatible; bingbot/2.0; +http://www.bing.com/bingbot.htm) Chrome/116.0.1938.76 Safari/537.36"
52.167.144.166 - - [03/May/2025:11:50:08 -0400] "GET /wp-content/plugins/woocommerce/assets/client/blocks/wc-blocks.css?ver=wc-9.8.3 HTTP/1.1" 200 2282 "-" "Mozilla/5.0 AppleWebKit/537.36 (KHTML, like Gecko; compatible; bingbot/2.0; +http://www.bing.com/bingbot.htm) Chrome/116.0.1938.76 Safari/537.36"
52.167.144.166 - - [03/May/2025:11:50:08 -0400] "GET /wp-content/plugins/woocommerce/assets/css/photoswipe/default-skin/default-skin.min.css?ver=9.8.3 HTTP/1.1" 200 1759 "-" "Mozilla/5.0 AppleWebKit/537.36 (KHTML, like Gecko; compatible; bingbot/2.0; +http://www.bing.com/bingbot.htm) Chrome/116.0.1938.76 Safari/537.36"
52.167.144.166 - - [03/May/2025:11:50:09 -0400] "GET /wp-content/plugins/woocommerce/assets/css/brands.css?ver=9.8.3 HTTP/1.1" 200 579 "-" "Mozilla/5.0 AppleWebKit/537.36 (KHTML, like Gecko; compatible; bingbot/2.0; +http://www.bing.com/bingbot.htm) Chrome/116.0.1938.76 Safari/537.36"
52.167.144.166 - - [03/May/2025:11:50:09 -0400] "GET /wp-content/plugins/woocommerce/assets/css/woocommerce.css?ver=9.8.3 HTTP/1.1" 200 10163 "-" "Mozilla/5.0 AppleWebKit/537.36 (KHTML, like Gecko; compatible; bingbot/2.0; +http://www.bing.com/bingbot.htm) Chrome/116.0.1938.76 Safari/537.36"
52.167.144.166 - - [03/May/2025:11:50:09 -0400] "GET /wp-content/plugins/yith-woocommerce-quick-view/assets/css/yith-quick-view.css?ver=2.4.0 HTTP/1.1" 200 1870 "-" "Mozilla/5.0 AppleWebKit/537.36 (KHTML, like Gecko; compatible; bingbot/2.0; +http://www.bing.com/bingbot.htm) Chrome/116.0.1938.76 Safari/537.36"
52.167.144.166 - - [03/May/2025:11:50:10 -0400] "GET /wp-content/themes/keyfin/assets/css/main.css?ver=1.1.3 HTTP/1.1" 200 14607 "-" "Mozilla/5.0 AppleWebKit/537.36 (KHTML, like Gecko; compatible; bingbot/2.0; +http://www.bing.com/bingbot.htm) Chrome/116.0.1938.76 Safari/537.36"
52.167.144.166 - - [03/May/2025:11:50:10 -0400] "GET /wp-content/themes/keyfin/assets/css/woocommerce.css?ver=1.0.0 HTTP/1.1" 200 7141 "-" "Mozilla/5.0 AppleWebKit/537.36 (KHTML, like Gecko; compatible; bingbot/2.0; +http://www.bing.com/bingbot.htm) Chrome/116.0.1938.76 Safari/537.36"
52.167.144.166 - - [03/May/2025:11:50:10 -0400] "GET /wp-content/themes/keyfin/style.css?ver=1.1.3 HTTP/1.1" 200 234 "-" "Mozilla/5.0 AppleWebKit/537.36 (KHTML, like Gecko; compatible; bingbot/2.0; +http://www.bing.com/bingbot.htm) Chrome/116.0.1938.76 Safari/537.36"
52.167.144.166 - - [03/May/2025:11:50:11 -0400] "GET /wp-content/uploads/elementor/google-fonts/css/roboto.css?ver=1742282740 HTTP/1.1" 200 1881 "-" "Mozilla/5.0 AppleWebKit/537.36 (KHTML, like Gecko; compatible; bingbot/2.0; +http://www.bing.com/bingbot.htm) Chrome/116.0.1938.76 Safari/537.36"
199.188.205.55 - - [03/May/2025:11:50:35 -0400] "POST /wp-cron.php?doing_wp_cron=1746287435.5626299381256103515625 HTTP/1.1" 403 13 "-" "WordPress/6.8; https://keyfinancehomeloan.com.au"
207.46.13.107 - - [03/May/2025:11:50:27 -0400] "GET /shopdetail/105132394 HTTP/1.1" 404 18082 "-" "Mozilla/5.0 AppleWebKit/537.36 (KHTML, like Gecko; compatible; bingbot/2.0; +http://www.bing.com/bingbot.htm) Chrome/116.0.1938.76 Safari/537.36"
