199.45.155.106 - - [04/May/2025:19:51:36 -0400] "GET /wp-content/uploads/2024/07/cropped-KFHL-removebg-preview-192x192.png HTTP/1.1" 200 25804 "-" "Mozilla/5.0 (compatible; CensysInspect/1.1; +https://about.censys.io/)"
199.45.155.106 - - [04/May/2025:19:51:39 -0400] "GET /wp-content/uploads/2024/07/cropped-KFHL-removebg-preview-180x180.png HTTP/1.1" 200 23889 "-" "Mozilla/5.0 (compatible; CensysInspect/1.1; +https://about.censys.io/)"
199.45.155.106 - - [04/May/2025:19:51:40 -0400] "GET /favicon.ico HTTP/1.1" 404 13 "-" "Mozilla/5.0 (compatible; CensysInspect/1.1; +https://about.censys.io/)"
199.188.205.55 - - [04/May/2025:19:52:05 -0400] "POST /wp-cron.php?doing_wp_cron=1746402725.8829929828643798828125 HTTP/1.1" 403 13 "-" "WordPress/6.8; https://keyfinancehomeloan.com.au"
199.45.155.106 - - [04/May/2025:19:51:58 -0400] "GET / HTTP/1.1" 301 0 "-" "Mozilla/5.0 (compatible; CensysInspect/1.1; +https://about.censys.io/)"
199.188.205.55 - - [04/May/2025:20:05:01 -0400] "POST /wp-cron.php?doing_wp_cron=1746403500.8407070636749267578125 HTTP/1.1" 403 13 "-" "WordPress/6.8; https://keyfinancehomeloan.com.au"
52.167.144.205 - - [04/May/2025:20:04:44 -0400] "GET /shopdetail/184002094 HTTP/1.1" 404 18095 "-" "Mozilla/5.0 AppleWebKit/537.36 (KHTML, like Gecko; compatible; bingbot/2.0; +http://www.bing.com/bingbot.htm) Chrome/116.0.1938.76 Safari/537.36"
199.188.205.55 - - [04/May/2025:20:06:34 -0400] "POST /wp-cron.php?doing_wp_cron=1746403594.0192229747772216796875 HTTP/1.1" 403 13 "-" "WordPress/6.8; https://keyfinancehomeloan.com.au"
40.77.167.156 - - [04/May/2025:20:06:27 -0400] "GET /shopdetail/73658194 HTTP/1.1" 404 18093 "-" "Mozilla/5.0 AppleWebKit/537.36 (KHTML, like Gecko; compatible; bingbot/2.0; +http://www.bing.com/bingbot.htm) Chrome/116.0.1938.76 Safari/537.36"
199.188.205.55 - - [04/May/2025:20:19:19 -0400] "POST /wp-cron.php?doing_wp_cron=1746404359.3445329666137695312500 HTTP/1.1" 403 13 "-" "WordPress/6.8; https://keyfinancehomeloan.com.au"
157.55.39.201 - - [04/May/2025:20:19:08 -0400] "GET /shopdetail/130238694 HTTP/1.1" 404 18083 "-" "Mozilla/5.0 AppleWebKit/537.36 (KHTML, like Gecko; compatible; bingbot/2.0; +http://www.bing.com/bingbot.htm) Chrome/116.0.1938.76 Safari/537.36"
199.188.205.55 - - [04/May/2025:20:25:18 -0400] "POST /wp-cron.php?doing_wp_cron=1746404718.8017170429229736328125 HTTP/1.1" 403 13 "-" "WordPress/6.8; https://keyfinancehomeloan.com.au"
157.55.39.55 - - [04/May/2025:20:25:04 -0400] "GET /shopdetail/145561894 HTTP/1.1" 404 18097 "-" "Mozilla/5.0 AppleWebKit/537.36 (KHTML, like Gecko; compatible; bingbot/2.0; +http://www.bing.com/bingbot.htm) Chrome/116.0.1938.76 Safari/537.36"
199.188.205.55 - - [04/May/2025:20:34:54 -0400] "POST /wp-admin/admin-ajax.php?action=as_async_request_queue_runner&nonce=ca94ce3276 HTTP/1.1" 403 13 "-" "WordPress/6.8; https://keyfinancehomeloan.com.au"
199.188.205.55 - - [04/May/2025:20:40:10 -0400] "POST /wp-cron.php?doing_wp_cron=1746405610.7965519428253173828125 HTTP/1.1" 403 13 "-" "WordPress/6.8; https://keyfinancehomeloan.com.au"
40.77.167.13 - - [04/May/2025:20:40:00 -0400] "GET /shopdetail/127107494 HTTP/1.1" 404 18096 "-" "Mozilla/5.0 AppleWebKit/537.36 (KHTML, like Gecko; compatible; bingbot/2.0; +http://www.bing.com/bingbot.htm) Chrome/116.0.1938.76 Safari/537.36"
40.77.167.13 - - [04/May/2025:20:40:19 -0400] "GET /shopdetail/107422694 HTTP/1.1" 404 18095 "-" "Mozilla/5.0 AppleWebKit/537.36 (KHTML, like Gecko; compatible; bingbot/2.0; +http://www.bing.com/bingbot.htm) Chrome/116.0.1938.76 Safari/537.36"
199.188.205.55 - - [04/May/2025:20:47:04 -0400] "POST /wp-cron.php?doing_wp_cron=1746406024.6297140121459960937500 HTTP/1.1" 403 13 "-" "WordPress/6.8; https://keyfinancehomeloan.com.au"
157.55.39.204 - - [04/May/2025:20:46:54 -0400] "GET /shopdetail/210886694 HTTP/1.1" 404 18097 "-" "Mozilla/5.0 AppleWebKit/537.36 (KHTML, like Gecko; compatible; bingbot/2.0; +http://www.bing.com/bingbot.htm) Chrome/116.0.1938.76 Safari/537.36"
199.188.205.55 - - [04/May/2025:21:17:24 -0400] "POST /wp-cron.php?doing_wp_cron=1746407844.7374320030212402343750 HTTP/1.1" 403 13 "-" "WordPress/6.8; https://keyfinancehomeloan.com.au"
157.55.39.62 - - [04/May/2025:21:17:15 -0400] "GET /shopdetail/89753994 HTTP/1.1" 404 18095 "-" "Mozilla/5.0 AppleWebKit/537.36 (KHTML, like Gecko; compatible; bingbot/2.0; +http://www.bing.com/bingbot.htm) Chrome/116.0.1938.76 Safari/537.36"
199.188.205.55 - - [04/May/2025:21:18:32 -0400] "POST /wp-cron.php?doing_wp_cron=1746407912.1945130825042724609375 HTTP/1.1" 403 13 "-" "WordPress/6.8; https://keyfinancehomeloan.com.au"
52.167.144.167 - - [04/May/2025:21:18:31 -0400] "GET /shopdetail/121329894 HTTP/1.1" 404 18097 "-" "Mozilla/5.0 AppleWebKit/537.36 (KHTML, like Gecko; compatible; bingbot/2.0; +http://www.bing.com/bingbot.htm) Chrome/116.0.1938.76 Safari/537.36"
52.167.144.167 - - [04/May/2025:21:18:33 -0400] "GET /loan-calculator/ HTTP/1.1" 200 19766 "-" "Mozilla/5.0 AppleWebKit/537.36 (KHTML, like Gecko; compatible; bingbot/2.0; +http://www.bing.com/bingbot.htm) Chrome/116.0.1938.76 Safari/537.36"
157.55.39.52 - - [04/May/2025:21:18:55 -0400] "GET /wp-content/plugins/chaty/admin/assets/js/picmo-latest-umd.min.js?ver=3.3.9 HTTP/1.1" 200 7150 "-" "Mozilla/5.0 AppleWebKit/537.36 (KHTML, like Gecko; compatible; bingbot/2.0; +http://www.bing.com/bingbot.htm) Chrome/116.0.1938.76 Safari/537.36"
207.46.13.116 - - [04/May/2025:21:18:59 -0400] "GET /wp-content/plugins/woocommerce/assets/js/frontend/add-to-cart-variation.min.js?ver=9.8.3 HTTP/1.1" 200 3712 "-" "Mozilla/5.0 AppleWebKit/537.36 (KHTML, like Gecko; compatible; bingbot/2.0; +http://www.bing.com/bingbot.htm) Chrome/116.0.1938.76 Safari/537.36"
104.210.140.128 - - [04/May/2025:21:24:18 -0400] "GET /robots.txt HTTP/1.1" 200 139 "-" "Mozilla/5.0 (Macintosh; Intel Mac OS X 10_15_7) AppleWebKit/537.36 (KHTML, like Gecko) Chrome/131.0.0.0 Safari/537.36; compatible; OAI-SearchBot/1.0; +https://openai.com/searchbot"
40.77.190.182 - - [04/May/2025:21:35:10 -0400] "GET /wp-content/themes/keyfin/assets/js/magnific-popup.min.js?ver=1.1.0 HTTP/1.1" 200 20258 "-" "Mozilla/5.0 AppleWebKit/537.36 (KHTML, like Gecko; compatible; bingbot/2.0; +http://www.bing.com/bingbot.htm) Chrome/100.0.4896.127 Safari/537.36"
199.188.205.55 - - [04/May/2025:21:35:32 -0400] "POST /wp-cron.php?doing_wp_cron=1746408931.9792430400848388671875 HTTP/1.1" 403 13 "-" "WordPress/6.8; https://keyfinancehomeloan.com.au"
40.77.189.65 - - [04/May/2025:21:35:11 -0400] "GET /?wc-ajax=get_refreshed_fragments HTTP/1.1" 200 291 "-" "Mozilla/5.0 AppleWebKit/537.36 (KHTML, like Gecko; compatible; bingbot/2.0; +http://www.bing.com/bingbot.htm) Chrome/100.0.4896.127 Safari/537.36"
199.188.205.55 - - [04/May/2025:21:48:10 -0400] "POST /wp-cron.php?doing_wp_cron=1746409690.5544080734252929687500 HTTP/1.1" 403 13 "-" "WordPress/6.8; https://keyfinancehomeloan.com.au"
157.55.39.63 - - [04/May/2025:21:47:59 -0400] "GET /shopdetail/74600294 HTTP/1.1" 404 18094 "-" "Mozilla/5.0 AppleWebKit/537.36 (KHTML, like Gecko; compatible; bingbot/2.0; +http://www.bing.com/bingbot.htm) Chrome/116.0.1938.76 Safari/537.36"
199.188.205.55 - - [04/May/2025:21:53:46 -0400] "POST /wp-cron.php?doing_wp_cron=1746410025.9665169715881347656250 HTTP/1.1" 403 13 "-" "WordPress/6.8; https://keyfinancehomeloan.com.au"
40.77.167.60 - - [04/May/2025:21:53:36 -0400] "GET /shopdetail/12745494 HTTP/1.1" 404 18094 "-" "Mozilla/5.0 AppleWebKit/537.36 (KHTML, like Gecko; compatible; bingbot/2.0; +http://www.bing.com/bingbot.htm) Chrome/116.0.1938.76 Safari/537.36"
52.89.208.2 - - [04/May/2025:21:56:49 -0400] "GET /wp-content/uploads/2024/07/KFHL-removebg-preview.png HTTP/1.1" 200 87443 "-" "Mozilla/5.0 (Windows NT 10.0; Win64; x64) AppleWebKit/537.36 (KHTML, like Gecko) Chrome/135.0.0.0 Safari/537.36"
5.161.75.70 - - [04/May/2025:21:56:56 -0400] "GET / HTTP/1.1" 200 24054 "-" "Mozilla/5.0 (Windows NT 10.0; Win64; x64) AppleWebKit/537.36 (KHTML, like Gecko) Chrome/84.0.4147.105 Safari/537.36"
34.220.118.171 - - [04/May/2025:21:57:03 -0400] "GET /wp-content/uploads/2024/07/cropped-KFHL-removebg-preview-192x192.png HTTP/1.1" 200 25804 "-" "Mozilla/5.0 (Windows NT 10.0; Win64; x64) AppleWebKit/537.36 (KHTML, like Gecko) Chrome/135.0.0.0 Safari/537.36"
199.188.205.55 - - [04/May/2025:21:57:05 -0400] "POST /wp-cron.php?doing_wp_cron=1746410225.6694090366363525390625 HTTP/1.1" 403 13 "-" "WordPress/6.8; https://keyfinancehomeloan.com.au"
178.156.146.224 - - [04/May/2025:21:56:58 -0400] "GET /contact-us/ HTTP/1.1" 200 20700 "-" "Mozilla/5.0 (Windows NT 10.0; Win64; x64) AppleWebKit/537.36 (KHTML, like Gecko) Chrome/84.0.4147.105 Safari/537.36"
66.249.68.39 - - [04/May/2025:22:12:06 -0400] "GET / HTTP/1.1" 200 24054 "-" "Mozilla/5.0 (compatible; Googlebot/2.1; +http://www.google.com/bot.html)"
66.249.68.38 - - [04/May/2025:22:12:09 -0400] "GET /wp-content/plugins/simply-schedule-appointments/assets/css/ssa-styles.css?ver=1.6.8.22 HTTP/1.1" 200 189 "https://keyfinancehomeloan.com.au/" "Mozilla/5.0 AppleWebKit/537.36 (KHTML, like Gecko; compatible; Googlebot/2.1; +http://www.google.com/bot.html) Chrome/134.0.6998.165 Safari/537.36"
66.249.68.38 - - [04/May/2025:22:12:09 -0400] "GET /wp-content/themes/keyfin/assets/css/custom-el-widget.css?ver=1.1.3 HTTP/1.1" 200 5451 "https://keyfinancehomeloan.com.au/" "Mozilla/5.0 AppleWebKit/537.36 (KHTML, like Gecko; compatible; Googlebot/2.1; +http://www.google.com/bot.html) Chrome/134.0.6998.165 Safari/537.36"
66.249.68.38 - - [04/May/2025:22:12:09 -0400] "GET /wp-content/plugins/chaty/css/chaty-front.min.css?ver=3.3.91721214134 HTTP/1.1" 200 6388 "https://keyfinancehomeloan.com.au/" "Mozilla/5.0 AppleWebKit/537.36 (KHTML, like Gecko; compatible; Googlebot/2.1; +http://www.google.com/bot.html) Chrome/134.0.6998.165 Safari/537.36"
66.249.68.39 - - [04/May/2025:22:12:09 -0400] "GET /wp-includes/js/jquery/jquery.min.js?ver=3.7.1 HTTP/1.1" 200 29744 "https://keyfinancehomeloan.com.au/" "Mozilla/5.0 AppleWebKit/537.36 (KHTML, like Gecko; compatible; Googlebot/2.1; +http://www.google.com/bot.html) Chrome/134.0.6998.165 Safari/537.36"
66.249.68.38 - - [04/May/2025:22:12:09 -0400] "GET /wp-content/themes/keyfin/assets/css/bootstrap.min.css?ver=4.4.1 HTTP/1.1" 200 21341 "https://keyfinancehomeloan.com.au/" "Mozilla/5.0 AppleWebKit/537.36 (KHTML, like Gecko; compatible; Googlebot/2.1; +http://www.google.com/bot.html) Chrome/134.0.6998.165 Safari/537.36"
66.249.68.39 - - [04/May/2025:22:12:09 -0400] "GET /wp-content/plugins/ti-woocommerce-wishlist/assets/css/public.min.css?ver=2.9.2 HTTP/1.1" 200 5295 "https://keyfinancehomeloan.com.au/" "Mozilla/5.0 AppleWebKit/537.36 (KHTML, like Gecko; compatible; Googlebot/2.1; +http://www.google.com/bot.html) Chrome/134.0.6998.165 Safari/537.36"
66.249.68.38 - - [04/May/2025:22:12:10 -0400] "GET /wp-content/plugins/woocommerce/assets/js/js-cookie/js.cookie.min.js?ver=2.1.4-wc.9.8.3 HTTP/1.1" 200 760 "https://keyfinancehomeloan.com.au/" "Mozilla/5.0 AppleWebKit/537.36 (KHTML, like Gecko; compatible; Googlebot/2.1; +http://www.google.com/bot.html) Chrome/134.0.6998.165 Safari/537.36"
66.249.68.38 - - [04/May/2025:22:12:10 -0400] "GET /wp-content/themes/keyfin/style.css?ver=1.1.3 HTTP/1.1" 200 234 "https://keyfinancehomeloan.com.au/" "Mozilla/5.0 AppleWebKit/537.36 (KHTML, like Gecko; compatible; Googlebot/2.1; +http://www.google.com/bot.html) Chrome/134.0.6998.165 Safari/537.36"
66.249.68.38 - - [04/May/2025:22:12:10 -0400] "GET /wp-content/themes/keyfin/assets/css/slicknav.min.css?ver=1.0.10 HTTP/1.1" 200 688 "https://keyfinancehomeloan.com.au/" "Mozilla/5.0 AppleWebKit/537.36 (KHTML, like Gecko; compatible; Googlebot/2.1; +http://www.google.com/bot.html) Chrome/134.0.6998.165 Safari/537.36"
66.249.68.38 - - [04/May/2025:22:12:10 -0400] "GET /wp-content/themes/keyfin/assets/css/woocommerce.css?ver=1.0.0 HTTP/1.1" 200 7141 "https://keyfinancehomeloan.com.au/" "Mozilla/5.0 AppleWebKit/537.36 (KHTML, like Gecko; compatible; Googlebot/2.1; +http://www.google.com/bot.html) Chrome/134.0.6998.165 Safari/537.36"
66.249.68.38 - - [04/May/2025:22:12:10 -0400] "GET /wp-includes/js/jquery/jquery-migrate.min.js?ver=3.4.1 HTTP/1.1" 200 4678 "https://keyfinancehomeloan.com.au/" "Mozilla/5.0 AppleWebKit/537.36 (KHTML, like Gecko; compatible; Googlebot/2.1; +http://www.google.com/bot.html) Chrome/134.0.6998.165 Safari/537.36"
66.249.68.38 - - [04/May/2025:22:12:10 -0400] "GET /wp-content/themes/keyfin/assets/css/uikit.min.css?ver=3.1.9 HTTP/1.1" 200 25852 "https://keyfinancehomeloan.com.au/" "Mozilla/5.0 AppleWebKit/537.36 (KHTML, like Gecko; compatible; Googlebot/2.1; +http://www.google.com/bot.html) Chrome/134.0.6998.165 Safari/537.36"
66.249.68.38 - - [04/May/2025:22:12:11 -0400] "GET /wp-content/plugins/ti-woocommerce-wishlist/assets/css/webfont.min.css?ver=2.9.2 HTTP/1.1" 200 785 "https://keyfinancehomeloan.com.au/" "Mozilla/5.0 AppleWebKit/537.36 (KHTML, like Gecko; compatible; Googlebot/2.1; +http://www.google.com/bot.html) Chrome/134.0.6998.165 Safari/537.36"
66.249.68.38 - - [04/May/2025:22:12:11 -0400] "GET /wp-content/plugins/woocommerce/assets/client/blocks/wc-blocks.css?ver=wc-9.8.3 HTTP/1.1" 200 2282 "https://keyfinancehomeloan.com.au/" "Mozilla/5.0 AppleWebKit/537.36 (KHTML, like Gecko; compatible; Googlebot/2.1; +http://www.google.com/bot.html) Chrome/134.0.6998.165 Safari/537.36"
66.249.68.38 - - [04/May/2025:22:12:11 -0400] "GET /wp-content/themes/keyfin/assets/css/fontawesome.min.css?ver=5.13.0 HTTP/1.1" 200 12163 "https://keyfinancehomeloan.com.au/" "Mozilla/5.0 AppleWebKit/537.36 (KHTML, like Gecko; compatible; Googlebot/2.1; +http://www.google.com/bot.html) Chrome/134.0.6998.165 Safari/537.36"
66.249.68.38 - - [04/May/2025:22:12:11 -0400] "GET /wp-content/uploads/elementor/google-fonts/css/roboto.css?ver=1742282740 HTTP/1.1" 200 1881 "https://keyfinancehomeloan.com.au/" "Mozilla/5.0 AppleWebKit/537.36 (KHTML, like Gecko; compatible; Googlebot/2.1; +http://www.google.com/bot.html) Chrome/134.0.6998.165 Safari/537.36"
66.249.68.38 - - [04/May/2025:22:12:11 -0400] "GET /wp-content/plugins/elementor/assets/css/frontend.min.css?ver=3.28.4 HTTP/1.1" 200 6453 "https://keyfinancehomeloan.com.au/" "Mozilla/5.0 AppleWebKit/537.36 (KHTML, like Gecko; compatible; Googlebot/2.1; +http://www.google.com/bot.html) Chrome/134.0.6998.165 Safari/537.36"
66.249.68.38 - - [04/May/2025:22:12:11 -0400] "GET /wp-content/plugins/woocommerce/assets/js/jquery-blockui/jquery.blockUI.min.js?ver=2.7.0-wc.9.8.3 HTTP/1.1" 200 3277 "https://keyfinancehomeloan.com.au/" "Mozilla/5.0 AppleWebKit/537.36 (KHTML, like Gecko; compatible; Googlebot/2.1; +http://www.google.com/bot.html) Chrome/134.0.6998.165 Safari/537.36"
66.249.68.38 - - [04/May/2025:22:12:11 -0400] "GET /wp-content/themes/keyfin/assets/css/slick-slider.css?ver=1.0.0 HTTP/1.1" 200 483 "https://keyfinancehomeloan.com.au/" "Mozilla/5.0 AppleWebKit/537.36 (KHTML, like Gecko; compatible; Googlebot/2.1; +http://www.google.com/bot.html) Chrome/134.0.6998.165 Safari/537.36"
66.249.68.38 - - [04/May/2025:22:12:12 -0400] "GET /wp-content/uploads/elementor/google-fonts/css/robotoslab.css?ver=1742282746 HTTP/1.1" 200 718 "https://keyfinancehomeloan.com.au/" "Mozilla/5.0 AppleWebKit/537.36 (KHTML, like Gecko; compatible; Googlebot/2.1; +http://www.google.com/bot.html) Chrome/134.0.6998.165 Safari/537.36"
66.249.68.38 - - [04/May/2025:22:12:12 -0400] "GET /wp-content/plugins/woocommerce/assets/css/brands.css?ver=9.8.3 HTTP/1.1" 200 579 "https://keyfinancehomeloan.com.au/" "Mozilla/5.0 AppleWebKit/537.36 (KHTML, like Gecko; compatible; Googlebot/2.1; +http://www.google.com/bot.html) Chrome/134.0.6998.165 Safari/537.36"
66.249.68.38 - - [04/May/2025:22:12:12 -0400] "GET /wp-content/plugins/contact-form-7/includes/css/styles.css?ver=6.0.6 HTTP/1.1" 200 890 "https://keyfinancehomeloan.com.au/" "Mozilla/5.0 AppleWebKit/537.36 (KHTML, like Gecko; compatible; Googlebot/2.1; +http://www.google.com/bot.html) Chrome/134.0.6998.165 Safari/537.36"
66.249.68.38 - - [04/May/2025:22:12:12 -0400] "GET /wp-content/uploads/elementor/css/post-96.css?ver=1724147828 HTTP/1.1" 200 1034 "https://keyfinancehomeloan.com.au/" "Mozilla/5.0 AppleWebKit/537.36 (KHTML, like Gecko; compatible; Googlebot/2.1; +http://www.google.com/bot.html) Chrome/134.0.6998.165 Safari/537.36"
66.249.68.38 - - [04/May/2025:22:12:13 -0400] "GET /wp-content/plugins/woocommerce/assets/css/woocommerce.css?ver=9.8.3 HTTP/1.1" 200 10163 "https://keyfinancehomeloan.com.au/" "Mozilla/5.0 AppleWebKit/537.36 (KHTML, like Gecko; compatible; Googlebot/2.1; +http://www.google.com/bot.html) Chrome/134.0.6998.165 Safari/537.36"
66.249.68.38 - - [04/May/2025:22:12:13 -0400] "GET /wp-content/uploads/elementor/css/post-29.css?ver=1721126624 HTTP/1.1" 200 313 "https://keyfinancehomeloan.com.au/" "Mozilla/5.0 AppleWebKit/537.36 (KHTML, like Gecko; compatible; Googlebot/2.1; +http://www.google.com/bot.html) Chrome/134.0.6998.165 Safari/537.36"
66.249.68.38 - - [04/May/2025:22:12:13 -0400] "GET /wp-content/themes/keyfin/assets/css/main.css?ver=1.1.3 HTTP/1.1" 200 14607 "https://keyfinancehomeloan.com.au/" "Mozilla/5.0 AppleWebKit/537.36 (KHTML, like Gecko; compatible; Googlebot/2.1; +http://www.google.com/bot.html) Chrome/134.0.6998.165 Safari/537.36"
66.249.68.38 - - [04/May/2025:22:12:13 -0400] "GET /wp-content/plugins/yith-woocommerce-quick-view/assets/css/yith-quick-view.css?ver=2.4.0 HTTP/1.1" 200 1870 "https://keyfinancehomeloan.com.au/" "Mozilla/5.0 AppleWebKit/537.36 (KHTML, like Gecko; compatible; Googlebot/2.1; +http://www.google.com/bot.html) Chrome/134.0.6998.165 Safari/537.36"
66.249.68.38 - - [04/May/2025:22:12:13 -0400] "GET /wp-content/plugins/elementor/assets/css/widget-image.min.css?ver=3.28.4 HTTP/1.1" 200 254 "https://keyfinancehomeloan.com.au/" "Mozilla/5.0 AppleWebKit/537.36 (KHTML, like Gecko; compatible; Googlebot/2.1; +http://www.google.com/bot.html) Chrome/134.0.6998.165 Safari/537.36"
66.249.68.38 - - [04/May/2025:22:12:14 -0400] "GET /wp-content/plugins/simply-schedule-appointments/assets/css/upcoming-appointments.css?ver=1.6.8.22 HTTP/1.1" 200 727 "https://keyfinancehomeloan.com.au/" "Mozilla/5.0 AppleWebKit/537.36 (KHTML, like Gecko; compatible; Googlebot/2.1; +http://www.google.com/bot.html) Chrome/134.0.6998.165 Safari/537.36"
66.249.68.38 - - [04/May/2025:22:12:14 -0400] "GET /wp-content/plugins/woocommerce/assets/css/woocommerce-layout.css?ver=9.8.3 HTTP/1.1" 200 3160 "https://keyfinancehomeloan.com.au/" "Mozilla/5.0 AppleWebKit/537.36 (KHTML, like Gecko; compatible; Googlebot/2.1; +http://www.google.com/bot.html) Chrome/134.0.6998.165 Safari/537.36"
66.249.68.38 - - [04/May/2025:22:12:14 -0400] "GET /wp-content/themes/keyfin/assets/css/magnific-popup.css?ver=1.1.0 HTTP/1.1" 200 1780 "https://keyfinancehomeloan.com.au/" "Mozilla/5.0 AppleWebKit/537.36 (KHTML, like Gecko; compatible; Googlebot/2.1; +http://www.google.com/bot.html) Chrome/134.0.6998.165 Safari/537.36"
66.249.68.38 - - [04/May/2025:22:12:14 -0400] "GET /wp-content/themes/keyfin/assets/css/inline-style.css?ver=1.1.3 HTTP/1.1" 200 0 "https://keyfinancehomeloan.com.au/" "Mozilla/5.0 AppleWebKit/537.36 (KHTML, like Gecko; compatible; Googlebot/2.1; +http://www.google.com/bot.html) Chrome/134.0.6998.165 Safari/537.36"
66.249.68.38 - - [04/May/2025:22:12:14 -0400] "GET /wp-content/plugins/themedraft-core/elementor-widgets/assets/fonts/flaticon.css?ver=https://keyfinancehomeloan.com.au/wp-content/plugins/themedraft-core/elementor-widgets/assets/ HTTP/1.1" 200 2157 "https://keyfinancehomeloan.com.au/" "Mozilla/5.0 AppleWebKit/537.36 (KHTML, like Gecko; compatible; Googlebot/2.1; +http://www.google.com/bot.html) Chrome/134.0.6998.165 Safari/537.36"
66.249.68.38 - - [04/May/2025:22:12:14 -0400] "GET /wp-content/plugins/themedraft-core/elementor-widgets/assets/fonts/flaticon.css?ver=1.0.0 HTTP/1.1" 200 2157 "https://keyfinancehomeloan.com.au/" "Mozilla/5.0 AppleWebKit/537.36 (KHTML, like Gecko; compatible; Googlebot/2.1; +http://www.google.com/bot.html) Chrome/134.0.6998.165 Safari/537.36"
66.249.68.38 - - [04/May/2025:22:12:15 -0400] "GET /wp-content/plugins/mortgage-loan-calculator/widget-form.css?ver=6.8 HTTP/1.1" 200 782 "https://keyfinancehomeloan.com.au/" "Mozilla/5.0 AppleWebKit/537.36 (KHTML, like Gecko; compatible; Googlebot/2.1; +http://www.google.com/bot.html) Chrome/134.0.6998.165 Safari/537.36"
66.249.68.38 - - [04/May/2025:22:12:15 -0400] "GET /wp-content/plugins/woocommerce/assets/css/photoswipe/photoswipe.min.css?ver=9.8.3 HTTP/1.1" 200 857 "https://keyfinancehomeloan.com.au/" "Mozilla/5.0 AppleWebKit/537.36 (KHTML, like Gecko; compatible; Googlebot/2.1; +http://www.google.com/bot.html) Chrome/134.0.6998.165 Safari/537.36"
66.249.68.38 - - [04/May/2025:22:12:15 -0400] "GET /wp-content/plugins/woocommerce/assets/js/frontend/cart-fragments.min.js?ver=9.8.3 HTTP/1.1" 200 943 "https://keyfinancehomeloan.com.au/" "Mozilla/5.0 AppleWebKit/537.36 (KHTML, like Gecko; compatible; Googlebot/2.1; +http://www.google.com/bot.html) Chrome/134.0.6998.165 Safari/537.36"
66.249.68.38 - - [04/May/2025:22:12:15 -0400] "GET /wp-includes/js/imagesloaded.min.js?ver=5.0.0 HTTP/1.1" 200 1687 "https://keyfinancehomeloan.com.au/" "Mozilla/5.0 AppleWebKit/537.36 (KHTML, like Gecko; compatible; Googlebot/2.1; +http://www.google.com/bot.html) Chrome/134.0.6998.165 Safari/537.36"
66.249.68.38 - - [04/May/2025:22:12:15 -0400] "GET /wp-content/plugins/woocommerce/assets/css/photoswipe/default-skin/default-skin.min.css?ver=9.8.3 HTTP/1.1" 200 1759 "https://keyfinancehomeloan.com.au/" "Mozilla/5.0 AppleWebKit/537.36 (KHTML, like Gecko; compatible; Googlebot/2.1; +http://www.google.com/bot.html) Chrome/134.0.6998.165 Safari/537.36"
66.249.68.38 - - [04/May/2025:22:12:16 -0400] "GET /wp-content/plugins/chaty/js/cht-front-script.min.js?ver=3.3.91721214134 HTTP/1.1" 200 22150 "https://keyfinancehomeloan.com.au/" "Mozilla/5.0 AppleWebKit/537.36 (KHTML, like Gecko; compatible; Googlebot/2.1; +http://www.google.com/bot.html) Chrome/134.0.6998.165 Safari/537.36"
66.249.68.38 - - [04/May/2025:22:12:16 -0400] "GET /wp-content/plugins/chaty/admin/assets/js/picmo-latest-umd.min.js?ver=3.3.9 HTTP/1.1" 200 7150 "https://keyfinancehomeloan.com.au/" "Mozilla/5.0 AppleWebKit/537.36 (KHTML, like Gecko; compatible; Googlebot/2.1; +http://www.google.com/bot.html) Chrome/134.0.6998.165 Safari/537.36"
66.249.68.38 - - [04/May/2025:22:12:16 -0400] "GET /wp-content/plugins/chaty/admin/assets/js/picmo-umd.min.js?ver=3.3.9 HTTP/1.1" 200 24516 "https://keyfinancehomeloan.com.au/" "Mozilla/5.0 AppleWebKit/537.36 (KHTML, like Gecko; compatible; Googlebot/2.1; +http://www.google.com/bot.html) Chrome/134.0.6998.165 Safari/537.36"
66.249.68.38 - - [04/May/2025:22:12:16 -0400] "GET /wp-content/plugins/woocommerce/assets/js/zoom/jquery.zoom.min.js?ver=1.7.21-wc.9.8.3 HTTP/1.1" 200 1052 "https://keyfinancehomeloan.com.au/" "Mozilla/5.0 AppleWebKit/537.36 (KHTML, like Gecko; compatible; Googlebot/2.1; +http://www.google.com/bot.html) Chrome/134.0.6998.165 Safari/537.36"
66.249.68.38 - - [04/May/2025:22:12:16 -0400] "GET /wp-content/plugins/woocommerce/assets/js/sourcebuster/sourcebuster.min.js?ver=9.8.3 HTTP/1.1" 200 4609 "https://keyfinancehomeloan.com.au/" "Mozilla/5.0 AppleWebKit/537.36 (KHTML, like Gecko; compatible; Googlebot/2.1; +http://www.google.com/bot.html) Chrome/134.0.6998.165 Safari/537.36"
66.249.68.38 - - [04/May/2025:22:12:16 -0400] "GET /wp-includes/js/dist/i18n.min.js?ver=5e580eb46a90c2b997e6 HTTP/1.1" 200 3542 "https://keyfinancehomeloan.com.au/" "Mozilla/5.0 AppleWebKit/537.36 (KHTML, like Gecko; compatible; Googlebot/2.1; +http://www.google.com/bot.html) Chrome/134.0.6998.165 Safari/537.36"
66.249.68.38 - - [04/May/2025:22:12:16 -0400] "GET /wp-content/plugins/woocommerce/assets/js/photoswipe/photoswipe.min.js?ver=4.1.1-wc.9.8.3 HTTP/1.1" 200 11652 "https://keyfinancehomeloan.com.au/" "Mozilla/5.0 AppleWebKit/537.36 (KHTML, like Gecko; compatible; Googlebot/2.1; +http://www.google.com/bot.html) Chrome/134.0.6998.165 Safari/537.36"
66.249.68.38 - - [04/May/2025:22:12:16 -0400] "GET /wp-content/themes/keyfin/assets/js/main.js?ver=1.1.3 HTTP/1.1" 200 1361 "https://keyfinancehomeloan.com.au/" "Mozilla/5.0 AppleWebKit/537.36 (KHTML, like Gecko; compatible; Googlebot/2.1; +http://www.google.com/bot.html) Chrome/134.0.6998.165 Safari/537.36"
66.249.68.38 - - [04/May/2025:22:12:17 -0400] "GET /wp-content/plugins/woocommerce/assets/js/frontend/add-to-cart-variation.min.js?ver=9.8.3 HTTP/1.1" 200 3712 "https://keyfinancehomeloan.com.au/" "Mozilla/5.0 AppleWebKit/537.36 (KHTML, like Gecko; compatible; Googlebot/2.1; +http://www.google.com/bot.html) Chrome/134.0.6998.165 Safari/537.36"
66.249.68.38 - - [04/May/2025:22:12:17 -0400] "GET /wp-content/themes/keyfin/assets/js/wow.min.js?ver=1.3.0 HTTP/1.1" 200 2634 "https://keyfinancehomeloan.com.au/" "Mozilla/5.0 AppleWebKit/537.36 (KHTML, like Gecko; compatible; Googlebot/2.1; +http://www.google.com/bot.html) Chrome/134.0.6998.165 Safari/537.36"
66.249.68.38 - - [04/May/2025:22:12:17 -0400] "GET /wp-content/plugins/mailchimp-for-wp/assets/js/forms.js?ver=4.10.3 HTTP/1.1" 200 2439 "https://keyfinancehomeloan.com.au/" "Mozilla/5.0 AppleWebKit/537.36 (KHTML, like Gecko; compatible; Googlebot/2.1; +http://www.google.com/bot.html) Chrome/134.0.6998.165 Safari/537.36"
66.249.68.38 - - [04/May/2025:22:12:17 -0400] "GET /wp-includes/js/jquery/ui/core.min.js?ver=1.13.3 HTTP/1.1" 200 6812 "https://keyfinancehomeloan.com.au/" "Mozilla/5.0 AppleWebKit/537.36 (KHTML, like Gecko; compatible; Googlebot/2.1; +http://www.google.com/bot.html) Chrome/134.0.6998.165 Safari/537.36"
66.249.68.38 - - [04/May/2025:22:12:17 -0400] "GET /wp-content/themes/keyfin/assets/js/magnific-popup.min.js?ver=1.1.0 HTTP/1.1" 200 7048 "https://keyfinancehomeloan.com.au/" "Mozilla/5.0 AppleWebKit/537.36 (KHTML, like Gecko; compatible; Googlebot/2.1; +http://www.google.com/bot.html) Chrome/134.0.6998.165 Safari/537.36"
66.249.68.38 - - [04/May/2025:22:12:17 -0400] "GET /wp-content/themes/keyfin/assets/js/popper.min.js?ver=1.12.9 HTTP/1.1" 200 6644 "https://keyfinancehomeloan.com.au/" "Mozilla/5.0 AppleWebKit/537.36 (KHTML, like Gecko; compatible; Googlebot/2.1; +http://www.google.com/bot.html) Chrome/134.0.6998.165 Safari/537.36"
66.249.68.38 - - [04/May/2025:22:12:18 -0400] "GET /wp-content/plugins/woocommerce/assets/js/frontend/single-product.min.js?ver=9.8.3 HTTP/1.1" 200 2539 "https://keyfinancehomeloan.com.au/" "Mozilla/5.0 AppleWebKit/537.36 (KHTML, like Gecko; compatible; Googlebot/2.1; +http://www.google.com/bot.html) Chrome/134.0.6998.165 Safari/537.36"
66.249.68.38 - - [04/May/2025:22:12:18 -0400] "GET /wp-content/plugins/mortgage-loan-calculator/en/widget-nj.js?ver=6.8 HTTP/1.1" 200 2022 "https://keyfinancehomeloan.com.au/" "Mozilla/5.0 AppleWebKit/537.36 (KHTML, like Gecko; compatible; Googlebot/2.1; +http://www.google.com/bot.html) Chrome/134.0.6998.165 Safari/537.36"
66.249.68.38 - - [04/May/2025:22:12:18 -0400] "GET /wp-content/themes/keyfin/assets/js/isotope.min.js?ver=3.0.4 HTTP/1.1" 200 9596 "https://keyfinancehomeloan.com.au/" "Mozilla/5.0 AppleWebKit/537.36 (KHTML, like Gecko; compatible; Googlebot/2.1; +http://www.google.com/bot.html) Chrome/134.0.6998.165 Safari/537.36"
66.249.68.38 - - [04/May/2025:22:12:18 -0400] "GET /wp-content/themes/keyfin/assets/js/slick-slider.min.js?ver=1.0.0 HTTP/1.1" 200 10097 "https://keyfinancehomeloan.com.au/" "Mozilla/5.0 AppleWebKit/537.36 (KHTML, like Gecko; compatible; Googlebot/2.1; +http://www.google.com/bot.html) Chrome/134.0.6998.165 Safari/537.36"
66.249.68.38 - - [04/May/2025:22:12:18 -0400] "GET /wp-content/plugins/contact-form-7/includes/js/index.js?ver=6.0.6 HTTP/1.1" 200 4008 "https://keyfinancehomeloan.com.au/" "Mozilla/5.0 AppleWebKit/537.36 (KHTML, like Gecko; compatible; Googlebot/2.1; +http://www.google.com/bot.html) Chrome/134.0.6998.165 Safari/537.36"
66.249.68.38 - - [04/May/2025:22:12:18 -0400] "GET /wp-includes/js/dist/hooks.min.js?ver=4d63a3d491d11ffd8ac6 HTTP/1.1" 200 1571 "https://keyfinancehomeloan.com.au/" "Mozilla/5.0 AppleWebKit/537.36 (KHTML, like Gecko; compatible; Googlebot/2.1; +http://www.google.com/bot.html) Chrome/134.0.6998.165 Safari/537.36"
66.249.68.39 - - [04/May/2025:22:12:18 -0400] "GET /wp-content/plugins/woocommerce/assets/js/photoswipe/photoswipe-ui-default.min.js?ver=4.1.1-wc.9.8.3 HTTP/1.1" 200 3478 "https://keyfinancehomeloan.com.au/" "Mozilla/5.0 AppleWebKit/537.36 (KHTML, like Gecko; compatible; Googlebot/2.1; +http://www.google.com/bot.html) Chrome/134.0.6998.165 Safari/537.36"
66.249.68.38 - - [04/May/2025:22:12:19 -0400] "GET /wp-content/plugins/woocommerce/assets/css/woocommerce-smallscreen.css?ver=9.8.3 HTTP/1.1" 200 1165 "https://keyfinancehomeloan.com.au/" "Mozilla/5.0 AppleWebKit/537.36 (KHTML, like Gecko; compatible; Googlebot/2.1; +http://www.google.com/bot.html) Chrome/134.0.6998.165 Safari/537.36"
66.249.68.39 - - [04/May/2025:22:12:19 -0400] "GET /wp-content/plugins/elementor/assets/js/frontend-modules.min.js?ver=3.28.4 HTTP/1.1" 200 14421 "https://keyfinancehomeloan.com.au/" "Mozilla/5.0 AppleWebKit/537.36 (KHTML, like Gecko; compatible; Googlebot/2.1; +http://www.google.com/bot.html) Chrome/134.0.6998.165 Safari/537.36"
66.249.68.39 - - [04/May/2025:22:12:19 -0400] "GET /wp-includes/js/wp-util.min.js?ver=6.8 HTTP/1.1" 200 690 "https://keyfinancehomeloan.com.au/" "Mozilla/5.0 AppleWebKit/537.36 (KHTML, like Gecko; compatible; Googlebot/2.1; +http://www.google.com/bot.html) Chrome/134.0.6998.165 Safari/537.36"
66.249.68.38 - - [04/May/2025:22:12:19 -0400] "GET /wp-content/themes/keyfin/assets/js/uikit.min.js?ver=3.1.9 HTTP/1.1" 200 41088 "https://keyfinancehomeloan.com.au/" "Mozilla/5.0 AppleWebKit/537.36 (KHTML, like Gecko; compatible; Googlebot/2.1; +http://www.google.com/bot.html) Chrome/134.0.6998.165 Safari/537.36"
66.249.68.39 - - [04/May/2025:22:12:19 -0400] "GET /wp-content/themes/keyfin/assets/js/slicknav.min.js?ver=1.0.10 HTTP/1.1" 200 1920 "https://keyfinancehomeloan.com.au/" "Mozilla/5.0 AppleWebKit/537.36 (KHTML, like Gecko; compatible; Googlebot/2.1; +http://www.google.com/bot.html) Chrome/134.0.6998.165 Safari/537.36"
66.249.68.38 - - [04/May/2025:22:12:19 -0400] "GET /wp-content/plugins/woocommerce/assets/js/frontend/add-to-cart.min.js?ver=9.8.3 HTTP/1.1" 200 1225 "https://keyfinancehomeloan.com.au/" "Mozilla/5.0 AppleWebKit/537.36 (KHTML, like Gecko; compatible; Googlebot/2.1; +http://www.google.com/bot.html) Chrome/134.0.6998.165 Safari/537.36"
66.249.68.38 - - [04/May/2025:22:12:19 -0400] "GET /wp-content/plugins/ti-woocommerce-wishlist/assets/js/public.min.js?ver=2.9.2 HTTP/1.1" 200 5635 "https://keyfinancehomeloan.com.au/" "Mozilla/5.0 AppleWebKit/537.36 (KHTML, like Gecko; compatible; Googlebot/2.1; +http://www.google.com/bot.html) Chrome/134.0.6998.165 Safari/537.36"
66.249.68.38 - - [04/May/2025:22:12:19 -0400] "GET /wp-content/themes/keyfin/assets/js/bootstrap.min.js?ver=4.4.1 HTTP/1.1" 200 15247 "https://keyfinancehomeloan.com.au/" "Mozilla/5.0 AppleWebKit/537.36 (KHTML, like Gecko; compatible; Googlebot/2.1; +http://www.google.com/bot.html) Chrome/134.0.6998.165 Safari/537.36"
66.249.68.38 - - [04/May/2025:22:12:20 -0400] "GET /wp-includes/js/underscore.min.js?ver=1.13.7 HTTP/1.1" 200 7185 "https://keyfinancehomeloan.com.au/" "Mozilla/5.0 AppleWebKit/537.36 (KHTML, like Gecko; compatible; Googlebot/2.1; +http://www.google.com/bot.html) Chrome/134.0.6998.165 Safari/537.36"
66.249.68.38 - - [04/May/2025:22:12:20 -0400] "GET /wp-content/plugins/woocommerce/assets/js/frontend/order-attribution.min.js?ver=9.8.3 HTTP/1.1" 200 1006 "https://keyfinancehomeloan.com.au/" "Mozilla/5.0 AppleWebKit/537.36 (KHTML, like Gecko; compatible; Googlebot/2.1; +http://www.google.com/bot.html) Chrome/134.0.6998.165 Safari/537.36"
66.249.68.38 - - [04/May/2025:22:12:20 -0400] "GET /wp-content/plugins/elementor/assets/js/frontend.min.js?ver=3.28.4 HTTP/1.1" 200 13099 "https://keyfinancehomeloan.com.au/" "Mozilla/5.0 AppleWebKit/537.36 (KHTML, like Gecko; compatible; Googlebot/2.1; +http://www.google.com/bot.html) Chrome/134.0.6998.165 Safari/537.36"
66.249.68.38 - - [04/May/2025:22:12:20 -0400] "GET /wp-content/plugins/woocommerce/assets/js/frontend/woocommerce.min.js?ver=9.8.3 HTTP/1.1" 200 1241 "https://keyfinancehomeloan.com.au/" "Mozilla/5.0 AppleWebKit/537.36 (KHTML, like Gecko; compatible; Googlebot/2.1; +http://www.google.com/bot.html) Chrome/134.0.6998.165 Safari/537.36"
66.249.68.39 - - [04/May/2025:22:12:20 -0400] "GET /wp-content/plugins/elementor/assets/js/webpack.runtime.min.js?ver=3.28.4 HTTP/1.1" 200 2228 "https://keyfinancehomeloan.com.au/" "Mozilla/5.0 AppleWebKit/537.36 (KHTML, like Gecko; compatible; Googlebot/2.1; +http://www.google.com/bot.html) Chrome/134.0.6998.165 Safari/537.36"
66.249.68.38 - - [04/May/2025:22:12:21 -0400] "GET /wp-content/plugins/themedraft-core/elementor-widgets/assets/js/counterup.js?ver=1.0 HTTP/1.1" 200 2763 "https://keyfinancehomeloan.com.au/" "Mozilla/5.0 AppleWebKit/537.36 (KHTML, like Gecko; compatible; Googlebot/2.1; +http://www.google.com/bot.html) Chrome/134.0.6998.165 Safari/537.36"
66.249.68.38 - - [04/May/2025:22:12:21 -0400] "GET /wp-content/plugins/contact-form-7/includes/swv/js/index.js?ver=6.0.6 HTTP/1.1" 200 3369 "https://keyfinancehomeloan.com.au/" "Mozilla/5.0 AppleWebKit/537.36 (KHTML, like Gecko; compatible; Googlebot/2.1; +http://www.google.com/bot.html) Chrome/134.0.6998.165 Safari/537.36"
66.249.68.38 - - [04/May/2025:22:12:21 -0400] "GET /wp-content/plugins/yith-woocommerce-quick-view/assets/js/frontend.min.js?ver=2.4.0 HTTP/1.1" 200 814 "https://keyfinancehomeloan.com.au/" "Mozilla/5.0 AppleWebKit/537.36 (KHTML, like Gecko; compatible; Googlebot/2.1; +http://www.google.com/bot.html) Chrome/134.0.6998.165 Safari/537.36"
66.249.68.38 - - [04/May/2025:22:12:21 -0400] "GET /wp-includes/js/wp-emoji-release.min.js?ver=6.8 HTTP/1.1" 200 4771 "https://keyfinancehomeloan.com.au/" "Mozilla/5.0 AppleWebKit/537.36 (KHTML, like Gecko; compatible; Googlebot/2.1; +http://www.google.com/bot.html) Chrome/134.0.6998.165 Safari/537.36"
66.249.68.39 - - [04/May/2025:22:12:22 -0400] "POST /?wc-ajax=get_refreshed_fragments HTTP/1.1" 200 291 "https://keyfinancehomeloan.com.au/" "Mozilla/5.0 AppleWebKit/537.36 (KHTML, like Gecko; compatible; Googlebot/2.1; +http://www.google.com/bot.html) Chrome/134.0.6998.165 Safari/537.36"
66.249.68.39 - - [04/May/2025:22:12:50 -0400] "GET /favicon.ico HTTP/1.1" 404 13 "-" "Googlebot-Image/1.0"
157.55.39.6 - - [04/May/2025:22:13:00 -0400] "GET /shopdetail/97157794 HTTP/1.1" 404 18093 "-" "Mozilla/5.0 AppleWebKit/537.36 (KHTML, like Gecko; compatible; bingbot/2.0; +http://www.bing.com/bingbot.htm) Chrome/116.0.1938.76 Safari/537.36"
157.55.39.193 - - [04/May/2025:22:13:04 -0400] "GET /shopdetail/142688494 HTTP/1.1" 404 18096 "-" "Mozilla/5.0 AppleWebKit/537.36 (KHTML, like Gecko; compatible; bingbot/2.0; +http://www.bing.com/bingbot.htm) Chrome/116.0.1938.76 Safari/537.36"
199.188.205.55 - - [04/May/2025:22:14:53 -0400] "POST /wp-cron.php?doing_wp_cron=1746411293.8929860591888427734375 HTTP/1.1" 403 13 "-" "WordPress/6.8; https://keyfinancehomeloan.com.au"
207.46.13.52 - - [04/May/2025:22:14:49 -0400] "GET /shopdetail/168595894 HTTP/1.1" 404 18097 "-" "Mozilla/5.0 AppleWebKit/537.36 (KHTML, like Gecko; compatible; bingbot/2.0; +http://www.bing.com/bingbot.htm) Chrome/116.0.1938.76 Safari/537.36"
54.36.148.107 - - [04/May/2025:22:18:12 -0400] "GET /robots.txt HTTP/1.1" 200 139 "-" "Mozilla/5.0 (compatible; AhrefsBot/7.0; +http://ahrefs.com/robot/)"
199.188.205.55 - - [04/May/2025:22:18:18 -0400] "POST /wp-cron.php?doing_wp_cron=1746411498.1478478908538818359375 HTTP/1.1" 403 13 "-" "WordPress/6.8; https://keyfinancehomeloan.com.au"
51.222.253.19 - - [04/May/2025:22:18:14 -0400] "GET /product/sunglasses/?add-to-cart=269 HTTP/1.1" 200 22492 "-" "Mozilla/5.0 (compatible; AhrefsBot/7.0; +http://ahrefs.com/robot/)"
51.222.253.19 - - [04/May/2025:22:18:21 -0400] "GET /wp-content/plugins/woocommerce/assets/js/frontend/single-product.min.js?ver=9.8.3 HTTP/1.1" 200 2539 "-" "Mozilla/5.0 (compatible; AhrefsBot/7.0; +http://ahrefs.com/robot/)"
51.222.253.1 - - [04/May/2025:22:18:22 -0400] "GET /wp-content/plugins/woocommerce/assets/css/brands.css?ver=9.8.3 HTTP/1.1" 200 579 "-" "Mozilla/5.0 (compatible; AhrefsBot/7.0; +http://ahrefs.com/robot/)"
51.222.253.14 - - [04/May/2025:22:18:24 -0400] "GET /wp-includes/js/underscore.min.js?ver=1.13.7 HTTP/1.1" 200 7185 "-" "Mozilla/5.0 (compatible; AhrefsBot/7.0; +http://ahrefs.com/robot/)"
51.222.253.12 - - [04/May/2025:22:18:25 -0400] "GET /wp-content/themes/keyfin/assets/css/inline-style.css?ver=1.1.3 HTTP/1.1" 200 0 "-" "Mozilla/5.0 (compatible; AhrefsBot/7.0; +http://ahrefs.com/robot/)"
51.222.253.2 - - [04/May/2025:22:18:26 -0400] "GET /wp-content/themes/keyfin/assets/css/fontawesome.min.css?ver=5.13.0 HTTP/1.1" 200 12163 "-" "Mozilla/5.0 (compatible; AhrefsBot/7.0; +http://ahrefs.com/robot/)"
51.222.253.3 - - [04/May/2025:22:18:28 -0400] "GET /wp-content/plugins/woocommerce/assets/js/js-cookie/js.cookie.min.js?ver=2.1.4-wc.9.8.3 HTTP/1.1" 200 760 "-" "Mozilla/5.0 (compatible; AhrefsBot/7.0; +http://ahrefs.com/robot/)"
51.222.253.19 - - [04/May/2025:22:18:29 -0400] "GET /wp-content/plugins/woocommerce/assets/css/woocommerce-layout.css?ver=9.8.3 HTTP/1.1" 200 3160 "-" "Mozilla/5.0 (compatible; AhrefsBot/7.0; +http://ahrefs.com/robot/)"
51.222.253.14 - - [04/May/2025:22:18:30 -0400] "GET /wp-content/plugins/contact-form-7/includes/js/index.js?ver=6.0.6 HTTP/1.1" 200 4008 "-" "Mozilla/5.0 (compatible; AhrefsBot/7.0; +http://ahrefs.com/robot/)"
51.222.253.15 - - [04/May/2025:22:18:31 -0400] "GET /wp-content/plugins/woocommerce/assets/js/jquery-blockui/jquery.blockUI.min.js?ver=2.7.0-wc.9.8.3 HTTP/1.1" 200 3277 "-" "Mozilla/5.0 (compatible; AhrefsBot/7.0; +http://ahrefs.com/robot/)"
51.222.253.16 - - [04/May/2025:22:18:33 -0400] "GET /wp-content/uploads/2024/07/KFHL-removebg-preview.png HTTP/1.1" 200 87443 "-" "Mozilla/5.0 (compatible; AhrefsBot/7.0; +http://ahrefs.com/robot/)"
51.222.253.20 - - [04/May/2025:22:18:35 -0400] "GET /wp-content/plugins/chaty/admin/assets/js/picmo-latest-umd.min.js?ver=3.3.9 HTTP/1.1" 200 7150 "-" "Mozilla/5.0 (compatible; AhrefsBot/7.0; +http://ahrefs.com/robot/)"
51.222.253.18 - - [04/May/2025:22:18:36 -0400] "GET /wp-content/themes/keyfin/assets/css/uikit.min.css?ver=3.1.9 HTTP/1.1" 200 25852 "-" "Mozilla/5.0 (compatible; AhrefsBot/7.0; +http://ahrefs.com/robot/)"
51.222.253.11 - - [04/May/2025:22:19:08 -0400] "GET /wp-includes/js/dist/i18n.min.js HTTP/1.1" 200 3542 "-" "Mozilla/5.0 (compatible; AhrefsBot/7.0; +http://ahrefs.com/robot/)"
51.222.253.20 - - [04/May/2025:22:19:09 -0400] "GET /wp-content/plugins/ti-woocommerce-wishlist/assets/js/public.min.js?ver=2.9.2 HTTP/1.1" 200 5635 "-" "Mozilla/5.0 (compatible; AhrefsBot/7.0; +http://ahrefs.com/robot/)"
51.222.253.16 - - [04/May/2025:22:19:10 -0400] "GET /wp-content/plugins/yith-woocommerce-quick-view/assets/css/yith-quick-view.css?ver=2.4.0 HTTP/1.1" 200 1870 "-" "Mozilla/5.0 (compatible; AhrefsBot/7.0; +http://ahrefs.com/robot/)"
51.222.253.10 - - [04/May/2025:22:19:11 -0400] "GET /wp-content/themes/keyfin/assets/css/slick-slider.css?ver=1.0.0 HTTP/1.1" 200 483 "-" "Mozilla/5.0 (compatible; AhrefsBot/7.0; +http://ahrefs.com/robot/)"
51.222.253.12 - - [04/May/2025:22:19:12 -0400] "GET /wp-content/plugins/contact-form-7/includes/swv/js/index.js?ver=6.0.6 HTTP/1.1" 200 3369 "-" "Mozilla/5.0 (compatible; AhrefsBot/7.0; +http://ahrefs.com/robot/)"
51.222.253.13 - - [04/May/2025:22:19:34 -0400] "GET /wp-content/plugins/woocommerce/assets/client/blocks/wc-blocks.css?ver=wc-9.8.3 HTTP/1.1" 200 2282 "-" "Mozilla/5.0 (compatible; AhrefsBot/7.0; +http://ahrefs.com/robot/)"
51.222.253.6 - - [04/May/2025:22:19:35 -0400] "GET /wp-content/themes/keyfin/assets/css/main.css?ver=1.1.3 HTTP/1.1" 200 14607 "-" "Mozilla/5.0 (compatible; AhrefsBot/7.0; +http://ahrefs.com/robot/)"
51.222.253.16 - - [04/May/2025:22:19:36 -0400] "GET /wp-content/themes/keyfin/assets/js/main.js?ver=1.1.3 HTTP/1.1" 200 1361 "-" "Mozilla/5.0 (compatible; AhrefsBot/7.0; +http://ahrefs.com/robot/)"
51.222.253.1 - - [04/May/2025:22:19:37 -0400] "GET /wp-content/plugins/ti-woocommerce-wishlist/assets/css/webfont.min.css?ver=2.9.2 HTTP/1.1" 200 785 "-" "Mozilla/5.0 (compatible; AhrefsBot/7.0; +http://ahrefs.com/robot/)"
51.222.253.15 - - [04/May/2025:22:19:38 -0400] "GET /wp-content/themes/keyfin/assets/css/woocommerce.css?ver=1.0.0 HTTP/1.1" 200 7141 "-" "Mozilla/5.0 (compatible; AhrefsBot/7.0; +http://ahrefs.com/robot/)"
51.222.253.7 - - [04/May/2025:22:19:39 -0400] "GET /wp-content/themes/keyfin/assets/css/slicknav.min.css?ver=1.0.10 HTTP/1.1" 200 688 "-" "Mozilla/5.0 (compatible; AhrefsBot/7.0; +http://ahrefs.com/robot/)"
51.222.253.13 - - [04/May/2025:22:19:44 -0400] "GET /wp-content/themes/keyfin/assets/js/slick-slider.min.js?ver=1.0.0 HTTP/1.1" 200 10097 "-" "Mozilla/5.0 (compatible; AhrefsBot/7.0; +http://ahrefs.com/robot/)"
51.222.253.3 - - [04/May/2025:22:19:46 -0400] "GET /wp-includes/js/imagesloaded.min.js?ver=5.0.0 HTTP/1.1" 200 1687 "-" "Mozilla/5.0 (compatible; AhrefsBot/7.0; +http://ahrefs.com/robot/)"
51.222.253.15 - - [04/May/2025:22:19:47 -0400] "GET /wp-content/plugins/woocommerce/assets/css/woocommerce.css?ver=9.8.3 HTTP/1.1" 200 10163 "-" "Mozilla/5.0 (compatible; AhrefsBot/7.0; +http://ahrefs.com/robot/)"
51.222.253.4 - - [04/May/2025:22:19:48 -0400] "GET /wp-content/plugins/woocommerce/assets/css/photoswipe/default-skin/default-skin.min.css?ver=9.8.3 HTTP/1.1" 200 1759 "-" "Mozilla/5.0 (compatible; AhrefsBot/7.0; +http://ahrefs.com/robot/)"
51.222.253.7 - - [04/May/2025:22:19:49 -0400] "GET /wp-content/themes/keyfin/assets/js/uikit.min.js?ver=3.1.9 HTTP/1.1" 200 41088 "-" "Mozilla/5.0 (compatible; AhrefsBot/7.0; +http://ahrefs.com/robot/)"
51.222.253.6 - - [04/May/2025:22:19:51 -0400] "GET /wp-content/plugins/woocommerce/assets/js/photoswipe/photoswipe-ui-default.min.js?ver=4.1.1-wc.9.8.3 HTTP/1.1" 200 3478 "-" "Mozilla/5.0 (compatible; AhrefsBot/7.0; +http://ahrefs.com/robot/)"
51.222.253.18 - - [04/May/2025:22:19:52 -0400] "GET /wp-content/plugins/woocommerce/assets/js/frontend/woocommerce.min.js?ver=9.8.3 HTTP/1.1" 200 1241 "-" "Mozilla/5.0 (compatible; AhrefsBot/7.0; +http://ahrefs.com/robot/)"
51.222.253.5 - - [04/May/2025:22:19:53 -0400] "GET /wp-content/plugins/chaty/js/cht-front-script.min.js?ver=3.3.91721214134 HTTP/1.1" 200 22150 "-" "Mozilla/5.0 (compatible; AhrefsBot/7.0; +http://ahrefs.com/robot/)"
51.222.253.10 - - [04/May/2025:22:19:54 -0400] "GET /wp-content/plugins/chaty/css/chaty-front.min.css?ver=3.3.91721214134 HTTP/1.1" 200 6388 "-" "Mozilla/5.0 (compatible; AhrefsBot/7.0; +http://ahrefs.com/robot/)"
51.222.253.17 - - [04/May/2025:22:19:55 -0400] "GET /wp-content/themes/keyfin/assets/js/popper.min.js?ver=1.12.9 HTTP/1.1" 200 6644 "-" "Mozilla/5.0 (compatible; AhrefsBot/7.0; +http://ahrefs.com/robot/)"
51.222.253.12 - - [04/May/2025:22:19:56 -0400] "GET /wp-content/plugins/simply-schedule-appointments/assets/css/upcoming-appointments.css?ver=1.6.8.22 HTTP/1.1" 200 727 "-" "Mozilla/5.0 (compatible; AhrefsBot/7.0; +http://ahrefs.com/robot/)"
51.222.253.4 - - [04/May/2025:22:19:57 -0400] "GET /wp-content/plugins/woocommerce/assets/js/frontend/add-to-cart-variation.min.js?ver=9.8.3 HTTP/1.1" 200 3712 "-" "Mozilla/5.0 (compatible; AhrefsBot/7.0; +http://ahrefs.com/robot/)"
51.222.253.5 - - [04/May/2025:22:19:58 -0400] "GET /wp-content/themes/keyfin/assets/css/custom-el-widget.css?ver=1.1.3 HTTP/1.1" 200 5451 "-" "Mozilla/5.0 (compatible; AhrefsBot/7.0; +http://ahrefs.com/robot/)"
51.222.253.1 - - [04/May/2025:22:19:59 -0400] "GET /wp-content/plugins/woocommerce/assets/js/frontend/order-attribution.min.js?ver=9.8.3 HTTP/1.1" 200 1006 "-" "Mozilla/5.0 (compatible; AhrefsBot/7.0; +http://ahrefs.com/robot/)"
51.222.253.20 - - [04/May/2025:22:20:00 -0400] "GET /wp-content/themes/keyfin/assets/js/magnific-popup.min.js?ver=1.1.0 HTTP/1.1" 200 7048 "-" "Mozilla/5.0 (compatible; AhrefsBot/7.0; +http://ahrefs.com/robot/)"
51.222.253.2 - - [04/May/2025:22:20:01 -0400] "GET /wp-content/plugins/mortgage-loan-calculator/widget-form.css?ver=6.8 HTTP/1.1" 200 782 "-" "Mozilla/5.0 (compatible; AhrefsBot/7.0; +http://ahrefs.com/robot/)"
51.222.253.17 - - [04/May/2025:22:20:02 -0400] "GET /wp-content/plugins/woocommerce/assets/js/zoom/jquery.zoom.min.js?ver=1.7.21-wc.9.8.3 HTTP/1.1" 200 1052 "-" "Mozilla/5.0 (compatible; AhrefsBot/7.0; +http://ahrefs.com/robot/)"
51.222.253.18 - - [04/May/2025:22:20:04 -0400] "GET /wp-content/plugins/woocommerce/assets/js/frontend/cart-fragments.min.js?ver=9.8.3 HTTP/1.1" 200 943 "-" "Mozilla/5.0 (compatible; AhrefsBot/7.0; +http://ahrefs.com/robot/)"
51.222.253.19 - - [04/May/2025:22:20:05 -0400] "GET /wp-content/plugins/contact-form-7/includes/css/styles.css?ver=6.0.6 HTTP/1.1" 200 890 "-" "Mozilla/5.0 (compatible; AhrefsBot/7.0; +http://ahrefs.com/robot/)"
51.222.253.5 - - [04/May/2025:22:20:05 -0400] "GET /wp-content/themes/keyfin/style.css?ver=1.1.3 HTTP/1.1" 200 234 "-" "Mozilla/5.0 (compatible; AhrefsBot/7.0; +http://ahrefs.com/robot/)"
51.222.253.15 - - [04/May/2025:22:20:07 -0400] "GET /wp-content/themes/keyfin/assets/js/slicknav.min.js?ver=1.0.10 HTTP/1.1" 200 1920 "-" "Mozilla/5.0 (compatible; AhrefsBot/7.0; +http://ahrefs.com/robot/)"
51.222.253.19 - - [04/May/2025:22:20:08 -0400] "GET /wp-content/plugins/themedraft-core/elementor-widgets/assets/fonts/flaticon.css?ver=1.0.0 HTTP/1.1" 200 2157 "-" "Mozilla/5.0 (compatible; AhrefsBot/7.0; +http://ahrefs.com/robot/)"
51.222.253.4 - - [04/May/2025:22:20:10 -0400] "GET /wp-content/plugins/ti-woocommerce-wishlist/assets/css/public.min.css?ver=2.9.2 HTTP/1.1" 200 5295 "-" "Mozilla/5.0 (compatible; AhrefsBot/7.0; +http://ahrefs.com/robot/)"
51.222.253.11 - - [04/May/2025:22:20:11 -0400] "GET /wp-content/plugins/mortgage-loan-calculator/en/widget-nj.js?ver=6.8 HTTP/1.1" 200 2022 "-" "Mozilla/5.0 (compatible; AhrefsBot/7.0; +http://ahrefs.com/robot/)"
51.222.253.7 - - [04/May/2025:22:20:12 -0400] "GET /wp-includes/js/dist/hooks.min.js HTTP/1.1" 200 1571 "-" "Mozilla/5.0 (compatible; AhrefsBot/7.0; +http://ahrefs.com/robot/)"
51.222.253.7 - - [04/May/2025:22:20:13 -0400] "GET /wp-content/plugins/simply-schedule-appointments/assets/css/ssa-styles.css?ver=1.6.8.22 HTTP/1.1" 200 189 "-" "Mozilla/5.0 (compatible; AhrefsBot/7.0; +http://ahrefs.com/robot/)"
51.222.253.18 - - [04/May/2025:22:20:14 -0400] "GET /wp-content/themes/keyfin/assets/js/isotope.min.js?ver=3.0.4 HTTP/1.1" 200 9596 "-" "Mozilla/5.0 (compatible; AhrefsBot/7.0; +http://ahrefs.com/robot/)"
51.222.253.2 - - [04/May/2025:22:20:15 -0400] "GET /wp-includes/js/jquery/jquery.min.js?ver=3.7.1 HTTP/1.1" 200 29744 "-" "Mozilla/5.0 (compatible; AhrefsBot/7.0; +http://ahrefs.com/robot/)"
51.222.253.4 - - [04/May/2025:22:20:16 -0400] "GET /wp-includes/js/wp-util.min.js?ver=6.8 HTTP/1.1" 200 690 "-" "Mozilla/5.0 (compatible; AhrefsBot/7.0; +http://ahrefs.com/robot/)"
51.222.253.1 - - [04/May/2025:22:20:17 -0400] "GET /wp-content/plugins/yith-woocommerce-quick-view/assets/js/frontend.min.js?ver=2.4.0 HTTP/1.1" 200 814 "-" "Mozilla/5.0 (compatible; AhrefsBot/7.0; +http://ahrefs.com/robot/)"
51.222.253.17 - - [04/May/2025:22:20:18 -0400] "GET /wp-content/plugins/woocommerce/assets/css/photoswipe/photoswipe.min.css?ver=9.8.3 HTTP/1.1" 200 857 "-" "Mozilla/5.0 (compatible; AhrefsBot/7.0; +http://ahrefs.com/robot/)"
51.222.253.17 - - [04/May/2025:22:20:19 -0400] "GET /wp-includes/css/dist/block-library/style.min.css?ver=6.8 HTTP/1.1" 200 14358 "-" "Mozilla/5.0 (compatible; AhrefsBot/7.0; +http://ahrefs.com/robot/)"
51.222.253.1 - - [04/May/2025:22:20:20 -0400] "GET /wp-content/plugins/woocommerce/assets/js/frontend/add-to-cart.min.js?ver=9.8.3 HTTP/1.1" 200 1225 "-" "Mozilla/5.0 (compatible; AhrefsBot/7.0; +http://ahrefs.com/robot/)"
51.222.253.14 - - [04/May/2025:22:20:22 -0400] "GET /wp-content/plugins/woocommerce/assets/js/photoswipe/photoswipe.min.js?ver=4.1.1-wc.9.8.3 HTTP/1.1" 200 11652 "-" "Mozilla/5.0 (compatible; AhrefsBot/7.0; +http://ahrefs.com/robot/)"
51.222.253.18 - - [04/May/2025:22:20:23 -0400] "GET /wp-content/plugins/woocommerce/assets/css/woocommerce-smallscreen.css?ver=9.8.3 HTTP/1.1" 200 1165 "-" "Mozilla/5.0 (compatible; AhrefsBot/7.0; +http://ahrefs.com/robot/)"
51.222.253.12 - - [04/May/2025:22:20:24 -0400] "GET /wp-content/themes/keyfin/assets/css/magnific-popup.css?ver=1.1.0 HTTP/1.1" 200 1780 "-" "Mozilla/5.0 (compatible; AhrefsBot/7.0; +http://ahrefs.com/robot/)"
51.222.253.14 - - [04/May/2025:22:20:25 -0400] "GET /wp-content/plugins/woocommerce/assets/js/flexslider/jquery.flexslider.min.js?ver=2.7.2-wc.9.8.3 HTTP/1.1" 200 6017 "-" "Mozilla/5.0 (compatible; AhrefsBot/7.0; +http://ahrefs.com/robot/)"
51.222.253.5 - - [04/May/2025:22:20:26 -0400] "GET /wp-content/themes/keyfin/assets/js/bootstrap.min.js?ver=4.4.1 HTTP/1.1" 200 15247 "-" "Mozilla/5.0 (compatible; AhrefsBot/7.0; +http://ahrefs.com/robot/)"
51.222.253.2 - - [04/May/2025:22:20:28 -0400] "GET /wp-includes/js/jquery/jquery-migrate.min.js?ver=3.4.1 HTTP/1.1" 200 4678 "-" "Mozilla/5.0 (compatible; AhrefsBot/7.0; +http://ahrefs.com/robot/)"
51.222.253.16 - - [04/May/2025:22:20:29 -0400] "GET /wp-content/themes/keyfin/assets/js/wow.min.js?ver=1.3.0 HTTP/1.1" 200 2634 "-" "Mozilla/5.0 (compatible; AhrefsBot/7.0; +http://ahrefs.com/robot/)"
51.222.253.3 - - [04/May/2025:22:21:30 -0400] "GET /wp-includes/js/comment-reply.min.js?ver=6.8 HTTP/1.1" 200 1247 "-" "Mozilla/5.0 (compatible; AhrefsBot/7.0; +http://ahrefs.com/robot/)"
51.222.253.16 - - [04/May/2025:22:21:31 -0400] "GET /wp-content/themes/keyfin/assets/css/bootstrap.min.css?ver=4.4.1 HTTP/1.1" 200 21341 "-" "Mozilla/5.0 (compatible; AhrefsBot/7.0; +http://ahrefs.com/robot/)"
