40.77.167.56 - - [06/May/2025:14:27:24 -0400] "GET /shopdetail/46007294 HTTP/1.1" 404 18073 "-" "Mozilla/5.0 AppleWebKit/537.36 (KHTML, like Gecko; compatible; bingbot/2.0; +http://www.bing.com/bingbot.htm) Chrome/116.0.1938.76 Safari/537.36"
199.188.205.55 - - [06/May/2025:14:28:00 -0400] "POST /wp-admin/admin-ajax.php?action=async_litespeed&nonce=FDuAMfgsiym4AyLiECTdxDaxAGrcPRIz&litespeed_type=imgoptm HTTP/1.1" 200 0 "-" "WordPress/6.8.1; https://keyfinancehomeloan.com.au"
199.188.205.55 - - [06/May/2025:14:33:12 -0400] "POST /wp-cron.php?doing_wp_cron=1746556391.4955511093139648437500 HTTP/1.1" 200 0 "-" "WordPress/6.8.1; https://keyfinancehomeloan.com.au"
40.77.167.56 - - [06/May/2025:14:32:48 -0400] "GET /shopdetail/63829094 HTTP/1.1" 404 18071 "-" "Mozilla/5.0 AppleWebKit/537.36 (KHTML, like Gecko; compatible; bingbot/2.0; +http://www.bing.com/bingbot.htm) Chrome/116.0.1938.76 Safari/537.36"
199.188.205.55 - - [06/May/2025:14:33:22 -0400] "POST /wp-admin/admin-ajax.php?action=async_litespeed&nonce=S4ktvwP6SXbdyTq7k528QM5YsBHu0Tz2&litespeed_type=imgoptm HTTP/1.1" 200 0 "-" "WordPress/6.8.1; https://keyfinancehomeloan.com.au"
199.188.205.55 - - [06/May/2025:14:36:36 -0400] "POST /wp-cron.php?doing_wp_cron=1746556595.4274029731750488281250 HTTP/1.1" 200 0 "-" "WordPress/6.8.1; https://keyfinancehomeloan.com.au"
207.46.13.150 - - [06/May/2025:14:36:07 -0400] "GET /shopdetail/180903694 HTTP/1.1" 404 18121 "-" "Mozilla/5.0 AppleWebKit/537.36 (KHTML, like Gecko; compatible; bingbot/2.0; +http://www.bing.com/bingbot.htm) Chrome/116.0.1938.76 Safari/537.36"
199.188.205.55 - - [06/May/2025:14:36:51 -0400] "POST /wp-admin/admin-ajax.php?action=async_litespeed&nonce=WsftysrOWmT2K1nYC2ZC7KXVKQVl35ph&litespeed_type=imgoptm HTTP/1.1" 200 0 "-" "WordPress/6.8.1; https://keyfinancehomeloan.com.au"
52.167.144.159 - - [06/May/2025:14:37:13 -0400] "GET /shopdetail/71893394 HTTP/1.1" 404 18072 "-" "Mozilla/5.0 AppleWebKit/537.36 (KHTML, like Gecko; compatible; bingbot/2.0; +http://www.bing.com/bingbot.htm) Chrome/116.0.1938.76 Safari/537.36"
199.188.205.55 - - [06/May/2025:14:37:20 -0400] "POST /wp-cron.php?doing_wp_cron=1746556636.3485529422760009765625 HTTP/1.1" 200 0 "-" "WordPress/6.8.1; https://keyfinancehomeloan.com.au"
199.188.205.55 - - [06/May/2025:14:53:54 -0400] "POST /wp-admin/admin-ajax.php?action=async_litespeed&nonce=lhnDlcRUyEnebb9Z451EPKZmrCgnbQOr&litespeed_type=imgoptm HTTP/1.1" 200 0 "-" "WordPress/6.8.1; https://keyfinancehomeloan.com.au"
199.188.205.55 - - [06/May/2025:14:54:00 -0400] "GET /?wp_scrape_key=f95efe00a50a0571377e3da197bad9d9&wp_scrape_nonce=1746557636 HTTP/1.1" 200 28516 "-" "WordPress/6.8.1; https://keyfinancehomeloan.com.au"
199.188.205.55 - - [06/May/2025:14:59:20 -0400] "POST /wp-cron.php?doing_wp_cron=1746557956.9694769382476806640625 HTTP/1.1" 200 0 "-" "WordPress/6.8.1; https://keyfinancehomeloan.com.au"
207.46.13.64 - - [06/May/2025:14:58:59 -0400] "GET /shopdetail/8059994 HTTP/1.1" 404 18065 "-" "Mozilla/5.0 AppleWebKit/537.36 (KHTML, like Gecko; compatible; bingbot/2.0; +http://www.bing.com/bingbot.htm) Chrome/116.0.1938.76 Safari/537.36"
199.188.205.55 - - [06/May/2025:15:06:18 -0400] "POST /wp-cron.php?doing_wp_cron=1746558377.0140149593353271484375 HTTP/1.1" 200 0 "-" "WordPress/6.8.1; https://keyfinancehomeloan.com.au"
207.46.13.127 - - [06/May/2025:15:06:00 -0400] "GET /shopdetail/191513694 HTTP/1.1" 404 18107 "-" "Mozilla/5.0 AppleWebKit/537.36 (KHTML, like Gecko; compatible; bingbot/2.0; +http://www.bing.com/bingbot.htm) Chrome/116.0.1938.76 Safari/537.36"
199.188.205.55 - - [06/May/2025:15:17:26 -0400] "POST /wp-cron.php?doing_wp_cron=1746559046.2992649078369140625000 HTTP/1.1" 200 0 "-" "WordPress/6.8.1; https://keyfinancehomeloan.com.au"
199.188.205.55 - - [06/May/2025:15:17:11 -0400] "GET / HTTP/1.1" 200 119005 "-" "Mozilla/5.0 (Windows NT 10.0; Win64; x64; rv:122.0) Gecko/20100101 Firefox/122.0"
199.188.205.55 - - [06/May/2025:15:17:32 -0400] "POST /wp-admin/admin-ajax.php?action=async_litespeed&nonce=wElBvF2nO4m1HimhjZqVRghWH3FigqCq&litespeed_type=imgoptm HTTP/1.1" 200 0 "-" "WordPress/6.8.1; https://keyfinancehomeloan.com.au"
199.188.205.55 - - [06/May/2025:15:17:33 -0400] "POST /wp-admin/admin-ajax.php?action=wp_1_wc_privacy_cleanup&nonce=17b0bb3baf HTTP/1.1" 200 0 "-" "WordPress/6.8.1; https://keyfinancehomeloan.com.au"
199.188.205.55 - - [06/May/2025:15:19:45 -0400] "GET /wp-content/uploads/woocommerce_uploads/ HTTP/1.1" 403 1242 "-" "WordPress/6.8.1; https://keyfinancehomeloan.com.au"
199.188.205.55 - - [06/May/2025:15:19:29 -0400] "GET / HTTP/1.1" 200 119005 "-" "Softaculous"
199.188.205.55 - - [06/May/2025:15:19:52 -0400] "POST /wp-cron.php?doing_wp_cron=1746559187.7793838977813720703125 HTTP/1.1" 200 0 "-" "WordPress/6.8.1; https://keyfinancehomeloan.com.au"
199.188.205.55 - - [06/May/2025:15:19:54 -0400] "GET / HTTP/1.1" 200 119005 "-" "Mozilla/5.0 (Windows NT 10.0; Win64; x64; rv:122.0) Gecko/20100101 Firefox/122.0"
199.188.205.55 - - [06/May/2025:15:21:48 -0400] "POST /wp-cron.php?doing_wp_cron=1746559306.6662290096282958984375 HTTP/1.1" 200 0 "-" "WordPress/6.8.1; https://keyfinancehomeloan.com.au"
207.46.13.150 - - [06/May/2025:15:21:25 -0400] "GET /loan-calculator/ HTTP/1.1" 200 19804 "-" "Mozilla/5.0 AppleWebKit/537.36 (KHTML, like Gecko; compatible; bingbot/2.0; +http://www.bing.com/bingbot.htm) Chrome/116.0.1938.76 Safari/537.36"
207.46.13.150 - - [06/May/2025:15:22:12 -0400] "GET /wp-content/plugins/woocommerce/assets/js/photoswipe/photoswipe-ui-default.min.js?ver=4.1.1-wc.9.8.4 HTTP/1.1" 200 3478 "-" "Mozilla/5.0 AppleWebKit/537.36 (KHTML, like Gecko; compatible; bingbot/2.0; +http://www.bing.com/bingbot.htm) Chrome/116.0.1938.76 Safari/537.36"
207.46.13.87 - - [06/May/2025:15:22:14 -0400] "GET /wp-content/plugins/chaty/admin/assets/js/picmo-latest-umd.min.js?ver=3.3.9 HTTP/1.1" 200 7150 "-" "Mozilla/5.0 AppleWebKit/537.36 (KHTML, like Gecko; compatible; bingbot/2.0; +http://www.bing.com/bingbot.htm) Chrome/116.0.1938.76 Safari/537.36"
207.46.13.150 - - [06/May/2025:15:22:14 -0400] "GET /wp-content/plugins/woocommerce/assets/js/zoom/jquery.zoom.min.js?ver=1.7.21-wc.9.8.4 HTTP/1.1" 200 1052 "-" "Mozilla/5.0 AppleWebKit/537.36 (KHTML, like Gecko; compatible; bingbot/2.0; +http://www.bing.com/bingbot.htm) Chrome/116.0.1938.76 Safari/537.36"
207.46.13.150 - - [06/May/2025:15:22:17 -0400] "GET /wp-content/plugins/woocommerce/assets/js/js-cookie/js.cookie.min.js?ver=2.1.4-wc.9.8.4 HTTP/1.1" 200 760 "-" "Mozilla/5.0 AppleWebKit/537.36 (KHTML, like Gecko; compatible; bingbot/2.0; +http://www.bing.com/bingbot.htm) Chrome/116.0.1938.76 Safari/537.36"
207.46.13.87 - - [06/May/2025:15:22:17 -0400] "GET /wp-content/plugins/ti-woocommerce-wishlist/assets/fonts/tinvwl-webfont.woff2?ver=xu2uyi HTTP/1.1" 200 4404 "-" "Mozilla/5.0 AppleWebKit/537.36 (KHTML, like Gecko; compatible; bingbot/2.0; +http://www.bing.com/bingbot.htm) Chrome/116.0.1938.76 Safari/537.36"
207.46.13.87 - - [06/May/2025:15:22:19 -0400] "GET /wp-content/plugins/ti-woocommerce-wishlist/assets/js/public.min.js?ver=2.9.2 HTTP/1.1" 200 5635 "-" "Mozilla/5.0 AppleWebKit/537.36 (KHTML, like Gecko; compatible; bingbot/2.0; +http://www.bing.com/bingbot.htm) Chrome/116.0.1938.76 Safari/537.36"
207.46.13.150 - - [06/May/2025:15:22:20 -0400] "GET /wp-content/themes/keyfin/assets/js/magnific-popup.min.js?ver=1.1.0 HTTP/1.1" 200 7048 "-" "Mozilla/5.0 AppleWebKit/537.36 (KHTML, like Gecko; compatible; bingbot/2.0; +http://www.bing.com/bingbot.htm) Chrome/116.0.1938.76 Safari/537.36"
207.46.13.87 - - [06/May/2025:15:22:23 -0400] "GET /wp-content/plugins/woocommerce/assets/js/frontend/cart-fragments.min.js?ver=9.8.4 HTTP/1.1" 200 943 "-" "Mozilla/5.0 AppleWebKit/537.36 (KHTML, like Gecko; compatible; bingbot/2.0; +http://www.bing.com/bingbot.htm) Chrome/116.0.1938.76 Safari/537.36"
40.77.167.55 - - [06/May/2025:15:22:24 -0400] "GET /wp-content/plugins/contact-form-7/includes/js/index.js?ver=6.0.6 HTTP/1.1" 200 4008 "-" "Mozilla/5.0 AppleWebKit/537.36 (KHTML, like Gecko; compatible; bingbot/2.0; +http://www.bing.com/bingbot.htm) Chrome/116.0.1938.76 Safari/537.36"
207.46.13.87 - - [06/May/2025:15:22:24 -0400] "GET /wp-content/plugins/woocommerce/assets/js/frontend/order-attribution.min.js?ver=9.8.4 HTTP/1.1" 200 1006 "-" "Mozilla/5.0 AppleWebKit/537.36 (KHTML, like Gecko; compatible; bingbot/2.0; +http://www.bing.com/bingbot.htm) Chrome/116.0.1938.76 Safari/537.36"
40.77.167.55 - - [06/May/2025:15:22:27 -0400] "GET /wp-content/plugins/elementor/assets/js/frontend.min.js?ver=3.28.4 HTTP/1.1" 200 13099 "-" "Mozilla/5.0 AppleWebKit/537.36 (KHTML, like Gecko; compatible; bingbot/2.0; +http://www.bing.com/bingbot.htm) Chrome/116.0.1938.76 Safari/537.36"
207.46.13.87 - - [06/May/2025:15:22:27 -0400] "GET /wp-content/plugins/woocommerce/assets/js/jquery-blockui/jquery.blockUI.min.js?ver=2.7.0-wc.9.8.4 HTTP/1.1" 200 3277 "-" "Mozilla/5.0 AppleWebKit/537.36 (KHTML, like Gecko; compatible; bingbot/2.0; +http://www.bing.com/bingbot.htm) Chrome/116.0.1938.76 Safari/537.36"
40.77.167.55 - - [06/May/2025:15:22:27 -0400] "GET /wp-content/plugins/woocommerce/assets/js/frontend/add-to-cart-variation.min.js?ver=9.8.4 HTTP/1.1" 200 3712 "-" "Mozilla/5.0 AppleWebKit/537.36 (KHTML, like Gecko; compatible; bingbot/2.0; +http://www.bing.com/bingbot.htm) Chrome/116.0.1938.76 Safari/537.36"
207.46.13.87 - - [06/May/2025:15:22:27 -0400] "GET /wp-content/plugins/woocommerce/assets/js/photoswipe/photoswipe.min.js?ver=4.1.1-wc.9.8.4 HTTP/1.1" 200 11652 "-" "Mozilla/5.0 AppleWebKit/537.36 (KHTML, like Gecko; compatible; bingbot/2.0; +http://www.bing.com/bingbot.htm) Chrome/116.0.1938.76 Safari/537.36"
40.77.167.55 - - [06/May/2025:15:22:28 -0400] "GET /wp-content/plugins/woocommerce/assets/js/frontend/add-to-cart.min.js?ver=9.8.4 HTTP/1.1" 200 1225 "-" "Mozilla/5.0 AppleWebKit/537.36 (KHTML, like Gecko; compatible; bingbot/2.0; +http://www.bing.com/bingbot.htm) Chrome/116.0.1938.76 Safari/537.36"
207.46.13.87 - - [06/May/2025:15:22:28 -0400] "GET /wp-includes/js/wp-util.min.js?ver=6.8.1 HTTP/1.1" 200 690 "-" "Mozilla/5.0 AppleWebKit/537.36 (KHTML, like Gecko; compatible; bingbot/2.0; +http://www.bing.com/bingbot.htm) Chrome/116.0.1938.76 Safari/537.36"
40.77.167.55 - - [06/May/2025:15:22:31 -0400] "GET /wp-content/plugins/woocommerce/assets/js/frontend/single-product.min.js?ver=9.8.4 HTTP/1.1" 200 2539 "-" "Mozilla/5.0 AppleWebKit/537.36 (KHTML, like Gecko; compatible; bingbot/2.0; +http://www.bing.com/bingbot.htm) Chrome/116.0.1938.76 Safari/537.36"
207.46.13.87 - - [06/May/2025:15:22:31 -0400] "GET /wp-includes/js/wp-emoji-release.min.js?ver=6.8.1 HTTP/1.1" 200 4771 "-" "Mozilla/5.0 AppleWebKit/537.36 (KHTML, like Gecko; compatible; bingbot/2.0; +http://www.bing.com/bingbot.htm) Chrome/116.0.1938.76 Safari/537.36"
40.77.167.55 - - [06/May/2025:15:22:32 -0400] "GET /wp-content/plugins/woocommerce/assets/js/frontend/woocommerce.min.js?ver=9.8.4 HTTP/1.1" 200 1241 "-" "Mozilla/5.0 AppleWebKit/537.36 (KHTML, like Gecko; compatible; bingbot/2.0; +http://www.bing.com/bingbot.htm) Chrome/116.0.1938.76 Safari/537.36"
40.77.167.55 - - [06/May/2025:15:22:32 -0400] "GET /wp-content/plugins/woocommerce/assets/js/sourcebuster/sourcebuster.min.js?ver=9.8.4 HTTP/1.1" 200 4609 "-" "Mozilla/5.0 AppleWebKit/537.36 (KHTML, like Gecko; compatible; bingbot/2.0; +http://www.bing.com/bingbot.htm) Chrome/116.0.1938.76 Safari/537.36"
40.77.167.55 - - [06/May/2025:15:22:33 -0400] "GET /wp-content/themes/keyfin/assets/js/bootstrap.min.js?ver=4.4.1 HTTP/1.1" 200 15247 "-" "Mozilla/5.0 AppleWebKit/537.36 (KHTML, like Gecko; compatible; bingbot/2.0; +http://www.bing.com/bingbot.htm) Chrome/116.0.1938.76 Safari/537.36"
207.46.13.150 - - [06/May/2025:15:22:34 -0400] "GET /wp-content/themes/keyfin/assets/js/uikit.min.js?ver=3.1.9 HTTP/1.1" 200 41088 "-" "Mozilla/5.0 AppleWebKit/537.36 (KHTML, like Gecko; compatible; bingbot/2.0; +http://www.bing.com/bingbot.htm) Chrome/116.0.1938.76 Safari/537.36"
40.77.167.55 - - [06/May/2025:15:22:34 -0400] "GET /wp-content/themes/keyfin/assets/js/main.js?ver=1.1.3 HTTP/1.1" 200 1361 "-" "Mozilla/5.0 AppleWebKit/537.36 (KHTML, like Gecko; compatible; bingbot/2.0; +http://www.bing.com/bingbot.htm) Chrome/116.0.1938.76 Safari/537.36"
40.77.167.55 - - [06/May/2025:15:22:37 -0400] "GET /wp-includes/js/jquery/jquery-migrate.min.js?ver=3.4.1 HTTP/1.1" 200 4678 "-" "Mozilla/5.0 AppleWebKit/537.36 (KHTML, like Gecko; compatible; bingbot/2.0; +http://www.bing.com/bingbot.htm) Chrome/116.0.1938.76 Safari/537.36"
207.46.13.150 - - [06/May/2025:15:22:37 -0400] "GET /wp-content/themes/keyfin/assets/js/popper.min.js?ver=1.12.9 HTTP/1.1" 200 6644 "-" "Mozilla/5.0 AppleWebKit/537.36 (KHTML, like Gecko; compatible; bingbot/2.0; +http://www.bing.com/bingbot.htm) Chrome/116.0.1938.76 Safari/537.36"
40.77.167.55 - - [06/May/2025:15:22:37 -0400] "GET /wp-includes/js/jquery/ui/core.min.js?ver=1.13.3 HTTP/1.1" 200 6812 "-" "Mozilla/5.0 AppleWebKit/537.36 (KHTML, like Gecko; compatible; bingbot/2.0; +http://www.bing.com/bingbot.htm) Chrome/116.0.1938.76 Safari/537.36"
207.46.13.150 - - [06/May/2025:15:22:37 -0400] "GET /wp-includes/js/jquery/jquery.min.js?ver=3.7.1 HTTP/1.1" 200 29744 "-" "Mozilla/5.0 AppleWebKit/537.36 (KHTML, like Gecko; compatible; bingbot/2.0; +http://www.bing.com/bingbot.htm) Chrome/116.0.1938.76 Safari/537.36"
52.167.144.192 - - [06/May/2025:15:35:24 -0400] "GET /shopdetail/193484694 HTTP/1.1" 404 18109 "-" "Mozilla/5.0 AppleWebKit/537.36 (KHTML, like Gecko; compatible; bingbot/2.0; +http://www.bing.com/bingbot.htm) Chrome/116.0.1938.76 Safari/537.36"
40.77.189.58 - - [06/May/2025:15:38:10 -0400] "GET /?wc-ajax=get_refreshed_fragments HTTP/1.1" 200 291 "-" "Mozilla/5.0 AppleWebKit/537.36 (KHTML, like Gecko; compatible; bingbot/2.0; +http://www.bing.com/bingbot.htm) Chrome/100.0.4896.127 Safari/537.36"
199.188.205.55 - - [06/May/2025:15:38:33 -0400] "POST /wp-cron.php?doing_wp_cron=1746560308.0829041004180908203125 HTTP/1.1" 200 0 "-" "WordPress/6.8.1; https://keyfinancehomeloan.com.au"
199.188.205.55 - - [06/May/2025:15:54:37 -0400] "POST /wp-admin/admin-ajax.php?action=async_litespeed&nonce=15gHovjAzGxkJVk8opLCjM7x05fKwamc&litespeed_type=imgoptm HTTP/1.1" 200 0 "-" "WordPress/6.8.1; https://keyfinancehomeloan.com.au"
199.188.205.55 - - [06/May/2025:15:54:38 -0400] "POST /wp-admin/admin-ajax.php?action=wp_1_wc_privacy_cleanup&nonce=17b0bb3baf HTTP/1.1" 200 0 "-" "WordPress/6.8.1; https://keyfinancehomeloan.com.au"
199.188.205.55 - - [06/May/2025:16:01:15 -0400] "POST /wp-admin/admin-ajax.php?action=async_litespeed&nonce=A5l3hYl6FrUyYbn1USLi6CqNnAmJeJAS&litespeed_type=imgoptm HTTP/1.1" 200 0 "-" "WordPress/6.8.1; https://keyfinancehomeloan.com.au"
199.188.205.55 - - [06/May/2025:16:05:25 -0400] "POST /wp-cron.php?doing_wp_cron=1746561925.1182749271392822265625 HTTP/1.1" 200 0 "-" "WordPress/6.8.1; https://keyfinancehomeloan.com.au"
40.77.167.59 - - [06/May/2025:16:05:05 -0400] "GET /shopdetail/112980494 HTTP/1.1" 404 18109 "-" "Mozilla/5.0 AppleWebKit/537.36 (KHTML, like Gecko; compatible; bingbot/2.0; +http://www.bing.com/bingbot.htm) Chrome/116.0.1938.76 Safari/537.36"
199.188.205.55 - - [06/May/2025:16:05:28 -0400] "POST /wp-admin/admin-ajax.php?action=async_litespeed&nonce=M25HDXOER89x6wHF5PMcYOl5YU4302I8&litespeed_type=imgoptm HTTP/1.1" 200 0 "-" "WordPress/6.8.1; https://keyfinancehomeloan.com.au"
199.188.205.55 - - [06/May/2025:16:14:45 -0400] "POST /wp-admin/admin-ajax.php?action=async_litespeed&nonce=jqN5iGmn0GlbU2Vd1VPBLSYrOrE9LYxs&litespeed_type=imgoptm HTTP/1.1" 200 0 "-" "WordPress/6.8.1; https://keyfinancehomeloan.com.au"
199.188.205.55 - - [06/May/2025:16:52:02 -0400] "POST /wp-cron.php?doing_wp_cron=1746564722.4005830287933349609375 HTTP/1.1" 200 0 "-" "WordPress/6.8.1; https://keyfinancehomeloan.com.au"
40.77.167.144 - - [06/May/2025:16:51:46 -0400] "GET /shopdetail/108281494 HTTP/1.1" 404 18110 "-" "Mozilla/5.0 AppleWebKit/537.36 (KHTML, like Gecko; compatible; bingbot/2.0; +http://www.bing.com/bingbot.htm) Chrome/116.0.1938.76 Safari/537.36"
199.188.205.55 - - [06/May/2025:16:52:06 -0400] "POST /wp-admin/admin-ajax.php?action=async_litespeed&nonce=KrHpP6RjymsKxIx8RlklBinlcqWfj7au&litespeed_type=imgoptm HTTP/1.1" 200 0 "-" "WordPress/6.8.1; https://keyfinancehomeloan.com.au"
199.188.205.55 - - [06/May/2025:17:04:10 -0400] "POST /wp-cron.php?doing_wp_cron=1746565450.3162400722503662109375 HTTP/1.1" 200 0 "-" "WordPress/6.8.1; https://keyfinancehomeloan.com.au"
199.188.205.55 - - [06/May/2025:17:04:13 -0400] "POST /wp-admin/admin-ajax.php?action=async_litespeed&nonce=zc8CRWtx6nrwEhy0F1S8yUiWrQIR4de1&litespeed_type=imgoptm HTTP/1.1" 200 0 "-" "WordPress/6.8.1; https://keyfinancehomeloan.com.au"
51.222.253.16 - - [06/May/2025:17:03:53 -0400] "GET /product/beanie/?add-to-cart=271 HTTP/1.1" 200 23215 "-" "Mozilla/5.0 (compatible; AhrefsBot/7.0; +http://ahrefs.com/robot/)"
199.188.205.55 - - [06/May/2025:17:28:45 -0400] "POST /wp-admin/admin-ajax.php?action=async_litespeed&nonce=vn7oWZIQCtmDAINM1CHqaW7fOnRn1J9A&litespeed_type=imgoptm HTTP/1.1" 200 0 "-" "WordPress/6.8.1; https://keyfinancehomeloan.com.au"
199.188.205.55 - - [06/May/2025:17:39:01 -0400] "POST /wp-cron.php?doing_wp_cron=1746567540.8471100330352783203125 HTTP/1.1" 200 0 "-" "WordPress/6.8.1; https://keyfinancehomeloan.com.au"
40.77.167.131 - - [06/May/2025:17:38:43 -0400] "GET /shopdetail/18409394 HTTP/1.1" 404 18071 "-" "Mozilla/5.0 AppleWebKit/537.36 (KHTML, like Gecko; compatible; bingbot/2.0; +http://www.bing.com/bingbot.htm) Chrome/116.0.1938.76 Safari/537.36"
199.188.205.55 - - [06/May/2025:17:39:04 -0400] "POST /wp-admin/admin-ajax.php?action=async_litespeed&nonce=FlqwlhPDlinSLAp4wQHJxsEgk3YN6ro9&litespeed_type=imgoptm HTTP/1.1" 200 0 "-" "WordPress/6.8.1; https://keyfinancehomeloan.com.au"
199.188.205.55 - - [06/May/2025:17:40:01 -0400] "POST /wp-cron.php?doing_wp_cron=1746567601.1085360050201416015625 HTTP/1.1" 200 0 "-" "WordPress/6.8.1; https://keyfinancehomeloan.com.au"
157.55.39.56 - - [06/May/2025:17:39:57 -0400] "GET /shopdetail/206735894 HTTP/1.1" 404 18109 "-" "Mozilla/5.0 AppleWebKit/537.36 (KHTML, like Gecko; compatible; bingbot/2.0; +http://www.bing.com/bingbot.htm) Chrome/116.0.1938.76 Safari/537.36"