74.125.150.38 - - [04/May/2025:00:28:03 -0400] "GET /wp-content/themes/keyfin/assets/js/slicknav.min.js?ver=1.0.10 HTTP/1.1" 200 1920 "https://keyfinancehomeloan.com.au/" "Mozilla/5.0 (X11; Linux x86_64) AppleWebKit/537.36 (KHTML, like Gecko) Chrome/129.0.0.0 Safari/537.36"
74.125.150.39 - - [04/May/2025:00:28:03 -0400] "GET /wp-includes/js/imagesloaded.min.js?ver=5.0.0 HTTP/1.1" 200 1687 "https://keyfinancehomeloan.com.au/" "Mozilla/5.0 (X11; Linux x86_64) AppleWebKit/537.36 (KHTML, like Gecko) Chrome/129.0.0.0 Safari/537.36"
74.125.150.39 - - [04/May/2025:00:28:04 -0400] "GET /wp-content/themes/keyfin/assets/js/isotope.min.js?ver=3.0.4 HTTP/1.1" 200 9596 "https://keyfinancehomeloan.com.au/" "Mozilla/5.0 (X11; Linux x86_64) AppleWebKit/537.36 (KHTML, like Gecko) Chrome/129.0.0.0 Safari/537.36"
74.125.150.39 - - [04/May/2025:00:28:04 -0400] "GET /wp-content/themes/keyfin/assets/js/uikit.min.js?ver=3.1.9 HTTP/1.1" 200 41088 "https://keyfinancehomeloan.com.au/" "Mozilla/5.0 (X11; Linux x86_64) AppleWebKit/537.36 (KHTML, like Gecko) Chrome/129.0.0.0 Safari/537.36"
74.125.150.39 - - [04/May/2025:00:28:04 -0400] "GET /wp-content/themes/keyfin/assets/js/main.js?ver=1.1.3 HTTP/1.1" 200 1361 "https://keyfinancehomeloan.com.au/" "Mozilla/5.0 (X11; Linux x86_64) AppleWebKit/537.36 (KHTML, like Gecko) Chrome/129.0.0.0 Safari/537.36"
74.125.150.39 - - [04/May/2025:00:28:04 -0400] "GET /wp-content/plugins/chaty/admin/assets/js/picmo-umd.min.js?ver=3.3.9 HTTP/1.1" 200 24516 "https://keyfinancehomeloan.com.au/" "Mozilla/5.0 (X11; Linux x86_64) AppleWebKit/537.36 (KHTML, like Gecko) Chrome/129.0.0.0 Safari/537.36"
74.125.150.39 - - [04/May/2025:00:28:04 -0400] "GET /wp-content/plugins/chaty/admin/assets/js/picmo-latest-umd.min.js?ver=3.3.9 HTTP/1.1" 200 7150 "https://keyfinancehomeloan.com.au/" "Mozilla/5.0 (X11; Linux x86_64) AppleWebKit/537.36 (KHTML, like Gecko) Chrome/129.0.0.0 Safari/537.36"
74.125.150.38 - - [04/May/2025:00:28:05 -0400] "GET /wp-content/plugins/woocommerce/assets/js/sourcebuster/sourcebuster.min.js?ver=9.8.3 HTTP/1.1" 200 4609 "https://keyfinancehomeloan.com.au/" "Mozilla/5.0 (X11; Linux x86_64) AppleWebKit/537.36 (KHTML, like Gecko) Chrome/129.0.0.0 Safari/537.36"
74.125.150.38 - - [04/May/2025:00:28:05 -0400] "GET /wp-content/plugins/woocommerce/assets/js/frontend/order-attribution.min.js?ver=9.8.3 HTTP/1.1" 200 1006 "https://keyfinancehomeloan.com.au/" "Mozilla/5.0 (X11; Linux x86_64) AppleWebKit/537.36 (KHTML, like Gecko) Chrome/129.0.0.0 Safari/537.36"
74.125.150.38 - - [04/May/2025:00:28:05 -0400] "GET /wp-content/plugins/themedraft-core/elementor-widgets/assets/js/counterup.js?ver=1.0 HTTP/1.1" 200 2763 "https://keyfinancehomeloan.com.au/" "Mozilla/5.0 (X11; Linux x86_64) AppleWebKit/537.36 (KHTML, like Gecko) Chrome/129.0.0.0 Safari/537.36"
74.125.150.38 - - [04/May/2025:00:28:05 -0400] "GET /wp-content/plugins/mortgage-loan-calculator/en/widget-nj.js?ver=6.8 HTTP/1.1" 200 2022 "https://keyfinancehomeloan.com.au/" "Mozilla/5.0 (X11; Linux x86_64) AppleWebKit/537.36 (KHTML, like Gecko) Chrome/129.0.0.0 Safari/537.36"
74.125.150.39 - - [04/May/2025:00:28:05 -0400] "GET /wp-includes/js/underscore.min.js?ver=1.13.7 HTTP/1.1" 200 7185 "https://keyfinancehomeloan.com.au/" "Mozilla/5.0 (X11; Linux x86_64) AppleWebKit/537.36 (KHTML, like Gecko) Chrome/129.0.0.0 Safari/537.36"
74.125.150.39 - - [04/May/2025:00:28:06 -0400] "GET /wp-includes/js/wp-util.min.js?ver=6.8 HTTP/1.1" 200 690 "https://keyfinancehomeloan.com.au/" "Mozilla/5.0 (X11; Linux x86_64) AppleWebKit/537.36 (KHTML, like Gecko) Chrome/129.0.0.0 Safari/537.36"
74.125.150.38 - - [04/May/2025:00:28:06 -0400] "GET /wp-content/plugins/elementor/assets/js/webpack.runtime.min.js?ver=3.28.4 HTTP/1.1" 200 2228 "https://keyfinancehomeloan.com.au/" "Mozilla/5.0 (X11; Linux x86_64) AppleWebKit/537.36 (KHTML, like Gecko) Chrome/129.0.0.0 Safari/537.36"
74.125.150.39 - - [04/May/2025:00:28:06 -0400] "GET /wp-content/plugins/elementor/assets/js/frontend-modules.min.js?ver=3.28.4 HTTP/1.1" 200 14421 "https://keyfinancehomeloan.com.au/" "Mozilla/5.0 (X11; Linux x86_64) AppleWebKit/537.36 (KHTML, like Gecko) Chrome/129.0.0.0 Safari/537.36"
74.125.150.38 - - [04/May/2025:00:28:06 -0400] "GET /wp-includes/js/jquery/ui/core.min.js?ver=1.13.3 HTTP/1.1" 200 6812 "https://keyfinancehomeloan.com.au/" "Mozilla/5.0 (X11; Linux x86_64) AppleWebKit/537.36 (KHTML, like Gecko) Chrome/129.0.0.0 Safari/537.36"
74.125.150.38 - - [04/May/2025:00:28:06 -0400] "GET /wp-content/plugins/elementor/assets/js/frontend.min.js?ver=3.28.4 HTTP/1.1" 200 13099 "https://keyfinancehomeloan.com.au/" "Mozilla/5.0 (X11; Linux x86_64) AppleWebKit/537.36 (KHTML, like Gecko) Chrome/129.0.0.0 Safari/537.36"
74.125.150.39 - - [04/May/2025:00:28:06 -0400] "GET /wp-content/plugins/woocommerce/assets/js/frontend/add-to-cart.min.js?ver=9.8.3 HTTP/1.1" 200 1225 "https://keyfinancehomeloan.com.au/" "Mozilla/5.0 (X11; Linux x86_64) AppleWebKit/537.36 (KHTML, like Gecko) Chrome/129.0.0.0 Safari/537.36"
74.125.150.39 - - [04/May/2025:00:28:07 -0400] "GET /wp-content/plugins/woocommerce/assets/js/frontend/woocommerce.min.js?ver=9.8.3 HTTP/1.1" 200 1241 "https://keyfinancehomeloan.com.au/" "Mozilla/5.0 (X11; Linux x86_64) AppleWebKit/537.36 (KHTML, like Gecko) Chrome/129.0.0.0 Safari/537.36"
74.125.150.39 - - [04/May/2025:00:28:07 -0400] "GET /wp-content/uploads/2024/07/Car-Loan.jpeg HTTP/1.1" 200 160458 "https://keyfinancehomeloan.com.au/" "Mozilla/5.0 (X11; Linux x86_64) AppleWebKit/537.36 (KHTML, like Gecko) Chrome/129.0.0.0 Safari/537.36"
74.125.150.38 - - [04/May/2025:00:28:07 -0400] "GET /wp-content/uploads/2024/07/First-Home-Buyer.jpeg HTTP/1.1" 200 69257 "https://keyfinancehomeloan.com.au/" "Mozilla/5.0 (X11; Linux x86_64) AppleWebKit/537.36 (KHTML, like Gecko) Chrome/129.0.0.0 Safari/537.36"
74.125.150.38 - - [04/May/2025:00:28:07 -0400] "GET /wp-content/uploads/2024/07/First-Home-Buyer-1.jpeg HTTP/1.1" 200 240578 "https://keyfinancehomeloan.com.au/" "Mozilla/5.0 (X11; Linux x86_64) AppleWebKit/537.36 (KHTML, like Gecko) Chrome/129.0.0.0 Safari/537.36"
74.125.150.38 - - [04/May/2025:00:28:07 -0400] "GET /wp-content/uploads/2024/07/Business-Loan-1.jpeg HTTP/1.1" 200 35413 "https://keyfinancehomeloan.com.au/" "Mozilla/5.0 (X11; Linux x86_64) AppleWebKit/537.36 (KHTML, like Gecko) Chrome/129.0.0.0 Safari/537.36"
74.125.150.39 - - [04/May/2025:00:28:07 -0400] "GET /wp-content/uploads/2024/07/Business-Loan.jpeg HTTP/1.1" 200 74513 "https://keyfinancehomeloan.com.au/" "Mozilla/5.0 (X11; Linux x86_64) AppleWebKit/537.36 (KHTML, like Gecko) Chrome/129.0.0.0 Safari/537.36"
74.125.150.39 - - [04/May/2025:00:28:07 -0400] "GET /wp-content/uploads/2024/07/Business-loan-3.jpeg HTTP/1.1" 200 71187 "https://keyfinancehomeloan.com.au/" "Mozilla/5.0 (X11; Linux x86_64) AppleWebKit/537.36 (KHTML, like Gecko) Chrome/129.0.0.0 Safari/537.36"
74.125.150.38 - - [04/May/2025:00:28:08 -0400] "GET /wp-content/plugins/mortgage-loan-calculator/en/images/top-panel-mortgage.png HTTP/1.1" 200 4605 "https://keyfinancehomeloan.com.au/" "Mozilla/5.0 (X11; Linux x86_64) AppleWebKit/537.36 (KHTML, like Gecko) Chrome/129.0.0.0 Safari/537.36"
74.125.150.39 - - [04/May/2025:00:28:08 -0400] "GET /wp-content/plugins/mortgage-loan-calculator/en/images/top-panel-mortgage-only.png HTTP/1.1" 200 3616 "https://keyfinancehomeloan.com.au/" "Mozilla/5.0 (X11; Linux x86_64) AppleWebKit/537.36 (KHTML, like Gecko) Chrome/129.0.0.0 Safari/537.36"
74.125.150.38 - - [04/May/2025:00:28:08 -0400] "GET /wp-content/plugins/mortgage-loan-calculator/en/images/top-panel-loan.png HTTP/1.1" 200 4670 "https://keyfinancehomeloan.com.au/" "Mozilla/5.0 (X11; Linux x86_64) AppleWebKit/537.36 (KHTML, like Gecko) Chrome/129.0.0.0 Safari/537.36"
74.125.150.38 - - [04/May/2025:00:28:08 -0400] "GET /wp-content/plugins/mortgage-loan-calculator/en/images/top-panel-loan-only.png HTTP/1.1" 200 2445 "https://keyfinancehomeloan.com.au/" "Mozilla/5.0 (X11; Linux x86_64) AppleWebKit/537.36 (KHTML, like Gecko) Chrome/129.0.0.0 Safari/537.36"
74.125.150.38 - - [04/May/2025:00:28:08 -0400] "GET /wp-content/plugins/mortgage-loan-calculator/images/bottom.png HTTP/1.1" 200 693 "https://keyfinancehomeloan.com.au/" "Mozilla/5.0 (X11; Linux x86_64) AppleWebKit/537.36 (KHTML, like Gecko) Chrome/129.0.0.0 Safari/537.36"
74.125.150.38 - - [04/May/2025:00:28:08 -0400] "GET /wp-content/plugins/chaty/js/cht-front-script.min.js?ver=3.3.91721214134 HTTP/1.1" 200 22150 "https://keyfinancehomeloan.com.au/" "Mozilla/5.0 (X11; Linux x86_64) AppleWebKit/537.36 (KHTML, like Gecko) Chrome/129.0.0.0 Safari/537.36"
74.125.150.38 - - [04/May/2025:00:28:08 -0400] "GET /wp-content/plugins/mailchimp-for-wp/assets/js/forms.js?ver=4.10.3 HTTP/1.1" 200 2439 "https://keyfinancehomeloan.com.au/" "Mozilla/5.0 (X11; Linux x86_64) AppleWebKit/537.36 (KHTML, like Gecko) Chrome/129.0.0.0 Safari/537.36"
74.125.150.38 - - [04/May/2025:00:28:08 -0400] "GET /wp-content/plugins/woocommerce/assets/js/frontend/add-to-cart-variation.min.js?ver=9.8.3 HTTP/1.1" 200 3712 "https://keyfinancehomeloan.com.au/" "Mozilla/5.0 (X11; Linux x86_64) AppleWebKit/537.36 (KHTML, like Gecko) Chrome/129.0.0.0 Safari/537.36"
74.125.150.38 - - [04/May/2025:00:28:09 -0400] "GET /wp-content/plugins/woocommerce/assets/js/zoom/jquery.zoom.min.js?ver=1.7.21-wc.9.8.3 HTTP/1.1" 200 1052 "https://keyfinancehomeloan.com.au/" "Mozilla/5.0 (X11; Linux x86_64) AppleWebKit/537.36 (KHTML, like Gecko) Chrome/129.0.0.0 Safari/537.36"
74.125.150.38 - - [04/May/2025:00:28:09 -0400] "GET /wp-content/plugins/woocommerce/assets/js/photoswipe/photoswipe.min.js?ver=4.1.1-wc.9.8.3 HTTP/1.1" 200 11652 "https://keyfinancehomeloan.com.au/" "Mozilla/5.0 (X11; Linux x86_64) AppleWebKit/537.36 (KHTML, like Gecko) Chrome/129.0.0.0 Safari/537.36"
74.125.150.38 - - [04/May/2025:00:28:09 -0400] "GET /wp-content/plugins/woocommerce/assets/js/photoswipe/photoswipe-ui-default.min.js?ver=4.1.1-wc.9.8.3 HTTP/1.1" 200 3478 "https://keyfinancehomeloan.com.au/" "Mozilla/5.0 (X11; Linux x86_64) AppleWebKit/537.36 (KHTML, like Gecko) Chrome/129.0.0.0 Safari/537.36"
74.125.150.38 - - [04/May/2025:00:28:09 -0400] "GET /wp-content/plugins/woocommerce/assets/js/frontend/single-product.min.js?ver=9.8.3 HTTP/1.1" 200 2539 "https://keyfinancehomeloan.com.au/" "Mozilla/5.0 (X11; Linux x86_64) AppleWebKit/537.36 (KHTML, like Gecko) Chrome/129.0.0.0 Safari/537.36"
74.125.150.38 - - [04/May/2025:00:28:09 -0400] "GET /wp-content/plugins/woocommerce/assets/css/woocommerce-smallscreen.css?ver=9.8.3 HTTP/1.1" 200 1165 "https://keyfinancehomeloan.com.au/" "Mozilla/5.0 (X11; Linux x86_64) AppleWebKit/537.36 (KHTML, like Gecko) Chrome/129.0.0.0 Safari/537.36"
74.125.150.38 - - [04/May/2025:00:28:09 -0400] "GET /wp-content/plugins/mortgage-loan-calculator/images/ajax-loader.gif HTTP/1.1" 200 1761 "https://keyfinancehomeloan.com.au/" "Mozilla/5.0 (X11; Linux x86_64) AppleWebKit/537.36 (KHTML, like Gecko) Chrome/129.0.0.0 Safari/537.36"
74.125.150.38 - - [04/May/2025:00:28:10 -0400] "GET /wp-content/plugins/mortgage-loan-calculator/images/left-bg.png HTTP/1.1" 200 206 "https://keyfinancehomeloan.com.au/" "Mozilla/5.0 (X11; Linux x86_64) AppleWebKit/537.36 (KHTML, like Gecko) Chrome/129.0.0.0 Safari/537.36"
74.125.150.38 - - [04/May/2025:00:28:10 -0400] "GET /wp-content/themes/keyfin/assets/images/footer-image.png HTTP/1.1" 200 118180 "https://keyfinancehomeloan.com.au/wp-content/themes/keyfin/assets/css/main.css?ver=1.1.3" "Mozilla/5.0 (X11; Linux x86_64) AppleWebKit/537.36 (KHTML, like Gecko) Chrome/129.0.0.0 Safari/537.36"
74.125.150.38 - - [04/May/2025:00:28:10 -0400] "GET /wp-content/plugins/mortgage-loan-calculator/images/right-bg.png HTTP/1.1" 200 204 "https://keyfinancehomeloan.com.au/" "Mozilla/5.0 (X11; Linux x86_64) AppleWebKit/537.36 (KHTML, like Gecko) Chrome/129.0.0.0 Safari/537.36"
74.125.150.38 - - [04/May/2025:00:28:10 -0400] "GET /wp-content/themes/keyfin/assets/fonts/fa-brands-400.woff2 HTTP/1.1" 200 76612 "https://keyfinancehomeloan.com.au/wp-content/themes/keyfin/assets/css/fontawesome.min.css?ver=5.13.0" "Mozilla/5.0 (X11; Linux x86_64) AppleWebKit/537.36 (KHTML, like Gecko) Chrome/129.0.0.0 Safari/537.36"
74.125.150.38 - - [04/May/2025:00:28:10 -0400] "GET /wp-content/plugins/themedraft-core/elementor-widgets/assets/fonts/Flaticon-business.woff2 HTTP/1.1" 200 77012 "https://keyfinancehomeloan.com.au/wp-content/plugins/themedraft-core/elementor-widgets/assets/fonts/flaticon.css?ver=1.0.0" "Mozilla/5.0 (X11; Linux x86_64) AppleWebKit/537.36 (KHTML, like Gecko) Chrome/129.0.0.0 Safari/537.36"
74.125.150.38 - - [04/May/2025:00:28:10 -0400] "GET /wp-content/themes/keyfin/assets/fonts/fa-solid-900.woff2 HTTP/1.1" 200 79444 "https://keyfinancehomeloan.com.au/wp-content/themes/keyfin/assets/css/fontawesome.min.css?ver=5.13.0" "Mozilla/5.0 (X11; Linux x86_64) AppleWebKit/537.36 (KHTML, like Gecko) Chrome/129.0.0.0 Safari/537.36"
74.125.150.38 - - [04/May/2025:00:28:10 -0400] "GET /wp-includes/js/wp-emoji-release.min.js?ver=6.8 HTTP/1.1" 200 4771 "https://keyfinancehomeloan.com.au/" "Mozilla/5.0 (X11; Linux x86_64) AppleWebKit/537.36 (KHTML, like Gecko) Chrome/129.0.0.0 Safari/537.36"
74.125.150.38 - - [04/May/2025:00:28:11 -0400] "GET /wp-content/plugins/chaty/images/whatsapp.png HTTP/1.1" 200 69499 "https://keyfinancehomeloan.com.au/wp-content/plugins/chaty/css/chaty-front.min.css?ver=3.3.91721214134" "Mozilla/5.0 (X11; Linux x86_64) AppleWebKit/537.36 (KHTML, like Gecko) Chrome/129.0.0.0 Safari/537.36"
199.188.205.55 - - [04/May/2025:00:28:17 -0400] "POST /wp-cron.php?doing_wp_cron=1746332897.8996219635009765625000 HTTP/1.1" 403 13 "-" "WordPress/6.8; https://keyfinancehomeloan.com.au"
74.125.150.38 - - [04/May/2025:00:28:10 -0400] "POST /?wc-ajax=get_refreshed_fragments HTTP/1.1" 200 291 "https://keyfinancehomeloan.com.au/" "Mozilla/5.0 (X11; Linux x86_64) AppleWebKit/537.36 (KHTML, like Gecko) Chrome/129.0.0.0 Safari/537.36"
74.125.150.38 - - [04/May/2025:00:28:18 -0400] "GET /wp-content/uploads/elementor/google-fonts/fonts/roboto-kfo7cnqeu92fr1me7ksn66agldtyluama3yuba.woff2 HTTP/1.1" 200 40128 "https://keyfinancehomeloan.com.au/wp-content/uploads/elementor/google-fonts/css/roboto.css?ver=1742282740" "Mozilla/5.0 (X11; Linux x86_64) AppleWebKit/537.36 (KHTML, like Gecko) Chrome/129.0.0.0 Safari/537.36"
207.46.13.54 - - [04/May/2025:00:28:24 -0400] "GET /shopdetail/135290494 HTTP/1.1" 404 18080 "-" "Mozilla/5.0 AppleWebKit/537.36 (KHTML, like Gecko; compatible; bingbot/2.0; +http://www.bing.com/bingbot.htm) Chrome/116.0.1938.76 Safari/537.36"
207.46.13.54 - - [04/May/2025:00:28:26 -0400] "GET /shopdetail/96811094 HTTP/1.1" 404 18088 "-" "Mozilla/5.0 AppleWebKit/537.36 (KHTML, like Gecko; compatible; bingbot/2.0; +http://www.bing.com/bingbot.htm) Chrome/116.0.1938.76 Safari/537.36"
199.188.205.55 - - [04/May/2025:00:32:21 -0400] "POST /wp-cron.php?doing_wp_cron=1746333141.7548871040344238281250 HTTP/1.1" 403 13 "-" "WordPress/6.8; https://keyfinancehomeloan.com.au"
207.46.13.86 - - [04/May/2025:00:32:18 -0400] "GET /shopdetail/18614194 HTTP/1.1" 404 18090 "-" "Mozilla/5.0 AppleWebKit/537.36 (KHTML, like Gecko; compatible; bingbot/2.0; +http://www.bing.com/bingbot.htm) Chrome/116.0.1938.76 Safari/537.36"
199.188.205.55 - - [04/May/2025:01:02:17 -0400] "POST /wp-cron.php?doing_wp_cron=1746334937.7671639919281005859375 HTTP/1.1" 403 13 "-" "WordPress/6.8; https://keyfinancehomeloan.com.au"
52.167.144.186 - - [04/May/2025:01:02:08 -0400] "GET /shopdetail/61155494 HTTP/1.1" 404 18090 "-" "Mozilla/5.0 AppleWebKit/537.36 (KHTML, like Gecko; compatible; bingbot/2.0; +http://www.bing.com/bingbot.htm) Chrome/116.0.1938.76 Safari/537.36"
199.188.205.55 - - [04/May/2025:01:04:01 -0400] "POST /wp-cron.php?doing_wp_cron=1746335041.1798379421234130859375 HTTP/1.1" 403 13 "-" "WordPress/6.8; https://keyfinancehomeloan.com.au"
51.222.253.8 - - [04/May/2025:01:03:57 -0400] "GET /product-category/clothing/?add-to-cart=281 HTTP/1.1" 200 21684 "-" "Mozilla/5.0 (compatible; AhrefsBot/7.0; +http://ahrefs.com/robot/)"
199.188.205.55 - - [04/May/2025:01:15:49 -0400] "POST /wp-cron.php?doing_wp_cron=1746335749.3337099552154541015625 HTTP/1.1" 403 13 "-" "WordPress/6.8; https://keyfinancehomeloan.com.au"
52.167.144.235 - - [04/May/2025:01:15:40 -0400] "GET /shopdetail/26766694 HTTP/1.1" 404 18091 "-" "Mozilla/5.0 AppleWebKit/537.36 (KHTML, like Gecko; compatible; bingbot/2.0; +http://www.bing.com/bingbot.htm) Chrome/116.0.1938.76 Safari/537.36"
199.188.205.55 - - [04/May/2025:01:43:10 -0400] "POST /wp-cron.php?doing_wp_cron=1746337390.0452909469604492187500 HTTP/1.1" 403 13 "-" "WordPress/6.8; https://keyfinancehomeloan.com.au"
157.55.39.193 - - [04/May/2025:01:43:05 -0400] "GET /shopdetail/161253994 HTTP/1.1" 404 18081 "-" "Mozilla/5.0 AppleWebKit/537.36 (KHTML, like Gecko; compatible; bingbot/2.0; +http://www.bing.com/bingbot.htm) Chrome/116.0.1938.76 Safari/537.36"
199.188.205.55 - - [04/May/2025:01:52:32 -0400] "POST /wp-cron.php?doing_wp_cron=1746337952.8589649200439453125000 HTTP/1.1" 403 13 "-" "WordPress/6.8; https://keyfinancehomeloan.com.au"
40.77.167.72 - - [04/May/2025:01:52:23 -0400] "GET /shopdetail/136065694 HTTP/1.1" 404 18080 "-" "Mozilla/5.0 AppleWebKit/537.36 (KHTML, like Gecko; compatible; bingbot/2.0; +http://www.bing.com/bingbot.htm) Chrome/116.0.1938.76 Safari/537.36"
66.249.68.38 - - [04/May/2025:02:03:00 -0400] "GET /wp-content/uploads/2024/07/cropped-KFHL-removebg-preview-180x180.png HTTP/1.1" 200 23889 "-" "Googlebot-Image/1.0"
66.249.68.38 - - [04/May/2025:02:03:00 -0400] "GET /wp-content/uploads/2024/07/cropped-KFHL-removebg-preview-32x32.png HTTP/1.1" 200 1696 "-" "Googlebot-Image/1.0"
66.249.68.38 - - [04/May/2025:02:03:02 -0400] "GET /favicon.ico HTTP/1.1" 404 13 "-" "Googlebot-Image/1.0"
66.249.68.39 - - [04/May/2025:02:03:03 -0400] "GET /wp-content/uploads/2024/07/cropped-KFHL-removebg-preview-192x192.png HTTP/1.1" 200 25804 "-" "Googlebot-Image/1.0"
199.188.205.55 - - [04/May/2025:02:07:33 -0400] "POST /wp-cron.php?doing_wp_cron=1746338853.9169499874114990234375 HTTP/1.1" 403 13 "-" "WordPress/6.8; https://keyfinancehomeloan.com.au"
157.55.39.6 - - [04/May/2025:02:07:27 -0400] "GET /shopdetail/23785494 HTTP/1.1" 404 18088 "-" "Mozilla/5.0 AppleWebKit/537.36 (KHTML, like Gecko; compatible; bingbot/2.0; +http://www.bing.com/bingbot.htm) Chrome/116.0.1938.76 Safari/537.36"
104.210.140.142 - - [04/May/2025:02:08:19 -0400] "GET /robots.txt HTTP/1.1" 200 139 "-" "Mozilla/5.0 (Macintosh; Intel Mac OS X 10_15_7) AppleWebKit/537.36 (KHTML, like Gecko) Chrome/131.0.0.0 Safari/537.36; compatible; OAI-SearchBot/1.0; +https://openai.com/searchbot"
199.188.205.55 - - [04/May/2025:02:11:36 -0400] "POST /wp-cron.php?doing_wp_cron=1746339096.1954500675201416015625 HTTP/1.1" 403 13 "-" "WordPress/6.8; https://keyfinancehomeloan.com.au"
52.167.144.205 - - [04/May/2025:02:11:33 -0400] "GET /shopdetail/175510494 HTTP/1.1" 404 18080 "-" "Mozilla/5.0 AppleWebKit/537.36 (KHTML, like Gecko; compatible; bingbot/2.0; +http://www.bing.com/bingbot.htm) Chrome/116.0.1938.76 Safari/537.36"
199.188.205.55 - - [04/May/2025:02:26:41 -0400] "POST /wp-cron.php?doing_wp_cron=1746340001.5442190170288085937500 HTTP/1.1" 403 13 "-" "WordPress/6.8; https://keyfinancehomeloan.com.au"
157.55.39.52 - - [04/May/2025:02:26:32 -0400] "GET /shopdetail/99768694 HTTP/1.1" 404 18089 "-" "Mozilla/5.0 AppleWebKit/537.36 (KHTML, like Gecko; compatible; bingbot/2.0; +http://www.bing.com/bingbot.htm) Chrome/116.0.1938.76 Safari/537.36"
199.188.205.55 - - [04/May/2025:02:29:13 -0400] "POST /wp-cron.php?doing_wp_cron=1746340153.7099471092224121093750 HTTP/1.1" 403 13 "-" "WordPress/6.8; https://keyfinancehomeloan.com.au"
40.77.167.8 - - [04/May/2025:02:29:07 -0400] "GET /shopdetail/179020694 HTTP/1.1" 404 18081 "-" "Mozilla/5.0 AppleWebKit/537.36 (KHTML, like Gecko; compatible; bingbot/2.0; +http://www.bing.com/bingbot.htm) Chrome/116.0.1938.76 Safari/537.36"
199.188.205.55 - - [04/May/2025:02:59:13 -0400] "POST /wp-cron.php?doing_wp_cron=1746341953.7322490215301513671875 HTTP/1.1" 403 13 "-" "WordPress/6.8; https://keyfinancehomeloan.com.au"
157.55.39.51 - - [04/May/2025:02:59:03 -0400] "GET /shopdetail/7951394 HTTP/1.1" 404 18080 "-" "Mozilla/5.0 AppleWebKit/537.36 (KHTML, like Gecko; compatible; bingbot/2.0; +http://www.bing.com/bingbot.htm) Chrome/116.0.1938.76 Safari/537.36"
199.188.205.55 - - [04/May/2025:03:10:29 -0400] "POST /wp-cron.php?doing_wp_cron=1746342628.9511220455169677734375 HTTP/1.1" 403 13 "-" "WordPress/6.8; https://keyfinancehomeloan.com.au"
207.46.13.17 - - [04/May/2025:03:10:15 -0400] "GET /shopdetail/5179394 HTTP/1.1" 404 18080 "-" "Mozilla/5.0 AppleWebKit/537.36 (KHTML, like Gecko; compatible; bingbot/2.0; +http://www.bing.com/bingbot.htm) Chrome/116.0.1938.76 Safari/537.36"
207.46.13.92 - - [04/May/2025:03:11:07 -0400] "GET /shopdetail/3325994 HTTP/1.1" 404 18078 "-" "Mozilla/5.0 AppleWebKit/537.36 (KHTML, like Gecko; compatible; bingbot/2.0; +http://www.bing.com/bingbot.htm) Chrome/116.0.1938.76 Safari/537.36"
199.188.205.55 - - [04/May/2025:03:16:57 -0400] "POST /wp-cron.php?doing_wp_cron=1746343017.5409181118011474609375 HTTP/1.1" 403 13 "-" "WordPress/6.8; https://keyfinancehomeloan.com.au"
207.46.13.17 - - [04/May/2025:03:16:25 -0400] "GET /shopdetail/27434094 HTTP/1.1" 404 18090 "-" "Mozilla/5.0 AppleWebKit/537.36 (KHTML, like Gecko; compatible; bingbot/2.0; +http://www.bing.com/bingbot.htm) Chrome/116.0.1938.76 Safari/537.36"
199.188.205.55 - - [04/May/2025:03:40:09 -0400] "POST /wp-cron.php?doing_wp_cron=1746344409.0531868934631347656250 HTTP/1.1" 403 13 "-" "WordPress/6.8; https://keyfinancehomeloan.com.au"
157.55.39.55 - - [04/May/2025:03:39:57 -0400] "GET /shopdetail/90569794 HTTP/1.1" 404 18089 "-" "Mozilla/5.0 AppleWebKit/537.36 (KHTML, like Gecko; compatible; bingbot/2.0; +http://www.bing.com/bingbot.htm) Chrome/116.0.1938.76 Safari/537.36"
199.188.205.55 - - [04/May/2025:04:00:15 -0400] "POST /wp-cron.php?doing_wp_cron=1746345615.0579099655151367187500 HTTP/1.1" 403 13 "-" "WordPress/6.8; https://keyfinancehomeloan.com.au"
157.55.39.63 - - [04/May/2025:04:00:03 -0400] "GET /shopdetail/89129294 HTTP/1.1" 404 18090 "-" "Mozilla/5.0 AppleWebKit/537.36 (KHTML, like Gecko; compatible; bingbot/2.0; +http://www.bing.com/bingbot.htm) Chrome/116.0.1938.76 Safari/537.36"
207.46.13.153 - - [04/May/2025:04:09:17 -0400] "GET /shopdetail/33984794 HTTP/1.1" 404 18088 "-" "Mozilla/5.0 AppleWebKit/537.36 (KHTML, like Gecko; compatible; bingbot/2.0; +http://www.bing.com/bingbot.htm) Chrome/116.0.1938.76 Safari/537.36"
199.188.205.55 - - [04/May/2025:04:24:43 -0400] "POST /wp-cron.php?doing_wp_cron=1746347083.3308460712432861328125 HTTP/1.1" 403 13 "-" "WordPress/6.8; https://keyfinancehomeloan.com.au"
207.46.13.107 - - [04/May/2025:04:24:32 -0400] "GET /toiawase HTTP/1.1" 404 18076 "-" "Mozilla/5.0 AppleWebKit/537.36 (KHTML, like Gecko; compatible; bingbot/2.0; +http://www.bing.com/bingbot.htm) Chrome/116.0.1938.76 Safari/537.36"
199.188.205.55 - - [04/May/2025:04:35:33 -0400] "POST /wp-cron.php?doing_wp_cron=1746347733.5139238834381103515625 HTTP/1.1" 403 13 "-" "WordPress/6.8; https://keyfinancehomeloan.com.au"
157.55.39.201 - - [04/May/2025:04:35:23 -0400] "GET /shopdetail/28047294 HTTP/1.1" 404 18090 "-" "Mozilla/5.0 AppleWebKit/537.36 (KHTML, like Gecko; compatible; bingbot/2.0; +http://www.bing.com/bingbot.htm) Chrome/116.0.1938.76 Safari/537.36"
199.188.205.55 - - [04/May/2025:04:37:36 -0400] "POST /wp-cron.php?doing_wp_cron=1746347856.2168300151824951171875 HTTP/1.1" 403 13 "-" "WordPress/6.8; https://keyfinancehomeloan.com.au"
157.55.39.204 - - [04/May/2025:04:37:26 -0400] "GET /shopdetail/159490094 HTTP/1.1" 404 18081 "-" "Mozilla/5.0 AppleWebKit/537.36 (KHTML, like Gecko; compatible; bingbot/2.0; +http://www.bing.com/bingbot.htm) Chrome/116.0.1938.76 Safari/537.36"
199.188.205.55 - - [04/May/2025:04:50:39 -0400] "POST /wp-cron.php?doing_wp_cron=1746348639.6825950145721435546875 HTTP/1.1" 403 13 "-" "WordPress/6.8; https://keyfinancehomeloan.com.au"
40.77.167.151 - - [04/May/2025:04:50:38 -0400] "GET /shopdetail/173466094 HTTP/1.1" 404 18081 "-" "Mozilla/5.0 AppleWebKit/537.36 (KHTML, like Gecko; compatible; bingbot/2.0; +http://www.bing.com/bingbot.htm) Chrome/116.0.1938.76 Safari/537.36"
40.77.167.151 - - [04/May/2025:04:50:40 -0400] "GET /shopdetail/173466094 HTTP/1.1" 404 18081 "-" "Mozilla/5.0 AppleWebKit/537.36 (KHTML, like Gecko; compatible; bingbot/2.0; +http://www.bing.com/bingbot.htm) Chrome/116.0.1938.76 Safari/537.36"
199.188.205.55 - - [04/May/2025:05:03:08 -0400] "POST /wp-cron.php?doing_wp_cron=1746349387.9423489570617675781250 HTTP/1.1" 403 13 "-" "WordPress/6.8; https://keyfinancehomeloan.com.au"
40.77.167.7 - - [04/May/2025:05:02:59 -0400] "GET /shopdetail/106986894 HTTP/1.1" 404 18083 "-" "Mozilla/5.0 AppleWebKit/537.36 (KHTML, like Gecko; compatible; bingbot/2.0; +http://www.bing.com/bingbot.htm) Chrome/116.0.1938.76 Safari/537.36"
199.188.205.55 - - [04/May/2025:05:08:20 -0400] "POST /wp-cron.php?doing_wp_cron=1746349700.6271350383758544921875 HTTP/1.1" 403 13 "-" "WordPress/6.8; https://keyfinancehomeloan.com.au"
207.46.13.124 - - [04/May/2025:05:08:06 -0400] "GET /shopdetail/102138794 HTTP/1.1" 404 18081 "-" "Mozilla/5.0 AppleWebKit/537.36 (KHTML, like Gecko; compatible; bingbot/2.0; +http://www.bing.com/bingbot.htm) Chrome/116.0.1938.76 Safari/537.36"
199.188.205.55 - - [04/May/2025:05:21:50 -0400] "POST /wp-cron.php?doing_wp_cron=1746350510.8016309738159179687500 HTTP/1.1" 403 13 "-" "WordPress/6.8; https://keyfinancehomeloan.com.au"
207.46.13.116 - - [04/May/2025:05:21:41 -0400] "GET /shopdetail/193005494 HTTP/1.1" 404 18080 "-" "Mozilla/5.0 AppleWebKit/537.36 (KHTML, like Gecko; compatible; bingbot/2.0; +http://www.bing.com/bingbot.htm) Chrome/116.0.1938.76 Safari/537.36"
40.77.167.144 - - [04/May/2025:05:26:42 -0400] "GET /shopdetail/125001694 HTTP/1.1" 508 829 "-" "Mozilla/5.0 AppleWebKit/537.36 (KHTML, like Gecko; compatible; bingbot/2.0; +http://www.bing.com/bingbot.htm) Chrome/116.0.1938.76 Safari/537.36"
199.188.205.55 - - [04/May/2025:05:27:36 -0400] "POST /wp-cron.php?doing_wp_cron=1746350856.7035360336303710937500 HTTP/1.1" 403 13 "-" "WordPress/6.8; https://keyfinancehomeloan.com.au"
207.46.13.111 - - [04/May/2025:05:27:30 -0400] "GET /shopdetail/3432494 HTTP/1.1" 404 18078 "-" "Mozilla/5.0 AppleWebKit/537.36 (KHTML, like Gecko; compatible; bingbot/2.0; +http://www.bing.com/bingbot.htm) Chrome/116.0.1938.76 Safari/537.36"
199.188.205.55 - - [04/May/2025:06:49:23 -0400] "POST /wp-cron.php?doing_wp_cron=1746355762.9636878967285156250000 HTTP/1.1" 403 13 "-" "WordPress/6.8; https://keyfinancehomeloan.com.au"
157.55.39.201 - - [04/May/2025:06:49:11 -0400] "GET /shopdetail/179561894 HTTP/1.1" 404 18081 "-" "Mozilla/5.0 AppleWebKit/537.36 (KHTML, like Gecko; compatible; bingbot/2.0; +http://www.bing.com/bingbot.htm) Chrome/116.0.1938.76 Safari/537.36"
44.240.165.31 - - [04/May/2025:07:39:00 -0400] "GET / HTTP/1.1" 200 28433 "-" "Mozilla/5.0 (Macintosh; Intel Mac OS X 10_15_7) AppleWebKit/537.36 (KHTML, like Gecko) Chrome/133.0.0.0 Safari/537.36"
199.188.205.55 - - [04/May/2025:07:45:21 -0400] "POST /wp-cron.php?doing_wp_cron=1746359121.2066628932952880859375 HTTP/1.1" 403 13 "-" "WordPress/6.8; https://keyfinancehomeloan.com.au"
157.55.39.202 - - [04/May/2025:07:45:10 -0400] "GET /shopdetail/186819694 HTTP/1.1" 404 18083 "-" "Mozilla/5.0 AppleWebKit/537.36 (KHTML, like Gecko; compatible; bingbot/2.0; +http://www.bing.com/bingbot.htm) Chrome/116.0.1938.76 Safari/537.36"
207.46.13.150 - - [04/May/2025:07:46:12 -0400] "GET /shopdetail/168504094 HTTP/1.1" 404 18081 "-" "Mozilla/5.0 AppleWebKit/537.36 (KHTML, like Gecko; compatible; bingbot/2.0; +http://www.bing.com/bingbot.htm) Chrome/116.0.1938.76 Safari/537.36"
199.188.205.55 - - [04/May/2025:07:46:46 -0400] "POST /wp-cron.php?doing_wp_cron=1746359206.8727080821990966796875 HTTP/1.1" 403 13 "-" "WordPress/6.8; https://keyfinancehomeloan.com.au"
40.77.167.77 - - [04/May/2025:07:46:46 -0400] "GET /boyslove.html HTTP/1.1" 404 18081 "-" "Mozilla/5.0 AppleWebKit/537.36 (KHTML, like Gecko; compatible; bingbot/2.0; +http://www.bing.com/bingbot.htm) Chrome/116.0.1938.76 Safari/537.36"
157.55.39.202 - - [04/May/2025:07:46:49 -0400] "GET /shopdetail/152719994 HTTP/1.1" 404 18081 "-" "Mozilla/5.0 AppleWebKit/537.36 (KHTML, like Gecko; compatible; bingbot/2.0; +http://www.bing.com/bingbot.htm) Chrome/116.0.1938.76 Safari/537.36"
199.188.205.55 - - [04/May/2025:07:50:59 -0400] "POST /wp-cron.php?doing_wp_cron=1746359459.8010709285736083984375 HTTP/1.1" 403 13 "-" "WordPress/6.8; https://keyfinancehomeloan.com.au"
207.46.13.150 - - [04/May/2025:07:50:52 -0400] "GET /shopdetail/128960094 HTTP/1.1" 404 18082 "-" "Mozilla/5.0 AppleWebKit/537.36 (KHTML, like Gecko; compatible; bingbot/2.0; +http://www.bing.com/bingbot.htm) Chrome/116.0.1938.76 Safari/537.36"
199.188.205.55 - - [04/May/2025:07:52:30 -0400] "POST /wp-cron.php?doing_wp_cron=1746359550.7356939315795898437500 HTTP/1.1" 403 13 "-" "WordPress/6.8; https://keyfinancehomeloan.com.au"
52.167.144.225 - - [04/May/2025:07:52:25 -0400] "GET /shopdetail/48632994 HTTP/1.1" 404 18088 "-" "Mozilla/5.0 AppleWebKit/537.36 (KHTML, like Gecko; compatible; bingbot/2.0; +http://www.bing.com/bingbot.htm) Chrome/116.0.1938.76 Safari/537.36"
199.188.205.55 - - [04/May/2025:08:00:36 -0400] "POST /wp-cron.php?doing_wp_cron=1746360036.1167449951171875000000 HTTP/1.1" 403 13 "-" "WordPress/6.8; https://keyfinancehomeloan.com.au"
157.55.39.16 - - [04/May/2025:08:00:24 -0400] "GET /shopdetail/90795594 HTTP/1.1" 404 18086 "-" "Mozilla/5.0 AppleWebKit/537.36 (KHTML, like Gecko; compatible; bingbot/2.0; +http://www.bing.com/bingbot.htm) Chrome/116.0.1938.76 Safari/537.36"
199.188.205.55 - - [04/May/2025:08:05:34 -0400] "POST /wp-cron.php?doing_wp_cron=1746360334.2942380905151367187500 HTTP/1.1" 403 13 "-" "WordPress/6.8; https://keyfinancehomeloan.com.au"
40.77.167.4 - - [04/May/2025:08:05:26 -0400] "GET /shopdetail/160343694 HTTP/1.1" 404 18094 "-" "Mozilla/5.0 AppleWebKit/537.36 (KHTML, like Gecko; compatible; bingbot/2.0; +http://www.bing.com/bingbot.htm) Chrome/116.0.1938.76 Safari/537.36"
199.188.205.55 - - [04/May/2025:08:14:25 -0400] "POST /wp-cron.php?doing_wp_cron=1746360864.9570329189300537109375 HTTP/1.1" 403 13 "-" "WordPress/6.8; https://keyfinancehomeloan.com.au"
199.188.205.55 - - [04/May/2025:08:14:25 -0400] "POST /wp-cron.php?doing_wp_cron=1746360864.9908299446105957031250 HTTP/1.1" 403 13 "-" "WordPress/6.8; https://keyfinancehomeloan.com.au"
40.77.167.36 - - [04/May/2025:08:14:17 -0400] "GET /shopdetail/100624494 HTTP/1.1" 404 18093 "-" "Mozilla/5.0 AppleWebKit/537.36 (KHTML, like Gecko; compatible; bingbot/2.0; +http://www.bing.com/bingbot.htm) Chrome/116.0.1938.76 Safari/537.36"
40.77.167.36 - - [04/May/2025:08:14:21 -0400] "GET /shopdetail/100624494 HTTP/1.1" 404 18093 "-" "Mozilla/5.0 AppleWebKit/537.36 (KHTML, like Gecko; compatible; bingbot/2.0; +http://www.bing.com/bingbot.htm) Chrome/116.0.1938.76 Safari/537.36"
199.188.205.55 - - [04/May/2025:08:28:57 -0400] "POST /wp-cron.php?doing_wp_cron=1746361737.1339139938354492187500 HTTP/1.1" 403 13 "-" "WordPress/6.8; https://keyfinancehomeloan.com.au"
40.77.167.22 - - [04/May/2025:08:28:49 -0400] "GET /shopdetail/211300594 HTTP/1.1" 404 18094 "-" "Mozilla/5.0 AppleWebKit/537.36 (KHTML, like Gecko; compatible; bingbot/2.0; +http://www.bing.com/bingbot.htm) Chrome/116.0.1938.76 Safari/537.36"
199.188.205.55 - - [04/May/2025:08:36:56 -0400] "POST /wp-cron.php?doing_wp_cron=1746362216.2644710540771484375000 HTTP/1.1" 403 13 "-" "WordPress/6.8; https://keyfinancehomeloan.com.au"
52.167.144.149 - - [04/May/2025:08:36:49 -0400] "GET /shopdetail/153135994 HTTP/1.1" 404 18093 "-" "Mozilla/5.0 AppleWebKit/537.36 (KHTML, like Gecko; compatible; bingbot/2.0; +http://www.bing.com/bingbot.htm) Chrome/116.0.1938.76 Safari/537.36"
199.188.205.55 - - [04/May/2025:08:49:34 -0400] "POST /wp-cron.php?doing_wp_cron=1746362974.4989299774169921875000 HTTP/1.1" 403 13 "-" "WordPress/6.8; https://keyfinancehomeloan.com.au"
207.46.13.150 - - [04/May/2025:08:49:23 -0400] "GET /shopdetail/13310094 HTTP/1.1" 404 18085 "-" "Mozilla/5.0 AppleWebKit/537.36 (KHTML, like Gecko; compatible; bingbot/2.0; +http://www.bing.com/bingbot.htm) Chrome/116.0.1938.76 Safari/537.36"
199.188.205.55 - - [04/May/2025:08:51:05 -0400] "POST /wp-cron.php?doing_wp_cron=1746363065.6398029327392578125000 HTTP/1.1" 403 13 "-" "WordPress/6.8; https://keyfinancehomeloan.com.au"
157.55.39.56 - - [04/May/2025:08:50:58 -0400] "GET /shopdetail/61311894 HTTP/1.1" 404 18086 "-" "Mozilla/5.0 AppleWebKit/537.36 (KHTML, like Gecko; compatible; bingbot/2.0; +http://www.bing.com/bingbot.htm) Chrome/116.0.1938.76 Safari/537.36"
199.188.205.55 - - [04/May/2025:09:06:06 -0400] "POST /wp-cron.php?doing_wp_cron=1746363966.9359269142150878906250 HTTP/1.1" 403 13 "-" "WordPress/6.8; https://keyfinancehomeloan.com.au"
52.167.144.219 - - [04/May/2025:09:06:01 -0400] "GET /shopdetail/201518894 HTTP/1.1" 404 18095 "-" "Mozilla/5.0 AppleWebKit/537.36 (KHTML, like Gecko; compatible; bingbot/2.0; +http://www.bing.com/bingbot.htm) Chrome/116.0.1938.76 Safari/537.36"
52.167.144.219 - - [04/May/2025:09:06:44 -0400] "GET /shopdetail/153952794 HTTP/1.1" 404 18093 "-" "Mozilla/5.0 AppleWebKit/537.36 (KHTML, like Gecko; compatible; bingbot/2.0; +http://www.bing.com/bingbot.htm) Chrome/116.0.1938.76 Safari/537.36"
199.188.205.55 - - [04/May/2025:09:10:31 -0400] "POST /wp-cron.php?doing_wp_cron=1746364231.6303749084472656250000 HTTP/1.1" 403 13 "-" "WordPress/6.8; https://keyfinancehomeloan.com.au"
52.167.144.219 - - [04/May/2025:09:10:25 -0400] "GET /shopdetail/3139594 HTTP/1.1" 404 18080 "-" "Mozilla/5.0 AppleWebKit/537.36 (KHTML, like Gecko; compatible; bingbot/2.0; +http://www.bing.com/bingbot.htm) Chrome/116.0.1938.76 Safari/537.36"
199.188.205.55 - - [04/May/2025:09:14:08 -0400] "POST /wp-cron.php?doing_wp_cron=1746364448.8427510261535644531250 HTTP/1.1" 403 13 "-" "WordPress/6.8; https://keyfinancehomeloan.com.au"
207.46.13.116 - - [04/May/2025:09:14:02 -0400] "GET /shopdetail/140514794 HTTP/1.1" 404 18094 "-" "Mozilla/5.0 AppleWebKit/537.36 (KHTML, like Gecko; compatible; bingbot/2.0; +http://www.bing.com/bingbot.htm) Chrome/116.0.1938.76 Safari/537.36"
199.188.205.55 - - [04/May/2025:09:17:08 -0400] "POST /wp-cron.php?doing_wp_cron=1746364628.6624810695648193359375 HTTP/1.1" 403 13 "-" "WordPress/6.8; https://keyfinancehomeloan.com.au"
207.46.13.116 - - [04/May/2025:09:17:03 -0400] "GET /shopdetail/85370494 HTTP/1.1" 404 18086 "-" "Mozilla/5.0 AppleWebKit/537.36 (KHTML, like Gecko; compatible; bingbot/2.0; +http://www.bing.com/bingbot.htm) Chrome/116.0.1938.76 Safari/537.36"
199.188.205.55 - - [04/May/2025:09:19:59 -0400] "POST /wp-cron.php?doing_wp_cron=1746364799.0769670009613037109375 HTTP/1.1" 403 13 "-" "WordPress/6.8; https://keyfinancehomeloan.com.au"
52.167.144.185 - - [04/May/2025:09:19:54 -0400] "GET /shopdetail/115325094 HTTP/1.1" 404 18093 "-" "Mozilla/5.0 AppleWebKit/537.36 (KHTML, like Gecko; compatible; bingbot/2.0; +http://www.bing.com/bingbot.htm) Chrome/116.0.1938.76 Safari/537.36"
52.167.144.185 - - [04/May/2025:09:20:03 -0400] "GET /shopdetail/158618694 HTTP/1.1" 404 18093 "-" "Mozilla/5.0 AppleWebKit/537.36 (KHTML, like Gecko; compatible; bingbot/2.0; +http://www.bing.com/bingbot.htm) Chrome/116.0.1938.76 Safari/537.36"
34.147.28.155 - - [04/May/2025:09:23:12 -0400] "GET / HTTP/1.1" 200 28433 "-" "Scrapy/2.12.0 (+https://scrapy.org)"
199.188.205.55 - - [04/May/2025:09:23:58 -0400] "POST /wp-cron.php?doing_wp_cron=1746365038.1280570030212402343750 HTTP/1.1" 403 13 "-" "WordPress/6.8; https://keyfinancehomeloan.com.au"
34.141.176.7 - - [04/May/2025:09:23:51 -0400] "GET / HTTP/1.1" 301 0 "-" "Scrapy/2.12.0 (+https://scrapy.org)"
34.141.176.7 - - [04/May/2025:09:23:58 -0400] "GET / HTTP/1.1" 200 28433 "-" "Scrapy/2.12.0 (+https://scrapy.org)"
207.46.13.17 - - [04/May/2025:09:24:07 -0400] "GET /shopdetail/188259894 HTTP/1.1" 404 18095 "-" "Mozilla/5.0 AppleWebKit/537.36 (KHTML, like Gecko; compatible; bingbot/2.0; +http://www.bing.com/bingbot.htm) Chrome/116.0.1938.76 Safari/537.36"
199.188.205.55 - - [04/May/2025:09:46:51 -0400] "POST /wp-cron.php?doing_wp_cron=1746366411.7716739177703857421875 HTTP/1.1" 403 13 "-" "WordPress/6.8; https://keyfinancehomeloan.com.au"
52.167.144.199 - - [04/May/2025:09:46:48 -0400] "GET /shopdetail/64803494 HTTP/1.1" 404 18086 "-" "Mozilla/5.0 AppleWebKit/537.36 (KHTML, like Gecko; compatible; bingbot/2.0; +http://www.bing.com/bingbot.htm) Chrome/116.0.1938.76 Safari/537.36"
199.188.205.55 - - [04/May/2025:09:53:22 -0400] "POST /wp-cron.php?doing_wp_cron=1746366801.9845590591430664062500 HTTP/1.1" 403 13 "-" "WordPress/6.8; https://keyfinancehomeloan.com.au"
207.46.13.111 - - [04/May/2025:09:53:15 -0400] "GET /shopdetail/163719894 HTTP/1.1" 404 18095 "-" "Mozilla/5.0 AppleWebKit/537.36 (KHTML, like Gecko; compatible; bingbot/2.0; +http://www.bing.com/bingbot.htm) Chrome/116.0.1938.76 Safari/537.36"
207.46.13.111 - - [04/May/2025:09:53:46 -0400] "GET /shopdetail/99426494 HTTP/1.1" 404 18088 "-" "Mozilla/5.0 AppleWebKit/537.36 (KHTML, like Gecko; compatible; bingbot/2.0; +http://www.bing.com/bingbot.htm) Chrome/116.0.1938.76 Safari/537.36"
199.188.205.55 - - [04/May/2025:09:58:52 -0400] "POST /wp-cron.php?doing_wp_cron=1746367132.5146899223327636718750 HTTP/1.1" 403 13 "-" "WordPress/6.8; https://keyfinancehomeloan.com.au"
157.55.39.201 - - [04/May/2025:09:58:46 -0400] "GET /shopdetail/184912794 HTTP/1.1" 404 18095 "-" "Mozilla/5.0 AppleWebKit/537.36 (KHTML, like Gecko; compatible; bingbot/2.0; +http://www.bing.com/bingbot.htm) Chrome/116.0.1938.76 Safari/537.36"
199.188.205.55 - - [04/May/2025:10:02:11 -0400] "POST /wp-cron.php?doing_wp_cron=1746367331.1011080741882324218750 HTTP/1.1" 403 13 "-" "WordPress/6.8; https://keyfinancehomeloan.com.au"
40.77.167.13 - - [04/May/2025:10:02:07 -0400] "GET /shopdetail/104367894 HTTP/1.1" 404 18093 "-" "Mozilla/5.0 AppleWebKit/537.36 (KHTML, like Gecko; compatible; bingbot/2.0; +http://www.bing.com/bingbot.htm) Chrome/116.0.1938.76 Safari/537.36"
199.188.205.55 - - [04/May/2025:10:09:21 -0400] "POST /wp-cron.php?doing_wp_cron=1746367761.1379160881042480468750 HTTP/1.1" 403 13 "-" "WordPress/6.8; https://keyfinancehomeloan.com.au"
157.55.39.193 - - [04/May/2025:10:09:13 -0400] "GET /shopdetail/44656694 HTTP/1.1" 404 18088 "-" "Mozilla/5.0 AppleWebKit/537.36 (KHTML, like Gecko; compatible; bingbot/2.0; +http://www.bing.com/bingbot.htm) Chrome/116.0.1938.76 Safari/537.36"
199.188.205.55 - - [04/May/2025:10:11:56 -0400] "POST /wp-cron.php?doing_wp_cron=1746367916.8186240196228027343750 HTTP/1.1" 403 13 "-" "WordPress/6.8; https://keyfinancehomeloan.com.au"
161.123.107.191 - - [04/May/2025:10:11:53 -0400] "GET / HTTP/1.1" 200 24054 "-" "Mozilla/5.0 (iPhone; CPU iPhone OS 16_1_2 like Mac OS X) AppleWebKit/605.1.15 (KHTML, like Gecko) Version/16.1 Mobile/15E148 Safari/604.1"
161.123.107.191 - - [04/May/2025:10:11:58 -0400] "GET /wp-content/plugins/contact-form-7/includes/css/styles.css?ver=6.0.6 HTTP/1.1" 200 890 "https://keyfinancehomeloan.com.au/" "Mozilla/5.0 (iPhone; CPU iPhone OS 16_1_2 like Mac OS X) AppleWebKit/605.1.15 (KHTML, like Gecko) Version/16.1 Mobile/15E148 Safari/604.1"
161.123.107.191 - - [04/May/2025:10:11:58 -0400] "GET /wp-content/plugins/woocommerce/assets/css/woocommerce-layout.css?ver=9.8.3 HTTP/1.1" 200 3160 "https://keyfinancehomeloan.com.au/" "Mozilla/5.0 (iPhone; CPU iPhone OS 16_1_2 like Mac OS X) AppleWebKit/605.1.15 (KHTML, like Gecko) Version/16.1 Mobile/15E148 Safari/604.1"
161.123.107.191 - - [04/May/2025:10:11:58 -0400] "GET /wp-content/plugins/simply-schedule-appointments/assets/css/ssa-styles.css?ver=1.6.8.22 HTTP/1.1" 200 189 "https://keyfinancehomeloan.com.au/" "Mozilla/5.0 (iPhone; CPU iPhone OS 16_1_2 like Mac OS X) AppleWebKit/605.1.15 (KHTML, like Gecko) Version/16.1 Mobile/15E148 Safari/604.1"
161.123.107.191 - - [04/May/2025:10:11:58 -0400] "GET /wp-content/plugins/simply-schedule-appointments/assets/css/upcoming-appointments.css?ver=1.6.8.22 HTTP/1.1" 200 727 "https://keyfinancehomeloan.com.au/" "Mozilla/5.0 (iPhone; CPU iPhone OS 16_1_2 like Mac OS X) AppleWebKit/605.1.15 (KHTML, like Gecko) Version/16.1 Mobile/15E148 Safari/604.1"
161.123.107.191 - - [04/May/2025:10:11:58 -0400] "GET /wp-content/plugins/woocommerce/assets/css/woocommerce-smallscreen.css?ver=9.8.3 HTTP/1.1" 200 1165 "https://keyfinancehomeloan.com.au/" "Mozilla/5.0 (iPhone; CPU iPhone OS 16_1_2 like Mac OS X) AppleWebKit/605.1.15 (KHTML, like Gecko) Version/16.1 Mobile/15E148 Safari/604.1"
161.123.107.191 - - [04/May/2025:10:11:58 -0400] "GET /wp-content/plugins/woocommerce/assets/css/brands.css?ver=9.8.3 HTTP/1.1" 200 579 "https://keyfinancehomeloan.com.au/" "Mozilla/5.0 (iPhone; CPU iPhone OS 16_1_2 like Mac OS X) AppleWebKit/605.1.15 (KHTML, like Gecko) Version/16.1 Mobile/15E148 Safari/604.1"
161.123.107.191 - - [04/May/2025:10:11:58 -0400] "GET /wp-content/plugins/yith-woocommerce-quick-view/assets/css/yith-quick-view.css?ver=2.4.0 HTTP/1.1" 200 1870 "https://keyfinancehomeloan.com.au/" "Mozilla/5.0 (iPhone; CPU iPhone OS 16_1_2 like Mac OS X) AppleWebKit/605.1.15 (KHTML, like Gecko) Version/16.1 Mobile/15E148 Safari/604.1"
161.123.107.191 - - [04/May/2025:10:11:58 -0400] "GET /wp-content/plugins/ti-woocommerce-wishlist/assets/css/webfont.min.css?ver=2.9.2 HTTP/1.1" 200 785 "https://keyfinancehomeloan.com.au/" "Mozilla/5.0 (iPhone; CPU iPhone OS 16_1_2 like Mac OS X) AppleWebKit/605.1.15 (KHTML, like Gecko) Version/16.1 Mobile/15E148 Safari/604.1"
161.123.107.191 - - [04/May/2025:10:11:58 -0400] "GET /wp-content/themes/keyfin/assets/css/slicknav.min.css?ver=1.0.10 HTTP/1.1" 200 688 "https://keyfinancehomeloan.com.au/" "Mozilla/5.0 (iPhone; CPU iPhone OS 16_1_2 like Mac OS X) AppleWebKit/605.1.15 (KHTML, like Gecko) Version/16.1 Mobile/15E148 Safari/604.1"
161.123.107.191 - - [04/May/2025:10:11:58 -0400] "GET /wp-content/themes/keyfin/assets/css/slick-slider.css?ver=1.0.0 HTTP/1.1" 200 483 "https://keyfinancehomeloan.com.au/" "Mozilla/5.0 (iPhone; CPU iPhone OS 16_1_2 like Mac OS X) AppleWebKit/605.1.15 (KHTML, like Gecko) Version/16.1 Mobile/15E148 Safari/604.1"
161.123.107.191 - - [04/May/2025:10:11:58 -0400] "GET /wp-content/themes/keyfin/style.css?ver=1.1.3 HTTP/1.1" 200 234 "https://keyfinancehomeloan.com.au/" "Mozilla/5.0 (iPhone; CPU iPhone OS 16_1_2 like Mac OS X) AppleWebKit/605.1.15 (KHTML, like Gecko) Version/16.1 Mobile/15E148 Safari/604.1"
161.123.107.191 - - [04/May/2025:10:11:58 -0400] "GET /wp-content/themes/keyfin/assets/css/magnific-popup.css?ver=1.1.0 HTTP/1.1" 200 1780 "https://keyfinancehomeloan.com.au/" "Mozilla/5.0 (iPhone; CPU iPhone OS 16_1_2 like Mac OS X) AppleWebKit/605.1.15 (KHTML, like Gecko) Version/16.1 Mobile/15E148 Safari/604.1"
161.123.107.191 - - [04/May/2025:10:11:58 -0400] "GET /wp-content/plugins/themedraft-core/elementor-widgets/assets/fonts/flaticon.css?ver=https://keyfinancehomeloan.com.au/wp-content/plugins/themedraft-core/elementor-widgets/assets/ HTTP/1.1" 200 2157 "https://keyfinancehomeloan.com.au/" "Mozilla/5.0 (iPhone; CPU iPhone OS 16_1_2 like Mac OS X) AppleWebKit/605.1.15 (KHTML, like Gecko) Version/16.1 Mobile/15E148 Safari/604.1"
161.123.107.191 - - [04/May/2025:10:11:58 -0400] "GET /wp-content/themes/keyfin/assets/css/inline-style.css?ver=1.1.3 HTTP/1.1" 200 0 "https://keyfinancehomeloan.com.au/" "Mozilla/5.0 (iPhone; CPU iPhone OS 16_1_2 like Mac OS X) AppleWebKit/605.1.15 (KHTML, like Gecko) Version/16.1 Mobile/15E148 Safari/604.1"
161.123.107.191 - - [04/May/2025:10:11:58 -0400] "GET /wp-content/uploads/elementor/css/post-29.css?ver=1721126624 HTTP/1.1" 200 313 "https://keyfinancehomeloan.com.au/" "Mozilla/5.0 (iPhone; CPU iPhone OS 16_1_2 like Mac OS X) AppleWebKit/605.1.15 (KHTML, like Gecko) Version/16.1 Mobile/15E148 Safari/604.1"
161.123.107.191 - - [04/May/2025:10:11:58 -0400] "GET /wp-content/plugins/woocommerce/assets/css/woocommerce.css?ver=9.8.3 HTTP/1.1" 200 10163 "https://keyfinancehomeloan.com.au/" "Mozilla/5.0 (iPhone; CPU iPhone OS 16_1_2 like Mac OS X) AppleWebKit/605.1.15 (KHTML, like Gecko) Version/16.1 Mobile/15E148 Safari/604.1"
161.123.107.191 - - [04/May/2025:10:11:58 -0400] "GET /wp-content/plugins/ti-woocommerce-wishlist/assets/css/public.min.css?ver=2.9.2 HTTP/1.1" 200 5295 "https://keyfinancehomeloan.com.au/" "Mozilla/5.0 (iPhone; CPU iPhone OS 16_1_2 like Mac OS X) AppleWebKit/605.1.15 (KHTML, like Gecko) Version/16.1 Mobile/15E148 Safari/604.1"
161.123.107.191 - - [04/May/2025:10:11:58 -0400] "GET /wp-content/plugins/themedraft-core/elementor-widgets/assets/fonts/flaticon.css?ver=1.0.0 HTTP/1.1" 200 2157 "https://keyfinancehomeloan.com.au/" "Mozilla/5.0 (iPhone; CPU iPhone OS 16_1_2 like Mac OS X) AppleWebKit/605.1.15 (KHTML, like Gecko) Version/16.1 Mobile/15E148 Safari/604.1"
161.123.107.191 - - [04/May/2025:10:11:58 -0400] "GET /wp-content/themes/keyfin/assets/css/fontawesome.min.css?ver=5.13.0 HTTP/1.1" 200 12163 "https://keyfinancehomeloan.com.au/" "Mozilla/5.0 (iPhone; CPU iPhone OS 16_1_2 like Mac OS X) AppleWebKit/605.1.15 (KHTML, like Gecko) Version/16.1 Mobile/15E148 Safari/604.1"
161.123.107.191 - - [04/May/2025:10:11:58 -0400] "GET /wp-content/themes/keyfin/assets/css/custom-el-widget.css?ver=1.1.3 HTTP/1.1" 200 5451 "https://keyfinancehomeloan.com.au/" "Mozilla/5.0 (iPhone; CPU iPhone OS 16_1_2 like Mac OS X) AppleWebKit/605.1.15 (KHTML, like Gecko) Version/16.1 Mobile/15E148 Safari/604.1"
161.123.107.191 - - [04/May/2025:10:11:58 -0400] "GET /wp-content/themes/keyfin/assets/css/main.css?ver=1.1.3 HTTP/1.1" 200 14607 "https://keyfinancehomeloan.com.au/" "Mozilla/5.0 (iPhone; CPU iPhone OS 16_1_2 like Mac OS X) AppleWebKit/605.1.15 (KHTML, like Gecko) Version/16.1 Mobile/15E148 Safari/604.1"
161.123.107.191 - - [04/May/2025:10:11:58 -0400] "GET /wp-content/themes/keyfin/assets/css/uikit.min.css?ver=3.1.9 HTTP/1.1" 200 25852 "https://keyfinancehomeloan.com.au/" "Mozilla/5.0 (iPhone; CPU iPhone OS 16_1_2 like Mac OS X) AppleWebKit/605.1.15 (KHTML, like Gecko) Version/16.1 Mobile/15E148 Safari/604.1"
161.123.107.191 - - [04/May/2025:10:11:58 -0400] "GET /wp-content/themes/keyfin/assets/css/bootstrap.min.css?ver=4.4.1 HTTP/1.1" 200 21341 "https://keyfinancehomeloan.com.au/" "Mozilla/5.0 (iPhone; CPU iPhone OS 16_1_2 like Mac OS X) AppleWebKit/605.1.15 (KHTML, like Gecko) Version/16.1 Mobile/15E148 Safari/604.1"
161.123.107.191 - - [04/May/2025:10:11:58 -0400] "GET /wp-content/plugins/chaty/css/chaty-front.min.css?ver=3.3.91721214134 HTTP/1.1" 200 6388 "https://keyfinancehomeloan.com.au/" "Mozilla/5.0 (iPhone; CPU iPhone OS 16_1_2 like Mac OS X) AppleWebKit/605.1.15 (KHTML, like Gecko) Version/16.1 Mobile/15E148 Safari/604.1"
161.123.107.191 - - [04/May/2025:10:11:58 -0400] "GET /wp-content/themes/keyfin/assets/css/woocommerce.css?ver=1.0.0 HTTP/1.1" 200 7141 "https://keyfinancehomeloan.com.au/" "Mozilla/5.0 (iPhone; CPU iPhone OS 16_1_2 like Mac OS X) AppleWebKit/605.1.15 (KHTML, like Gecko) Version/16.1 Mobile/15E148 Safari/604.1"
161.123.107.191 - - [04/May/2025:10:11:58 -0400] "GET /wp-content/plugins/elementor/assets/css/frontend.min.css?ver=3.28.4 HTTP/1.1" 200 6453 "https://keyfinancehomeloan.com.au/" "Mozilla/5.0 (iPhone; CPU iPhone OS 16_1_2 like Mac OS X) AppleWebKit/605.1.15 (KHTML, like Gecko) Version/16.1 Mobile/15E148 Safari/604.1"
161.123.107.191 - - [04/May/2025:10:11:58 -0400] "GET /wp-content/uploads/elementor/google-fonts/css/roboto.css?ver=1742282740 HTTP/1.1" 200 1881 "https://keyfinancehomeloan.com.au/" "Mozilla/5.0 (iPhone; CPU iPhone OS 16_1_2 like Mac OS X) AppleWebKit/605.1.15 (KHTML, like Gecko) Version/16.1 Mobile/15E148 Safari/604.1"
161.123.107.191 - - [04/May/2025:10:11:58 -0400] "GET /wp-content/uploads/elementor/css/post-96.css?ver=1724147828 HTTP/1.1" 200 1034 "https://keyfinancehomeloan.com.au/" "Mozilla/5.0 (iPhone; CPU iPhone OS 16_1_2 like Mac OS X) AppleWebKit/605.1.15 (KHTML, like Gecko) Version/16.1 Mobile/15E148 Safari/604.1"
161.123.107.191 - - [04/May/2025:10:11:58 -0400] "GET /wp-content/plugins/ti-woocommerce-wishlist/assets/fonts/tinvwl-webfont.woff2?ver=xu2uyi HTTP/1.1" 200 4404 "https://keyfinancehomeloan.com.au/" "Mozilla/5.0 (iPhone; CPU iPhone OS 16_1_2 like Mac OS X) AppleWebKit/605.1.15 (KHTML, like Gecko) Version/16.1 Mobile/15E148 Safari/604.1"
161.123.107.191 - - [04/May/2025:10:11:58 -0400] "GET /wp-content/uploads/elementor/google-fonts/css/robotoslab.css?ver=1742282746 HTTP/1.1" 200 718 "https://keyfinancehomeloan.com.au/" "Mozilla/5.0 (iPhone; CPU iPhone OS 16_1_2 like Mac OS X) AppleWebKit/605.1.15 (KHTML, like Gecko) Version/16.1 Mobile/15E148 Safari/604.1"
161.123.107.191 - - [04/May/2025:10:11:58 -0400] "GET /wp-content/plugins/woocommerce/assets/js/jquery-blockui/jquery.blockUI.min.js?ver=2.7.0-wc.9.8.3 HTTP/1.1" 200 3277 "https://keyfinancehomeloan.com.au/" "Mozilla/5.0 (iPhone; CPU iPhone OS 16_1_2 like Mac OS X) AppleWebKit/605.1.15 (KHTML, like Gecko) Version/16.1 Mobile/15E148 Safari/604.1"
161.123.107.191 - - [04/May/2025:10:11:58 -0400] "GET /wp-content/plugins/woocommerce/assets/js/js-cookie/js.cookie.min.js?ver=2.1.4-wc.9.8.3 HTTP/1.1" 200 760 "https://keyfinancehomeloan.com.au/" "Mozilla/5.0 (iPhone; CPU iPhone OS 16_1_2 like Mac OS X) AppleWebKit/605.1.15 (KHTML, like Gecko) Version/16.1 Mobile/15E148 Safari/604.1"
161.123.107.191 - - [04/May/2025:10:11:58 -0400] "GET /wp-content/uploads/2024/07/KFHL-removebg-preview.png HTTP/1.1" 200 87443 "https://keyfinancehomeloan.com.au/" "Mozilla/5.0 (iPhone; CPU iPhone OS 16_1_2 like Mac OS X) AppleWebKit/605.1.15 (KHTML, like Gecko) Version/16.1 Mobile/15E148 Safari/604.1"
