40.77.167.33 - - [28/Apr/2025:06:19:44 -0400] "GET /shopdetail/193804994 HTTP/1.1" 404 18069 "-" "Mozilla/5.0 AppleWebKit/537.36 (KHTML, like Gecko; compatible; bingbot/2.0; +http://www.bing.com/bingbot.htm) Chrome/116.0.1938.76 Safari/537.36"
199.188.205.55 - - [28/Apr/2025:06:30:20 -0400] "POST /wp-cron.php?doing_wp_cron=1745836219.4343791007995605468750 HTTP/1.1" 403 0 "-" "WordPress/6.8; https://keyfinancehomeloan.com.au"
207.46.13.155 - - [28/Apr/2025:06:29:58 -0400] "GET /shopdetail/188772494 HTTP/1.1" 404 18069 "-" "Mozilla/5.0 AppleWebKit/537.36 (KHTML, like Gecko; compatible; bingbot/2.0; +http://www.bing.com/bingbot.htm) Chrome/116.0.1938.76 Safari/537.36"
199.188.205.55 - - [28/Apr/2025:06:32:12 -0400] "POST /wp-cron.php?doing_wp_cron=1745836331.5799689292907714843750 HTTP/1.1" 403 13 "-" "WordPress/6.8; https://keyfinancehomeloan.com.au"
52.167.144.190 - - [28/Apr/2025:06:32:06 -0400] "GET /loan-calculator/ HTTP/1.1" 200 19801 "-" "Mozilla/5.0 AppleWebKit/537.36 (KHTML, like Gecko; compatible; bingbot/2.0; +http://www.bing.com/bingbot.htm) Chrome/116.0.1938.76 Safari/537.36"
199.188.205.55 - - [28/Apr/2025:06:33:18 -0400] "POST /wp-cron.php?doing_wp_cron=1745836398.7838640213012695312500 HTTP/1.1" 403 13 "-" "WordPress/6.8; https://keyfinancehomeloan.com.au"
207.46.13.155 - - [28/Apr/2025:06:33:16 -0400] "GET /shopdetail/48926794 HTTP/1.1" 404 18062 "-" "Mozilla/5.0 AppleWebKit/537.36 (KHTML, like Gecko; compatible; bingbot/2.0; +http://www.bing.com/bingbot.htm) Chrome/116.0.1938.76 Safari/537.36"
199.188.205.55 - - [28/Apr/2025:06:43:42 -0400] "POST /wp-cron.php?doing_wp_cron=1745837022.1116058826446533203125 HTTP/1.1" 403 13 "-" "WordPress/6.8; https://keyfinancehomeloan.com.au"
52.167.144.232 - - [28/Apr/2025:06:43:27 -0400] "GET /shopdetail/206243794 HTTP/1.1" 404 18069 "-" "Mozilla/5.0 AppleWebKit/537.36 (KHTML, like Gecko; compatible; bingbot/2.0; +http://www.bing.com/bingbot.htm) Chrome/116.0.1938.76 Safari/537.36"
199.188.205.55 - - [28/Apr/2025:06:48:21 -0400] "POST /wp-cron.php?doing_wp_cron=1745837301.5068840980529785156250 HTTP/1.1" 403 13 "-" "WordPress/6.8; https://keyfinancehomeloan.com.au"
52.167.144.232 - - [28/Apr/2025:06:48:07 -0400] "GET /shopdetail/100593894 HTTP/1.1" 404 18069 "-" "Mozilla/5.0 AppleWebKit/537.36 (KHTML, like Gecko; compatible; bingbot/2.0; +http://www.bing.com/bingbot.htm) Chrome/116.0.1938.76 Safari/537.36"
199.188.205.55 - - [28/Apr/2025:06:58:47 -0400] "POST /wp-cron.php?doing_wp_cron=1745837927.8150880336761474609375 HTTP/1.1" 403 13 "-" "WordPress/6.8; https://keyfinancehomeloan.com.au"
52.167.144.161 - - [28/Apr/2025:06:58:32 -0400] "GET /shopdetail/69474694 HTTP/1.1" 404 18062 "-" "Mozilla/5.0 AppleWebKit/537.36 (KHTML, like Gecko; compatible; bingbot/2.0; +http://www.bing.com/bingbot.htm) Chrome/116.0.1938.76 Safari/537.36"
199.188.205.55 - - [28/Apr/2025:07:04:25 -0400] "POST /wp-cron.php?doing_wp_cron=1745838264.7865090370178222656250 HTTP/1.1" 403 13 "-" "WordPress/6.8; https://keyfinancehomeloan.com.au"
199.188.205.55 - - [28/Apr/2025:07:04:25 -0400] "POST /wp-cron.php?doing_wp_cron=1745838264.8760309219360351562500 HTTP/1.1" 403 13 "-" "WordPress/6.8; https://keyfinancehomeloan.com.au"
40.77.167.158 - - [28/Apr/2025:07:04:08 -0400] "GET /shopdetail/22782794 HTTP/1.1" 404 18060 "-" "Mozilla/5.0 AppleWebKit/537.36 (KHTML, like Gecko; compatible; bingbot/2.0; +http://www.bing.com/bingbot.htm) Chrome/116.0.1938.76 Safari/537.36"
157.55.39.55 - - [28/Apr/2025:07:04:19 -0400] "GET /shopdetail/21665094 HTTP/1.1" 404 18060 "-" "Mozilla/5.0 AppleWebKit/537.36 (KHTML, like Gecko; compatible; bingbot/2.0; +http://www.bing.com/bingbot.htm) Chrome/116.0.1938.76 Safari/537.36"
199.188.205.55 - - [28/Apr/2025:07:09:07 -0400] "POST /wp-cron.php?doing_wp_cron=1745838547.2518489360809326171875 HTTP/1.1" 403 13 "-" "WordPress/6.8; https://keyfinancehomeloan.com.au"
52.167.144.168 - - [28/Apr/2025:07:08:51 -0400] "GET /shopdetail/190310894 HTTP/1.1" 404 18070 "-" "Mozilla/5.0 AppleWebKit/537.36 (KHTML, like Gecko; compatible; bingbot/2.0; +http://www.bing.com/bingbot.htm) Chrome/116.0.1938.76 Safari/537.36"
199.188.205.55 - - [28/Apr/2025:07:12:25 -0400] "POST /wp-cron.php?doing_wp_cron=1745838744.9295010566711425781250 HTTP/1.1" 403 13 "-" "WordPress/6.8; https://keyfinancehomeloan.com.au"
40.77.167.158 - - [28/Apr/2025:07:11:50 -0400] "GET /shopdetail/118729194 HTTP/1.1" 404 18069 "-" "Mozilla/5.0 AppleWebKit/537.36 (KHTML, like Gecko; compatible; bingbot/2.0; +http://www.bing.com/bingbot.htm) Chrome/116.0.1938.76 Safari/537.36"
199.188.205.55 - - [28/Apr/2025:07:26:29 -0400] "POST /wp-cron.php?doing_wp_cron=1745839586.3010070323944091796875 HTTP/1.1" 200 0 "-" "WordPress/6.8; https://keyfinancehomeloan.com.au"
207.46.13.127 - - [28/Apr/2025:07:26:05 -0400] "GET /shopdetail/172114094 HTTP/1.1" 404 18071 "-" "Mozilla/5.0 AppleWebKit/537.36 (KHTML, like Gecko; compatible; bingbot/2.0; +http://www.bing.com/bingbot.htm) Chrome/116.0.1938.76 Safari/537.36"
199.188.205.55 - - [28/Apr/2025:07:32:27 -0400] "POST /wp-cron.php?doing_wp_cron=1745839947.0194690227508544921875 HTTP/1.1" 403 13 "-" "WordPress/6.8; https://keyfinancehomeloan.com.au"
52.167.144.221 - - [28/Apr/2025:07:32:11 -0400] "GET /shopdetail/47931894 HTTP/1.1" 404 18060 "-" "Mozilla/5.0 AppleWebKit/537.36 (KHTML, like Gecko; compatible; bingbot/2.0; +http://www.bing.com/bingbot.htm) Chrome/116.0.1938.76 Safari/537.36"
199.188.205.55 - - [28/Apr/2025:07:41:09 -0400] "POST /wp-cron.php?doing_wp_cron=1745840469.6527819633483886718750 HTTP/1.1" 403 13 "-" "WordPress/6.8; https://keyfinancehomeloan.com.au"
40.77.167.59 - - [28/Apr/2025:07:40:55 -0400] "GET /shopdetail/60201594 HTTP/1.1" 404 18062 "-" "Mozilla/5.0 AppleWebKit/537.36 (KHTML, like Gecko; compatible; bingbot/2.0; +http://www.bing.com/bingbot.htm) Chrome/116.0.1938.76 Safari/537.36"
199.188.205.55 - - [28/Apr/2025:07:45:56 -0400] "POST /wp-cron.php?doing_wp_cron=1745840756.2762989997863769531250 HTTP/1.1" 403 13 "-" "WordPress/6.8; https://keyfinancehomeloan.com.au"
40.77.167.64 - - [28/Apr/2025:07:45:43 -0400] "GET /shopdetail/192819794 HTTP/1.1" 404 18071 "-" "Mozilla/5.0 AppleWebKit/537.36 (KHTML, like Gecko; compatible; bingbot/2.0; +http://www.bing.com/bingbot.htm) Chrome/116.0.1938.76 Safari/537.36"
199.188.205.55 - - [28/Apr/2025:07:55:52 -0400] "POST /wp-cron.php?doing_wp_cron=1745841352.1776640415191650390625 HTTP/1.1" 403 13 "-" "WordPress/6.8; https://keyfinancehomeloan.com.au"
157.55.39.193 - - [28/Apr/2025:07:55:35 -0400] "GET /shopdetail/184064194 HTTP/1.1" 404 18069 "-" "Mozilla/5.0 AppleWebKit/537.36 (KHTML, like Gecko; compatible; bingbot/2.0; +http://www.bing.com/bingbot.htm) Chrome/116.0.1938.76 Safari/537.36"
199.188.205.55 - - [28/Apr/2025:08:02:41 -0400] "POST /wp-cron.php?doing_wp_cron=1745841761.0389790534973144531250 HTTP/1.1" 403 13 "-" "WordPress/6.8; https://keyfinancehomeloan.com.au"
40.77.167.7 - - [28/Apr/2025:08:02:29 -0400] "GET /shopdetail/11209194 HTTP/1.1" 404 18059 "-" "Mozilla/5.0 AppleWebKit/537.36 (KHTML, like Gecko; compatible; bingbot/2.0; +http://www.bing.com/bingbot.htm) Chrome/116.0.1938.76 Safari/537.36"
199.188.205.55 - - [28/Apr/2025:08:06:42 -0400] "POST /wp-cron.php?doing_wp_cron=1745842001.0770509243011474609375 HTTP/1.1" 403 13 "-" "WordPress/6.8; https://keyfinancehomeloan.com.au"
207.46.13.18 - - [28/Apr/2025:08:06:22 -0400] "GET /shopdetail/36465694 HTTP/1.1" 404 18060 "-" "Mozilla/5.0 AppleWebKit/537.36 (KHTML, like Gecko; compatible; bingbot/2.0; +http://www.bing.com/bingbot.htm) Chrome/116.0.1938.76 Safari/537.36"
199.188.205.55 - - [28/Apr/2025:08:07:48 -0400] "POST /wp-cron.php?doing_wp_cron=1745842068.4575140476226806640625 HTTP/1.1" 403 13 "-" "WordPress/6.8; https://keyfinancehomeloan.com.au"
207.46.13.18 - - [28/Apr/2025:08:07:46 -0400] "GET /shopdetail/142341194 HTTP/1.1" 404 18071 "-" "Mozilla/5.0 AppleWebKit/537.36 (KHTML, like Gecko; compatible; bingbot/2.0; +http://www.bing.com/bingbot.htm) Chrome/116.0.1938.76 Safari/537.36"
199.188.205.55 - - [28/Apr/2025:08:23:26 -0400] "POST /wp-cron.php?doing_wp_cron=1745843006.1020250320434570312500 HTTP/1.1" 403 13 "-" "WordPress/6.8; https://keyfinancehomeloan.com.au"
207.46.13.87 - - [28/Apr/2025:08:23:06 -0400] "GET /shopdetail/110446194 HTTP/1.1" 404 18070 "-" "Mozilla/5.0 AppleWebKit/537.36 (KHTML, like Gecko; compatible; bingbot/2.0; +http://www.bing.com/bingbot.htm) Chrome/116.0.1938.76 Safari/537.36"
199.188.205.55 - - [28/Apr/2025:08:25:54 -0400] "POST /wp-cron.php?doing_wp_cron=1745843154.4969971179962158203125 HTTP/1.1" 403 13 "-" "WordPress/6.8; https://keyfinancehomeloan.com.au"
52.167.144.163 - - [28/Apr/2025:08:25:40 -0400] "GET /shopdetail/89429494 HTTP/1.1" 404 18060 "-" "Mozilla/5.0 AppleWebKit/537.36 (KHTML, like Gecko; compatible; bingbot/2.0; +http://www.bing.com/bingbot.htm) Chrome/116.0.1938.76 Safari/537.36"
199.188.205.55 - - [28/Apr/2025:08:33:40 -0400] "POST /wp-cron.php?doing_wp_cron=1745843620.5219209194183349609375 HTTP/1.1" 403 13 "-" "WordPress/6.8; https://keyfinancehomeloan.com.au"
52.167.144.22 - - [28/Apr/2025:08:33:28 -0400] "GET /shopdetail/97411594 HTTP/1.1" 404 18060 "-" "Mozilla/5.0 AppleWebKit/537.36 (KHTML, like Gecko; compatible; bingbot/2.0; +http://www.bing.com/bingbot.htm) Chrome/116.0.1938.76 Safari/537.36"
199.188.205.55 - - [28/Apr/2025:08:41:07 -0400] "POST /wp-cron.php?doing_wp_cron=1745844066.3190019130706787109375 HTTP/1.1" 200 0 "-" "WordPress/6.8; https://keyfinancehomeloan.com.au"
52.167.144.22 - - [28/Apr/2025:08:40:49 -0400] "GET /shopdetail/95275794 HTTP/1.1" 404 18061 "-" "Mozilla/5.0 AppleWebKit/537.36 (KHTML, like Gecko; compatible; bingbot/2.0; +http://www.bing.com/bingbot.htm) Chrome/116.0.1938.76 Safari/537.36"
207.46.13.127 - - [28/Apr/2025:08:41:34 -0400] "GET /shopdetail/151720794 HTTP/1.1" 404 18070 "-" "Mozilla/5.0 AppleWebKit/537.36 (KHTML, like Gecko; compatible; bingbot/2.0; +http://www.bing.com/bingbot.htm) Chrome/116.0.1938.76 Safari/537.36"
199.188.205.55 - - [28/Apr/2025:08:48:11 -0400] "POST /wp-cron.php?doing_wp_cron=1745844490.9403629302978515625000 HTTP/1.1" 403 13 "-" "WordPress/6.8; https://keyfinancehomeloan.com.au"
157.55.39.52 - - [28/Apr/2025:08:47:59 -0400] "GET /shopdetail/140068894 HTTP/1.1" 404 18072 "-" "Mozilla/5.0 AppleWebKit/537.36 (KHTML, like Gecko; compatible; bingbot/2.0; +http://www.bing.com/bingbot.htm) Chrome/116.0.1938.76 Safari/537.36"
199.188.205.55 - - [28/Apr/2025:08:53:21 -0400] "POST /wp-cron.php?doing_wp_cron=1745844801.7963380813598632812500 HTTP/1.1" 403 13 "-" "WordPress/6.8; https://keyfinancehomeloan.com.au"
157.55.39.52 - - [28/Apr/2025:08:53:11 -0400] "GET /shopdetail/161189794 HTTP/1.1" 404 18070 "-" "Mozilla/5.0 AppleWebKit/537.36 (KHTML, like Gecko; compatible; bingbot/2.0; +http://www.bing.com/bingbot.htm) Chrome/116.0.1938.76 Safari/537.36"
199.188.205.55 - - [28/Apr/2025:09:03:36 -0400] "POST /wp-cron.php?doing_wp_cron=1745845416.6989409923553466796875 HTTP/1.1" 403 13 "-" "WordPress/6.8; https://keyfinancehomeloan.com.au"
207.46.13.126 - - [28/Apr/2025:09:03:20 -0400] "GET /sitemap.txt HTTP/1.1" 302 0 "-" "Mozilla/5.0 AppleWebKit/537.36 (KHTML, like Gecko; compatible; bingbot/2.0; +http://www.bing.com/bingbot.htm) Chrome/116.0.1938.76 Safari/537.36"
207.46.13.126 - - [28/Apr/2025:09:03:39 -0400] "GET /sitemap.xml HTTP/1.1" 200 418 "-" "Mozilla/5.0 AppleWebKit/537.36 (KHTML, like Gecko; compatible; bingbot/2.0; +http://www.bing.com/bingbot.htm) Chrome/116.0.1938.76 Safari/537.36"
199.188.205.55 - - [28/Apr/2025:09:05:40 -0400] "POST /wp-cron.php?doing_wp_cron=1745845540.5661659240722656250000 HTTP/1.1" 403 13 "-" "WordPress/6.8; https://keyfinancehomeloan.com.au"
207.46.13.126 - - [28/Apr/2025:09:05:32 -0400] "GET /shopdetail/80750794 HTTP/1.1" 404 18062 "-" "Mozilla/5.0 AppleWebKit/537.36 (KHTML, like Gecko; compatible; bingbot/2.0; +http://www.bing.com/bingbot.htm) Chrome/116.0.1938.76 Safari/537.36"
199.188.205.55 - - [28/Apr/2025:09:10:24 -0400] "POST /wp-cron.php?doing_wp_cron=1745845822.9025108814239501953125 HTTP/1.1" 403 0 "-" "WordPress/6.8; https://keyfinancehomeloan.com.au"
40.77.167.4 - - [28/Apr/2025:09:10:01 -0400] "GET /shopdetail/95315994 HTTP/1.1" 404 18060 "-" "Mozilla/5.0 AppleWebKit/537.36 (KHTML, like Gecko; compatible; bingbot/2.0; +http://www.bing.com/bingbot.htm) Chrome/116.0.1938.76 Safari/537.36"
199.188.205.55 - - [28/Apr/2025:09:16:49 -0400] "POST /wp-cron.php?doing_wp_cron=1745846208.6292760372161865234375 HTTP/1.1" 403 13 "-" "WordPress/6.8; https://keyfinancehomeloan.com.au"
52.167.144.19 - - [28/Apr/2025:09:16:33 -0400] "GET /sitemap.xml.gz HTTP/1.1" 200 418 "-" "Mozilla/5.0 AppleWebKit/537.36 (KHTML, like Gecko; compatible; bingbot/2.0; +http://www.bing.com/bingbot.htm) Chrome/116.0.1938.76 Safari/537.36"
199.188.205.55 - - [28/Apr/2025:09:24:02 -0400] "POST /wp-cron.php?doing_wp_cron=1745846642.2956759929656982421875 HTTP/1.1" 403 13 "-" "WordPress/6.8; https://keyfinancehomeloan.com.au"
199.188.205.55 - - [28/Apr/2025:09:24:02 -0400] "POST /wp-cron.php?doing_wp_cron=1745846642.2964711189270019531250 HTTP/1.1" 403 13 "-" "WordPress/6.8; https://keyfinancehomeloan.com.au"
207.46.13.116 - - [28/Apr/2025:09:23:52 -0400] "GET /shopdetail/72687694 HTTP/1.1" 404 18062 "-" "Mozilla/5.0 AppleWebKit/537.36 (KHTML, like Gecko; compatible; bingbot/2.0; +http://www.bing.com/bingbot.htm) Chrome/116.0.1938.76 Safari/537.36"
207.46.13.116 - - [28/Apr/2025:09:23:48 -0400] "GET /shopdetail/19902394 HTTP/1.1" 404 18062 "-" "Mozilla/5.0 AppleWebKit/537.36 (KHTML, like Gecko; compatible; bingbot/2.0; +http://www.bing.com/bingbot.htm) Chrome/116.0.1938.76 Safari/537.36"
199.188.205.55 - - [28/Apr/2025:09:36:04 -0400] "POST /wp-cron.php?doing_wp_cron=1745847363.4138178825378417968750 HTTP/1.1" 200 0 "-" "WordPress/6.8; https://keyfinancehomeloan.com.au"
52.167.144.223 - - [28/Apr/2025:09:35:38 -0400] "GET /shopdetail/61719094 HTTP/1.1" 404 18060 "-" "Mozilla/5.0 AppleWebKit/537.36 (KHTML, like Gecko; compatible; bingbot/2.0; +http://www.bing.com/bingbot.htm) Chrome/116.0.1938.76 Safari/537.36"
199.188.205.55 - - [28/Apr/2025:09:38:09 -0400] "POST /wp-cron.php?doing_wp_cron=1745847488.4069530963897705078125 HTTP/1.1" 403 13 "-" "WordPress/6.8; https://keyfinancehomeloan.com.au"
207.46.13.124 - - [28/Apr/2025:09:37:56 -0400] "GET /shopdetail/78613594 HTTP/1.1" 404 18060 "-" "Mozilla/5.0 AppleWebKit/537.36 (KHTML, like Gecko; compatible; bingbot/2.0; +http://www.bing.com/bingbot.htm) Chrome/116.0.1938.76 Safari/537.36"
40.77.167.77 - - [28/Apr/2025:09:38:44 -0400] "GET /shopdetail/137834894 HTTP/1.1" 404 18069 "-" "Mozilla/5.0 AppleWebKit/537.36 (KHTML, like Gecko; compatible; bingbot/2.0; +http://www.bing.com/bingbot.htm) Chrome/116.0.1938.76 Safari/537.36"
199.188.205.55 - - [28/Apr/2025:09:41:57 -0400] "POST /wp-cron.php?doing_wp_cron=1745847716.5778360366821289062500 HTTP/1.1" 403 0 "-" "WordPress/6.8; https://keyfinancehomeloan.com.au"
40.77.167.77 - - [28/Apr/2025:09:41:44 -0400] "GET /shopdetail/65865194 HTTP/1.1" 404 18062 "-" "Mozilla/5.0 AppleWebKit/537.36 (KHTML, like Gecko; compatible; bingbot/2.0; +http://www.bing.com/bingbot.htm) Chrome/116.0.1938.76 Safari/537.36"
199.188.205.55 - - [28/Apr/2025:09:47:08 -0400] "POST /wp-cron.php?doing_wp_cron=1745848027.9426989555358886718750 HTTP/1.1" 403 13 "-" "WordPress/6.8; https://keyfinancehomeloan.com.au"
40.77.167.77 - - [28/Apr/2025:09:46:52 -0400] "GET /loan-calculator/ HTTP/1.1" 200 19799 "-" "Mozilla/5.0 AppleWebKit/537.36 (KHTML, like Gecko; compatible; bingbot/2.0; +http://www.bing.com/bingbot.htm) Chrome/116.0.1938.76 Safari/537.36"
157.55.39.193 - - [28/Apr/2025:09:47:45 -0400] "GET /wp-content/plugins/ti-woocommerce-wishlist/assets/fonts/tinvwl-webfont.woff2?ver=xu2uyi HTTP/1.1" 200 4404 "-" "Mozilla/5.0 AppleWebKit/537.36 (KHTML, like Gecko; compatible; bingbot/2.0; +http://www.bing.com/bingbot.htm) Chrome/116.0.1938.76 Safari/537.36"
157.55.39.193 - - [28/Apr/2025:09:47:45 -0400] "GET /wp-content/plugins/ti-woocommerce-wishlist/assets/js/public.min.js?ver=2.9.2 HTTP/1.1" 200 5635 "-" "Mozilla/5.0 AppleWebKit/537.36 (KHTML, like Gecko; compatible; bingbot/2.0; +http://www.bing.com/bingbot.htm) Chrome/116.0.1938.76 Safari/537.36"
157.55.39.193 - - [28/Apr/2025:09:47:46 -0400] "GET /wp-content/plugins/woocommerce/assets/js/frontend/add-to-cart.min.js?ver=9.8.2 HTTP/1.1" 200 1225 "-" "Mozilla/5.0 AppleWebKit/537.36 (KHTML, like Gecko; compatible; bingbot/2.0; +http://www.bing.com/bingbot.htm) Chrome/116.0.1938.76 Safari/537.36"
157.55.39.193 - - [28/Apr/2025:09:47:47 -0400] "GET /wp-content/plugins/woocommerce/assets/js/frontend/cart-fragments.min.js?ver=9.8.2 HTTP/1.1" 200 943 "-" "Mozilla/5.0 AppleWebKit/537.36 (KHTML, like Gecko; compatible; bingbot/2.0; +http://www.bing.com/bingbot.htm) Chrome/116.0.1938.76 Safari/537.36"
157.55.39.193 - - [28/Apr/2025:09:47:48 -0400] "GET /wp-content/plugins/woocommerce/assets/js/frontend/single-product.min.js?ver=9.8.2 HTTP/1.1" 200 2539 "-" "Mozilla/5.0 AppleWebKit/537.36 (KHTML, like Gecko; compatible; bingbot/2.0; +http://www.bing.com/bingbot.htm) Chrome/116.0.1938.76 Safari/537.36"
157.55.39.193 - - [28/Apr/2025:09:47:48 -0400] "GET /wp-content/plugins/woocommerce/assets/js/js-cookie/js.cookie.min.js?ver=2.1.4-wc.9.8.2 HTTP/1.1" 200 760 "-" "Mozilla/5.0 AppleWebKit/537.36 (KHTML, like Gecko; compatible; bingbot/2.0; +http://www.bing.com/bingbot.htm) Chrome/116.0.1938.76 Safari/537.36"
157.55.39.193 - - [28/Apr/2025:09:47:49 -0400] "GET /wp-content/plugins/woocommerce/assets/js/photoswipe/photoswipe.min.js?ver=4.1.1-wc.9.8.2 HTTP/1.1" 200 11652 "-" "Mozilla/5.0 AppleWebKit/537.36 (KHTML, like Gecko; compatible; bingbot/2.0; +http://www.bing.com/bingbot.htm) Chrome/116.0.1938.76 Safari/537.36"
157.55.39.193 - - [28/Apr/2025:09:47:50 -0400] "GET /wp-includes/js/dist/hooks.min.js?ver=4d63a3d491d11ffd8ac6 HTTP/1.1" 200 1571 "-" "Mozilla/5.0 AppleWebKit/537.36 (KHTML, like Gecko; compatible; bingbot/2.0; +http://www.bing.com/bingbot.htm) Chrome/116.0.1938.76 Safari/537.36"
157.55.39.193 - - [28/Apr/2025:09:47:50 -0400] "GET /wp-includes/js/imagesloaded.min.js?ver=5.0.0 HTTP/1.1" 200 1687 "-" "Mozilla/5.0 AppleWebKit/537.36 (KHTML, like Gecko; compatible; bingbot/2.0; +http://www.bing.com/bingbot.htm) Chrome/116.0.1938.76 Safari/537.36"
157.55.39.193 - - [28/Apr/2025:09:47:51 -0400] "GET /wp-includes/js/dist/i18n.min.js?ver=5e580eb46a90c2b997e6 HTTP/1.1" 200 3542 "-" "Mozilla/5.0 AppleWebKit/537.36 (KHTML, like Gecko; compatible; bingbot/2.0; +http://www.bing.com/bingbot.htm) Chrome/116.0.1938.76 Safari/537.36"
52.167.144.140 - - [28/Apr/2025:09:47:54 -0400] "GET /wp-content/plugins/chaty/admin/assets/js/picmo-latest-umd.min.js?ver=3.3.8 HTTP/1.1" 200 7150 "-" "Mozilla/5.0 AppleWebKit/537.36 (KHTML, like Gecko; compatible; bingbot/2.0; +http://www.bing.com/bingbot.htm) Chrome/116.0.1938.76 Safari/537.36"
52.167.144.140 - - [28/Apr/2025:09:47:54 -0400] "GET /wp-content/plugins/contact-form-7/includes/js/index.js?ver=6.0.6 HTTP/1.1" 200 4008 "-" "Mozilla/5.0 AppleWebKit/537.36 (KHTML, like Gecko; compatible; bingbot/2.0; +http://www.bing.com/bingbot.htm) Chrome/116.0.1938.76 Safari/537.36"
52.167.144.140 - - [28/Apr/2025:09:47:55 -0400] "GET /wp-content/plugins/contact-form-7/includes/swv/js/index.js?ver=6.0.6 HTTP/1.1" 200 3369 "-" "Mozilla/5.0 AppleWebKit/537.36 (KHTML, like Gecko; compatible; bingbot/2.0; +http://www.bing.com/bingbot.htm) Chrome/116.0.1938.76 Safari/537.36"
52.167.144.140 - - [28/Apr/2025:09:47:55 -0400] "GET /wp-content/plugins/elementor/assets/js/frontend.min.js?ver=3.28.4 HTTP/1.1" 200 13099 "-" "Mozilla/5.0 AppleWebKit/537.36 (KHTML, like Gecko; compatible; bingbot/2.0; +http://www.bing.com/bingbot.htm) Chrome/116.0.1938.76 Safari/537.36"
52.167.144.140 - - [28/Apr/2025:09:47:56 -0400] "GET /wp-content/plugins/elementor/assets/js/webpack.runtime.min.js?ver=3.28.4 HTTP/1.1" 200 2228 "-" "Mozilla/5.0 AppleWebKit/537.36 (KHTML, like Gecko; compatible; bingbot/2.0; +http://www.bing.com/bingbot.htm) Chrome/116.0.1938.76 Safari/537.36"
52.167.144.140 - - [28/Apr/2025:09:47:56 -0400] "GET /wp-content/plugins/woocommerce/assets/js/frontend/add-to-cart-variation.min.js?ver=9.8.2 HTTP/1.1" 200 3712 "-" "Mozilla/5.0 AppleWebKit/537.36 (KHTML, like Gecko; compatible; bingbot/2.0; +http://www.bing.com/bingbot.htm) Chrome/116.0.1938.76 Safari/537.36"
52.167.144.140 - - [28/Apr/2025:09:47:57 -0400] "GET /wp-content/plugins/woocommerce/assets/js/frontend/order-attribution.min.js?ver=9.8.2 HTTP/1.1" 200 1006 "-" "Mozilla/5.0 AppleWebKit/537.36 (KHTML, like Gecko; compatible; bingbot/2.0; +http://www.bing.com/bingbot.htm) Chrome/116.0.1938.76 Safari/537.36"
52.167.144.140 - - [28/Apr/2025:09:47:57 -0400] "GET /wp-content/plugins/woocommerce/assets/js/jquery-blockui/jquery.blockUI.min.js?ver=2.7.0-wc.9.8.2 HTTP/1.1" 200 3277 "-" "Mozilla/5.0 AppleWebKit/537.36 (KHTML, like Gecko; compatible; bingbot/2.0; +http://www.bing.com/bingbot.htm) Chrome/116.0.1938.76 Safari/537.36"
52.167.144.140 - - [28/Apr/2025:09:47:58 -0400] "GET /wp-content/plugins/woocommerce/assets/js/photoswipe/photoswipe-ui-default.min.js?ver=4.1.1-wc.9.8.2 HTTP/1.1" 200 3478 "-" "Mozilla/5.0 AppleWebKit/537.36 (KHTML, like Gecko; compatible; bingbot/2.0; +http://www.bing.com/bingbot.htm) Chrome/116.0.1938.76 Safari/537.36"
52.167.144.140 - - [28/Apr/2025:09:47:59 -0400] "GET /wp-content/plugins/woocommerce/assets/js/zoom/jquery.zoom.min.js?ver=1.7.21-wc.9.8.2 HTTP/1.1" 200 1052 "-" "Mozilla/5.0 AppleWebKit/537.36 (KHTML, like Gecko; compatible; bingbot/2.0; +http://www.bing.com/bingbot.htm) Chrome/116.0.1938.76 Safari/537.36"
52.167.144.140 - - [28/Apr/2025:09:48:00 -0400] "GET /wp-content/plugins/yith-woocommerce-quick-view/assets/js/frontend.min.js?ver=2.4.0 HTTP/1.1" 200 814 "-" "Mozilla/5.0 AppleWebKit/537.36 (KHTML, like Gecko; compatible; bingbot/2.0; +http://www.bing.com/bingbot.htm) Chrome/116.0.1938.76 Safari/537.36"
52.167.144.140 - - [28/Apr/2025:09:48:01 -0400] "GET /wp-content/themes/keyfin/assets/js/bootstrap.min.js?ver=4.4.1 HTTP/1.1" 200 15247 "-" "Mozilla/5.0 AppleWebKit/537.36 (KHTML, like Gecko; compatible; bingbot/2.0; +http://www.bing.com/bingbot.htm) Chrome/116.0.1938.76 Safari/537.36"
52.167.144.140 - - [28/Apr/2025:09:48:02 -0400] "GET /wp-content/themes/keyfin/assets/js/main.js?ver=1.1.3 HTTP/1.1" 200 1361 "-" "Mozilla/5.0 AppleWebKit/537.36 (KHTML, like Gecko; compatible; bingbot/2.0; +http://www.bing.com/bingbot.htm) Chrome/116.0.1938.76 Safari/537.36"
52.167.144.140 - - [28/Apr/2025:09:48:02 -0400] "GET /wp-content/themes/keyfin/assets/js/wow.min.js?ver=1.3.0 HTTP/1.1" 200 2634 "-" "Mozilla/5.0 AppleWebKit/537.36 (KHTML, like Gecko; compatible; bingbot/2.0; +http://www.bing.com/bingbot.htm) Chrome/116.0.1938.76 Safari/537.36"
52.167.144.140 - - [28/Apr/2025:09:48:02 -0400] "GET /wp-includes/js/jquery/jquery-migrate.min.js?ver=3.4.1 HTTP/1.1" 200 4678 "-" "Mozilla/5.0 AppleWebKit/537.36 (KHTML, like Gecko; compatible; bingbot/2.0; +http://www.bing.com/bingbot.htm) Chrome/116.0.1938.76 Safari/537.36"
52.167.144.140 - - [28/Apr/2025:09:48:03 -0400] "GET /wp-includes/js/jquery/ui/core.min.js?ver=1.13.3 HTTP/1.1" 200 6812 "-" "Mozilla/5.0 AppleWebKit/537.36 (KHTML, like Gecko; compatible; bingbot/2.0; +http://www.bing.com/bingbot.htm) Chrome/116.0.1938.76 Safari/537.36"
52.167.144.140 - - [28/Apr/2025:09:48:03 -0400] "GET /wp-includes/js/wp-emoji-release.min.js?ver=6.8 HTTP/1.1" 200 4771 "-" "Mozilla/5.0 AppleWebKit/537.36 (KHTML, like Gecko; compatible; bingbot/2.0; +http://www.bing.com/bingbot.htm) Chrome/116.0.1938.76 Safari/537.36"
199.188.205.55 - - [28/Apr/2025:09:54:53 -0400] "POST /wp-cron.php?doing_wp_cron=1745848492.5865020751953125000000 HTTP/1.1" 403 13 "-" "WordPress/6.8; https://keyfinancehomeloan.com.au"
207.46.13.160 - - [28/Apr/2025:09:54:39 -0400] "GET /shopdetail/149278894 HTTP/1.1" 404 18069 "-" "Mozilla/5.0 AppleWebKit/537.36 (KHTML, like Gecko; compatible; bingbot/2.0; +http://www.bing.com/bingbot.htm) Chrome/116.0.1938.76 Safari/537.36"
199.188.205.55 - - [28/Apr/2025:09:57:51 -0400] "POST /wp-cron.php?doing_wp_cron=1745848671.3128690719604492187500 HTTP/1.1" 403 13 "-" "WordPress/6.8; https://keyfinancehomeloan.com.au"
52.167.144.184 - - [28/Apr/2025:09:57:38 -0400] "GET /shopdetail/168117794 HTTP/1.1" 404 18069 "-" "Mozilla/5.0 AppleWebKit/537.36 (KHTML, like Gecko; compatible; bingbot/2.0; +http://www.bing.com/bingbot.htm) Chrome/116.0.1938.76 Safari/537.36"
40.77.188.255 - - [28/Apr/2025:10:03:33 -0400] "GET /wp-includes/js/jquery/jquery.min.js?ver=3.7.1 HTTP/1.1" 200 87553 "-" "Mozilla/5.0 AppleWebKit/537.36 (KHTML, like Gecko; compatible; bingbot/2.0; +http://www.bing.com/bingbot.htm) Chrome/100.0.4896.127 Safari/537.36"
40.77.189.131 - - [28/Apr/2025:10:03:33 -0400] "GET /wp-content/plugins/chaty/admin/assets/js/picmo-umd.min.js?ver=3.3.8 HTTP/1.1" 200 93882 "-" "Mozilla/5.0 AppleWebKit/537.36 (KHTML, like Gecko; compatible; bingbot/2.0; +http://www.bing.com/bingbot.htm) Chrome/100.0.4896.127 Safari/537.36"
40.77.189.131 - - [28/Apr/2025:10:03:33 -0400] "GET /wp-content/themes/keyfin/assets/js/slick-slider.min.js?ver=1.0.0 HTTP/1.1" 200 42863 "-" "Mozilla/5.0 AppleWebKit/537.36 (KHTML, like Gecko; compatible; bingbot/2.0; +http://www.bing.com/bingbot.htm) Chrome/100.0.4896.127 Safari/537.36"
40.77.188.156 - - [28/Apr/2025:10:03:33 -0400] "GET /wp-content/themes/keyfin/assets/js/popper.min.js?ver=1.12.9 HTTP/1.1" 200 19187 "-" "Mozilla/5.0 AppleWebKit/537.36 (KHTML, like Gecko; compatible; bingbot/2.0; +http://www.bing.com/bingbot.htm) Chrome/100.0.4896.127 Safari/537.36"
40.77.190.85 - - [28/Apr/2025:10:03:33 -0400] "GET /wp-content/themes/keyfin/assets/js/magnific-popup.min.js?ver=1.1.0 HTTP/1.1" 200 20258 "-" "Mozilla/5.0 AppleWebKit/537.36 (KHTML, like Gecko; compatible; bingbot/2.0; +http://www.bing.com/bingbot.htm) Chrome/100.0.4896.127 Safari/537.36"
40.77.189.246 - - [28/Apr/2025:10:03:33 -0400] "GET /wp-content/themes/keyfin/assets/js/slicknav.min.js?ver=1.0.10 HTTP/1.1" 200 6301 "-" "Mozilla/5.0 AppleWebKit/537.36 (KHTML, like Gecko; compatible; bingbot/2.0; +http://www.bing.com/bingbot.htm) Chrome/100.0.4896.127 Safari/537.36"
40.77.188.255 - - [28/Apr/2025:10:03:34 -0400] "GET /wp-content/themes/keyfin/assets/js/isotope.min.js?ver=3.0.4 HTTP/1.1" 200 35313 "-" "Mozilla/5.0 AppleWebKit/537.36 (KHTML, like Gecko; compatible; bingbot/2.0; +http://www.bing.com/bingbot.htm) Chrome/100.0.4896.127 Safari/537.36"
40.77.189.246 - - [28/Apr/2025:10:03:34 -0400] "GET /wp-content/plugins/mortgage-loan-calculator/en/widget-nj.js?ver=6.8 HTTP/1.1" 200 7546 "-" "Mozilla/5.0 AppleWebKit/537.36 (KHTML, like Gecko; compatible; bingbot/2.0; +http://www.bing.com/bingbot.htm) Chrome/100.0.4896.127 Safari/537.36"
40.77.189.155 - - [28/Apr/2025:10:03:34 -0400] "GET /wp-content/themes/keyfin/assets/js/uikit.min.js?ver=3.1.9 HTTP/1.1" 200 135413 "-" "Mozilla/5.0 AppleWebKit/537.36 (KHTML, like Gecko; compatible; bingbot/2.0; +http://www.bing.com/bingbot.htm) Chrome/100.0.4896.127 Safari/537.36"
40.77.190.167 - - [28/Apr/2025:10:03:34 -0400] "GET /wp-content/plugins/woocommerce/assets/js/sourcebuster/sourcebuster.min.js?ver=9.8.2 HTTP/1.1" 200 15315 "-" "Mozilla/5.0 AppleWebKit/537.36 (KHTML, like Gecko; compatible; bingbot/2.0; +http://www.bing.com/bingbot.htm) Chrome/100.0.4896.127 Safari/537.36"
40.77.188.255 - - [28/Apr/2025:10:03:34 -0400] "GET /wp-includes/js/underscore.min.js?ver=1.13.7 HTTP/1.1" 200 18905 "-" "Mozilla/5.0 AppleWebKit/537.36 (KHTML, like Gecko; compatible; bingbot/2.0; +http://www.bing.com/bingbot.htm) Chrome/100.0.4896.127 Safari/537.36"
40.77.189.246 - - [28/Apr/2025:10:03:34 -0400] "GET /wp-includes/js/wp-util.min.js?ver=6.8 HTTP/1.1" 200 1426 "-" "Mozilla/5.0 AppleWebKit/537.36 (KHTML, like Gecko; compatible; bingbot/2.0; +http://www.bing.com/bingbot.htm) Chrome/100.0.4896.127 Safari/537.36"
40.77.190.85 - - [28/Apr/2025:10:03:35 -0400] "GET /wp-content/plugins/chaty/js/cht-front-script.min.js?ver=3.3.81721214134 HTTP/1.1" 200 93953 "-" "Mozilla/5.0 AppleWebKit/537.36 (KHTML, like Gecko; compatible; bingbot/2.0; +http://www.bing.com/bingbot.htm) Chrome/100.0.4896.127 Safari/537.36"
40.77.188.149 - - [28/Apr/2025:10:03:35 -0400] "GET /wp-content/plugins/elementor/assets/js/frontend-modules.min.js?ver=3.28.4 HTTP/1.1" 200 48393 "-" "Mozilla/5.0 AppleWebKit/537.36 (KHTML, like Gecko; compatible; bingbot/2.0; +http://www.bing.com/bingbot.htm) Chrome/100.0.4896.127 Safari/537.36"
199.188.205.55 - - [28/Apr/2025:10:03:48 -0400] "POST /wp-cron.php?doing_wp_cron=1745849028.5353820323944091796875 HTTP/1.1" 403 13 "-" "WordPress/6.8; https://keyfinancehomeloan.com.au"
40.77.188.143 - - [28/Apr/2025:10:03:35 -0400] "GET /?wc-ajax=get_refreshed_fragments HTTP/1.1" 200 291 "-" "Mozilla/5.0 AppleWebKit/537.36 (KHTML, like Gecko; compatible; bingbot/2.0; +http://www.bing.com/bingbot.htm) Chrome/100.0.4896.127 Safari/537.36"
199.188.205.55 - - [28/Apr/2025:10:11:02 -0400] "POST /wp-cron.php?doing_wp_cron=1745849462.0410048961639404296875 HTTP/1.1" 403 13 "-" "WordPress/6.8; https://keyfinancehomeloan.com.au"
207.46.13.64 - - [28/Apr/2025:10:10:47 -0400] "GET /shopdetail/115649194 HTTP/1.1" 404 18069 "-" "Mozilla/5.0 AppleWebKit/537.36 (KHTML, like Gecko; compatible; bingbot/2.0; +http://www.bing.com/bingbot.htm) Chrome/116.0.1938.76 Safari/537.36"
199.188.205.55 - - [28/Apr/2025:10:13:25 -0400] "POST /wp-cron.php?doing_wp_cron=1745849605.0932779312133789062500 HTTP/1.1" 403 13 "-" "WordPress/6.8; https://keyfinancehomeloan.com.au"
207.46.13.64 - - [28/Apr/2025:10:13:13 -0400] "GET /shopdetail/152207394 HTTP/1.1" 404 18069 "-" "Mozilla/5.0 AppleWebKit/537.36 (KHTML, like Gecko; compatible; bingbot/2.0; +http://www.bing.com/bingbot.htm) Chrome/116.0.1938.76 Safari/537.36"
199.188.205.55 - - [28/Apr/2025:10:14:28 -0400] "POST /wp-cron.php?doing_wp_cron=1745849668.1358280181884765625000 HTTP/1.1" 403 13 "-" "WordPress/6.8; https://keyfinancehomeloan.com.au"
52.167.144.196 - - [28/Apr/2025:10:14:27 -0400] "GET /shopdetail/2661094 HTTP/1.1" 404 18055 "-" "Mozilla/5.0 AppleWebKit/537.36 (KHTML, like Gecko; compatible; bingbot/2.0; +http://www.bing.com/bingbot.htm) Chrome/116.0.1938.76 Safari/537.36"
207.46.13.64 - - [28/Apr/2025:10:14:50 -0400] "GET /shopdetail/8647494 HTTP/1.1" 404 18055 "-" "Mozilla/5.0 AppleWebKit/537.36 (KHTML, like Gecko; compatible; bingbot/2.0; +http://www.bing.com/bingbot.htm) Chrome/116.0.1938.76 Safari/537.36"
199.188.205.55 - - [28/Apr/2025:10:22:12 -0400] "POST /wp-cron.php?doing_wp_cron=1745850132.1240310668945312500000 HTTP/1.1" 403 13 "-" "WordPress/6.8; https://keyfinancehomeloan.com.au"
40.77.167.60 - - [28/Apr/2025:10:22:02 -0400] "GET /shopdetail/105721494 HTTP/1.1" 404 18069 "-" "Mozilla/5.0 AppleWebKit/537.36 (KHTML, like Gecko; compatible; bingbot/2.0; +http://www.bing.com/bingbot.htm) Chrome/116.0.1938.76 Safari/537.36"
199.188.205.55 - - [28/Apr/2025:10:23:28 -0400] "POST /wp-cron.php?doing_wp_cron=1745850208.3061780929565429687500 HTTP/1.1" 403 13 "-" "WordPress/6.8; https://keyfinancehomeloan.com.au"
52.167.144.157 - - [28/Apr/2025:10:23:27 -0400] "GET /shopdetail/85933294 HTTP/1.1" 404 18060 "-" "Mozilla/5.0 AppleWebKit/537.36 (KHTML, like Gecko; compatible; bingbot/2.0; +http://www.bing.com/bingbot.htm) Chrome/116.0.1938.76 Safari/537.36"
199.188.205.55 - - [28/Apr/2025:10:27:39 -0400] "POST /wp-cron.php?doing_wp_cron=1745850459.2092189788818359375000 HTTP/1.1" 403 13 "-" "WordPress/6.8; https://keyfinancehomeloan.com.au"
157.55.39.63 - - [28/Apr/2025:10:27:26 -0400] "GET /shopdetail/81832794 HTTP/1.1" 404 18060 "-" "Mozilla/5.0 AppleWebKit/537.36 (KHTML, like Gecko; compatible; bingbot/2.0; +http://www.bing.com/bingbot.htm) Chrome/116.0.1938.76 Safari/537.36"
199.188.205.55 - - [28/Apr/2025:10:33:00 -0400] "POST /wp-cron.php?doing_wp_cron=1745850780.7002329826354980468750 HTTP/1.1" 403 13 "-" "WordPress/6.8; https://keyfinancehomeloan.com.au"
40.77.167.20 - - [28/Apr/2025:10:32:48 -0400] "GET /shopdetail/185007794 HTTP/1.1" 404 18071 "-" "Mozilla/5.0 AppleWebKit/537.36 (KHTML, like Gecko; compatible; bingbot/2.0; +http://www.bing.com/bingbot.htm) Chrome/116.0.1938.76 Safari/537.36"
199.188.205.55 - - [28/Apr/2025:10:57:12 -0400] "POST /wp-cron.php?doing_wp_cron=1745852232.1363589763641357421875 HTTP/1.1" 403 13 "-" "WordPress/6.8; https://keyfinancehomeloan.com.au"
52.167.144.189 - - [28/Apr/2025:10:56:55 -0400] "GET /shopdetail/86890094 HTTP/1.1" 404 18060 "-" "Mozilla/5.0 AppleWebKit/537.36 (KHTML, like Gecko; compatible; bingbot/2.0; +http://www.bing.com/bingbot.htm) Chrome/116.0.1938.76 Safari/537.36"
199.188.205.55 - - [28/Apr/2025:11:01:39 -0400] "POST /wp-cron.php?doing_wp_cron=1745852499.1761929988861083984375 HTTP/1.1" 403 13 "-" "WordPress/6.8; https://keyfinancehomeloan.com.au"
207.46.13.150 - - [28/Apr/2025:11:01:20 -0400] "GET /shopdetail/41577694 HTTP/1.1" 404 18062 "-" "Mozilla/5.0 AppleWebKit/537.36 (KHTML, like Gecko; compatible; bingbot/2.0; +http://www.bing.com/bingbot.htm) Chrome/116.0.1938.76 Safari/537.36"
199.188.205.55 - - [28/Apr/2025:11:05:29 -0400] "POST /wp-cron.php?doing_wp_cron=1745852728.7261669635772705078125 HTTP/1.1" 403 13 "-" "WordPress/6.8; https://keyfinancehomeloan.com.au"
40.77.167.64 - - [28/Apr/2025:11:05:16 -0400] "GET /shopdetail/9472994 HTTP/1.1" 404 18053 "-" "Mozilla/5.0 AppleWebKit/537.36 (KHTML, like Gecko; compatible; bingbot/2.0; +http://www.bing.com/bingbot.htm) Chrome/116.0.1938.76 Safari/537.36"
199.188.205.55 - - [28/Apr/2025:11:09:22 -0400] "POST /wp-cron.php?doing_wp_cron=1745852962.1386170387268066406250 HTTP/1.1" 403 13 "-" "WordPress/6.8; https://keyfinancehomeloan.com.au"
40.77.167.20 - - [28/Apr/2025:11:09:11 -0400] "GET /shopdetail/81395494 HTTP/1.1" 404 18060 "-" "Mozilla/5.0 AppleWebKit/537.36 (KHTML, like Gecko; compatible; bingbot/2.0; +http://www.bing.com/bingbot.htm) Chrome/116.0.1938.76 Safari/537.36"
51.8.102.56 - - [28/Apr/2025:11:13:44 -0400] "GET /robots.txt HTTP/1.1" 200 139 "-" "Mozilla/5.0 (Macintosh; Intel Mac OS X 10_15_7) AppleWebKit/537.36 (KHTML, like Gecko) Chrome/131.0.0.0 Safari/537.36; compatible; OAI-SearchBot/1.0; +https://openai.com/searchbot"
199.188.205.55 - - [28/Apr/2025:11:19:26 -0400] "POST /wp-cron.php?doing_wp_cron=1745853566.3694639205932617187500 HTTP/1.1" 403 13 "-" "WordPress/6.8; https://keyfinancehomeloan.com.au"
40.77.167.48 - - [28/Apr/2025:11:19:16 -0400] "GET /shopdetail/121413494 HTTP/1.1" 404 18069 "-" "Mozilla/5.0 AppleWebKit/537.36 (KHTML, like Gecko; compatible; bingbot/2.0; +http://www.bing.com/bingbot.htm) Chrome/116.0.1938.76 Safari/537.36"
199.188.205.55 - - [28/Apr/2025:11:21:33 -0400] "POST /wp-cron.php?doing_wp_cron=1745853692.9792668819427490234375 HTTP/1.1" 403 13 "-" "WordPress/6.8; https://keyfinancehomeloan.com.au"
52.167.144.160 - - [28/Apr/2025:11:21:23 -0400] "GET /shopdetail/43137494 HTTP/1.1" 404 18060 "-" "Mozilla/5.0 AppleWebKit/537.36 (KHTML, like Gecko; compatible; bingbot/2.0; +http://www.bing.com/bingbot.htm) Chrome/116.0.1938.76 Safari/537.36"
199.188.205.55 - - [28/Apr/2025:11:25:20 -0400] "POST /wp-cron.php?doing_wp_cron=1745853920.2440280914306640625000 HTTP/1.1" 403 13 "-" "WordPress/6.8; https://keyfinancehomeloan.com.au"
207.46.13.155 - - [28/Apr/2025:11:25:04 -0400] "GET /shopdetail/99718994 HTTP/1.1" 404 18061 "-" "Mozilla/5.0 AppleWebKit/537.36 (KHTML, like Gecko; compatible; bingbot/2.0; +http://www.bing.com/bingbot.htm) Chrome/116.0.1938.76 Safari/537.36"
199.188.205.55 - - [28/Apr/2025:11:30:23 -0400] "POST /wp-cron.php?doing_wp_cron=1745854223.6521348953247070312500 HTTP/1.1" 403 13 "-" "WordPress/6.8; https://keyfinancehomeloan.com.au"
207.46.13.155 - - [28/Apr/2025:11:30:11 -0400] "GET /shopdetail/46507894 HTTP/1.1" 404 18060 "-" "Mozilla/5.0 AppleWebKit/537.36 (KHTML, like Gecko; compatible; bingbot/2.0; +http://www.bing.com/bingbot.htm) Chrome/116.0.1938.76 Safari/537.36"
199.188.205.55 - - [28/Apr/2025:11:32:00 -0400] "POST /wp-cron.php?doing_wp_cron=1745854320.7182528972625732421875 HTTP/1.1" 403 13 "-" "WordPress/6.8; https://keyfinancehomeloan.com.au"
207.46.13.155 - - [28/Apr/2025:11:31:56 -0400] "GET /shopdetail/70459294 HTTP/1.1" 404 18060 "-" "Mozilla/5.0 AppleWebKit/537.36 (KHTML, like Gecko; compatible; bingbot/2.0; +http://www.bing.com/bingbot.htm) Chrome/116.0.1938.76 Safari/537.36"
199.188.205.55 - - [28/Apr/2025:11:35:00 -0400] "POST /wp-cron.php?doing_wp_cron=1745854499.9940168857574462890625 HTTP/1.1" 403 13 "-" "WordPress/6.8; https://keyfinancehomeloan.com.au"
40.77.167.60 - - [28/Apr/2025:11:34:48 -0400] "GET /shopdetail/169656994 HTTP/1.1" 404 18071 "-" "Mozilla/5.0 AppleWebKit/537.36 (KHTML, like Gecko; compatible; bingbot/2.0; +http://www.bing.com/bingbot.htm) Chrome/116.0.1938.76 Safari/537.36"
52.167.144.159 - - [28/Apr/2025:11:35:45 -0400] "GET /shopdetail/24032694 HTTP/1.1" 404 18062 "-" "Mozilla/5.0 AppleWebKit/537.36 (KHTML, like Gecko; compatible; bingbot/2.0; +http://www.bing.com/bingbot.htm) Chrome/116.0.1938.76 Safari/537.36"
199.188.205.55 - - [28/Apr/2025:11:49:56 -0400] "POST /wp-cron.php?doing_wp_cron=1745855396.2835979461669921875000 HTTP/1.1" 403 13 "-" "WordPress/6.8; https://keyfinancehomeloan.com.au"
52.167.144.184 - - [28/Apr/2025:11:49:45 -0400] "GET /shopdetail/140215594 HTTP/1.1" 404 18069 "-" "Mozilla/5.0 AppleWebKit/537.36 (KHTML, like Gecko; compatible; bingbot/2.0; +http://www.bing.com/bingbot.htm) Chrome/116.0.1938.76 Safari/537.36"
199.188.205.55 - - [28/Apr/2025:12:18:10 -0400] "POST /wp-cron.php?doing_wp_cron=1745857090.2923769950866699218750 HTTP/1.1" 403 13 "-" "WordPress/6.8; https://keyfinancehomeloan.com.au"
40.77.167.156 - - [28/Apr/2025:12:18:01 -0400] "GET /shopdetail/23139894 HTTP/1.1" 404 18061 "-" "Mozilla/5.0 AppleWebKit/537.36 (KHTML, like Gecko; compatible; bingbot/2.0; +http://www.bing.com/bingbot.htm) Chrome/116.0.1938.76 Safari/537.36"
40.77.167.156 - - [28/Apr/2025:12:19:04 -0400] "GET /shopdetail/121520294 HTTP/1.1" 404 18069 "-" "Mozilla/5.0 AppleWebKit/537.36 (KHTML, like Gecko; compatible; bingbot/2.0; +http://www.bing.com/bingbot.htm) Chrome/116.0.1938.76 Safari/537.36"
199.188.205.55 - - [28/Apr/2025:12:38:37 -0400] "POST /wp-cron.php?doing_wp_cron=1745858317.6969859600067138671875 HTTP/1.1" 403 13 "-" "WordPress/6.8; https://keyfinancehomeloan.com.au"
52.167.144.189 - - [28/Apr/2025:12:38:24 -0400] "GET /shopdetail/206735094 HTTP/1.1" 404 18069 "-" "Mozilla/5.0 AppleWebKit/537.36 (KHTML, like Gecko; compatible; bingbot/2.0; +http://www.bing.com/bingbot.htm) Chrome/116.0.1938.76 Safari/537.36"
199.188.205.55 - - [28/Apr/2025:12:44:31 -0400] "POST /wp-cron.php?doing_wp_cron=1745858671.3472330570220947265625 HTTP/1.1" 403 13 "-" "WordPress/6.8; https://keyfinancehomeloan.com.au"
40.77.167.33 - - [28/Apr/2025:12:44:20 -0400] "GET /shopdetail/196244494 HTTP/1.1" 404 18071 "-" "Mozilla/5.0 AppleWebKit/537.36 (KHTML, like Gecko; compatible; bingbot/2.0; +http://www.bing.com/bingbot.htm) Chrome/116.0.1938.76 Safari/537.36"
54.36.148.3 - - [28/Apr/2025:12:59:28 -0400] "GET /robots.txt HTTP/1.1" 200 139 "-" "Mozilla/5.0 (compatible; AhrefsBot/7.0; +http://ahrefs.com/robot/)"
199.188.205.55 - - [28/Apr/2025:12:59:41 -0400] "POST /wp-cron.php?doing_wp_cron=1745859581.5398550033569335937500 HTTP/1.1" 403 13 "-" "WordPress/6.8; https://keyfinancehomeloan.com.au"
51.222.253.18 - - [28/Apr/2025:12:59:29 -0400] "GET /product/logo-collection/ HTTP/1.1" 200 21509 "-" "Mozilla/5.0 (compatible; AhrefsBot/7.0; +http://ahrefs.com/robot/)"
199.188.205.55 - - [28/Apr/2025:13:16:32 -0400] "POST /wp-cron.php?doing_wp_cron=1745860592.4549338817596435546875 HTTP/1.1" 403 13 "-" "WordPress/6.8; https://keyfinancehomeloan.com.au"
40.77.167.77 - - [28/Apr/2025:13:16:21 -0400] "GET /shopdetail/190491894 HTTP/1.1" 404 18071 "-" "Mozilla/5.0 AppleWebKit/537.36 (KHTML, like Gecko; compatible; bingbot/2.0; +http://www.bing.com/bingbot.htm) Chrome/116.0.1938.76 Safari/537.36"
51.195.36.135 - - [28/Apr/2025:13:23:29 -0400] "GET /tmp/tmp/cache.php HTTP/1.1" 200 0 "-" "Mozilla/5.0 (Windows NT 10.0; Win64; x64) AppleWebKit/537.36 (KHTML, like Gecko) Chrome/127.0.0.0 Safari/537.36"
199.188.205.55 - - [28/Apr/2025:13:23:43 -0400] "POST /wp-cron.php?doing_wp_cron=1745861023.5596311092376708984375 HTTP/1.1" 403 13 "-" "WordPress/6.8; https://keyfinancehomeloan.com.au"
199.188.205.55 - - [28/Apr/2025:13:23:43 -0400] "POST /wp-cron.php?doing_wp_cron=1745861023.5273180007934570312500 HTTP/1.1" 403 13 "-" "WordPress/6.8; https://keyfinancehomeloan.com.au"
51.195.36.135 - - [28/Apr/2025:13:23:37 -0400] "GET /wp-includes/Requests/Exception/HTTP/HTTP/cache.php HTTP/1.1" 404 80946 "-" "Mozilla/5.0 (Windows NT 10.0; Win64; x64) AppleWebKit/537.36 (KHTML, like Gecko) Chrome/127.0.0.0 Safari/537.36"
51.195.36.135 - - [28/Apr/2025:13:23:46 -0400] "GET /wp-content/plugins/plugins/cache.php HTTP/1.1" 404 80818 "-" "Mozilla/5.0 (Windows NT 10.0; Win64; x64) AppleWebKit/537.36 (KHTML, like Gecko) Chrome/127.0.0.0 Safari/537.36"
51.195.36.135 - - [28/Apr/2025:13:23:49 -0400] "GET /images/images/images/images/cache.php HTTP/1.1" 404 80834 "-" "Mozilla/5.0 (Windows NT 10.0; Win64; x64) AppleWebKit/537.36 (KHTML, like Gecko) Chrome/127.0.0.0 Safari/537.36"
199.188.205.55 - - [28/Apr/2025:13:28:03 -0400] "POST /wp-cron.php?doing_wp_cron=1745861283.2172720432281494140625 HTTP/1.1" 403 13 "-" "WordPress/6.8; https://keyfinancehomeloan.com.au"
52.167.144.210 - - [28/Apr/2025:13:27:50 -0400] "GET /shopdetail/15000094 HTTP/1.1" 404 18061 "-" "Mozilla/5.0 AppleWebKit/537.36 (KHTML, like Gecko; compatible; bingbot/2.0; +http://www.bing.com/bingbot.htm) Chrome/116.0.1938.76 Safari/537.36"
52.167.144.210 - - [28/Apr/2025:13:28:07 -0400] "GET /shopdetail/174692694 HTTP/1.1" 404 18070 "-" "Mozilla/5.0 AppleWebKit/537.36 (KHTML, like Gecko; compatible; bingbot/2.0; +http://www.bing.com/bingbot.htm) Chrome/116.0.1938.76 Safari/537.36"
199.188.205.55 - - [28/Apr/2025:13:31:15 -0400] "POST /wp-cron.php?doing_wp_cron=1745861475.1365818977355957031250 HTTP/1.1" 403 13 "-" "WordPress/6.8; https://keyfinancehomeloan.com.au"
52.167.144.210 - - [28/Apr/2025:13:30:58 -0400] "GET /pcmypage?callback=product%2Fdetail%2F64098709 HTTP/1.1" 404 18045 "-" "Mozilla/5.0 AppleWebKit/537.36 (KHTML, like Gecko; compatible; bingbot/2.0; +http://www.bing.com/bingbot.htm) Chrome/116.0.1938.76 Safari/537.36"
199.188.205.55 - - [28/Apr/2025:13:33:18 -0400] "POST /wp-cron.php?doing_wp_cron=1745861598.7039289474487304687500 HTTP/1.1" 403 13 "-" "WordPress/6.8; https://keyfinancehomeloan.com.au"
40.77.167.52 - - [28/Apr/2025:13:33:07 -0400] "GET /shopdetail/112390094 HTTP/1.1" 404 18071 "-" "Mozilla/5.0 AppleWebKit/537.36 (KHTML, like Gecko; compatible; bingbot/2.0; +http://www.bing.com/bingbot.htm) Chrome/116.0.1938.76 Safari/537.36"
199.188.205.55 - - [28/Apr/2025:13:40:05 -0400] "POST /wp-cron.php?doing_wp_cron=1745862005.5898780822753906250000 HTTP/1.1" 403 13 "-" "WordPress/6.8; https://keyfinancehomeloan.com.au"
52.167.144.19 - - [28/Apr/2025:13:39:51 -0400] "GET /shopdetail/8407494 HTTP/1.1" 404 18055 "-" "Mozilla/5.0 AppleWebKit/537.36 (KHTML, like Gecko; compatible; bingbot/2.0; +http://www.bing.com/bingbot.htm) Chrome/116.0.1938.76 Safari/537.36"
199.188.205.55 - - [28/Apr/2025:13:43:47 -0400] "POST /wp-cron.php?doing_wp_cron=1745862227.6272189617156982421875 HTTP/1.1" 403 13 "-" "WordPress/6.8; https://keyfinancehomeloan.com.au"
52.167.144.210 - - [28/Apr/2025:13:43:37 -0400] "GET /shopdetail/1181994 HTTP/1.1" 404 18054 "-" "Mozilla/5.0 AppleWebKit/537.36 (KHTML, like Gecko; compatible; bingbot/2.0; +http://www.bing.com/bingbot.htm) Chrome/116.0.1938.76 Safari/537.36"
199.188.205.55 - - [28/Apr/2025:13:46:24 -0400] "POST /wp-cron.php?doing_wp_cron=1745862384.4773600101470947265625 HTTP/1.1" 403 13 "-" "WordPress/6.8; https://keyfinancehomeloan.com.au"
52.167.144.162 - - [28/Apr/2025:13:46:14 -0400] "GET /shopdetail/166252194 HTTP/1.1" 404 18069 "-" "Mozilla/5.0 AppleWebKit/537.36 (KHTML, like Gecko; compatible; bingbot/2.0; +http://www.bing.com/bingbot.htm) Chrome/116.0.1938.76 Safari/537.36"
52.167.144.19 - - [28/Apr/2025:13:47:10 -0400] "GET /shopdetail/113831894 HTTP/1.1" 404 18069 "-" "Mozilla/5.0 AppleWebKit/537.36 (KHTML, like Gecko; compatible; bingbot/2.0; +http://www.bing.com/bingbot.htm) Chrome/116.0.1938.76 Safari/537.36"
199.188.205.55 - - [28/Apr/2025:13:51:57 -0400] "POST /wp-cron.php?doing_wp_cron=1745862717.1623790264129638671875 HTTP/1.1" 403 13 "-" "WordPress/6.8; https://keyfinancehomeloan.com.au"
52.167.144.223 - - [28/Apr/2025:13:51:44 -0400] "GET /shopdetail/35854294 HTTP/1.1" 404 18060 "-" "Mozilla/5.0 AppleWebKit/537.36 (KHTML, like Gecko; compatible; bingbot/2.0; +http://www.bing.com/bingbot.htm) Chrome/116.0.1938.76 Safari/537.36"
199.188.205.55 - - [28/Apr/2025:13:55:44 -0400] "POST /wp-cron.php?doing_wp_cron=1745862944.5407810211181640625000 HTTP/1.1" 403 13 "-" "WordPress/6.8; https://keyfinancehomeloan.com.au"
51.222.253.10 - - [28/Apr/2025:13:55:33 -0400] "GET /product-category/clothing/tshirts/ HTTP/1.1" 200 20457 "-" "Mozilla/5.0 (compatible; AhrefsBot/7.0; +http://ahrefs.com/robot/)"
199.188.205.55 - - [28/Apr/2025:13:59:05 -0400] "POST /wp-cron.php?doing_wp_cron=1745863145.5609190464019775390625 HTTP/1.1" 403 13 "-" "WordPress/6.8; https://keyfinancehomeloan.com.au"
52.167.144.181 - - [28/Apr/2025:13:58:49 -0400] "GET /shopdetail/39557094 HTTP/1.1" 404 18060 "-" "Mozilla/5.0 AppleWebKit/537.36 (KHTML, like Gecko; compatible; bingbot/2.0; +http://www.bing.com/bingbot.htm) Chrome/116.0.1938.76 Safari/537.36"
199.188.205.55 - - [28/Apr/2025:14:12:07 -0400] "POST /wp-cron.php?doing_wp_cron=1745863927.3419859409332275390625 HTTP/1.1" 403 13 "-" "WordPress/6.8; https://keyfinancehomeloan.com.au"
152.53.225.138 - - [28/Apr/2025:14:11:54 -0400] "GET /wp-content/plugins/HelloDollyV2/hello_dolly_v2.php HTTP/1.1" 404 21172 "www.google.com" "Mozlila/5.0 (Linux; Android 7.0; SM-G892A Bulid/NRD90M; wv) AppleWebKit/537.36 (KHTML, like Gecko) Version/4.0 Chrome/60.0.3112.107 Moblie Safari/537.36"
199.188.205.55 - - [28/Apr/2025:14:13:20 -0400] "POST /wp-cron.php?doing_wp_cron=1745863999.7073230743408203125000 HTTP/1.1" 403 0 "-" "WordPress/6.8; https://keyfinancehomeloan.com.au"
52.167.144.183 - - [28/Apr/2025:14:13:16 -0400] "GET /shopdetail/135239094 HTTP/1.1" 404 18068 "-" "Mozilla/5.0 AppleWebKit/537.36 (KHTML, like Gecko; compatible; bingbot/2.0; +http://www.bing.com/bingbot.htm) Chrome/116.0.1938.76 Safari/537.36"
199.188.205.55 - - [28/Apr/2025:14:23:04 -0400] "POST /wp-cron.php?doing_wp_cron=1745864583.1617350578308105468750 HTTP/1.1" 200 0 "-" "WordPress/6.8; https://keyfinancehomeloan.com.au"
40.77.167.77 - - [28/Apr/2025:14:22:48 -0400] "GET /shopdetail/50460194 HTTP/1.1" 404 18060 "-" "Mozilla/5.0 AppleWebKit/537.36 (KHTML, like Gecko; compatible; bingbot/2.0; +http://www.bing.com/bingbot.htm) Chrome/116.0.1938.76 Safari/537.36"
199.188.205.55 - - [28/Apr/2025:14:55:14 -0400] "POST /wp-cron.php?doing_wp_cron=1745866513.2346799373626708984375 HTTP/1.1" 403 13 "-" "WordPress/6.8; https://keyfinancehomeloan.com.au"
199.188.205.55 - - [28/Apr/2025:14:54:53 -0400] "GET / HTTP/1.1" 200 118980 "-" "Mozilla/5.0 (Windows NT 10.0; Win64; x64; rv:122.0) Gecko/20100101 Firefox/122.0"
199.188.205.55 - - [28/Apr/2025:14:56:07 -0400] "GET / HTTP/1.1" 200 118976 "-" "Softaculous"
199.188.205.55 - - [28/Apr/2025:14:56:18 -0400] "POST /wp-cron.php?doing_wp_cron=1745866578.8497650623321533203125 HTTP/1.1" 403 13 "-" "WordPress/6.8; https://keyfinancehomeloan.com.au"
199.188.205.55 - - [28/Apr/2025:14:56:14 -0400] "GET / HTTP/1.1" 200 118978 "-" "Mozilla/5.0 (Windows NT 10.0; Win64; x64; rv:122.0) Gecko/20100101 Firefox/122.0"
199.188.205.55 - - [28/Apr/2025:14:59:48 -0400] "POST /wp-cron.php?doing_wp_cron=1745866786.6512720584869384765625 HTTP/1.1" 200 0 "-" "WordPress/6.8; https://keyfinancehomeloan.com.au"
40.77.167.55 - - [28/Apr/2025:14:59:30 -0400] "GET /shopdetail/140015894 HTTP/1.1" 404 18068 "-" "Mozilla/5.0 AppleWebKit/537.36 (KHTML, like Gecko; compatible; bingbot/2.0; +http://www.bing.com/bingbot.htm) Chrome/116.0.1938.76 Safari/537.36"
40.77.167.93 - - [28/Apr/2025:15:01:21 -0400] "GET /robots.txt HTTP/1.1" 200 139 "-" "Mozilla/5.0 AppleWebKit/537.36 (KHTML, like Gecko; compatible; bingbot/2.0; +http://www.bing.com/bingbot.htm) Chrome/116.0.1938.76 Safari/537.36"
199.188.205.55 - - [28/Apr/2025:15:05:36 -0400] "POST /wp-cron.php?doing_wp_cron=1745867135.3868310451507568359375 HTTP/1.1" 403 13 "-" "WordPress/6.8; https://keyfinancehomeloan.com.au"
52.167.144.221 - - [28/Apr/2025:15:05:23 -0400] "GET /shopdetail/89977094 HTTP/1.1" 404 18061 "-" "Mozilla/5.0 AppleWebKit/537.36 (KHTML, like Gecko; compatible; bingbot/2.0; +http://www.bing.com/bingbot.htm) Chrome/116.0.1938.76 Safari/537.36"
199.188.205.55 - - [28/Apr/2025:15:07:01 -0400] "POST /wp-cron.php?doing_wp_cron=1745867221.7981770038604736328125 HTTP/1.1" 403 13 "-" "WordPress/6.8; https://keyfinancehomeloan.com.au"
40.77.167.75 - - [28/Apr/2025:15:06:57 -0400] "GET /shopdetail/143305494 HTTP/1.1" 404 18067 "-" "Mozilla/5.0 AppleWebKit/537.36 (KHTML, like Gecko; compatible; bingbot/2.0; +http://www.bing.com/bingbot.htm) Chrome/116.0.1938.76 Safari/537.36"
199.188.205.55 - - [28/Apr/2025:15:08:08 -0400] "POST /wp-cron.php?doing_wp_cron=1745867288.7810249328613281250000 HTTP/1.1" 403 13 "-" "WordPress/6.8; https://keyfinancehomeloan.com.au"
40.77.167.75 - - [28/Apr/2025:15:08:07 -0400] "GET /shopdetail/31419494 HTTP/1.1" 404 18061 "-" "Mozilla/5.0 AppleWebKit/537.36 (KHTML, like Gecko; compatible; bingbot/2.0; +http://www.bing.com/bingbot.htm) Chrome/116.0.1938.76 Safari/537.36"
52.167.144.221 - - [28/Apr/2025:15:08:41 -0400] "GET /shopdetail/36422194 HTTP/1.1" 404 18059 "-" "Mozilla/5.0 AppleWebKit/537.36 (KHTML, like Gecko; compatible; bingbot/2.0; +http://www.bing.com/bingbot.htm) Chrome/116.0.1938.76 Safari/537.36"
