168.151.120.0 - - [06/May/2025:00:54:34 -0400] "GET /wp-content/plugins/mortgage-loan-calculator/images/right-bg.png HTTP/1.1" 200 204 "https://keyfinancehomeloan.com.au/" "Mozilla/5.0 (iPhone; CPU iPhone OS 16_1_2 like Mac OS X) AppleWebKit/605.1.15 (KHTML, like Gecko) Version/16.1 Mobile/15E148 Safari/604.1"
168.151.120.0 - - [06/May/2025:00:54:34 -0400] "GET /wp-content/themes/keyfin/assets/fonts/fa-solid-900.woff2 HTTP/1.1" 200 79444 "https://keyfinancehomeloan.com.au/wp-content/themes/keyfin/assets/css/fontawesome.min.css?ver=5.13.0" "Mozilla/5.0 (iPhone; CPU iPhone OS 16_1_2 like Mac OS X) AppleWebKit/605.1.15 (KHTML, like Gecko) Version/16.1 Mobile/15E148 Safari/604.1"
168.151.120.0 - - [06/May/2025:00:54:34 -0400] "GET /wp-content/themes/keyfin/assets/fonts/fa-brands-400.woff2 HTTP/1.1" 200 76612 "https://keyfinancehomeloan.com.au/wp-content/themes/keyfin/assets/css/fontawesome.min.css?ver=5.13.0" "Mozilla/5.0 (iPhone; CPU iPhone OS 16_1_2 like Mac OS X) AppleWebKit/605.1.15 (KHTML, like Gecko) Version/16.1 Mobile/15E148 Safari/604.1"
168.151.120.0 - - [06/May/2025:00:54:34 -0400] "GET /wp-content/plugins/mortgage-loan-calculator/images/left-bg.png HTTP/1.1" 200 206 "https://keyfinancehomeloan.com.au/" "Mozilla/5.0 (iPhone; CPU iPhone OS 16_1_2 like Mac OS X) AppleWebKit/605.1.15 (KHTML, like Gecko) Version/16.1 Mobile/15E148 Safari/604.1"
168.151.120.0 - - [06/May/2025:00:54:34 -0400] "GET /wp-content/plugins/woocommerce/assets/js/frontend/add-to-cart-variation.min.js?ver=9.8.3 HTTP/1.1" 200 3712 "https://keyfinancehomeloan.com.au/" "Mozilla/5.0 (iPhone; CPU iPhone OS 16_1_2 like Mac OS X) AppleWebKit/605.1.15 (KHTML, like Gecko) Version/16.1 Mobile/15E148 Safari/604.1"
168.151.120.0 - - [06/May/2025:00:54:34 -0400] "GET /wp-content/plugins/themedraft-core/elementor-widgets/assets/fonts/Flaticon-business.woff2 HTTP/1.1" 200 77012 "https://keyfinancehomeloan.com.au/wp-content/plugins/themedraft-core/elementor-widgets/assets/fonts/flaticon.css?ver=1.0.0" "Mozilla/5.0 (iPhone; CPU iPhone OS 16_1_2 like Mac OS X) AppleWebKit/605.1.15 (KHTML, like Gecko) Version/16.1 Mobile/15E148 Safari/604.1"
168.151.120.0 - - [06/May/2025:00:54:34 -0400] "GET /wp-content/plugins/chaty/images/whatsapp.png HTTP/1.1" 200 69499 "https://keyfinancehomeloan.com.au/wp-content/plugins/chaty/css/chaty-front.min.css?ver=3.3.91721214134" "Mozilla/5.0 (iPhone; CPU iPhone OS 16_1_2 like Mac OS X) AppleWebKit/605.1.15 (KHTML, like Gecko) Version/16.1 Mobile/15E148 Safari/604.1"
168.151.120.0 - - [06/May/2025:00:54:34 -0400] "GET /wp-content/uploads/2024/07/cropped-KFHL-removebg-preview-32x32.png HTTP/1.1" 200 1696 "https://keyfinancehomeloan.com.au/" "Mozilla/5.0 (iPhone; CPU iPhone OS 16_1_2 like Mac OS X) AppleWebKit/605.1.15 (KHTML, like Gecko) Version/16.1 Mobile/15E148 Safari/604.1"
168.151.120.0 - - [06/May/2025:00:54:34 -0400] "POST /?wc-ajax=get_refreshed_fragments HTTP/1.1" 200 291 "https://keyfinancehomeloan.com.au/" "Mozilla/5.0 (iPhone; CPU iPhone OS 16_1_2 like Mac OS X) AppleWebKit/605.1.15 (KHTML, like Gecko) Version/16.1 Mobile/15E148 Safari/604.1"
168.151.120.0 - - [06/May/2025:00:54:37 -0400] "GET /wp-content/uploads/elementor/google-fonts/fonts/roboto-kfo7cnqeu92fr1me7ksn66agldtyluama3yuba.woff2 HTTP/1.1" 200 40128 "https://keyfinancehomeloan.com.au/wp-content/uploads/elementor/google-fonts/css/roboto.css?ver=1742282740" "Mozilla/5.0 (iPhone; CPU iPhone OS 16_1_2 like Mac OS X) AppleWebKit/605.1.15 (KHTML, like Gecko) Version/16.1 Mobile/15E148 Safari/604.1"
3.135.248.19 - - [06/May/2025:00:59:48 -0400] "GET /robots.txt HTTP/1.1" 200 139 "-" "Mozilla/5.0 AppleWebKit/537.36 (KHTML, like Gecko; compatible; ClaudeBot/1.0; +claudebot@anthropic.com)"
3.135.248.19 - - [06/May/2025:00:59:48 -0400] "GET /wp-content/plugins/woocommerce/assets/css/photoswipe/photoswipe.min.css HTTP/1.1" 200 857 "-" "Mozilla/5.0 AppleWebKit/537.36 (KHTML, like Gecko; compatible; ClaudeBot/1.0; +claudebot@anthropic.com)"
199.188.205.55 - - [06/May/2025:01:02:35 -0400] "POST /wp-cron.php?doing_wp_cron=1746507755.0594229698181152343750 HTTP/1.1" 200 0 "-" "WordPress/6.8.1; https://keyfinancehomeloan.com.au"
207.46.13.130 - - [06/May/2025:01:02:25 -0400] "GET /shopdetail/180301694 HTTP/1.1" 404 18118 "-" "Mozilla/5.0 AppleWebKit/537.36 (KHTML, like Gecko; compatible; bingbot/2.0; +http://www.bing.com/bingbot.htm) Chrome/116.0.1938.76 Safari/537.36"
207.46.13.130 - - [06/May/2025:01:02:20 -0400] "GET /shopdetail/207119894 HTTP/1.1" 404 18118 "-" "Mozilla/5.0 AppleWebKit/537.36 (KHTML, like Gecko; compatible; bingbot/2.0; +http://www.bing.com/bingbot.htm) Chrome/116.0.1938.76 Safari/537.36"
199.188.205.55 - - [06/May/2025:01:02:40 -0400] "POST /wp-admin/admin-ajax.php?action=async_litespeed&nonce=nTFaOCuxLMO9ciq7Q7juQhf9xb8EzPW8&litespeed_type=imgoptm HTTP/1.1" 200 0 "-" "WordPress/6.8.1; https://keyfinancehomeloan.com.au"
199.188.205.55 - - [06/May/2025:01:26:40 -0400] "POST /wp-cron.php?doing_wp_cron=1746509200.8274979591369628906250 HTTP/1.1" 200 0 "-" "WordPress/6.8.1; https://keyfinancehomeloan.com.au"
207.46.13.130 - - [06/May/2025:01:26:24 -0400] "GET /shopdetail/121872694 HTTP/1.1" 404 18116 "-" "Mozilla/5.0 AppleWebKit/537.36 (KHTML, like Gecko; compatible; bingbot/2.0; +http://www.bing.com/bingbot.htm) Chrome/116.0.1938.76 Safari/537.36"
199.188.205.55 - - [06/May/2025:01:26:44 -0400] "POST /wp-admin/admin-ajax.php?action=async_litespeed&nonce=dWXIbmUjYfK0XQLIVw5nf3P8zpSeEN7z&litespeed_type=imgoptm HTTP/1.1" 200 0 "-" "WordPress/6.8.1; https://keyfinancehomeloan.com.au"
199.188.205.55 - - [06/May/2025:01:29:11 -0400] "POST /wp-cron.php?doing_wp_cron=1746509349.9317579269409179687500 HTTP/1.1" 200 0 "-" "WordPress/6.8.1; https://keyfinancehomeloan.com.au"
207.46.13.130 - - [06/May/2025:01:28:56 -0400] "GET /shopdetail/172438394 HTTP/1.1" 404 18116 "-" "Mozilla/5.0 AppleWebKit/537.36 (KHTML, like Gecko; compatible; bingbot/2.0; +http://www.bing.com/bingbot.htm) Chrome/116.0.1938.76 Safari/537.36"
199.188.205.55 - - [06/May/2025:02:19:35 -0400] "POST /wp-admin/admin-ajax.php?action=async_litespeed&nonce=lRKshsqvSMqsgPReCH5PCXFtk9M89oBa&litespeed_type=imgoptm HTTP/1.1" 200 0 "-" "WordPress/6.8.1; https://keyfinancehomeloan.com.au"
199.188.205.55 - - [06/May/2025:02:52:23 -0400] "POST /wp-admin/admin-ajax.php?action=async_litespeed&nonce=6hZFHajaK0NxQTW39J9bC2arGFnUq8lp&litespeed_type=imgoptm HTTP/1.1" 200 0 "-" "WordPress/6.8.1; https://keyfinancehomeloan.com.au"
199.188.205.55 - - [06/May/2025:02:52:26 -0400] "GET / HTTP/1.1" 200 0 "-" "WordPress/6.8.1; https://keyfinancehomeloan.com.au"
199.188.205.55 - - [06/May/2025:03:22:20 -0400] "POST /wp-admin/admin-ajax.php?action=async_litespeed&nonce=q3W5iPHWUjASQZ4HjETF5eCZeieB5A47&litespeed_type=imgoptm HTTP/1.1" 200 0 "-" "WordPress/6.8.1; https://keyfinancehomeloan.com.au"
199.188.205.55 - - [06/May/2025:03:42:33 -0400] "POST /wp-cron.php?doing_wp_cron=1746517353.7027730941772460937500 HTTP/1.1" 200 0 "-" "WordPress/6.8.1; https://keyfinancehomeloan.com.au"
157.55.39.55 - - [06/May/2025:03:42:20 -0400] "GET /shopdetail/31986894 HTTP/1.1" 404 18074 "-" "Mozilla/5.0 AppleWebKit/537.36 (KHTML, like Gecko; compatible; bingbot/2.0; +http://www.bing.com/bingbot.htm) Chrome/116.0.1938.76 Safari/537.36"
199.188.205.55 - - [06/May/2025:03:42:35 -0400] "POST /wp-admin/admin-ajax.php?action=async_litespeed&nonce=XZb0LGjO0G57I0WOIVj87aedcw9w5th0&litespeed_type=imgoptm HTTP/1.1" 200 0 "-" "WordPress/6.8.1; https://keyfinancehomeloan.com.au"
199.188.205.55 - - [06/May/2025:04:08:17 -0400] "POST /wp-cron.php?doing_wp_cron=1746518897.8520679473876953125000 HTTP/1.1" 200 0 "-" "WordPress/6.8.1; https://keyfinancehomeloan.com.au"
52.167.144.233 - - [06/May/2025:04:08:08 -0400] "GET /shopdetail/83163494 HTTP/1.1" 404 18071 "-" "Mozilla/5.0 AppleWebKit/537.36 (KHTML, like Gecko; compatible; bingbot/2.0; +http://www.bing.com/bingbot.htm) Chrome/116.0.1938.76 Safari/537.36"
199.188.205.55 - - [06/May/2025:04:08:19 -0400] "POST /wp-admin/admin-ajax.php?action=async_litespeed&nonce=hkWRdF5mxHdjcyLwF18wpJOLmgHvL7cD&litespeed_type=imgoptm HTTP/1.1" 200 0 "-" "WordPress/6.8.1; https://keyfinancehomeloan.com.au"
199.188.205.55 - - [06/May/2025:04:32:30 -0400] "POST /wp-cron.php?doing_wp_cron=1746520350.3218860626220703125000 HTTP/1.1" 200 0 "-" "WordPress/6.8.1; https://keyfinancehomeloan.com.au"
157.55.39.62 - - [06/May/2025:04:32:20 -0400] "GET /shopdetail/167310994 HTTP/1.1" 404 18117 "-" "Mozilla/5.0 AppleWebKit/537.36 (KHTML, like Gecko; compatible; bingbot/2.0; +http://www.bing.com/bingbot.htm) Chrome/116.0.1938.76 Safari/537.36"
199.188.205.55 - - [06/May/2025:04:32:32 -0400] "POST /wp-admin/admin-ajax.php?action=async_litespeed&nonce=MnZMZUGwrkFUunGKdbjsUP1wYu5Inrg0&litespeed_type=imgoptm HTTP/1.1" 200 0 "-" "WordPress/6.8.1; https://keyfinancehomeloan.com.au"
199.188.205.55 - - [06/May/2025:04:43:45 -0400] "POST /wp-cron.php?doing_wp_cron=1746521025.7812969684600830078125 HTTP/1.1" 200 0 "-" "WordPress/6.8.1; https://keyfinancehomeloan.com.au"
157.55.39.204 - - [06/May/2025:04:43:37 -0400] "GET /shopdetail/70770394 HTTP/1.1" 404 18073 "-" "Mozilla/5.0 AppleWebKit/537.36 (KHTML, like Gecko; compatible; bingbot/2.0; +http://www.bing.com/bingbot.htm) Chrome/116.0.1938.76 Safari/537.36"
199.188.205.55 - - [06/May/2025:04:43:47 -0400] "POST /wp-admin/admin-ajax.php?action=async_litespeed&nonce=nd9xpUmptI5rlG6DfE4hmrGzyJiK6aBE&litespeed_type=imgoptm HTTP/1.1" 200 0 "-" "WordPress/6.8.1; https://keyfinancehomeloan.com.au"
199.188.205.55 - - [06/May/2025:05:09:27 -0400] "POST /wp-cron.php?doing_wp_cron=1746522566.3002550601959228515625 HTTP/1.1" 200 0 "-" "WordPress/6.8.1; https://keyfinancehomeloan.com.au"
40.77.167.4 - - [06/May/2025:05:09:11 -0400] "GET /shopdetail/186740194 HTTP/1.1" 404 18116 "-" "Mozilla/5.0 AppleWebKit/537.36 (KHTML, like Gecko; compatible; bingbot/2.0; +http://www.bing.com/bingbot.htm) Chrome/116.0.1938.76 Safari/537.36"
199.188.205.55 - - [06/May/2025:05:09:30 -0400] "POST /wp-admin/admin-ajax.php?action=async_litespeed&nonce=m7Wxwh8639jxL8cT3uR8jTpbhKArvOGz&litespeed_type=imgoptm HTTP/1.1" 200 0 "-" "WordPress/6.8.1; https://keyfinancehomeloan.com.au"
199.188.205.55 - - [06/May/2025:05:46:11 -0400] "POST /wp-cron.php?doing_wp_cron=1746524771.7406599521636962890625 HTTP/1.1" 200 0 "-" "WordPress/6.8.1; https://keyfinancehomeloan.com.au"
40.77.167.17 - - [06/May/2025:05:46:02 -0400] "GET /shopdetail/22237694 HTTP/1.1" 404 18072 "-" "Mozilla/5.0 AppleWebKit/537.36 (KHTML, like Gecko; compatible; bingbot/2.0; +http://www.bing.com/bingbot.htm) Chrome/116.0.1938.76 Safari/537.36"
199.188.205.55 - - [06/May/2025:05:46:13 -0400] "POST /wp-admin/admin-ajax.php?action=async_litespeed&nonce=mRAPbAX0BvkIgFaoRic331hdG3BbHI45&litespeed_type=imgoptm HTTP/1.1" 200 0 "-" "WordPress/6.8.1; https://keyfinancehomeloan.com.au"
199.188.205.55 - - [06/May/2025:06:21:03 -0400] "POST /wp-cron.php?doing_wp_cron=1746526863.0501420497894287109375 HTTP/1.1" 200 0 "-" "WordPress/6.8.1; https://keyfinancehomeloan.com.au"
207.46.13.64 - - [06/May/2025:06:20:49 -0400] "GET /shopdetail/31085994 HTTP/1.1" 404 18073 "-" "Mozilla/5.0 AppleWebKit/537.36 (KHTML, like Gecko; compatible; bingbot/2.0; +http://www.bing.com/bingbot.htm) Chrome/116.0.1938.76 Safari/537.36"
199.188.205.55 - - [06/May/2025:06:21:05 -0400] "POST /wp-admin/admin-ajax.php?action=async_litespeed&nonce=7FLFsQcmQdZ84L1pG6GKmhnLYINVJfA0&litespeed_type=imgoptm HTTP/1.1" 200 0 "-" "WordPress/6.8.1; https://keyfinancehomeloan.com.au"
199.188.205.55 - - [06/May/2025:06:21:48 -0400] "POST /wp-cron.php?doing_wp_cron=1746526908.1024649143218994140625 HTTP/1.1" 200 0 "-" "WordPress/6.8.1; https://keyfinancehomeloan.com.au"
52.167.144.22 - - [06/May/2025:06:21:46 -0400] "GET /shopdetail/128914794 HTTP/1.1" 404 18118 "-" "Mozilla/5.0 AppleWebKit/537.36 (KHTML, like Gecko; compatible; bingbot/2.0; +http://www.bing.com/bingbot.htm) Chrome/116.0.1938.76 Safari/537.36"
199.188.205.55 - - [06/May/2025:06:21:49 -0400] "POST /wp-admin/admin-ajax.php?action=async_litespeed&nonce=2ZIpgW2xujKK8pImgCJng2uPrLhXcrWE&litespeed_type=imgoptm HTTP/1.1" 200 0 "-" "WordPress/6.8.1; https://keyfinancehomeloan.com.au"
199.188.205.55 - - [06/May/2025:06:30:37 -0400] "POST /wp-cron.php?doing_wp_cron=1746527437.6382369995117187500000 HTTP/1.1" 200 0 "-" "WordPress/6.8.1; https://keyfinancehomeloan.com.au"
157.55.39.53 - - [06/May/2025:06:30:25 -0400] "GET /shopdetail/114212594 HTTP/1.1" 404 18117 "-" "Mozilla/5.0 AppleWebKit/537.36 (KHTML, like Gecko; compatible; bingbot/2.0; +http://www.bing.com/bingbot.htm) Chrome/116.0.1938.76 Safari/537.36"
199.188.205.55 - - [06/May/2025:06:30:39 -0400] "POST /wp-admin/admin-ajax.php?action=async_litespeed&nonce=11NxfFNeiB4pTDfUjNcg6y5hCpIETfzD&litespeed_type=imgoptm HTTP/1.1" 200 0 "-" "WordPress/6.8.1; https://keyfinancehomeloan.com.au"
199.188.205.55 - - [06/May/2025:06:31:19 -0400] "POST /wp-cron.php?doing_wp_cron=1746527479.7088499069213867187500 HTTP/1.1" 200 0 "-" "WordPress/6.8.1; https://keyfinancehomeloan.com.au"
40.77.167.10 - - [06/May/2025:06:31:17 -0400] "GET /shopdetail/189017494 HTTP/1.1" 404 18117 "-" "Mozilla/5.0 AppleWebKit/537.36 (KHTML, like Gecko; compatible; bingbot/2.0; +http://www.bing.com/bingbot.htm) Chrome/116.0.1938.76 Safari/537.36"
199.188.205.55 - - [06/May/2025:06:31:20 -0400] "POST /wp-admin/admin-ajax.php?action=async_litespeed&nonce=suiQR9S26HptN2yTTkdC9TwhFxlyp2Be&litespeed_type=imgoptm HTTP/1.1" 200 0 "-" "WordPress/6.8.1; https://keyfinancehomeloan.com.au"
17.241.219.221 - - [06/May/2025:06:38:23 -0400] "GET /robots.txt HTTP/1.1" 200 139 "-" "Mozilla/5.0 (Macintosh; Intel Mac OS X 10_15_7) AppleWebKit/605.1.15 (KHTML, like Gecko) Version/17.4 Safari/605.1.15 (Applebot/0.1; +http://www.apple.com/go/applebot)"
199.188.205.55 - - [06/May/2025:06:38:35 -0400] "POST /wp-cron.php?doing_wp_cron=1746527915.3627760410308837890625 HTTP/1.1" 200 0 "-" "WordPress/6.8.1; https://keyfinancehomeloan.com.au"
17.241.219.221 - - [06/May/2025:06:38:24 -0400] "GET / HTTP/1.1" 200 28448 "-" "Mozilla/5.0 (Macintosh; Intel Mac OS X 10_15_7) AppleWebKit/605.1.15 (KHTML, like Gecko) Version/17.4 Safari/605.1.15 (Applebot/0.1; +http://www.apple.com/go/applebot)"
199.188.205.55 - - [06/May/2025:06:38:37 -0400] "POST /wp-admin/admin-ajax.php?action=async_litespeed&nonce=WmkiCbVnmIdQtc7RuOVcNbAFOgixNAot&litespeed_type=imgoptm HTTP/1.1" 200 0 "-" "WordPress/6.8.1; https://keyfinancehomeloan.com.au"
17.241.75.83 - - [06/May/2025:06:39:50 -0400] "GET /wp-content/plugins/contact-form-7/includes/css/styles.css?ver=6.0.6 HTTP/1.1" 200 1101 "https://keyfinancehomeloan.com.au/" "Mozilla/5.0 (Macintosh; Intel Mac OS X 10_15_7) AppleWebKit/605.1.15 (KHTML, like Gecko) Version/17.4 Safari/605.1.15 (Applebot/0.1; +http://www.apple.com/go/applebot)"
17.241.227.190 - - [06/May/2025:06:39:51 -0400] "GET /wp-content/plugins/woocommerce/assets/css/woocommerce.css?ver=9.8.3 HTTP/1.1" 200 13479 "https://keyfinancehomeloan.com.au/" "Mozilla/5.0 (Macintosh; Intel Mac OS X 10_15_7) AppleWebKit/605.1.15 (KHTML, like Gecko) Version/17.4 Safari/605.1.15 (Applebot/0.1; +http://www.apple.com/go/applebot)"
17.241.219.182 - - [06/May/2025:06:39:51 -0400] "GET /wp-content/plugins/woocommerce/assets/css/woocommerce-layout.css?ver=9.8.3 HTTP/1.1" 200 3986 "https://keyfinancehomeloan.com.au/" "Mozilla/5.0 (Macintosh; Intel Mac OS X 10_15_7) AppleWebKit/605.1.15 (KHTML, like Gecko) Version/17.4 Safari/605.1.15 (Applebot/0.1; +http://www.apple.com/go/applebot)"
17.241.227.157 - - [06/May/2025:06:39:52 -0400] "GET /wp-content/plugins/simply-schedule-appointments/assets/css/upcoming-appointments.css?ver=1.6.8.22 HTTP/1.1" 200 995 "https://keyfinancehomeloan.com.au/" "Mozilla/5.0 (Macintosh; Intel Mac OS X 10_15_7) AppleWebKit/605.1.15 (KHTML, like Gecko) Version/17.4 Safari/605.1.15 (Applebot/0.1; +http://www.apple.com/go/applebot)"
17.241.219.217 - - [06/May/2025:06:39:52 -0400] "GET /wp-content/plugins/yith-woocommerce-quick-view/assets/css/yith-quick-view.css?ver=2.4.0 HTTP/1.1" 200 2466 "https://keyfinancehomeloan.com.au/" "Mozilla/5.0 (Macintosh; Intel Mac OS X 10_15_7) AppleWebKit/605.1.15 (KHTML, like Gecko) Version/17.4 Safari/605.1.15 (Applebot/0.1; +http://www.apple.com/go/applebot)"
17.241.75.225 - - [06/May/2025:06:39:53 -0400] "GET /wp-content/plugins/simply-schedule-appointments/assets/css/ssa-styles.css?ver=1.6.8.22 HTTP/1.1" 200 241 "https://keyfinancehomeloan.com.au/" "Mozilla/5.0 (Macintosh; Intel Mac OS X 10_15_7) AppleWebKit/605.1.15 (KHTML, like Gecko) Version/17.4 Safari/605.1.15 (Applebot/0.1; +http://www.apple.com/go/applebot)"
17.241.227.90 - - [06/May/2025:06:39:53 -0400] "GET /wp-content/plugins/woocommerce/assets/css/brands.css?ver=9.8.3 HTTP/1.1" 200 731 "https://keyfinancehomeloan.com.au/" "Mozilla/5.0 (Macintosh; Intel Mac OS X 10_15_7) AppleWebKit/605.1.15 (KHTML, like Gecko) Version/17.4 Safari/605.1.15 (Applebot/0.1; +http://www.apple.com/go/applebot)"
17.241.227.190 - - [06/May/2025:06:39:53 -0400] "GET /wp-content/plugins/ti-woocommerce-wishlist/assets/css/webfont.min.css?ver=2.9.2 HTTP/1.1" 200 910 "https://keyfinancehomeloan.com.au/" "Mozilla/5.0 (Macintosh; Intel Mac OS X 10_15_7) AppleWebKit/605.1.15 (KHTML, like Gecko) Version/17.4 Safari/605.1.15 (Applebot/0.1; +http://www.apple.com/go/applebot)"
17.241.219.172 - - [06/May/2025:06:39:54 -0400] "GET /wp-content/plugins/ti-woocommerce-wishlist/assets/css/public.min.css?ver=2.9.2 HTTP/1.1" 200 7026 "https://keyfinancehomeloan.com.au/" "Mozilla/5.0 (Macintosh; Intel Mac OS X 10_15_7) AppleWebKit/605.1.15 (KHTML, like Gecko) Version/17.4 Safari/605.1.15 (Applebot/0.1; +http://www.apple.com/go/applebot)"
17.241.75.206 - - [06/May/2025:06:39:55 -0400] "GET /wp-content/themes/keyfin/assets/css/bootstrap.min.css?ver=4.4.1 HTTP/1.1" 200 31623 "https://keyfinancehomeloan.com.au/" "Mozilla/5.0 (Macintosh; Intel Mac OS X 10_15_7) AppleWebKit/605.1.15 (KHTML, like Gecko) Version/17.4 Safari/605.1.15 (Applebot/0.1; +http://www.apple.com/go/applebot)"
17.241.219.217 - - [06/May/2025:06:39:55 -0400] "GET /wp-content/themes/keyfin/assets/css/fontawesome.min.css?ver=5.13.0 HTTP/1.1" 200 14460 "https://keyfinancehomeloan.com.au/" "Mozilla/5.0 (Macintosh; Intel Mac OS X 10_15_7) AppleWebKit/605.1.15 (KHTML, like Gecko) Version/17.4 Safari/605.1.15 (Applebot/0.1; +http://www.apple.com/go/applebot)"
17.241.75.225 - - [06/May/2025:06:39:55 -0400] "GET /wp-content/themes/keyfin/assets/css/slick-slider.css?ver=1.0.0 HTTP/1.1" 200 611 "https://keyfinancehomeloan.com.au/" "Mozilla/5.0 (Macintosh; Intel Mac OS X 10_15_7) AppleWebKit/605.1.15 (KHTML, like Gecko) Version/17.4 Safari/605.1.15 (Applebot/0.1; +http://www.apple.com/go/applebot)"
17.241.219.99 - - [06/May/2025:06:39:56 -0400] "GET /wp-content/themes/keyfin/assets/css/magnific-popup.css?ver=1.1.0 HTTP/1.1" 200 2278 "https://keyfinancehomeloan.com.au/" "Mozilla/5.0 (Macintosh; Intel Mac OS X 10_15_7) AppleWebKit/605.1.15 (KHTML, like Gecko) Version/17.4 Safari/605.1.15 (Applebot/0.1; +http://www.apple.com/go/applebot)"
17.241.75.83 - - [06/May/2025:06:39:56 -0400] "GET /wp-content/themes/keyfin/assets/css/slicknav.min.css?ver=1.0.10 HTTP/1.1" 200 868 "https://keyfinancehomeloan.com.au/" "Mozilla/5.0 (Macintosh; Intel Mac OS X 10_15_7) AppleWebKit/605.1.15 (KHTML, like Gecko) Version/17.4 Safari/605.1.15 (Applebot/0.1; +http://www.apple.com/go/applebot)"
17.241.219.109 - - [06/May/2025:06:39:57 -0400] "GET /wp-content/themes/keyfin/assets/css/uikit.min.css?ver=3.1.9 HTTP/1.1" 200 36667 "https://keyfinancehomeloan.com.au/" "Mozilla/5.0 (Macintosh; Intel Mac OS X 10_15_7) AppleWebKit/605.1.15 (KHTML, like Gecko) Version/17.4 Safari/605.1.15 (Applebot/0.1; +http://www.apple.com/go/applebot)"
17.241.219.157 - - [06/May/2025:06:39:58 -0400] "GET /wp-content/themes/keyfin/assets/css/custom-el-widget.css?ver=1.1.3 HTTP/1.1" 200 7676 "https://keyfinancehomeloan.com.au/" "Mozilla/5.0 (Macintosh; Intel Mac OS X 10_15_7) AppleWebKit/605.1.15 (KHTML, like Gecko) Version/17.4 Safari/605.1.15 (Applebot/0.1; +http://www.apple.com/go/applebot)"
17.241.219.217 - - [06/May/2025:06:39:58 -0400] "GET /wp-content/themes/keyfin/assets/css/main.css?ver=1.1.3 HTTP/1.1" 200 20526 "https://keyfinancehomeloan.com.au/" "Mozilla/5.0 (Macintosh; Intel Mac OS X 10_15_7) AppleWebKit/605.1.15 (KHTML, like Gecko) Version/17.4 Safari/605.1.15 (Applebot/0.1; +http://www.apple.com/go/applebot)"
17.241.75.225 - - [06/May/2025:06:39:58 -0400] "GET /wp-content/themes/keyfin/style.css?ver=1.1.3 HTTP/1.1" 200 284 "https://keyfinancehomeloan.com.au/" "Mozilla/5.0 (Macintosh; Intel Mac OS X 10_15_7) AppleWebKit/605.1.15 (KHTML, like Gecko) Version/17.4 Safari/605.1.15 (Applebot/0.1; +http://www.apple.com/go/applebot)"
17.241.75.39 - - [06/May/2025:06:39:59 -0400] "GET /wp-content/themes/keyfin/assets/css/inline-style.css?ver=1.1.3 HTTP/1.1" 200 0 "https://keyfinancehomeloan.com.au/" "Mozilla/5.0 (Macintosh; Intel Mac OS X 10_15_7) AppleWebKit/605.1.15 (KHTML, like Gecko) Version/17.4 Safari/605.1.15 (Applebot/0.1; +http://www.apple.com/go/applebot)"
17.241.227.115 - - [06/May/2025:06:40:00 -0400] "GET /wp-content/themes/keyfin/assets/css/woocommerce.css?ver=1.0.0 HTTP/1.1" 200 9884 "https://keyfinancehomeloan.com.au/" "Mozilla/5.0 (Macintosh; Intel Mac OS X 10_15_7) AppleWebKit/605.1.15 (KHTML, like Gecko) Version/17.4 Safari/605.1.15 (Applebot/0.1; +http://www.apple.com/go/applebot)"
17.241.219.109 - - [06/May/2025:06:40:00 -0400] "GET /wp-content/plugins/chaty/css/chaty-front.min.css?ver=3.3.91721214134 HTTP/1.1" 200 8353 "https://keyfinancehomeloan.com.au/" "Mozilla/5.0 (Macintosh; Intel Mac OS X 10_15_7) AppleWebKit/605.1.15 (KHTML, like Gecko) Version/17.4 Safari/605.1.15 (Applebot/0.1; +http://www.apple.com/go/applebot)"
17.241.219.157 - - [06/May/2025:06:40:00 -0400] "GET /wp-content/plugins/elementor/assets/css/frontend.min.css?ver=3.28.4 HTTP/1.1" 200 8879 "https://keyfinancehomeloan.com.au/" "Mozilla/5.0 (Macintosh; Intel Mac OS X 10_15_7) AppleWebKit/605.1.15 (KHTML, like Gecko) Version/17.4 Safari/605.1.15 (Applebot/0.1; +http://www.apple.com/go/applebot)"
17.241.219.166 - - [06/May/2025:06:40:01 -0400] "GET /wp-content/uploads/elementor/css/post-29.css?ver=1721126624 HTTP/1.1" 200 373 "https://keyfinancehomeloan.com.au/" "Mozilla/5.0 (Macintosh; Intel Mac OS X 10_15_7) AppleWebKit/605.1.15 (KHTML, like Gecko) Version/17.4 Safari/605.1.15 (Applebot/0.1; +http://www.apple.com/go/applebot)"
17.241.227.86 - - [06/May/2025:06:40:02 -0400] "GET /wp-content/uploads/elementor/css/post-96.css?ver=1724147828 HTTP/1.1" 200 1344 "https://keyfinancehomeloan.com.au/" "Mozilla/5.0 (Macintosh; Intel Mac OS X 10_15_7) AppleWebKit/605.1.15 (KHTML, like Gecko) Version/17.4 Safari/605.1.15 (Applebot/0.1; +http://www.apple.com/go/applebot)"
17.241.75.39 - - [06/May/2025:06:40:02 -0400] "GET /wp-content/plugins/themedraft-core/elementor-widgets/assets/fonts/flaticon.css?ver=1.0.0 HTTP/1.1" 200 2474 "https://keyfinancehomeloan.com.au/" "Mozilla/5.0 (Macintosh; Intel Mac OS X 10_15_7) AppleWebKit/605.1.15 (KHTML, like Gecko) Version/17.4 Safari/605.1.15 (Applebot/0.1; +http://www.apple.com/go/applebot)"
17.241.75.206 - - [06/May/2025:06:40:02 -0400] "GET /wp-content/uploads/elementor/google-fonts/css/roboto.css?ver=1742282740 HTTP/1.1" 200 4652 "https://keyfinancehomeloan.com.au/" "Mozilla/5.0 (Macintosh; Intel Mac OS X 10_15_7) AppleWebKit/605.1.15 (KHTML, like Gecko) Version/17.4 Safari/605.1.15 (Applebot/0.1; +http://www.apple.com/go/applebot)"
17.241.219.109 - - [06/May/2025:06:40:03 -0400] "GET /wp-content/uploads/elementor/google-fonts/css/robotoslab.css?ver=1742282746 HTTP/1.1" 200 1053 "https://keyfinancehomeloan.com.au/" "Mozilla/5.0 (Macintosh; Intel Mac OS X 10_15_7) AppleWebKit/605.1.15 (KHTML, like Gecko) Version/17.4 Safari/605.1.15 (Applebot/0.1; +http://www.apple.com/go/applebot)"
17.241.219.157 - - [06/May/2025:06:40:03 -0400] "GET /wp-content/plugins/themedraft-core/elementor-widgets/assets/fonts/flaticon.css?ver=https://keyfinancehomeloan.com.au/wp-content/plugins/themedraft-core/elementor-widgets/assets/ HTTP/1.1" 200 2474 "https://keyfinancehomeloan.com.au/" "Mozilla/5.0 (Macintosh; Intel Mac OS X 10_15_7) AppleWebKit/605.1.15 (KHTML, like Gecko) Version/17.4 Safari/605.1.15 (Applebot/0.1; +http://www.apple.com/go/applebot)"
17.241.227.8 - - [06/May/2025:06:40:04 -0400] "GET /wp-includes/js/jquery/jquery.min.js?ver=3.7.1 HTTP/1.1" 200 35438 "https://keyfinancehomeloan.com.au/" "Mozilla/5.0 (Macintosh; Intel Mac OS X 10_15_7) AppleWebKit/605.1.15 (KHTML, like Gecko) Version/17.4 Safari/605.1.15 (Applebot/0.1; +http://www.apple.com/go/applebot)"
17.241.219.217 - - [06/May/2025:06:40:05 -0400] "GET /wp-includes/js/jquery/jquery-migrate.min.js?ver=3.4.1 HTTP/1.1" 200 5342 "https://keyfinancehomeloan.com.au/" "Mozilla/5.0 (Macintosh; Intel Mac OS X 10_15_7) AppleWebKit/605.1.15 (KHTML, like Gecko) Version/17.4 Safari/605.1.15 (Applebot/0.1; +http://www.apple.com/go/applebot)"
17.241.219.105 - - [06/May/2025:06:40:05 -0400] "GET /wp-content/plugins/woocommerce/assets/js/jquery-blockui/jquery.blockUI.min.js?ver=2.7.0-wc.9.8.3 HTTP/1.1" 200 3810 "https://keyfinancehomeloan.com.au/" "Mozilla/5.0 (Macintosh; Intel Mac OS X 10_15_7) AppleWebKit/605.1.15 (KHTML, like Gecko) Version/17.4 Safari/605.1.15 (Applebot/0.1; +http://www.apple.com/go/applebot)"
17.241.75.206 - - [06/May/2025:06:40:05 -0400] "GET /wp-content/plugins/woocommerce/assets/js/frontend/add-to-cart.min.js?ver=9.8.3 HTTP/1.1" 200 1482 "https://keyfinancehomeloan.com.au/" "Mozilla/5.0 (Macintosh; Intel Mac OS X 10_15_7) AppleWebKit/605.1.15 (KHTML, like Gecko) Version/17.4 Safari/605.1.15 (Applebot/0.1; +http://www.apple.com/go/applebot)"
17.241.219.93 - - [06/May/2025:06:40:06 -0400] "GET /wp-content/plugins/woocommerce/assets/js/js-cookie/js.cookie.min.js?ver=2.1.4-wc.9.8.3 HTTP/1.1" 200 854 "https://keyfinancehomeloan.com.au/" "Mozilla/5.0 (Macintosh; Intel Mac OS X 10_15_7) AppleWebKit/605.1.15 (KHTML, like Gecko) Version/17.4 Safari/605.1.15 (Applebot/0.1; +http://www.apple.com/go/applebot)"
17.241.75.225 - - [06/May/2025:06:40:07 -0400] "GET /wp-content/plugins/woocommerce/assets/js/frontend/woocommerce.min.js?ver=9.8.3 HTTP/1.1" 200 1544 "https://keyfinancehomeloan.com.au/" "Mozilla/5.0 (Macintosh; Intel Mac OS X 10_15_7) AppleWebKit/605.1.15 (KHTML, like Gecko) Version/17.4 Safari/605.1.15 (Applebot/0.1; +http://www.apple.com/go/applebot)"
17.241.227.8 - - [06/May/2025:06:40:07 -0400] "GET /wp-content/plugins/woocommerce/assets/client/blocks/wc-blocks.css?ver=wc-9.8.3 HTTP/1.1" 200 2907 "https://keyfinancehomeloan.com.au/" "Mozilla/5.0 (Macintosh; Intel Mac OS X 10_15_7) AppleWebKit/605.1.15 (KHTML, like Gecko) Version/17.4 Safari/605.1.15 (Applebot/0.1; +http://www.apple.com/go/applebot)"
17.241.219.157 - - [06/May/2025:06:40:07 -0400] "GET /wp-content/plugins/elementor/assets/css/widget-image.min.css?ver=3.28.4 HTTP/1.1" 200 254 "https://keyfinancehomeloan.com.au/" "Mozilla/5.0 (Macintosh; Intel Mac OS X 10_15_7) AppleWebKit/605.1.15 (KHTML, like Gecko) Version/17.4 Safari/605.1.15 (Applebot/0.1; +http://www.apple.com/go/applebot)"
17.241.219.105 - - [06/May/2025:06:40:08 -0400] "GET /wp-content/plugins/mortgage-loan-calculator/widget-form.css?ver=6.8.1 HTTP/1.1" 200 1008 "https://keyfinancehomeloan.com.au/" "Mozilla/5.0 (Macintosh; Intel Mac OS X 10_15_7) AppleWebKit/605.1.15 (KHTML, like Gecko) Version/17.4 Safari/605.1.15 (Applebot/0.1; +http://www.apple.com/go/applebot)"
17.241.75.206 - - [06/May/2025:06:40:08 -0400] "GET /wp-content/plugins/woocommerce/assets/css/photoswipe/photoswipe.min.css?ver=9.8.3 HTTP/1.1" 200 1082 "https://keyfinancehomeloan.com.au/" "Mozilla/5.0 (Macintosh; Intel Mac OS X 10_15_7) AppleWebKit/605.1.15 (KHTML, like Gecko) Version/17.4 Safari/605.1.15 (Applebot/0.1; +http://www.apple.com/go/applebot)"
17.241.219.97 - - [06/May/2025:06:40:09 -0400] "GET /wp-content/plugins/woocommerce/assets/css/photoswipe/default-skin/default-skin.min.css?ver=9.8.3 HTTP/1.1" 200 2239 "https://keyfinancehomeloan.com.au/" "Mozilla/5.0 (Macintosh; Intel Mac OS X 10_15_7) AppleWebKit/605.1.15 (KHTML, like Gecko) Version/17.4 Safari/605.1.15 (Applebot/0.1; +http://www.apple.com/go/applebot)"
17.241.219.93 - - [06/May/2025:06:40:09 -0400] "GET /wp-includes/js/dist/hooks.min.js?ver=4d63a3d491d11ffd8ac6 HTTP/1.1" 200 1758 "https://keyfinancehomeloan.com.au/" "Mozilla/5.0 (Macintosh; Intel Mac OS X 10_15_7) AppleWebKit/605.1.15 (KHTML, like Gecko) Version/17.4 Safari/605.1.15 (Applebot/0.1; +http://www.apple.com/go/applebot)"
17.241.219.217 - - [06/May/2025:06:40:10 -0400] "GET /wp-includes/js/dist/i18n.min.js?ver=5e580eb46a90c2b997e6 HTTP/1.1" 200 3910 "https://keyfinancehomeloan.com.au/" "Mozilla/5.0 (Macintosh; Intel Mac OS X 10_15_7) AppleWebKit/605.1.15 (KHTML, like Gecko) Version/17.4 Safari/605.1.15 (Applebot/0.1; +http://www.apple.com/go/applebot)"
17.241.219.157 - - [06/May/2025:06:40:10 -0400] "GET /wp-content/plugins/contact-form-7/includes/swv/js/index.js?ver=6.0.6 HTTP/1.1" 200 3878 "https://keyfinancehomeloan.com.au/" "Mozilla/5.0 (Macintosh; Intel Mac OS X 10_15_7) AppleWebKit/605.1.15 (KHTML, like Gecko) Version/17.4 Safari/605.1.15 (Applebot/0.1; +http://www.apple.com/go/applebot)"
17.241.227.69 - - [06/May/2025:06:40:11 -0400] "GET /wp-content/plugins/contact-form-7/includes/js/index.js?ver=6.0.6 HTTP/1.1" 200 4788 "https://keyfinancehomeloan.com.au/" "Mozilla/5.0 (Macintosh; Intel Mac OS X 10_15_7) AppleWebKit/605.1.15 (KHTML, like Gecko) Version/17.4 Safari/605.1.15 (Applebot/0.1; +http://www.apple.com/go/applebot)"
17.241.219.166 - - [06/May/2025:06:40:11 -0400] "GET /wp-content/plugins/yith-woocommerce-quick-view/assets/js/frontend.min.js?ver=2.4.0 HTTP/1.1" 200 961 "https://keyfinancehomeloan.com.au/" "Mozilla/5.0 (Macintosh; Intel Mac OS X 10_15_7) AppleWebKit/605.1.15 (KHTML, like Gecko) Version/17.4 Safari/605.1.15 (Applebot/0.1; +http://www.apple.com/go/applebot)"
17.241.75.160 - - [06/May/2025:06:40:12 -0400] "GET /wp-content/plugins/woocommerce/assets/js/frontend/cart-fragments.min.js?ver=9.8.3 HTTP/1.1" 200 1110 "https://keyfinancehomeloan.com.au/" "Mozilla/5.0 (Macintosh; Intel Mac OS X 10_15_7) AppleWebKit/605.1.15 (KHTML, like Gecko) Version/17.4 Safari/605.1.15 (Applebot/0.1; +http://www.apple.com/go/applebot)"
17.241.75.136 - - [06/May/2025:06:40:13 -0400] "GET /wp-content/plugins/ti-woocommerce-wishlist/assets/js/public.min.js?ver=2.9.2 HTTP/1.1" 200 7106 "https://keyfinancehomeloan.com.au/" "Mozilla/5.0 (Macintosh; Intel Mac OS X 10_15_7) AppleWebKit/605.1.15 (KHTML, like Gecko) Version/17.4 Safari/605.1.15 (Applebot/0.1; +http://www.apple.com/go/applebot)"
17.241.219.166 - - [06/May/2025:06:40:13 -0400] "GET /wp-content/themes/keyfin/assets/js/popper.min.js?ver=1.12.9 HTTP/1.1" 200 7698 "https://keyfinancehomeloan.com.au/" "Mozilla/5.0 (Macintosh; Intel Mac OS X 10_15_7) AppleWebKit/605.1.15 (KHTML, like Gecko) Version/17.4 Safari/605.1.15 (Applebot/0.1; +http://www.apple.com/go/applebot)"
17.241.219.157 - - [06/May/2025:06:40:13 -0400] "GET /wp-content/themes/keyfin/assets/js/bootstrap.min.js?ver=4.4.1 HTTP/1.1" 200 19595 "https://keyfinancehomeloan.com.au/" "Mozilla/5.0 (Macintosh; Intel Mac OS X 10_15_7) AppleWebKit/605.1.15 (KHTML, like Gecko) Version/17.4 Safari/605.1.15 (Applebot/0.1; +http://www.apple.com/go/applebot)"
17.241.227.115 - - [06/May/2025:06:40:14 -0400] "GET /wp-content/themes/keyfin/assets/js/slick-slider.min.js?ver=1.0.0 HTTP/1.1" 200 12980 "https://keyfinancehomeloan.com.au/" "Mozilla/5.0 (Macintosh; Intel Mac OS X 10_15_7) AppleWebKit/605.1.15 (KHTML, like Gecko) Version/17.4 Safari/605.1.15 (Applebot/0.1; +http://www.apple.com/go/applebot)"
17.241.219.166 - - [06/May/2025:06:40:14 -0400] "GET /wp-content/themes/keyfin/assets/js/magnific-popup.min.js?ver=1.1.0 HTTP/1.1" 200 8291 "https://keyfinancehomeloan.com.au/" "Mozilla/5.0 (Macintosh; Intel Mac OS X 10_15_7) AppleWebKit/605.1.15 (KHTML, like Gecko) Version/17.4 Safari/605.1.15 (Applebot/0.1; +http://www.apple.com/go/applebot)"
17.241.75.121 - - [06/May/2025:06:40:15 -0400] "GET /wp-content/themes/keyfin/assets/js/wow.min.js?ver=1.3.0 HTTP/1.1" 200 3097 "https://keyfinancehomeloan.com.au/" "Mozilla/5.0 (Macintosh; Intel Mac OS X 10_15_7) AppleWebKit/605.1.15 (KHTML, like Gecko) Version/17.4 Safari/605.1.15 (Applebot/0.1; +http://www.apple.com/go/applebot)"
17.241.75.225 - - [06/May/2025:06:40:16 -0400] "GET /wp-content/themes/keyfin/assets/js/slicknav.min.js?ver=1.0.10 HTTP/1.1" 200 2238 "https://keyfinancehomeloan.com.au/" "Mozilla/5.0 (Macintosh; Intel Mac OS X 10_15_7) AppleWebKit/605.1.15 (KHTML, like Gecko) Version/17.4 Safari/605.1.15 (Applebot/0.1; +http://www.apple.com/go/applebot)"
17.241.227.86 - - [06/May/2025:06:40:16 -0400] "GET /wp-includes/js/imagesloaded.min.js?ver=5.0.0 HTTP/1.1" 200 1976 "https://keyfinancehomeloan.com.au/" "Mozilla/5.0 (Macintosh; Intel Mac OS X 10_15_7) AppleWebKit/605.1.15 (KHTML, like Gecko) Version/17.4 Safari/605.1.15 (Applebot/0.1; +http://www.apple.com/go/applebot)"
17.241.227.108 - - [06/May/2025:06:40:17 -0400] "GET /wp-content/themes/keyfin/assets/js/isotope.min.js?ver=3.0.4 HTTP/1.1" 200 11821 "https://keyfinancehomeloan.com.au/" "Mozilla/5.0 (Macintosh; Intel Mac OS X 10_15_7) AppleWebKit/605.1.15 (KHTML, like Gecko) Version/17.4 Safari/605.1.15 (Applebot/0.1; +http://www.apple.com/go/applebot)"
17.241.219.157 - - [06/May/2025:06:40:17 -0400] "GET /wp-content/themes/keyfin/assets/js/uikit.min.js?ver=3.1.9 HTTP/1.1" 200 50121 "https://keyfinancehomeloan.com.au/" "Mozilla/5.0 (Macintosh; Intel Mac OS X 10_15_7) AppleWebKit/605.1.15 (KHTML, like Gecko) Version/17.4 Safari/605.1.15 (Applebot/0.1; +http://www.apple.com/go/applebot)"
17.241.75.206 - - [06/May/2025:06:40:17 -0400] "GET /wp-content/themes/keyfin/assets/js/main.js?ver=1.1.3 HTTP/1.1" 200 1655 "https://keyfinancehomeloan.com.au/" "Mozilla/5.0 (Macintosh; Intel Mac OS X 10_15_7) AppleWebKit/605.1.15 (KHTML, like Gecko) Version/17.4 Safari/605.1.15 (Applebot/0.1; +http://www.apple.com/go/applebot)"
17.241.75.60 - - [06/May/2025:06:40:18 -0400] "GET /wp-content/plugins/chaty/js/cht-front-script.min.js?ver=3.3.91721214134 HTTP/1.1" 200 27796 "https://keyfinancehomeloan.com.au/" "Mozilla/5.0 (Macintosh; Intel Mac OS X 10_15_7) AppleWebKit/605.1.15 (KHTML, like Gecko) Version/17.4 Safari/605.1.15 (Applebot/0.1; +http://www.apple.com/go/applebot)"
17.241.75.225 - - [06/May/2025:06:40:18 -0400] "GET /wp-content/plugins/chaty/admin/assets/js/picmo-umd.min.js?ver=3.3.9 HTTP/1.1" 200 30660 "https://keyfinancehomeloan.com.au/" "Mozilla/5.0 (Macintosh; Intel Mac OS X 10_15_7) AppleWebKit/605.1.15 (KHTML, like Gecko) Version/17.4 Safari/605.1.15 (Applebot/0.1; +http://www.apple.com/go/applebot)"
17.241.227.86 - - [06/May/2025:06:40:19 -0400] "GET /wp-content/plugins/chaty/admin/assets/js/picmo-latest-umd.min.js?ver=3.3.9 HTTP/1.1" 200 8134 "https://keyfinancehomeloan.com.au/" "Mozilla/5.0 (Macintosh; Intel Mac OS X 10_15_7) AppleWebKit/605.1.15 (KHTML, like Gecko) Version/17.4 Safari/605.1.15 (Applebot/0.1; +http://www.apple.com/go/applebot)"
17.241.227.108 - - [06/May/2025:06:40:19 -0400] "GET /wp-content/plugins/woocommerce/assets/js/sourcebuster/sourcebuster.min.js?ver=9.8.3 HTTP/1.1" 200 5340 "https://keyfinancehomeloan.com.au/" "Mozilla/5.0 (Macintosh; Intel Mac OS X 10_15_7) AppleWebKit/605.1.15 (KHTML, like Gecko) Version/17.4 Safari/605.1.15 (Applebot/0.1; +http://www.apple.com/go/applebot)"
17.241.219.157 - - [06/May/2025:06:40:20 -0400] "GET /wp-content/plugins/woocommerce/assets/js/frontend/order-attribution.min.js?ver=9.8.3 HTTP/1.1" 200 1173 "https://keyfinancehomeloan.com.au/" "Mozilla/5.0 (Macintosh; Intel Mac OS X 10_15_7) AppleWebKit/605.1.15 (KHTML, like Gecko) Version/17.4 Safari/605.1.15 (Applebot/0.1; +http://www.apple.com/go/applebot)"
17.241.75.206 - - [06/May/2025:06:40:20 -0400] "GET /wp-content/plugins/themedraft-core/elementor-widgets/assets/js/counterup.js?ver=1.0 HTTP/1.1" 200 3240 "https://keyfinancehomeloan.com.au/" "Mozilla/5.0 (Macintosh; Intel Mac OS X 10_15_7) AppleWebKit/605.1.15 (KHTML, like Gecko) Version/17.4 Safari/605.1.15 (Applebot/0.1; +http://www.apple.com/go/applebot)"
17.241.219.166 - - [06/May/2025:06:40:21 -0400] "GET /wp-content/plugins/mortgage-loan-calculator/en/widget-nj.js?ver=6.8.1 HTTP/1.1" 200 2520 "https://keyfinancehomeloan.com.au/" "Mozilla/5.0 (Macintosh; Intel Mac OS X 10_15_7) AppleWebKit/605.1.15 (KHTML, like Gecko) Version/17.4 Safari/605.1.15 (Applebot/0.1; +http://www.apple.com/go/applebot)"
17.241.75.121 - - [06/May/2025:06:40:21 -0400] "GET /wp-content/plugins/mailchimp-for-wp/assets/js/forms.js?ver=4.10.3 HTTP/1.1" 200 2775 "https://keyfinancehomeloan.com.au/" "Mozilla/5.0 (Macintosh; Intel Mac OS X 10_15_7) AppleWebKit/605.1.15 (KHTML, like Gecko) Version/17.4 Safari/605.1.15 (Applebot/0.1; +http://www.apple.com/go/applebot)"
17.241.75.85 - - [06/May/2025:06:40:22 -0400] "GET /wp-includes/js/underscore.min.js?ver=1.13.7 HTTP/1.1" 200 8084 "https://keyfinancehomeloan.com.au/" "Mozilla/5.0 (Macintosh; Intel Mac OS X 10_15_7) AppleWebKit/605.1.15 (KHTML, like Gecko) Version/17.4 Safari/605.1.15 (Applebot/0.1; +http://www.apple.com/go/applebot)"
17.241.227.97 - - [06/May/2025:06:40:23 -0400] "GET /wp-includes/js/wp-util.min.js?ver=6.8.1 HTTP/1.1" 200 767 "https://keyfinancehomeloan.com.au/" "Mozilla/5.0 (Macintosh; Intel Mac OS X 10_15_7) AppleWebKit/605.1.15 (KHTML, like Gecko) Version/17.4 Safari/605.1.15 (Applebot/0.1; +http://www.apple.com/go/applebot)"
17.241.227.13 - - [06/May/2025:06:40:23 -0400] "GET /wp-content/plugins/woocommerce/assets/js/frontend/add-to-cart-variation.min.js?ver=9.8.3 HTTP/1.1" 200 4451 "https://keyfinancehomeloan.com.au/" "Mozilla/5.0 (Macintosh; Intel Mac OS X 10_15_7) AppleWebKit/605.1.15 (KHTML, like Gecko) Version/17.4 Safari/605.1.15 (Applebot/0.1; +http://www.apple.com/go/applebot)"
17.241.75.206 - - [06/May/2025:06:40:23 -0400] "GET /wp-content/plugins/woocommerce/assets/js/zoom/jquery.zoom.min.js?ver=1.7.21-wc.9.8.3 HTTP/1.1" 200 1239 "https://keyfinancehomeloan.com.au/" "Mozilla/5.0 (Macintosh; Intel Mac OS X 10_15_7) AppleWebKit/605.1.15 (KHTML, like Gecko) Version/17.4 Safari/605.1.15 (Applebot/0.1; +http://www.apple.com/go/applebot)"
17.241.219.166 - - [06/May/2025:06:40:24 -0400] "GET /wp-content/plugins/woocommerce/assets/js/photoswipe/photoswipe.min.js?ver=4.1.1-wc.9.8.3 HTTP/1.1" 200 13389 "https://keyfinancehomeloan.com.au/" "Mozilla/5.0 (Macintosh; Intel Mac OS X 10_15_7) AppleWebKit/605.1.15 (KHTML, like Gecko) Version/17.4 Safari/605.1.15 (Applebot/0.1; +http://www.apple.com/go/applebot)"
17.241.75.121 - - [06/May/2025:06:40:24 -0400] "GET /wp-content/plugins/woocommerce/assets/js/photoswipe/photoswipe-ui-default.min.js?ver=4.1.1-wc.9.8.3 HTTP/1.1" 200 3965 "https://keyfinancehomeloan.com.au/" "Mozilla/5.0 (Macintosh; Intel Mac OS X 10_15_7) AppleWebKit/605.1.15 (KHTML, like Gecko) Version/17.4 Safari/605.1.15 (Applebot/0.1; +http://www.apple.com/go/applebot)"
17.241.219.166 - - [06/May/2025:06:40:25 -0400] "GET /wp-content/plugins/woocommerce/assets/js/frontend/single-product.min.js?ver=9.8.3 HTTP/1.1" 200 3079 "https://keyfinancehomeloan.com.au/" "Mozilla/5.0 (Macintosh; Intel Mac OS X 10_15_7) AppleWebKit/605.1.15 (KHTML, like Gecko) Version/17.4 Safari/605.1.15 (Applebot/0.1; +http://www.apple.com/go/applebot)"
17.241.219.157 - - [06/May/2025:06:40:25 -0400] "GET /wp-content/plugins/elementor/assets/js/webpack.runtime.min.js?ver=3.28.4 HTTP/1.1" 200 2496 "https://keyfinancehomeloan.com.au/" "Mozilla/5.0 (Macintosh; Intel Mac OS X 10_15_7) AppleWebKit/605.1.15 (KHTML, like Gecko) Version/17.4 Safari/605.1.15 (Applebot/0.1; +http://www.apple.com/go/applebot)"
17.241.75.50 - - [06/May/2025:06:40:26 -0400] "GET /wp-content/plugins/elementor/assets/js/frontend-modules.min.js?ver=3.28.4 HTTP/1.1" 200 17170 "https://keyfinancehomeloan.com.au/" "Mozilla/5.0 (Macintosh; Intel Mac OS X 10_15_7) AppleWebKit/605.1.15 (KHTML, like Gecko) Version/17.4 Safari/605.1.15 (Applebot/0.1; +http://www.apple.com/go/applebot)"
17.241.75.206 - - [06/May/2025:06:40:26 -0400] "GET /wp-includes/js/jquery/ui/core.min.js?ver=1.13.3 HTTP/1.1" 200 7941 "https://keyfinancehomeloan.com.au/" "Mozilla/5.0 (Macintosh; Intel Mac OS X 10_15_7) AppleWebKit/605.1.15 (KHTML, like Gecko) Version/17.4 Safari/605.1.15 (Applebot/0.1; +http://www.apple.com/go/applebot)"
17.241.75.136 - - [06/May/2025:06:40:27 -0400] "GET /wp-content/plugins/elementor/assets/js/frontend.min.js?ver=3.28.4 HTTP/1.1" 200 15618 "https://keyfinancehomeloan.com.au/" "Mozilla/5.0 (Macintosh; Intel Mac OS X 10_15_7) AppleWebKit/605.1.15 (KHTML, like Gecko) Version/17.4 Safari/605.1.15 (Applebot/0.1; +http://www.apple.com/go/applebot)"
17.241.219.141 - - [06/May/2025:06:40:28 -0400] "GET /wp-content/plugins/woocommerce/assets/css/woocommerce-smallscreen.css?ver=9.8.3 HTTP/1.1" 200 1448 "https://keyfinancehomeloan.com.au/" "Mozilla/5.0 (Macintosh; Intel Mac OS X 10_15_7) AppleWebKit/605.1.15 (KHTML, like Gecko) Version/17.4 Safari/605.1.15 (Applebot/0.1; +http://www.apple.com/go/applebot)"
199.188.205.55 - - [06/May/2025:06:40:38 -0400] "POST /wp-cron.php?doing_wp_cron=1746528038.0337929725646972656250 HTTP/1.1" 200 0 "-" "WordPress/6.8.1; https://keyfinancehomeloan.com.au"
17.241.227.13 - - [06/May/2025:06:40:28 -0400] "POST /?wc-ajax=get_refreshed_fragments HTTP/1.1" 200 291 "https://keyfinancehomeloan.com.au/" "Mozilla/5.0 (Macintosh; Intel Mac OS X 10_15_7) AppleWebKit/605.1.15 (KHTML, like Gecko) Version/17.4 Safari/605.1.15 (Applebot/0.1; +http://www.apple.com/go/applebot)"
199.188.205.55 - - [06/May/2025:06:40:39 -0400] "POST /wp-admin/admin-ajax.php?action=async_litespeed&nonce=WUa21B4MuFknzGTz2z5Q3CgcUD9nuFSB&litespeed_type=imgoptm HTTP/1.1" 200 0 "-" "WordPress/6.8.1; https://keyfinancehomeloan.com.au"
54.36.149.45 - - [06/May/2025:06:45:24 -0400] "GET /robots.txt HTTP/1.1" 200 139 "-" "Mozilla/5.0 (compatible; AhrefsBot/7.0; +http://ahrefs.com/robot/)"
199.188.205.55 - - [06/May/2025:06:45:37 -0400] "POST /wp-cron.php?doing_wp_cron=1746528337.5582740306854248046875 HTTP/1.1" 200 0 "-" "WordPress/6.8.1; https://keyfinancehomeloan.com.au"
51.222.253.9 - - [06/May/2025:06:45:26 -0400] "GET /product/long-sleeve-tee/?add-to-cart=26 HTTP/1.1" 200 22805 "-" "Mozilla/5.0 (compatible; AhrefsBot/7.0; +http://ahrefs.com/robot/)"
199.188.205.55 - - [06/May/2025:06:45:39 -0400] "POST /wp-admin/admin-ajax.php?action=async_litespeed&nonce=yCuZhrEV9Bh7JEe0gMfzgdFX9yE2O40v&litespeed_type=imgoptm HTTP/1.1" 200 0 "-" "WordPress/6.8.1; https://keyfinancehomeloan.com.au"
199.188.205.55 - - [06/May/2025:07:01:56 -0400] "POST /wp-cron.php?doing_wp_cron=1746529316.0570120811462402343750 HTTP/1.1" 200 0 "-" "WordPress/6.8.1; https://keyfinancehomeloan.com.au"
51.222.253.11 - - [06/May/2025:07:01:47 -0400] "GET /product/long-sleeve-tee/?add-to-cart=280 HTTP/1.1" 200 22797 "-" "Mozilla/5.0 (compatible; AhrefsBot/7.0; +http://ahrefs.com/robot/)"
199.188.205.55 - - [06/May/2025:07:01:57 -0400] "POST /wp-admin/admin-ajax.php?action=async_litespeed&nonce=K34UemigZtUctW8mHj5EZbMRa4TlDcTA&litespeed_type=imgoptm HTTP/1.1" 200 0 "-" "WordPress/6.8.1; https://keyfinancehomeloan.com.au"
199.188.205.55 - - [06/May/2025:07:22:57 -0400] "POST /wp-cron.php?doing_wp_cron=1746530577.7445080280303955078125 HTTP/1.1" 200 0 "-" "WordPress/6.8.1; https://keyfinancehomeloan.com.au"
40.77.167.17 - - [06/May/2025:07:22:50 -0400] "GET /shopdetail/180846194 HTTP/1.1" 404 18119 "-" "Mozilla/5.0 AppleWebKit/537.36 (KHTML, like Gecko; compatible; bingbot/2.0; +http://www.bing.com/bingbot.htm) Chrome/116.0.1938.76 Safari/537.36"
199.188.205.55 - - [06/May/2025:07:22:59 -0400] "POST /wp-admin/admin-ajax.php?action=async_litespeed&nonce=99vFvZEnfiPwfCAOaeUfYBo4M6oH4y1S&litespeed_type=imgoptm HTTP/1.1" 200 0 "-" "WordPress/6.8.1; https://keyfinancehomeloan.com.au"
199.188.205.55 - - [06/May/2025:07:24:36 -0400] "POST /wp-cron.php?doing_wp_cron=1746530676.7596299648284912109375 HTTP/1.1" 200 0 "-" "WordPress/6.8.1; https://keyfinancehomeloan.com.au"
157.55.39.194 - - [06/May/2025:07:24:27 -0400] "GET /shopdetail/207953794 HTTP/1.1" 404 18120 "-" "Mozilla/5.0 AppleWebKit/537.36 (KHTML, like Gecko; compatible; bingbot/2.0; +http://www.bing.com/bingbot.htm) Chrome/116.0.1938.76 Safari/537.36"
199.188.205.55 - - [06/May/2025:07:24:38 -0400] "POST /wp-admin/admin-ajax.php?action=async_litespeed&nonce=dJzCEoIGqN6WGhd5zXPP52KbvwGyZrmy&litespeed_type=imgoptm HTTP/1.1" 200 0 "-" "WordPress/6.8.1; https://keyfinancehomeloan.com.au"
40.77.167.93 - - [06/May/2025:07:31:04 -0400] "GET /robots.txt HTTP/1.1" 200 139 "-" "Mozilla/5.0 AppleWebKit/537.36 (KHTML, like Gecko; compatible; bingbot/2.0; +http://www.bing.com/bingbot.htm) Chrome/116.0.1938.76 Safari/537.36"
199.188.205.55 - - [06/May/2025:07:31:13 -0400] "POST /wp-cron.php?doing_wp_cron=1746531072.9912700653076171875000 HTTP/1.1" 200 0 "-" "WordPress/6.8.1; https://keyfinancehomeloan.com.au"
157.55.39.194 - - [06/May/2025:07:31:03 -0400] "GET /shopdetail/144156594 HTTP/1.1" 404 18119 "-" "Mozilla/5.0 AppleWebKit/537.36 (KHTML, like Gecko; compatible; bingbot/2.0; +http://www.bing.com/bingbot.htm) Chrome/116.0.1938.76 Safari/537.36"
199.188.205.55 - - [06/May/2025:07:31:14 -0400] "POST /wp-admin/admin-ajax.php?action=async_litespeed&nonce=C268TNbZeQWQ158cBCA55kEjNjJiUWOT&litespeed_type=imgoptm HTTP/1.1" 200 0 "-" "WordPress/6.8.1; https://keyfinancehomeloan.com.au"
199.188.205.55 - - [06/May/2025:07:32:56 -0400] "POST /wp-cron.php?doing_wp_cron=1746531176.5500779151916503906250 HTTP/1.1" 200 0 "-" "WordPress/6.8.1; https://keyfinancehomeloan.com.au"
207.46.13.130 - - [06/May/2025:07:32:48 -0400] "GET /shopdetail/52062894 HTTP/1.1" 404 18071 "-" "Mozilla/5.0 AppleWebKit/537.36 (KHTML, like Gecko; compatible; bingbot/2.0; +http://www.bing.com/bingbot.htm) Chrome/116.0.1938.76 Safari/537.36"
199.188.205.55 - - [06/May/2025:07:32:57 -0400] "POST /wp-admin/admin-ajax.php?action=async_litespeed&nonce=UtPIJVqVX97ExHvllyUFhir9ncAtW8XU&litespeed_type=imgoptm HTTP/1.1" 200 0 "-" "WordPress/6.8.1; https://keyfinancehomeloan.com.au"
199.188.205.55 - - [06/May/2025:07:40:16 -0400] "POST /wp-cron.php?doing_wp_cron=1746531616.6578199863433837890625 HTTP/1.1" 200 0 "-" "WordPress/6.8.1; https://keyfinancehomeloan.com.au"
40.77.167.254 - - [06/May/2025:07:40:03 -0400] "GET /cd.html HTTP/1.1" 404 18057 "-" "Mozilla/5.0 AppleWebKit/537.36 (KHTML, like Gecko; compatible; bingbot/2.0; +http://www.bing.com/bingbot.htm) Chrome/116.0.1938.76 Safari/537.36"
199.188.205.55 - - [06/May/2025:07:40:18 -0400] "POST /wp-admin/admin-ajax.php?action=async_litespeed&nonce=iYJ806OZPHCrzpXtT3EoY26Chi35TOcz&litespeed_type=imgoptm HTTP/1.1" 200 0 "-" "WordPress/6.8.1; https://keyfinancehomeloan.com.au"
199.188.205.55 - - [06/May/2025:07:54:39 -0400] "POST /wp-cron.php?doing_wp_cron=1746532479.4141099452972412109375 HTTP/1.1" 200 0 "-" "WordPress/6.8.1; https://keyfinancehomeloan.com.au"
207.46.13.160 - - [06/May/2025:07:54:29 -0400] "GET /shopdetail/135117094 HTTP/1.1" 404 18120 "-" "Mozilla/5.0 AppleWebKit/537.36 (KHTML, like Gecko; compatible; bingbot/2.0; +http://www.bing.com/bingbot.htm) Chrome/116.0.1938.76 Safari/537.36"
199.188.205.55 - - [06/May/2025:07:54:41 -0400] "POST /wp-admin/admin-ajax.php?action=async_litespeed&nonce=LIYTgHwDmnDVh905Ugmlz7gsQw6NjNac&litespeed_type=imgoptm HTTP/1.1" 200 0 "-" "WordPress/6.8.1; https://keyfinancehomeloan.com.au"
199.188.205.55 - - [06/May/2025:08:15:22 -0400] "POST /wp-cron.php?doing_wp_cron=1746533722.5713179111480712890625 HTTP/1.1" 200 0 "-" "WordPress/6.8.1; https://keyfinancehomeloan.com.au"
207.46.13.102 - - [06/May/2025:08:15:13 -0400] "GET /shopdetail/114661594 HTTP/1.1" 404 18122 "-" "Mozilla/5.0 AppleWebKit/537.36 (KHTML, like Gecko; compatible; bingbot/2.0; +http://www.bing.com/bingbot.htm) Chrome/116.0.1938.76 Safari/537.36"
199.188.205.55 - - [06/May/2025:08:15:24 -0400] "POST /wp-admin/admin-ajax.php?action=async_litespeed&nonce=XqsPUginVw53GB49T6QIplwsuiucWGUR&litespeed_type=imgoptm HTTP/1.1" 200 0 "-" "WordPress/6.8.1; https://keyfinancehomeloan.com.au"
199.188.205.55 - - [06/May/2025:08:38:15 -0400] "POST /wp-admin/admin-ajax.php?action=async_litespeed&nonce=3kIBzw0KjJInP60gPoSuXPd7beI12Ec7&litespeed_type=imgoptm HTTP/1.1" 200 0 "-" "WordPress/6.8.1; https://keyfinancehomeloan.com.au"
107.151.222.60 - - [06/May/2025:08:38:18 -0400] "GET /wp-admin/network/ HTTP/1.1" 302 0 "binance.com" "Mozilla/5.0 (Windows NT 10.0; Win64; x64) AppleWebKit/537.36 (KHTML, like Gecko) Chrome/90.0.4430.85 Safari/537.36"
107.151.222.60 - - [06/May/2025:08:38:19 -0400] "GET /wp-login.php?redirect_to=https%3A%2F%2Fkeyfinancehomeloan.com.au%2Fwp-admin%2Fnetwork%2F&reauth=1 HTTP/1.1" 200 2234 "binance.com" "Mozilla/5.0 (Windows NT 10.0; Win64; x64) AppleWebKit/537.36 (KHTML, like Gecko) Chrome/90.0.4430.85 Safari/537.36"
107.151.222.60 - - [06/May/2025:08:38:25 -0400] "GET /wp-admin/user/ HTTP/1.1" 302 0 "binance.com" "Mozilla/5.0 (Windows NT 10.0; Win64; x64) AppleWebKit/537.36 (KHTML, like Gecko) Chrome/90.0.4430.85 Safari/537.36"
107.151.222.60 - - [06/May/2025:08:38:26 -0400] "GET /wp-login.php?redirect_to=https%3A%2F%2Fkeyfinancehomeloan.com.au%2Fwp-admin%2Fuser%2F&reauth=1 HTTP/1.1" 200 2231 "binance.com" "Mozilla/5.0 (Windows NT 10.0; Win64; x64) AppleWebKit/537.36 (KHTML, like Gecko) Chrome/90.0.4430.85 Safari/537.36"
107.151.222.60 - - [06/May/2025:08:38:50 -0400] "GET /wp-admin/css/colors/sunrise/%20 HTTP/1.1" 302 0 "binance.com" "Mozilla/5.0 (Windows NT 10.0; Win64; x64) AppleWebKit/537.36 (KHTML, like Gecko) Chrome/90.0.4430.85 Safari/537.36"
107.151.222.60 - - [06/May/2025:08:38:51 -0400] "GET /wp-login.php?redirect_to=https%3A%2F%2Fkeyfinancehomeloan.com.au%2Fwp-admin%2Fcss%2Fcolors%2Fsunrise%2F%2520&reauth=1 HTTP/1.1" 200 2247 "binance.com" "Mozilla/5.0 (Windows NT 10.0; Win64; x64) AppleWebKit/537.36 (KHTML, like Gecko) Chrome/90.0.4430.85 Safari/537.36"
