芝麻web文件管理V1.00
编辑当前文件:/home/lekhnath/access-logs/keyfinancehomeloan.com.au.cityof7lakes.com-ssl_log
199.188.205.55 - - [27/Apr/2025:07:20:17 -0400] "POST /wp-cron.php?doing_wp_cron=1745752817.6577820777893066406250 HTTP/1.1" 403 13 "-" "WordPress/6.8; https://keyfinancehomeloan.com.au"
40.77.167.159 - - [27/Apr/2025:07:20:04 -0400] "GET /shopdetail/101747894 HTTP/1.1" 404 18076 "-" "Mozilla/5.0 AppleWebKit/537.36 (KHTML, like Gecko; compatible; bingbot/2.0; +http://www.bing.com/bingbot.htm) Chrome/116.0.1938.76 Safari/537.36"
52.167.144.22 - - [27/Apr/2025:07:20:28 -0400] "GET /shopdetail/52738894 HTTP/1.1" 404 18071 "-" "Mozilla/5.0 AppleWebKit/537.36 (KHTML, like Gecko; compatible; bingbot/2.0; +http://www.bing.com/bingbot.htm) Chrome/116.0.1938.76 Safari/537.36"
199.188.205.55 - - [27/Apr/2025:07:36:14 -0400] "POST /wp-cron.php?doing_wp_cron=1745753774.4364259243011474609375 HTTP/1.1" 403 13 "-" "WordPress/6.8; https://keyfinancehomeloan.com.au"
52.167.144.225 - - [27/Apr/2025:07:36:06 -0400] "GET /shopdetail/66366894 HTTP/1.1" 404 18072 "-" "Mozilla/5.0 AppleWebKit/537.36 (KHTML, like Gecko; compatible; bingbot/2.0; +http://www.bing.com/bingbot.htm) Chrome/116.0.1938.76 Safari/537.36"
199.188.205.55 - - [27/Apr/2025:07:52:39 -0400] "POST /wp-cron.php?doing_wp_cron=1745754759.5080139636993408203125 HTTP/1.1" 403 13 "-" "WordPress/6.8; https://keyfinancehomeloan.com.au"
207.46.13.151 - - [27/Apr/2025:07:52:29 -0400] "GET /shopdetail/27367294 HTTP/1.1" 404 18073 "-" "Mozilla/5.0 AppleWebKit/537.36 (KHTML, like Gecko; compatible; bingbot/2.0; +http://www.bing.com/bingbot.htm) Chrome/116.0.1938.76 Safari/537.36"
199.188.205.55 - - [27/Apr/2025:08:06:02 -0400] "POST /wp-cron.php?doing_wp_cron=1745755562.2216560840606689453125 HTTP/1.1" 403 13 "-" "WordPress/6.8; https://keyfinancehomeloan.com.au"
157.55.39.60 - - [27/Apr/2025:08:05:52 -0400] "GET /shopdetail/16080294 HTTP/1.1" 404 18077 "-" "Mozilla/5.0 AppleWebKit/537.36 (KHTML, like Gecko; compatible; bingbot/2.0; +http://www.bing.com/bingbot.htm) Chrome/116.0.1938.76 Safari/537.36"
52.167.144.25 - - [27/Apr/2025:08:06:37 -0400] "GET /shopdetail/22978294 HTTP/1.1" 404 18076 "-" "Mozilla/5.0 AppleWebKit/537.36 (KHTML, like Gecko; compatible; bingbot/2.0; +http://www.bing.com/bingbot.htm) Chrome/116.0.1938.76 Safari/537.36"
199.188.205.55 - - [27/Apr/2025:08:13:28 -0400] "POST /wp-cron.php?doing_wp_cron=1745756007.7649610042572021484375 HTTP/1.1" 403 13 "-" "WordPress/6.8; https://keyfinancehomeloan.com.au"
157.55.39.60 - - [27/Apr/2025:08:13:22 -0400] "GET /shopdetail/91526894 HTTP/1.1" 404 18076 "-" "Mozilla/5.0 AppleWebKit/537.36 (KHTML, like Gecko; compatible; bingbot/2.0; +http://www.bing.com/bingbot.htm) Chrome/116.0.1938.76 Safari/537.36"
199.188.205.55 - - [27/Apr/2025:08:16:38 -0400] "POST /wp-cron.php?doing_wp_cron=1745756198.3733611106872558593750 HTTP/1.1" 403 13 "-" "WordPress/6.8; https://keyfinancehomeloan.com.au"
207.46.13.151 - - [27/Apr/2025:08:16:33 -0400] "GET /shopdetail/182198594 HTTP/1.1" 404 18079 "-" "Mozilla/5.0 AppleWebKit/537.36 (KHTML, like Gecko; compatible; bingbot/2.0; +http://www.bing.com/bingbot.htm) Chrome/116.0.1938.76 Safari/537.36"
199.188.205.55 - - [27/Apr/2025:08:18:22 -0400] "POST /wp-cron.php?doing_wp_cron=1745756302.4978280067443847656250 HTTP/1.1" 403 13 "-" "WordPress/6.8; https://keyfinancehomeloan.com.au"
52.167.144.181 - - [27/Apr/2025:08:18:18 -0400] "GET /shopdetail/133488594 HTTP/1.1" 404 18079 "-" "Mozilla/5.0 AppleWebKit/537.36 (KHTML, like Gecko; compatible; bingbot/2.0; +http://www.bing.com/bingbot.htm) Chrome/116.0.1938.76 Safari/537.36"
199.188.205.55 - - [27/Apr/2025:08:19:41 -0400] "POST /wp-cron.php?doing_wp_cron=1745756381.3986239433288574218750 HTTP/1.1" 403 13 "-" "WordPress/6.8; https://keyfinancehomeloan.com.au"
52.167.144.181 - - [27/Apr/2025:08:19:40 -0400] "GET /shopdetail/210376194 HTTP/1.1" 404 18079 "-" "Mozilla/5.0 AppleWebKit/537.36 (KHTML, like Gecko; compatible; bingbot/2.0; +http://www.bing.com/bingbot.htm) Chrome/116.0.1938.76 Safari/537.36"
13.90.231.193 - - [27/Apr/2025:08:30:35 -0400] "GET / HTTP/1.1" 200 118997 "-" "-"
199.188.205.55 - - [27/Apr/2025:08:36:24 -0400] "POST /wp-cron.php?doing_wp_cron=1745757383.9792780876159667968750 HTTP/1.1" 403 13 "-" "WordPress/6.8; https://keyfinancehomeloan.com.au"
52.167.144.159 - - [27/Apr/2025:08:36:14 -0400] "GET /shopdetail/89324894 HTTP/1.1" 404 18078 "-" "Mozilla/5.0 AppleWebKit/537.36 (KHTML, like Gecko; compatible; bingbot/2.0; +http://www.bing.com/bingbot.htm) Chrome/116.0.1938.76 Safari/537.36"
199.188.205.55 - - [27/Apr/2025:08:42:56 -0400] "POST /wp-cron.php?doing_wp_cron=1745757776.8551609516143798828125 HTTP/1.1" 403 13 "-" "WordPress/6.8; https://keyfinancehomeloan.com.au"
52.167.144.159 - - [27/Apr/2025:08:42:56 -0400] "GET /shopdetail/42429994 HTTP/1.1" 404 18076 "-" "Mozilla/5.0 AppleWebKit/537.36 (KHTML, like Gecko; compatible; bingbot/2.0; +http://www.bing.com/bingbot.htm) Chrome/116.0.1938.76 Safari/537.36"
199.188.205.55 - - [27/Apr/2025:08:49:31 -0400] "POST /wp-cron.php?doing_wp_cron=1745758171.3038260936737060546875 HTTP/1.1" 403 13 "-" "WordPress/6.8; https://keyfinancehomeloan.com.au"
52.167.144.169 - - [27/Apr/2025:08:49:23 -0400] "GET /shopdetail/38741894 HTTP/1.1" 404 18078 "-" "Mozilla/5.0 AppleWebKit/537.36 (KHTML, like Gecko; compatible; bingbot/2.0; +http://www.bing.com/bingbot.htm) Chrome/116.0.1938.76 Safari/537.36"
199.188.205.55 - - [27/Apr/2025:09:02:04 -0400] "POST /wp-cron.php?doing_wp_cron=1745758924.9140069484710693359375 HTTP/1.1" 403 13 "-" "WordPress/6.8; https://keyfinancehomeloan.com.au"
52.167.144.196 - - [27/Apr/2025:09:01:56 -0400] "GET /shopdetail/86456094 HTTP/1.1" 404 18076 "-" "Mozilla/5.0 AppleWebKit/537.36 (KHTML, like Gecko; compatible; bingbot/2.0; +http://www.bing.com/bingbot.htm) Chrome/116.0.1938.76 Safari/537.36"
199.188.205.55 - - [27/Apr/2025:09:12:33 -0400] "POST /wp-cron.php?doing_wp_cron=1745759553.2466111183166503906250 HTTP/1.1" 403 13 "-" "WordPress/6.8; https://keyfinancehomeloan.com.au"
40.77.167.7 - - [27/Apr/2025:09:12:26 -0400] "GET /shopdetail/185916394 HTTP/1.1" 404 18082 "-" "Mozilla/5.0 AppleWebKit/537.36 (KHTML, like Gecko; compatible; bingbot/2.0; +http://www.bing.com/bingbot.htm) Chrome/116.0.1938.76 Safari/537.36"
199.188.205.55 - - [27/Apr/2025:09:18:59 -0400] "POST /wp-cron.php?doing_wp_cron=1745759938.8503620624542236328125 HTTP/1.1" 403 13 "-" "WordPress/6.8; https://keyfinancehomeloan.com.au"
40.77.167.116 - - [27/Apr/2025:09:18:47 -0400] "GET /shopdetail/87056494 HTTP/1.1" 404 18076 "-" "Mozilla/5.0 AppleWebKit/537.36 (KHTML, like Gecko; compatible; bingbot/2.0; +http://www.bing.com/bingbot.htm) Chrome/116.0.1938.76 Safari/537.36"
140.245.50.20 - - [27/Apr/2025:09:27:18 -0400] "GET /.env HTTP/1.1" 403 13 "-" "-"
199.188.205.55 - - [27/Apr/2025:09:51:39 -0400] "POST /wp-cron.php?doing_wp_cron=1745761899.6697759628295898437500 HTTP/1.1" 403 13 "-" "WordPress/6.8; https://keyfinancehomeloan.com.au"
52.167.144.140 - - [27/Apr/2025:09:51:30 -0400] "GET /shopdetail/107385894 HTTP/1.1" 404 18081 "-" "Mozilla/5.0 AppleWebKit/537.36 (KHTML, like Gecko; compatible; bingbot/2.0; +http://www.bing.com/bingbot.htm) Chrome/116.0.1938.76 Safari/537.36"
198.235.24.181 - - [27/Apr/2025:09:53:45 -0400] "GET / HTTP/1.1" 200 118997 "http://199.188.205.55:80/" "-"
199.188.205.55 - - [27/Apr/2025:10:03:08 -0400] "POST /wp-cron.php?doing_wp_cron=1745762588.4962608814239501953125 HTTP/1.1" 403 13 "-" "WordPress/6.8; https://keyfinancehomeloan.com.au"
40.77.167.255 - - [27/Apr/2025:10:02:58 -0400] "GET /shopdetail/23474894 HTTP/1.1" 404 18076 "-" "Mozilla/5.0 AppleWebKit/537.36 (KHTML, like Gecko; compatible; bingbot/2.0; +http://www.bing.com/bingbot.htm) Chrome/116.0.1938.76 Safari/537.36"
199.188.205.55 - - [27/Apr/2025:10:05:48 -0400] "POST /wp-cron.php?doing_wp_cron=1745762748.2240090370178222656250 HTTP/1.1" 403 13 "-" "WordPress/6.8; https://keyfinancehomeloan.com.au"
40.77.167.255 - - [27/Apr/2025:10:05:40 -0400] "GET /shopdetail/3202094 HTTP/1.1" 404 18061 "-" "Mozilla/5.0 AppleWebKit/537.36 (KHTML, like Gecko; compatible; bingbot/2.0; +http://www.bing.com/bingbot.htm) Chrome/116.0.1938.76 Safari/537.36"
199.188.205.55 - - [27/Apr/2025:10:08:12 -0400] "POST /wp-cron.php?doing_wp_cron=1745762892.0465300083160400390625 HTTP/1.1" 403 13 "-" "WordPress/6.8; https://keyfinancehomeloan.com.au"
207.46.13.126 - - [27/Apr/2025:10:08:07 -0400] "GET /shopdetail/128267694 HTTP/1.1" 404 18079 "-" "Mozilla/5.0 AppleWebKit/537.36 (KHTML, like Gecko; compatible; bingbot/2.0; +http://www.bing.com/bingbot.htm) Chrome/116.0.1938.76 Safari/537.36"
207.46.13.126 - - [27/Apr/2025:10:10:25 -0400] "GET /shopdetail/143482194 HTTP/1.1" 404 18081 "-" "Mozilla/5.0 AppleWebKit/537.36 (KHTML, like Gecko; compatible; bingbot/2.0; +http://www.bing.com/bingbot.htm) Chrome/116.0.1938.76 Safari/537.36"
199.188.205.55 - - [27/Apr/2025:10:20:16 -0400] "POST /wp-cron.php?doing_wp_cron=1745763616.8769199848175048828125 HTTP/1.1" 403 13 "-" "WordPress/6.8; https://keyfinancehomeloan.com.au"
52.167.144.162 - - [27/Apr/2025:10:20:03 -0400] "GET /shopdetail/47327894 HTTP/1.1" 404 18078 "-" "Mozilla/5.0 AppleWebKit/537.36 (KHTML, like Gecko; compatible; bingbot/2.0; +http://www.bing.com/bingbot.htm) Chrome/116.0.1938.76 Safari/537.36"
199.188.205.55 - - [27/Apr/2025:10:30:49 -0400] "POST /wp-cron.php?doing_wp_cron=1745764249.3175470829010009765625 HTTP/1.1" 403 13 "-" "WordPress/6.8; https://keyfinancehomeloan.com.au"
207.46.13.155 - - [27/Apr/2025:10:30:40 -0400] "GET /shopdetail/49396094 HTTP/1.1" 404 18075 "-" "Mozilla/5.0 AppleWebKit/537.36 (KHTML, like Gecko; compatible; bingbot/2.0; +http://www.bing.com/bingbot.htm) Chrome/116.0.1938.76 Safari/537.36"
199.188.205.55 - - [27/Apr/2025:10:33:28 -0400] "POST /wp-cron.php?doing_wp_cron=1745764408.1006979942321777343750 HTTP/1.1" 403 13 "-" "WordPress/6.8; https://keyfinancehomeloan.com.au"
52.167.144.170 - - [27/Apr/2025:10:33:21 -0400] "GET /shopdetail/82720494 HTTP/1.1" 404 18076 "-" "Mozilla/5.0 AppleWebKit/537.36 (KHTML, like Gecko; compatible; bingbot/2.0; +http://www.bing.com/bingbot.htm) Chrome/116.0.1938.76 Safari/537.36"
52.167.144.145 - - [27/Apr/2025:10:36:24 -0400] "GET /shopdetail/122874694 HTTP/1.1" 404 18079 "-" "Mozilla/5.0 AppleWebKit/537.36 (KHTML, like Gecko; compatible; bingbot/2.0; +http://www.bing.com/bingbot.htm) Chrome/116.0.1938.76 Safari/537.36"
199.188.205.55 - - [27/Apr/2025:10:46:55 -0400] "POST /wp-cron.php?doing_wp_cron=1745765215.4511609077453613281250 HTTP/1.1" 403 13 "-" "WordPress/6.8; https://keyfinancehomeloan.com.au"
40.77.167.78 - - [27/Apr/2025:10:46:48 -0400] "GET /shopdetail/129111894 HTTP/1.1" 404 18081 "-" "Mozilla/5.0 AppleWebKit/537.36 (KHTML, like Gecko; compatible; bingbot/2.0; +http://www.bing.com/bingbot.htm) Chrome/116.0.1938.76 Safari/537.36"
199.188.205.55 - - [27/Apr/2025:10:56:16 -0400] "POST /wp-cron.php?doing_wp_cron=1745765776.8974881172180175781250 HTTP/1.1" 403 13 "-" "WordPress/6.8; https://keyfinancehomeloan.com.au"
207.46.13.64 - - [27/Apr/2025:10:56:08 -0400] "GET /shopdetail/184085194 HTTP/1.1" 404 18079 "-" "Mozilla/5.0 AppleWebKit/537.36 (KHTML, like Gecko; compatible; bingbot/2.0; +http://www.bing.com/bingbot.htm) Chrome/116.0.1938.76 Safari/537.36"
199.188.205.55 - - [27/Apr/2025:10:58:25 -0400] "POST /wp-cron.php?doing_wp_cron=1745765905.3066999912261962890625 HTTP/1.1" 403 13 "-" "WordPress/6.8; https://keyfinancehomeloan.com.au"
207.46.13.64 - - [27/Apr/2025:10:58:20 -0400] "GET /shopdetail/148396294 HTTP/1.1" 404 18079 "-" "Mozilla/5.0 AppleWebKit/537.36 (KHTML, like Gecko; compatible; bingbot/2.0; +http://www.bing.com/bingbot.htm) Chrome/116.0.1938.76 Safari/537.36"
199.188.205.55 - - [27/Apr/2025:10:59:56 -0400] "POST /wp-cron.php?doing_wp_cron=1745765996.7702219486236572265625 HTTP/1.1" 403 13 "-" "WordPress/6.8; https://keyfinancehomeloan.com.au"
52.167.144.162 - - [27/Apr/2025:10:59:53 -0400] "GET /shopdetail/187952994 HTTP/1.1" 404 18080 "-" "Mozilla/5.0 AppleWebKit/537.36 (KHTML, like Gecko; compatible; bingbot/2.0; +http://www.bing.com/bingbot.htm) Chrome/116.0.1938.76 Safari/537.36"
199.188.205.55 - - [27/Apr/2025:11:02:50 -0400] "POST /wp-cron.php?doing_wp_cron=1745766170.1696019172668457031250 HTTP/1.1" 403 13 "-" "WordPress/6.8; https://keyfinancehomeloan.com.au"
52.167.144.162 - - [27/Apr/2025:11:02:45 -0400] "GET /shopdetail/156653094 HTTP/1.1" 404 18079 "-" "Mozilla/5.0 AppleWebKit/537.36 (KHTML, like Gecko; compatible; bingbot/2.0; +http://www.bing.com/bingbot.htm) Chrome/116.0.1938.76 Safari/537.36"
40.77.167.7 - - [27/Apr/2025:11:03:49 -0400] "GET /shopdetail/202525094 HTTP/1.1" 404 18076 "-" "Mozilla/5.0 AppleWebKit/537.36 (KHTML, like Gecko; compatible; bingbot/2.0; +http://www.bing.com/bingbot.htm) Chrome/116.0.1938.76 Safari/537.36"
199.188.205.55 - - [27/Apr/2025:11:14:58 -0400] "POST /wp-cron.php?doing_wp_cron=1745766898.7054460048675537109375 HTTP/1.1" 403 13 "-" "WordPress/6.8; https://keyfinancehomeloan.com.au"
207.46.13.127 - - [27/Apr/2025:11:14:55 -0400] "GET /shopdetail/100688994 HTTP/1.1" 404 18081 "-" "Mozilla/5.0 AppleWebKit/537.36 (KHTML, like Gecko; compatible; bingbot/2.0; +http://www.bing.com/bingbot.htm) Chrome/116.0.1938.76 Safari/537.36"
199.188.205.55 - - [27/Apr/2025:11:17:25 -0400] "POST /wp-cron.php?doing_wp_cron=1745767045.4271440505981445312500 HTTP/1.1" 403 13 "-" "WordPress/6.8; https://keyfinancehomeloan.com.au"
52.167.144.207 - - [27/Apr/2025:11:17:21 -0400] "GET /shopdetail/90182094 HTTP/1.1" 404 18077 "-" "Mozilla/5.0 AppleWebKit/537.36 (KHTML, like Gecko; compatible; bingbot/2.0; +http://www.bing.com/bingbot.htm) Chrome/116.0.1938.76 Safari/537.36"
199.188.205.55 - - [27/Apr/2025:11:23:05 -0400] "POST /wp-cron.php?doing_wp_cron=1745767385.6723670959472656250000 HTTP/1.1" 403 13 "-" "WordPress/6.8; https://keyfinancehomeloan.com.au"
52.167.144.207 - - [27/Apr/2025:11:23:00 -0400] "GET /shopdetail/133201394 HTTP/1.1" 404 18080 "-" "Mozilla/5.0 AppleWebKit/537.36 (KHTML, like Gecko; compatible; bingbot/2.0; +http://www.bing.com/bingbot.htm) Chrome/116.0.1938.76 Safari/537.36"
199.188.205.55 - - [27/Apr/2025:11:24:23 -0400] "POST /wp-cron.php?doing_wp_cron=1745767463.9365589618682861328125 HTTP/1.1" 403 13 "-" "WordPress/6.8; https://keyfinancehomeloan.com.au"
157.55.39.204 - - [27/Apr/2025:11:24:23 -0400] "GET /shopdetail/12994194 HTTP/1.1" 404 18076 "-" "Mozilla/5.0 AppleWebKit/537.36 (KHTML, like Gecko; compatible; bingbot/2.0; +http://www.bing.com/bingbot.htm) Chrome/116.0.1938.76 Safari/537.36"
40.77.167.75 - - [27/Apr/2025:11:39:59 -0400] "GET /loan-calculator/ HTTP/1.1" 200 19809 "-" "Mozilla/5.0 AppleWebKit/537.36 (KHTML, like Gecko; compatible; bingbot/2.0; +http://www.bing.com/bingbot.htm) Chrome/116.0.1938.76 Safari/537.36"
52.167.144.190 - - [27/Apr/2025:11:50:25 -0400] "GET /shopdetail/61737394 HTTP/1.1" 404 18076 "-" "Mozilla/5.0 AppleWebKit/537.36 (KHTML, like Gecko; compatible; bingbot/2.0; +http://www.bing.com/bingbot.htm) Chrome/116.0.1938.76 Safari/537.36"
199.188.205.55 - - [27/Apr/2025:11:58:22 -0400] "POST /wp-cron.php?doing_wp_cron=1745769502.1357529163360595703125 HTTP/1.1" 403 13 "-" "WordPress/6.8; https://keyfinancehomeloan.com.au"
40.77.167.247 - - [27/Apr/2025:11:58:13 -0400] "GET /shopdetail/24178394 HTTP/1.1" 404 18078 "-" "Mozilla/5.0 AppleWebKit/537.36 (KHTML, like Gecko; compatible; bingbot/2.0; +http://www.bing.com/bingbot.htm) Chrome/116.0.1938.76 Safari/537.36"
199.188.205.55 - - [27/Apr/2025:11:59:35 -0400] "POST /wp-cron.php?doing_wp_cron=1745769575.4169580936431884765625 HTTP/1.1" 403 13 "-" "WordPress/6.8; https://keyfinancehomeloan.com.au"
40.77.167.247 - - [27/Apr/2025:11:59:34 -0400] "GET /shopdetail/25891594 HTTP/1.1" 404 18076 "-" "Mozilla/5.0 AppleWebKit/537.36 (KHTML, like Gecko; compatible; bingbot/2.0; +http://www.bing.com/bingbot.htm) Chrome/116.0.1938.76 Safari/537.36"
157.55.39.193 - - [27/Apr/2025:12:02:37 -0400] "GET /shopdetail/132833194 HTTP/1.1" 404 18080 "-" "Mozilla/5.0 AppleWebKit/537.36 (KHTML, like Gecko; compatible; bingbot/2.0; +http://www.bing.com/bingbot.htm) Chrome/116.0.1938.76 Safari/537.36"
157.55.39.202 - - [27/Apr/2025:12:02:43 -0400] "GET /shopdetail/180780194 HTTP/1.1" 404 18079 "-" "Mozilla/5.0 AppleWebKit/537.36 (KHTML, like Gecko; compatible; bingbot/2.0; +http://www.bing.com/bingbot.htm) Chrome/116.0.1938.76 Safari/537.36"
199.188.205.55 - - [27/Apr/2025:12:03:21 -0400] "POST /wp-cron.php?doing_wp_cron=1745769801.7913179397583007812500 HTTP/1.1" 403 13 "-" "WordPress/6.8; https://keyfinancehomeloan.com.au"
157.55.39.202 - - [27/Apr/2025:12:03:20 -0400] "GET /shopdetail/27466994 HTTP/1.1" 404 18076 "-" "Mozilla/5.0 AppleWebKit/537.36 (KHTML, like Gecko; compatible; bingbot/2.0; +http://www.bing.com/bingbot.htm) Chrome/116.0.1938.76 Safari/537.36"
199.188.205.55 - - [27/Apr/2025:12:08:23 -0400] "POST /wp-cron.php?doing_wp_cron=1745770103.2464349269866943359375 HTTP/1.1" 403 13 "-" "WordPress/6.8; https://keyfinancehomeloan.com.au"
207.46.13.18 - - [27/Apr/2025:12:08:17 -0400] "GET /shopdetail/112259094 HTTP/1.1" 404 18079 "-" "Mozilla/5.0 AppleWebKit/537.36 (KHTML, like Gecko; compatible; bingbot/2.0; +http://www.bing.com/bingbot.htm) Chrome/116.0.1938.76 Safari/537.36"
207.46.13.18 - - [27/Apr/2025:12:08:37 -0400] "GET /shopdetail/181182694 HTTP/1.1" 404 18079 "-" "Mozilla/5.0 AppleWebKit/537.36 (KHTML, like Gecko; compatible; bingbot/2.0; +http://www.bing.com/bingbot.htm) Chrome/116.0.1938.76 Safari/537.36"
199.188.205.55 - - [27/Apr/2025:12:20:15 -0400] "POST /wp-cron.php?doing_wp_cron=1745770815.4350728988647460937500 HTTP/1.1" 403 13 "-" "WordPress/6.8; https://keyfinancehomeloan.com.au"
40.77.167.132 - - [27/Apr/2025:12:20:07 -0400] "GET /shopdetail/9512694 HTTP/1.1" 404 18064 "-" "Mozilla/5.0 AppleWebKit/537.36 (KHTML, like Gecko; compatible; bingbot/2.0; +http://www.bing.com/bingbot.htm) Chrome/116.0.1938.76 Safari/537.36"
207.46.13.107 - - [27/Apr/2025:12:20:30 -0400] "GET /shopdetail/93693094 HTTP/1.1" 404 18077 "-" "Mozilla/5.0 AppleWebKit/537.36 (KHTML, like Gecko; compatible; bingbot/2.0; +http://www.bing.com/bingbot.htm) Chrome/116.0.1938.76 Safari/537.36"
199.188.205.55 - - [27/Apr/2025:12:21:30 -0400] "POST /wp-cron.php?doing_wp_cron=1745770890.8421859741210937500000 HTTP/1.1" 403 13 "-" "WordPress/6.8; https://keyfinancehomeloan.com.au"
207.46.13.107 - - [27/Apr/2025:12:21:30 -0400] "GET /shopdetail/188802894 HTTP/1.1" 404 18077 "-" "Mozilla/5.0 AppleWebKit/537.36 (KHTML, like Gecko; compatible; bingbot/2.0; +http://www.bing.com/bingbot.htm) Chrome/116.0.1938.76 Safari/537.36"
199.188.205.55 - - [27/Apr/2025:12:26:56 -0400] "POST /wp-cron.php?doing_wp_cron=1745771216.6185119152069091796875 HTTP/1.1" 403 13 "-" "WordPress/6.8; https://keyfinancehomeloan.com.au"
207.46.13.107 - - [27/Apr/2025:12:26:48 -0400] "GET /shopdetail/54079794 HTTP/1.1" 404 18078 "-" "Mozilla/5.0 AppleWebKit/537.36 (KHTML, like Gecko; compatible; bingbot/2.0; +http://www.bing.com/bingbot.htm) Chrome/116.0.1938.76 Safari/537.36"
199.188.205.55 - - [27/Apr/2025:12:36:48 -0400] "POST /wp-cron.php?doing_wp_cron=1745771808.3976740837097167968750 HTTP/1.1" 403 13 "-" "WordPress/6.8; https://keyfinancehomeloan.com.au"
157.55.39.193 - - [27/Apr/2025:12:36:41 -0400] "GET /shopdetail/127243994 HTTP/1.1" 404 18080 "-" "Mozilla/5.0 AppleWebKit/537.36 (KHTML, like Gecko; compatible; bingbot/2.0; +http://www.bing.com/bingbot.htm) Chrome/116.0.1938.76 Safari/537.36"
199.188.205.55 - - [27/Apr/2025:12:42:53 -0400] "POST /wp-cron.php?doing_wp_cron=1745772173.5530378818511962890625 HTTP/1.1" 403 13 "-" "WordPress/6.8; https://keyfinancehomeloan.com.au"
207.46.13.18 - - [27/Apr/2025:12:42:45 -0400] "GET /shopdetail/92770294 HTTP/1.1" 404 18076 "-" "Mozilla/5.0 AppleWebKit/537.36 (KHTML, like Gecko; compatible; bingbot/2.0; +http://www.bing.com/bingbot.htm) Chrome/116.0.1938.76 Safari/537.36"
199.188.205.55 - - [27/Apr/2025:13:02:31 -0400] "POST /wp-cron.php?doing_wp_cron=1745773351.4116890430450439453125 HTTP/1.1" 403 13 "-" "WordPress/6.8; https://keyfinancehomeloan.com.au"
207.46.13.160 - - [27/Apr/2025:13:02:25 -0400] "GET /shopdetail/190707194 HTTP/1.1" 404 18081 "-" "Mozilla/5.0 AppleWebKit/537.36 (KHTML, like Gecko; compatible; bingbot/2.0; +http://www.bing.com/bingbot.htm) Chrome/116.0.1938.76 Safari/537.36"
199.188.205.55 - - [27/Apr/2025:13:04:04 -0400] "POST /wp-cron.php?doing_wp_cron=1745773444.8293271064758300781250 HTTP/1.1" 403 13 "-" "WordPress/6.8; https://keyfinancehomeloan.com.au"
207.46.13.107 - - [27/Apr/2025:13:03:59 -0400] "GET /shopdetail/175833394 HTTP/1.1" 404 18079 "-" "Mozilla/5.0 AppleWebKit/537.36 (KHTML, like Gecko; compatible; bingbot/2.0; +http://www.bing.com/bingbot.htm) Chrome/116.0.1938.76 Safari/537.36"
199.188.205.55 - - [27/Apr/2025:13:20:52 -0400] "POST /wp-cron.php?doing_wp_cron=1745774452.3223030567169189453125 HTTP/1.1" 403 13 "-" "WordPress/6.8; https://keyfinancehomeloan.com.au"
157.55.39.201 - - [27/Apr/2025:13:20:40 -0400] "GET /shopdetail/55414694 HTTP/1.1" 404 18076 "-" "Mozilla/5.0 AppleWebKit/537.36 (KHTML, like Gecko; compatible; bingbot/2.0; +http://www.bing.com/bingbot.htm) Chrome/116.0.1938.76 Safari/537.36"
199.188.205.55 - - [27/Apr/2025:13:23:04 -0400] "POST /wp-cron.php?doing_wp_cron=1745774584.6742849349975585937500 HTTP/1.1" 403 13 "-" "WordPress/6.8; https://keyfinancehomeloan.com.au"
157.55.39.62 - - [27/Apr/2025:13:22:55 -0400] "GET /shopdetail/147301294 HTTP/1.1" 404 18080 "-" "Mozilla/5.0 AppleWebKit/537.36 (KHTML, like Gecko; compatible; bingbot/2.0; +http://www.bing.com/bingbot.htm) Chrome/116.0.1938.76 Safari/537.36"
199.188.205.55 - - [27/Apr/2025:13:26:56 -0400] "POST /wp-cron.php?doing_wp_cron=1745774816.8392701148986816406250 HTTP/1.1" 403 13 "-" "WordPress/6.8; https://keyfinancehomeloan.com.au"
157.55.39.62 - - [27/Apr/2025:13:26:55 -0400] "GET /shopdetail/90322094 HTTP/1.1" 404 18076 "-" "Mozilla/5.0 AppleWebKit/537.36 (KHTML, like Gecko; compatible; bingbot/2.0; +http://www.bing.com/bingbot.htm) Chrome/116.0.1938.76 Safari/537.36"
199.188.205.55 - - [27/Apr/2025:13:29:01 -0400] "POST /wp-cron.php?doing_wp_cron=1745774941.4519560337066650390625 HTTP/1.1" 403 13 "-" "WordPress/6.8; https://keyfinancehomeloan.com.au"
157.55.39.201 - - [27/Apr/2025:13:28:52 -0400] "GET /shopdetail/71098494 HTTP/1.1" 404 18076 "-" "Mozilla/5.0 AppleWebKit/537.36 (KHTML, like Gecko; compatible; bingbot/2.0; +http://www.bing.com/bingbot.htm) Chrome/116.0.1938.76 Safari/537.36"
199.188.205.55 - - [27/Apr/2025:13:32:46 -0400] "POST /wp-cron.php?doing_wp_cron=1745775165.9772639274597167968750 HTTP/1.1" 403 13 "-" "WordPress/6.8; https://keyfinancehomeloan.com.au"
207.46.13.127 - - [27/Apr/2025:13:32:41 -0400] "GET /shopdetail/20367294 HTTP/1.1" 404 18078 "-" "Mozilla/5.0 AppleWebKit/537.36 (KHTML, like Gecko; compatible; bingbot/2.0; +http://www.bing.com/bingbot.htm) Chrome/116.0.1938.76 Safari/537.36"
199.188.205.55 - - [27/Apr/2025:13:53:44 -0400] "POST /wp-cron.php?doing_wp_cron=1745776424.2405500411987304687500 HTTP/1.1" 403 13 "-" "WordPress/6.8; https://keyfinancehomeloan.com.au"
157.55.39.53 - - [27/Apr/2025:13:53:36 -0400] "GET /sitemap.xml.gz HTTP/1.1" 200 418 "-" "Mozilla/5.0 AppleWebKit/537.36 (KHTML, like Gecko; compatible; bingbot/2.0; +http://www.bing.com/bingbot.htm) Chrome/116.0.1938.76 Safari/537.36"
207.46.13.150 - - [27/Apr/2025:13:54:13 -0400] "GET /shopdetail/155503794 HTTP/1.1" 404 18081 "-" "Mozilla/5.0 AppleWebKit/537.36 (KHTML, like Gecko; compatible; bingbot/2.0; +http://www.bing.com/bingbot.htm) Chrome/116.0.1938.76 Safari/537.36"
207.46.13.151 - - [27/Apr/2025:13:54:28 -0400] "GET /shopdetail/30606894 HTTP/1.1" 404 18077 "-" "Mozilla/5.0 AppleWebKit/537.36 (KHTML, like Gecko; compatible; bingbot/2.0; +http://www.bing.com/bingbot.htm) Chrome/116.0.1938.76 Safari/537.36"
199.188.205.55 - - [27/Apr/2025:13:57:11 -0400] "POST /wp-cron.php?doing_wp_cron=1745776631.3154470920562744140625 HTTP/1.1" 403 13 "-" "WordPress/6.8; https://keyfinancehomeloan.com.au"
207.46.13.150 - - [27/Apr/2025:13:57:04 -0400] "GET /shopdetail/39371394 HTTP/1.1" 404 18078 "-" "Mozilla/5.0 AppleWebKit/537.36 (KHTML, like Gecko; compatible; bingbot/2.0; +http://www.bing.com/bingbot.htm) Chrome/116.0.1938.76 Safari/537.36"
199.188.205.55 - - [27/Apr/2025:14:00:13 -0400] "POST /wp-cron.php?doing_wp_cron=1745776813.5186200141906738281250 HTTP/1.1" 403 13 "-" "WordPress/6.8; https://keyfinancehomeloan.com.au"
207.46.13.150 - - [27/Apr/2025:14:00:06 -0400] "GET /shopdetail/36266194 HTTP/1.1" 404 18077 "-" "Mozilla/5.0 AppleWebKit/537.36 (KHTML, like Gecko; compatible; bingbot/2.0; +http://www.bing.com/bingbot.htm) Chrome/116.0.1938.76 Safari/537.36"
199.188.205.55 - - [27/Apr/2025:14:07:28 -0400] "POST /wp-cron.php?doing_wp_cron=1745777248.7142670154571533203125 HTTP/1.1" 403 13 "-" "WordPress/6.8; https://keyfinancehomeloan.com.au"
157.55.39.62 - - [27/Apr/2025:14:07:18 -0400] "GET /sitemap.txt HTTP/1.1" 302 0 "-" "Mozilla/5.0 AppleWebKit/537.36 (KHTML, like Gecko; compatible; bingbot/2.0; +http://www.bing.com/bingbot.htm) Chrome/116.0.1938.76 Safari/537.36"
157.55.39.62 - - [27/Apr/2025:14:07:38 -0400] "GET /sitemap.xml HTTP/1.1" 200 418 "-" "Mozilla/5.0 AppleWebKit/537.36 (KHTML, like Gecko; compatible; bingbot/2.0; +http://www.bing.com/bingbot.htm) Chrome/116.0.1938.76 Safari/537.36"
199.188.205.55 - - [27/Apr/2025:14:18:49 -0400] "POST /wp-cron.php?doing_wp_cron=1745777929.7697119712829589843750 HTTP/1.1" 403 13 "-" "WordPress/6.8; https://keyfinancehomeloan.com.au"
157.55.39.63 - - [27/Apr/2025:14:18:42 -0400] "GET /shopdetail/86797194 HTTP/1.1" 404 18076 "-" "Mozilla/5.0 AppleWebKit/537.36 (KHTML, like Gecko; compatible; bingbot/2.0; +http://www.bing.com/bingbot.htm) Chrome/116.0.1938.76 Safari/537.36"
157.55.39.55 - - [27/Apr/2025:14:26:47 -0400] "GET /shopdetail/177700094 HTTP/1.1" 404 18079 "-" "Mozilla/5.0 AppleWebKit/537.36 (KHTML, like Gecko; compatible; bingbot/2.0; +http://www.bing.com/bingbot.htm) Chrome/116.0.1938.76 Safari/537.36"
199.188.205.55 - - [27/Apr/2025:14:31:44 -0400] "POST /wp-cron.php?doing_wp_cron=1745778704.1538560390472412109375 HTTP/1.1" 403 13 "-" "WordPress/6.8; https://keyfinancehomeloan.com.au"
157.55.39.13 - - [27/Apr/2025:14:31:32 -0400] "GET /shopdetail/40319194 HTTP/1.1" 404 18077 "-" "Mozilla/5.0 AppleWebKit/537.36 (KHTML, like Gecko; compatible; bingbot/2.0; +http://www.bing.com/bingbot.htm) Chrome/116.0.1938.76 Safari/537.36"
199.188.205.55 - - [27/Apr/2025:14:32:59 -0400] "POST /wp-cron.php?doing_wp_cron=1745778779.3871500492095947265625 HTTP/1.1" 403 13 "-" "WordPress/6.8; https://keyfinancehomeloan.com.au"
157.55.39.55 - - [27/Apr/2025:14:32:58 -0400] "GET /shopdetail/128824694 HTTP/1.1" 404 18079 "-" "Mozilla/5.0 AppleWebKit/537.36 (KHTML, like Gecko; compatible; bingbot/2.0; +http://www.bing.com/bingbot.htm) Chrome/116.0.1938.76 Safari/537.36"
199.188.205.55 - - [27/Apr/2025:14:43:28 -0400] "POST /wp-cron.php?doing_wp_cron=1745779407.6017279624938964843750 HTTP/1.1" 403 13 "-" "WordPress/6.8; https://keyfinancehomeloan.com.au"
157.55.39.13 - - [27/Apr/2025:14:43:15 -0400] "GET /shopdetail/22026694 HTTP/1.1" 404 18076 "-" "Mozilla/5.0 AppleWebKit/537.36 (KHTML, like Gecko; compatible; bingbot/2.0; +http://www.bing.com/bingbot.htm) Chrome/116.0.1938.76 Safari/537.36"
199.188.205.55 - - [27/Apr/2025:14:46:42 -0400] "POST /wp-cron.php?doing_wp_cron=1745779601.6559081077575683593750 HTTP/1.1" 403 13 "-" "WordPress/6.8; https://keyfinancehomeloan.com.au"
157.55.39.52 - - [27/Apr/2025:14:46:28 -0400] "GET /shopdetail/121982294 HTTP/1.1" 404 18079 "-" "Mozilla/5.0 AppleWebKit/537.36 (KHTML, like Gecko; compatible; bingbot/2.0; +http://www.bing.com/bingbot.htm) Chrome/116.0.1938.76 Safari/537.36"
199.188.205.55 - - [27/Apr/2025:14:47:51 -0400] "GET / HTTP/1.1" 200 118997 "-" "Mozilla/5.0 (Windows NT 10.0; Win64; x64; rv:122.0) Gecko/20100101 Firefox/122.0"
199.188.205.55 - - [27/Apr/2025:14:48:26 -0400] "POST /wp-cron.php?doing_wp_cron=1745779706.8189220428466796875000 HTTP/1.1" 403 13 "-" "WordPress/6.8; https://keyfinancehomeloan.com.au"
199.188.205.55 - - [27/Apr/2025:14:48:23 -0400] "GET / HTTP/1.1" 200 118995 "-" "Softaculous"
199.188.205.55 - - [27/Apr/2025:14:48:29 -0400] "GET / HTTP/1.1" 200 118995 "-" "Mozilla/5.0 (Windows NT 10.0; Win64; x64; rv:122.0) Gecko/20100101 Firefox/122.0"
199.188.205.55 - - [27/Apr/2025:14:49:39 -0400] "POST /wp-cron.php?doing_wp_cron=1745779779.0678629875183105468750 HTTP/1.1" 403 13 "-" "WordPress/6.8; https://keyfinancehomeloan.com.au"
157.55.39.63 - - [27/Apr/2025:14:49:34 -0400] "GET /shopdetail/80279794 HTTP/1.1" 404 18076 "-" "Mozilla/5.0 AppleWebKit/537.36 (KHTML, like Gecko; compatible; bingbot/2.0; +http://www.bing.com/bingbot.htm) Chrome/116.0.1938.76 Safari/537.36"
157.55.39.13 - - [27/Apr/2025:14:50:05 -0400] "GET /shopdetail/134970494 HTTP/1.1" 404 18077 "-" "Mozilla/5.0 AppleWebKit/537.36 (KHTML, like Gecko; compatible; bingbot/2.0; +http://www.bing.com/bingbot.htm) Chrome/116.0.1938.76 Safari/537.36"
199.188.205.55 - - [27/Apr/2025:14:55:45 -0400] "POST /wp-cron.php?doing_wp_cron=1745780145.3712589740753173828125 HTTP/1.1" 403 13 "-" "WordPress/6.8; https://keyfinancehomeloan.com.au"
207.46.13.155 - - [27/Apr/2025:14:55:34 -0400] "GET /shopdetail/85112894 HTTP/1.1" 404 18076 "-" "Mozilla/5.0 AppleWebKit/537.36 (KHTML, like Gecko; compatible; bingbot/2.0; +http://www.bing.com/bingbot.htm) Chrome/116.0.1938.76 Safari/537.36"
199.188.205.55 - - [27/Apr/2025:14:56:47 -0400] "POST /wp-cron.php?doing_wp_cron=1745780206.9573459625244140625000 HTTP/1.1" 403 13 "-" "WordPress/6.8; https://keyfinancehomeloan.com.au"
157.55.39.13 - - [27/Apr/2025:14:56:46 -0400] "GET /shopdetail/173043894 HTTP/1.1" 404 18080 "-" "Mozilla/5.0 AppleWebKit/537.36 (KHTML, like Gecko; compatible; bingbot/2.0; +http://www.bing.com/bingbot.htm) Chrome/116.0.1938.76 Safari/537.36"
199.188.205.55 - - [27/Apr/2025:15:00:29 -0400] "POST /wp-cron.php?doing_wp_cron=1745780428.9948201179504394531250 HTTP/1.1" 403 13 "-" "WordPress/6.8; https://keyfinancehomeloan.com.au"
157.55.39.13 - - [27/Apr/2025:15:00:17 -0400] "GET /shopdetail/85900694 HTTP/1.1" 404 18074 "-" "Mozilla/5.0 AppleWebKit/537.36 (KHTML, like Gecko; compatible; bingbot/2.0; +http://www.bing.com/bingbot.htm) Chrome/116.0.1938.76 Safari/537.36"
51.222.253.10 - - [27/Apr/2025:15:17:35 -0400] "GET /robots.txt HTTP/1.1" 200 139 "-" "Mozilla/5.0 (compatible; AhrefsBot/7.0; +http://ahrefs.com/robot/)"
199.188.205.55 - - [27/Apr/2025:15:17:54 -0400] "POST /wp-cron.php?doing_wp_cron=1745781474.2366309165954589843750 HTTP/1.1" 403 13 "-" "WordPress/6.8; https://keyfinancehomeloan.com.au"
51.222.253.4 - - [27/Apr/2025:15:17:36 -0400] "GET /product-category/clothing/accessories/ HTTP/1.1" 200 20770 "-" "Mozilla/5.0 (compatible; AhrefsBot/7.0; +http://ahrefs.com/robot/)"
199.188.205.55 - - [27/Apr/2025:15:29:08 -0400] "POST /wp-cron.php?doing_wp_cron=1745782148.2969710826873779296875 HTTP/1.1" 403 13 "-" "WordPress/6.8; https://keyfinancehomeloan.com.au"
207.46.13.155 - - [27/Apr/2025:15:28:57 -0400] "GET /shopdetail/170363094 HTTP/1.1" 404 18078 "-" "Mozilla/5.0 AppleWebKit/537.36 (KHTML, like Gecko; compatible; bingbot/2.0; +http://www.bing.com/bingbot.htm) Chrome/116.0.1938.76 Safari/537.36"
207.46.13.155 - - [27/Apr/2025:15:29:58 -0400] "GET /shopdetail/117881294 HTTP/1.1" 404 18078 "-" "Mozilla/5.0 AppleWebKit/537.36 (KHTML, like Gecko; compatible; bingbot/2.0; +http://www.bing.com/bingbot.htm) Chrome/116.0.1938.76 Safari/537.36"
199.188.205.55 - - [27/Apr/2025:15:33:12 -0400] "POST /wp-cron.php?doing_wp_cron=1745782392.0987250804901123046875 HTTP/1.1" 403 13 "-" "WordPress/6.8; https://keyfinancehomeloan.com.au"
207.46.13.92 - - [27/Apr/2025:15:33:02 -0400] "GET /shopdetail/125862894 HTTP/1.1" 404 18078 "-" "Mozilla/5.0 AppleWebKit/537.36 (KHTML, like Gecko; compatible; bingbot/2.0; +http://www.bing.com/bingbot.htm) Chrome/116.0.1938.76 Safari/537.36"
199.188.205.55 - - [27/Apr/2025:15:34:30 -0400] "POST /wp-cron.php?doing_wp_cron=1745782470.5148379802703857421875 HTTP/1.1" 403 13 "-" "WordPress/6.8; https://keyfinancehomeloan.com.au"
207.46.13.150 - - [27/Apr/2025:15:34:25 -0400] "GET /shopdetail/183796294 HTTP/1.1" 404 18078 "-" "Mozilla/5.0 AppleWebKit/537.36 (KHTML, like Gecko; compatible; bingbot/2.0; +http://www.bing.com/bingbot.htm) Chrome/116.0.1938.76 Safari/537.36"
199.188.205.55 - - [27/Apr/2025:15:36:05 -0400] "POST /wp-cron.php?doing_wp_cron=1745782565.6377909183502197265625 HTTP/1.1" 403 13 "-" "WordPress/6.8; https://keyfinancehomeloan.com.au"
157.55.39.201 - - [27/Apr/2025:15:35:59 -0400] "GET /shopdetail/155527894 HTTP/1.1" 404 18078 "-" "Mozilla/5.0 AppleWebKit/537.36 (KHTML, like Gecko; compatible; bingbot/2.0; +http://www.bing.com/bingbot.htm) Chrome/116.0.1938.76 Safari/537.36"
199.188.205.55 - - [27/Apr/2025:15:51:54 -0400] "POST /wp-cron.php?doing_wp_cron=1745783514.5124769210815429687500 HTTP/1.1" 403 13 "-" "WordPress/6.8; https://keyfinancehomeloan.com.au"
207.46.13.127 - - [27/Apr/2025:15:51:45 -0400] "GET /shopdetail/1903494 HTTP/1.1" 404 18062 "-" "Mozilla/5.0 AppleWebKit/537.36 (KHTML, like Gecko; compatible; bingbot/2.0; +http://www.bing.com/bingbot.htm) Chrome/116.0.1938.76 Safari/537.36"
199.188.205.55 - - [27/Apr/2025:16:05:30 -0400] "POST /wp-cron.php?doing_wp_cron=1745784329.9467799663543701171875 HTTP/1.1" 403 13 "-" "WordPress/6.8; https://keyfinancehomeloan.com.au"
157.55.39.53 - - [27/Apr/2025:16:05:19 -0400] "GET /shopdetail/33889494 HTTP/1.1" 404 18074 "-" "Mozilla/5.0 AppleWebKit/537.36 (KHTML, like Gecko; compatible; bingbot/2.0; +http://www.bing.com/bingbot.htm) Chrome/116.0.1938.76 Safari/537.36"
199.188.205.55 - - [27/Apr/2025:16:17:52 -0400] "POST /wp-cron.php?doing_wp_cron=1745785072.8479959964752197265625 HTTP/1.1" 403 13 "-" "WordPress/6.8; https://keyfinancehomeloan.com.au"
199.188.205.55 - - [27/Apr/2025:16:17:52 -0400] "POST /wp-cron.php?doing_wp_cron=1745785072.8546359539031982421875 HTTP/1.1" 403 0 "-" "WordPress/6.8; https://keyfinancehomeloan.com.au"
157.55.39.60 - - [27/Apr/2025:16:17:40 -0400] "GET /shopdetail/39953894 HTTP/1.1" 404 18074 "-" "Mozilla/5.0 AppleWebKit/537.36 (KHTML, like Gecko; compatible; bingbot/2.0; +http://www.bing.com/bingbot.htm) Chrome/116.0.1938.76 Safari/537.36"
157.55.39.60 - - [27/Apr/2025:16:17:45 -0400] "GET /shopdetail/20159994 HTTP/1.1" 404 18074 "-" "Mozilla/5.0 AppleWebKit/537.36 (KHTML, like Gecko; compatible; bingbot/2.0; +http://www.bing.com/bingbot.htm) Chrome/116.0.1938.76 Safari/537.36"
199.188.205.55 - - [27/Apr/2025:16:29:34 -0400] "POST /wp-cron.php?doing_wp_cron=1745785774.0539429187774658203125 HTTP/1.1" 403 13 "-" "WordPress/6.8; https://keyfinancehomeloan.com.au"
207.46.13.107 - - [27/Apr/2025:16:29:23 -0400] "GET /shopdetail/97752294 HTTP/1.1" 404 18074 "-" "Mozilla/5.0 AppleWebKit/537.36 (KHTML, like Gecko; compatible; bingbot/2.0; +http://www.bing.com/bingbot.htm) Chrome/116.0.1938.76 Safari/537.36"
199.188.205.55 - - [27/Apr/2025:16:33:49 -0400] "POST /wp-cron.php?doing_wp_cron=1745786029.8258230686187744140625 HTTP/1.1" 403 13 "-" "WordPress/6.8; https://keyfinancehomeloan.com.au"
207.46.13.18 - - [27/Apr/2025:16:33:40 -0400] "GET /shopdetail/149826994 HTTP/1.1" 404 18079 "-" "Mozilla/5.0 AppleWebKit/537.36 (KHTML, like Gecko; compatible; bingbot/2.0; +http://www.bing.com/bingbot.htm) Chrome/116.0.1938.76 Safari/537.36"
207.46.13.18 - - [27/Apr/2025:16:34:40 -0400] "GET /shopdetail/97598894 HTTP/1.1" 404 18074 "-" "Mozilla/5.0 AppleWebKit/537.36 (KHTML, like Gecko; compatible; bingbot/2.0; +http://www.bing.com/bingbot.htm) Chrome/116.0.1938.76 Safari/537.36"
199.188.205.55 - - [27/Apr/2025:16:40:31 -0400] "POST /wp-cron.php?doing_wp_cron=1745786430.7897729873657226562500 HTTP/1.1" 403 13 "-" "WordPress/6.8; https://keyfinancehomeloan.com.au"
207.46.13.107 - - [27/Apr/2025:16:40:18 -0400] "GET /shopdetail/7233994 HTTP/1.1" 404 18063 "-" "Mozilla/5.0 AppleWebKit/537.36 (KHTML, like Gecko; compatible; bingbot/2.0; +http://www.bing.com/bingbot.htm) Chrome/116.0.1938.76 Safari/537.36"
199.188.205.55 - - [27/Apr/2025:16:42:48 -0400] "POST /wp-cron.php?doing_wp_cron=1745786568.1089420318603515625000 HTTP/1.1" 403 13 "-" "WordPress/6.8; https://keyfinancehomeloan.com.au"
207.46.13.107 - - [27/Apr/2025:16:42:42 -0400] "GET /shopdetail/149385294 HTTP/1.1" 404 18079 "-" "Mozilla/5.0 AppleWebKit/537.36 (KHTML, like Gecko; compatible; bingbot/2.0; +http://www.bing.com/bingbot.htm) Chrome/116.0.1938.76 Safari/537.36"
199.188.205.55 - - [27/Apr/2025:16:56:06 -0400] "POST /wp-cron.php?doing_wp_cron=1745787366.2879829406738281250000 HTTP/1.1" 403 13 "-" "WordPress/6.8; https://keyfinancehomeloan.com.au"
207.46.13.127 - - [27/Apr/2025:16:55:55 -0400] "GET /shopdetail/150713794 HTTP/1.1" 404 18077 "-" "Mozilla/5.0 AppleWebKit/537.36 (KHTML, like Gecko; compatible; bingbot/2.0; +http://www.bing.com/bingbot.htm) Chrome/116.0.1938.76 Safari/537.36"
207.46.13.127 - - [27/Apr/2025:16:56:57 -0400] "GET /shopdetail/48332294 HTTP/1.1" 404 18073 "-" "Mozilla/5.0 AppleWebKit/537.36 (KHTML, like Gecko; compatible; bingbot/2.0; +http://www.bing.com/bingbot.htm) Chrome/116.0.1938.76 Safari/537.36"
199.188.205.55 - - [27/Apr/2025:17:13:55 -0400] "POST /wp-cron.php?doing_wp_cron=1745788435.0592670440673828125000 HTTP/1.1" 403 13 "-" "WordPress/6.8; https://keyfinancehomeloan.com.au"
207.46.13.116 - - [27/Apr/2025:17:13:44 -0400] "GET /shopdetail/189584594 HTTP/1.1" 404 18078 "-" "Mozilla/5.0 AppleWebKit/537.36 (KHTML, like Gecko; compatible; bingbot/2.0; +http://www.bing.com/bingbot.htm) Chrome/116.0.1938.76 Safari/537.36"
207.46.13.116 - - [27/Apr/2025:17:14:46 -0400] "GET /shopdetail/112095694 HTTP/1.1" 404 18078 "-" "Mozilla/5.0 AppleWebKit/537.36 (KHTML, like Gecko; compatible; bingbot/2.0; +http://www.bing.com/bingbot.htm) Chrome/116.0.1938.76 Safari/537.36"
199.188.205.55 - - [27/Apr/2025:17:19:05 -0400] "POST /wp-cron.php?doing_wp_cron=1745788745.0934610366821289062500 HTTP/1.1" 403 13 "-" "WordPress/6.8; https://keyfinancehomeloan.com.au"
207.46.13.116 - - [27/Apr/2025:17:18:55 -0400] "GET /shopdetail/21272294 HTTP/1.1" 404 18074 "-" "Mozilla/5.0 AppleWebKit/537.36 (KHTML, like Gecko; compatible; bingbot/2.0; +http://www.bing.com/bingbot.htm) Chrome/116.0.1938.76 Safari/537.36"
199.188.205.55 - - [27/Apr/2025:17:23:42 -0400] "POST /wp-cron.php?doing_wp_cron=1745789022.7537379264831542968750 HTTP/1.1" 403 13 "-" "WordPress/6.8; https://keyfinancehomeloan.com.au"
207.46.13.116 - - [27/Apr/2025:17:23:38 -0400] "GET /shopdetail/55848294 HTTP/1.1" 404 18074 "-" "Mozilla/5.0 AppleWebKit/537.36 (KHTML, like Gecko; compatible; bingbot/2.0; +http://www.bing.com/bingbot.htm) Chrome/116.0.1938.76 Safari/537.36"
51.222.253.4 - - [27/Apr/2025:17:26:09 -0400] "GET / HTTP/1.1" 200 24083 "-" "Mozilla/5.0 (compatible; AhrefsBot/7.0; +http://ahrefs.com/robot/)"
199.188.205.55 - - [27/Apr/2025:17:47:26 -0400] "POST /wp-cron.php?doing_wp_cron=1745790446.0747830867767333984375 HTTP/1.1" 403 13 "-" "WordPress/6.8; https://keyfinancehomeloan.com.au"
207.46.13.160 - - [27/Apr/2025:17:47:13 -0400] "GET /shopdetail/128915194 HTTP/1.1" 404 18078 "-" "Mozilla/5.0 AppleWebKit/537.36 (KHTML, like Gecko; compatible; bingbot/2.0; +http://www.bing.com/bingbot.htm) Chrome/116.0.1938.76 Safari/537.36"
52.167.144.161 - - [27/Apr/2025:17:47:55 -0400] "GET /shopdetail/84231094 HTTP/1.1" 404 18074 "-" "Mozilla/5.0 AppleWebKit/537.36 (KHTML, like Gecko; compatible; bingbot/2.0; +http://www.bing.com/bingbot.htm) Chrome/116.0.1938.76 Safari/537.36"
199.188.205.55 - - [27/Apr/2025:17:52:14 -0400] "POST /wp-cron.php?doing_wp_cron=1745790734.7929480075836181640625 HTTP/1.1" 403 13 "-" "WordPress/6.8; https://keyfinancehomeloan.com.au"
207.46.13.160 - - [27/Apr/2025:17:52:03 -0400] "GET /shopdetail/30822994 HTTP/1.1" 404 18074 "-" "Mozilla/5.0 AppleWebKit/537.36 (KHTML, like Gecko; compatible; bingbot/2.0; +http://www.bing.com/bingbot.htm) Chrome/116.0.1938.76 Safari/537.36"
199.188.205.55 - - [27/Apr/2025:17:57:13 -0400] "POST /wp-cron.php?doing_wp_cron=1745791033.1715109348297119140625 HTTP/1.1" 403 13 "-" "WordPress/6.8; https://keyfinancehomeloan.com.au"
52.167.144.202 - - [27/Apr/2025:17:57:05 -0400] "GET /shopdetail/172672794 HTTP/1.1" 404 18078 "-" "Mozilla/5.0 AppleWebKit/537.36 (KHTML, like Gecko; compatible; bingbot/2.0; +http://www.bing.com/bingbot.htm) Chrome/116.0.1938.76 Safari/537.36"
199.188.205.55 - - [27/Apr/2025:18:05:10 -0400] "POST /wp-cron.php?doing_wp_cron=1745791509.7638680934906005859375 HTTP/1.1" 403 13 "-" "WordPress/6.8; https://keyfinancehomeloan.com.au"
157.55.39.51 - - [27/Apr/2025:18:04:53 -0400] "GET /shopdetail/164272994 HTTP/1.1" 404 18078 "-" "Mozilla/5.0 AppleWebKit/537.36 (KHTML, like Gecko; compatible; bingbot/2.0; +http://www.bing.com/bingbot.htm) Chrome/116.0.1938.76 Safari/537.36"
199.188.205.55 - - [27/Apr/2025:18:24:01 -0400] "POST /wp-cron.php?doing_wp_cron=1745792640.5081369876861572265625 HTTP/1.1" 200 0 "-" "WordPress/6.8; https://keyfinancehomeloan.com.au"
157.55.39.204 - - [27/Apr/2025:18:23:48 -0400] "GET /shopdetail/104104594 HTTP/1.1" 404 18077 "-" "Mozilla/5.0 AppleWebKit/537.36 (KHTML, like Gecko; compatible; bingbot/2.0; +http://www.bing.com/bingbot.htm) Chrome/116.0.1938.76 Safari/537.36"
157.55.39.204 - - [27/Apr/2025:18:24:28 -0400] "GET /shopdetail/110656794 HTTP/1.1" 404 18078 "-" "Mozilla/5.0 AppleWebKit/537.36 (KHTML, like Gecko; compatible; bingbot/2.0; +http://www.bing.com/bingbot.htm) Chrome/116.0.1938.76 Safari/537.36"
199.188.205.55 - - [27/Apr/2025:18:32:19 -0400] "POST /wp-cron.php?doing_wp_cron=1745793139.3314158916473388671875 HTTP/1.1" 403 13 "-" "WordPress/6.8; https://keyfinancehomeloan.com.au"
207.46.13.126 - - [27/Apr/2025:18:32:13 -0400] "GET /shopdetail/45876094 HTTP/1.1" 404 18074 "-" "Mozilla/5.0 AppleWebKit/537.36 (KHTML, like Gecko; compatible; bingbot/2.0; +http://www.bing.com/bingbot.htm) Chrome/116.0.1938.76 Safari/537.36"
199.188.205.55 - - [27/Apr/2025:18:44:01 -0400] "POST /wp-cron.php?doing_wp_cron=1745793841.3476250171661376953125 HTTP/1.1" 403 13 "-" "WordPress/6.8; https://keyfinancehomeloan.com.au"
207.46.13.155 - - [27/Apr/2025:18:43:57 -0400] "GET /shopdetail/21095394 HTTP/1.1" 404 18074 "-" "Mozilla/5.0 AppleWebKit/537.36 (KHTML, like Gecko; compatible; bingbot/2.0; +http://www.bing.com/bingbot.htm) Chrome/116.0.1938.76 Safari/537.36"
207.46.13.155 - - [27/Apr/2025:18:52:08 -0400] "GET /shopdetail/87129294 HTTP/1.1" 404 18075 "-" "Mozilla/5.0 AppleWebKit/537.36 (KHTML, like Gecko; compatible; bingbot/2.0; +http://www.bing.com/bingbot.htm) Chrome/116.0.1938.76 Safari/537.36"
207.46.13.155 - - [27/Apr/2025:18:52:12 -0400] "GET /shopdetail/182260594 HTTP/1.1" 404 18077 "-" "Mozilla/5.0 AppleWebKit/537.36 (KHTML, like Gecko; compatible; bingbot/2.0; +http://www.bing.com/bingbot.htm) Chrome/116.0.1938.76 Safari/537.36"
199.188.205.55 - - [27/Apr/2025:18:56:30 -0400] "POST /wp-cron.php?doing_wp_cron=1745794590.2121169567108154296875 HTTP/1.1" 403 13 "-" "WordPress/6.8; https://keyfinancehomeloan.com.au"
52.167.144.146 - - [27/Apr/2025:18:56:20 -0400] "GET /shopdetail/105664294 HTTP/1.1" 404 18078 "-" "Mozilla/5.0 AppleWebKit/537.36 (KHTML, like Gecko; compatible; bingbot/2.0; +http://www.bing.com/bingbot.htm) Chrome/116.0.1938.76 Safari/537.36"
207.46.13.151 - - [27/Apr/2025:19:02:59 -0400] "GET /shopdetail/163404994 HTTP/1.1" 404 18077 "-" "Mozilla/5.0 AppleWebKit/537.36 (KHTML, like Gecko; compatible; bingbot/2.0; +http://www.bing.com/bingbot.htm) Chrome/116.0.1938.76 Safari/537.36"
199.188.205.55 - - [27/Apr/2025:19:07:15 -0400] "POST /wp-cron.php?doing_wp_cron=1745795235.9478330612182617187500 HTTP/1.1" 403 13 "-" "WordPress/6.8; https://keyfinancehomeloan.com.au"
157.55.39.201 - - [27/Apr/2025:19:07:11 -0400] "GET /shopdetail/163232294 HTTP/1.1" 404 18078 "-" "Mozilla/5.0 AppleWebKit/537.36 (KHTML, like Gecko; compatible; bingbot/2.0; +http://www.bing.com/bingbot.htm) Chrome/116.0.1938.76 Safari/537.36"
199.188.205.55 - - [27/Apr/2025:19:10:03 -0400] "POST /wp-cron.php?doing_wp_cron=1745795403.8604559898376464843750 HTTP/1.1" 403 13 "-" "WordPress/6.8; https://keyfinancehomeloan.com.au"
157.55.39.201 - - [27/Apr/2025:19:09:59 -0400] "GET /shopdetail/110594394 HTTP/1.1" 404 18077 "-" "Mozilla/5.0 AppleWebKit/537.36 (KHTML, like Gecko; compatible; bingbot/2.0; +http://www.bing.com/bingbot.htm) Chrome/116.0.1938.76 Safari/537.36"
199.188.205.55 - - [27/Apr/2025:19:30:32 -0400] "POST /wp-cron.php?doing_wp_cron=1745796632.1006200313568115234375 HTTP/1.1" 403 13 "-" "WordPress/6.8; https://keyfinancehomeloan.com.au"
52.167.144.25 - - [27/Apr/2025:19:30:24 -0400] "GET /shopdetail/38754394 HTTP/1.1" 404 18076 "-" "Mozilla/5.0 AppleWebKit/537.36 (KHTML, like Gecko; compatible; bingbot/2.0; +http://www.bing.com/bingbot.htm) Chrome/116.0.1938.76 Safari/537.36"
199.188.205.55 - - [27/Apr/2025:19:33:18 -0400] "POST /wp-cron.php?doing_wp_cron=1745796798.5464000701904296875000 HTTP/1.1" 403 13 "-" "WordPress/6.8; https://keyfinancehomeloan.com.au"
207.46.13.52 - - [27/Apr/2025:19:33:11 -0400] "GET /shopdetail/25801494 HTTP/1.1" 404 18076 "-" "Mozilla/5.0 AppleWebKit/537.36 (KHTML, like Gecko; compatible; bingbot/2.0; +http://www.bing.com/bingbot.htm) Chrome/116.0.1938.76 Safari/537.36"
199.188.205.55 - - [27/Apr/2025:19:49:55 -0400] "POST /wp-cron.php?doing_wp_cron=1745797794.9136769771575927734375 HTTP/1.1" 403 13 "-" "WordPress/6.8; https://keyfinancehomeloan.com.au"
52.167.144.183 - - [27/Apr/2025:19:49:46 -0400] "GET /shopdetail/211070394 HTTP/1.1" 404 18077 "-" "Mozilla/5.0 AppleWebKit/537.36 (KHTML, like Gecko; compatible; bingbot/2.0; +http://www.bing.com/bingbot.htm) Chrome/116.0.1938.76 Safari/537.36"
199.188.205.55 - - [27/Apr/2025:19:56:28 -0400] "POST /wp-cron.php?doing_wp_cron=1745798188.4223060607910156250000 HTTP/1.1" 403 13 "-" "WordPress/6.8; https://keyfinancehomeloan.com.au"
157.55.39.201 - - [27/Apr/2025:19:56:24 -0400] "GET /shopdetail/93295494 HTTP/1.1" 404 18076 "-" "Mozilla/5.0 AppleWebKit/537.36 (KHTML, like Gecko; compatible; bingbot/2.0; +http://www.bing.com/bingbot.htm) Chrome/116.0.1938.76 Safari/537.36"
52.167.144.16 - - [27/Apr/2025:19:57:18 -0400] "GET /shopdetail/2715294 HTTP/1.1" 404 18061 "-" "Mozilla/5.0 AppleWebKit/537.36 (KHTML, like Gecko; compatible; bingbot/2.0; +http://www.bing.com/bingbot.htm) Chrome/116.0.1938.76 Safari/537.36"
199.188.205.55 - - [27/Apr/2025:19:59:50 -0400] "POST /wp-cron.php?doing_wp_cron=1745798390.5625689029693603515625 HTTP/1.1" 403 13 "-" "WordPress/6.8; https://keyfinancehomeloan.com.au"
52.167.144.16 - - [27/Apr/2025:19:59:47 -0400] "GET /shopdetail/134994 HTTP/1.1" 404 18090 "-" "Mozilla/5.0 AppleWebKit/537.36 (KHTML, like Gecko; compatible; bingbot/2.0; +http://www.bing.com/bingbot.htm) Chrome/116.0.1938.76 Safari/537.36"
199.188.205.55 - - [27/Apr/2025:20:09:46 -0400] "POST /wp-cron.php?doing_wp_cron=1745798985.9084279537200927734375 HTTP/1.1" 403 13 "-" "WordPress/6.8; https://keyfinancehomeloan.com.au"
157.55.39.202 - - [27/Apr/2025:20:09:36 -0400] "GET /shopdetail/8297894 HTTP/1.1" 404 18060 "-" "Mozilla/5.0 AppleWebKit/537.36 (KHTML, like Gecko; compatible; bingbot/2.0; +http://www.bing.com/bingbot.htm) Chrome/116.0.1938.76 Safari/537.36"
199.188.205.55 - - [27/Apr/2025:20:23:21 -0400] "POST /wp-cron.php?doing_wp_cron=1745799801.4529728889465332031250 HTTP/1.1" 403 13 "-" "WordPress/6.8; https://keyfinancehomeloan.com.au"
207.46.13.92 - - [27/Apr/2025:20:23:08 -0400] "GET /shopdetail/206964894 HTTP/1.1" 404 18075 "-" "Mozilla/5.0 AppleWebKit/537.36 (KHTML, like Gecko; compatible; bingbot/2.0; +http://www.bing.com/bingbot.htm) Chrome/116.0.1938.76 Safari/537.36"
207.46.13.92 - - [27/Apr/2025:20:25:10 -0400] "GET /shopdetail/157352394 HTTP/1.1" 404 18073 "-" "Mozilla/5.0 AppleWebKit/537.36 (KHTML, like Gecko; compatible; bingbot/2.0; +http://www.bing.com/bingbot.htm) Chrome/116.0.1938.76 Safari/537.36"
207.46.13.86 - - [27/Apr/2025:20:25:51 -0400] "GET /shopdetail/200713494 HTTP/1.1" 404 18073 "-" "Mozilla/5.0 AppleWebKit/537.36 (KHTML, like Gecko; compatible; bingbot/2.0; +http://www.bing.com/bingbot.htm) Chrome/116.0.1938.76 Safari/537.36"
199.188.205.55 - - [27/Apr/2025:20:26:20 -0400] "POST /wp-cron.php?doing_wp_cron=1745799980.7253549098968505859375 HTTP/1.1" 403 13 "-" "WordPress/6.8; https://keyfinancehomeloan.com.au"
52.167.144.169 - - [27/Apr/2025:20:26:19 -0400] "GET /shopdetail/90448294 HTTP/1.1" 404 18071 "-" "Mozilla/5.0 AppleWebKit/537.36 (KHTML, like Gecko; compatible; bingbot/2.0; +http://www.bing.com/bingbot.htm) Chrome/116.0.1938.76 Safari/537.36"
34.44.17.155 - - [27/Apr/2025:20:30:50 -0400] "HEAD / HTTP/1.1" 200 0 "-" "curl/8.10.0"
34.44.17.155 - - [27/Apr/2025:20:30:50 -0400] "GET / HTTP/1.1" 200 28464 "-" "curl/8.10.0"
199.188.205.55 - - [27/Apr/2025:20:32:10 -0400] "POST /wp-cron.php?doing_wp_cron=1745800330.2793300151824951171875 HTTP/1.1" 403 13 "-" "WordPress/6.8; https://keyfinancehomeloan.com.au"
207.46.13.155 - - [27/Apr/2025:20:32:03 -0400] "GET /shopdetail/87714994 HTTP/1.1" 404 18071 "-" "Mozilla/5.0 AppleWebKit/537.36 (KHTML, like Gecko; compatible; bingbot/2.0; +http://www.bing.com/bingbot.htm) Chrome/116.0.1938.76 Safari/537.36"
199.188.205.55 - - [27/Apr/2025:20:33:54 -0400] "POST /wp-cron.php?doing_wp_cron=1745800434.7397410869598388671875 HTTP/1.1" 403 13 "-" "WordPress/6.8; https://keyfinancehomeloan.com.au"
157.55.39.6 - - [27/Apr/2025:20:33:44 -0400] "GET /shopdetail/135771694 HTTP/1.1" 404 18073 "-" "Mozilla/5.0 AppleWebKit/537.36 (KHTML, like Gecko; compatible; bingbot/2.0; +http://www.bing.com/bingbot.htm) Chrome/116.0.1938.76 Safari/537.36"
46.205.199.115 - - [27/Apr/2025:20:51:41 -0400] "HEAD / HTTP/1.1" 200 0 "-" "Mozilla/5.0 (Windows NT 10.0; WOW64; rv:70.0) Gecko/20100101 Firefox/70.0"
40.77.167.131 - - [27/Apr/2025:20:51:41 -0400] "GET /shopdetail/82387494 HTTP/1.1" 404 18073 "-" "Mozilla/5.0 AppleWebKit/537.36 (KHTML, like Gecko; compatible; bingbot/2.0; +http://www.bing.com/bingbot.htm) Chrome/116.0.1938.76 Safari/537.36"
