199.188.205.55 - - [28/Apr/2025:15:09:52 -0400] "POST /wp-cron.php?doing_wp_cron=1745867392.3402318954467773437500 HTTP/1.1" 403 13 "-" "WordPress/6.8; https://keyfinancehomeloan.com.au"
40.77.167.55 - - [28/Apr/2025:15:09:50 -0400] "GET /shopdetail/189200994 HTTP/1.1" 404 18068 "-" "Mozilla/5.0 AppleWebKit/537.36 (KHTML, like Gecko; compatible; bingbot/2.0; +http://www.bing.com/bingbot.htm) Chrome/116.0.1938.76 Safari/537.36"
199.188.205.55 - - [28/Apr/2025:15:24:18 -0400] "POST /wp-cron.php?doing_wp_cron=1745868258.5519421100616455078125 HTTP/1.1" 403 13 "-" "WordPress/6.8; https://keyfinancehomeloan.com.au"
40.77.167.67 - - [28/Apr/2025:15:24:06 -0400] "GET /shopdetail/61895094 HTTP/1.1" 404 18059 "-" "Mozilla/5.0 AppleWebKit/537.36 (KHTML, like Gecko; compatible; bingbot/2.0; +http://www.bing.com/bingbot.htm) Chrome/116.0.1938.76 Safari/537.36"
199.188.205.55 - - [28/Apr/2025:15:29:04 -0400] "POST /wp-cron.php?doing_wp_cron=1745868544.5854310989379882812500 HTTP/1.1" 403 13 "-" "WordPress/6.8; https://keyfinancehomeloan.com.au"
40.77.167.59 - - [28/Apr/2025:15:28:54 -0400] "GET /shopdetail/94173094 HTTP/1.1" 404 18061 "-" "Mozilla/5.0 AppleWebKit/537.36 (KHTML, like Gecko; compatible; bingbot/2.0; +http://www.bing.com/bingbot.htm) Chrome/116.0.1938.76 Safari/537.36"
52.167.144.163 - - [28/Apr/2025:15:29:53 -0400] "GET /shopdetail/204550494 HTTP/1.1" 404 18069 "-" "Mozilla/5.0 AppleWebKit/537.36 (KHTML, like Gecko; compatible; bingbot/2.0; +http://www.bing.com/bingbot.htm) Chrome/116.0.1938.76 Safari/537.36"
199.188.205.55 - - [28/Apr/2025:15:50:21 -0400] "POST /wp-cron.php?doing_wp_cron=1745869821.3870449066162109375000 HTTP/1.1" 403 13 "-" "WordPress/6.8; https://keyfinancehomeloan.com.au"
52.167.144.229 - - [28/Apr/2025:15:50:04 -0400] "GET /shopdetail/150220794 HTTP/1.1" 404 18069 "-" "Mozilla/5.0 AppleWebKit/537.36 (KHTML, like Gecko; compatible; bingbot/2.0; +http://www.bing.com/bingbot.htm) Chrome/116.0.1938.76 Safari/537.36"
199.188.205.55 - - [28/Apr/2025:15:51:37 -0400] "POST /wp-cron.php?doing_wp_cron=1745869897.6922149658203125000000 HTTP/1.1" 403 13 "-" "WordPress/6.8; https://keyfinancehomeloan.com.au"
40.77.167.7 - - [28/Apr/2025:15:51:36 -0400] "GET /shopdetail/164708794 HTTP/1.1" 404 18068 "-" "Mozilla/5.0 AppleWebKit/537.36 (KHTML, like Gecko; compatible; bingbot/2.0; +http://www.bing.com/bingbot.htm) Chrome/116.0.1938.76 Safari/537.36"
199.188.205.55 - - [28/Apr/2025:16:16:08 -0400] "POST /wp-cron.php?doing_wp_cron=1745871368.2072639465332031250000 HTTP/1.1" 403 13 "-" "WordPress/6.8; https://keyfinancehomeloan.com.au"
199.188.205.55 - - [28/Apr/2025:16:16:08 -0400] "POST /wp-cron.php?doing_wp_cron=1745871368.1992950439453125000000 HTTP/1.1" 403 13 "-" "WordPress/6.8; https://keyfinancehomeloan.com.au"
40.77.167.243 - - [28/Apr/2025:16:15:57 -0400] "GET /shopdetail/58070094 HTTP/1.1" 404 18059 "-" "Mozilla/5.0 AppleWebKit/537.36 (KHTML, like Gecko; compatible; bingbot/2.0; +http://www.bing.com/bingbot.htm) Chrome/116.0.1938.76 Safari/537.36"
52.167.144.209 - - [28/Apr/2025:16:16:06 -0400] "GET /shopdetail/120914894 HTTP/1.1" 404 18068 "-" "Mozilla/5.0 AppleWebKit/537.36 (KHTML, like Gecko; compatible; bingbot/2.0; +http://www.bing.com/bingbot.htm) Chrome/116.0.1938.76 Safari/537.36"
199.188.205.55 - - [28/Apr/2025:16:17:43 -0400] "POST /wp-cron.php?doing_wp_cron=1745871463.9711029529571533203125 HTTP/1.1" 403 13 "-" "WordPress/6.8; https://keyfinancehomeloan.com.au"
40.77.167.243 - - [28/Apr/2025:16:17:38 -0400] "GET /shopdetail/51144394 HTTP/1.1" 404 18059 "-" "Mozilla/5.0 AppleWebKit/537.36 (KHTML, like Gecko; compatible; bingbot/2.0; +http://www.bing.com/bingbot.htm) Chrome/116.0.1938.76 Safari/537.36"
54.153.65.146 - - [28/Apr/2025:16:20:29 -0400] "GET / HTTP/1.1" 200 28462 "-" "Mozilla/5.0 (X11; Linux x86_64) AppleWebKit/537.36 (KHTML, like Gecko) Chrome/51.0.2704.103 Safari/537.36"
199.188.205.55 - - [28/Apr/2025:16:25:50 -0400] "POST /wp-cron.php?doing_wp_cron=1745871950.0149779319763183593750 HTTP/1.1" 403 13 "-" "WordPress/6.8; https://keyfinancehomeloan.com.au"
40.77.167.254 - - [28/Apr/2025:16:25:38 -0400] "GET /shopdetail/53658894 HTTP/1.1" 404 18059 "-" "Mozilla/5.0 AppleWebKit/537.36 (KHTML, like Gecko; compatible; bingbot/2.0; +http://www.bing.com/bingbot.htm) Chrome/116.0.1938.76 Safari/537.36"
13.77.80.114 - - [28/Apr/2025:16:32:24 -0400] "GET / HTTP/1.1" 200 118978 "-" "-"
199.188.205.55 - - [28/Apr/2025:16:58:22 -0400] "POST /wp-cron.php?doing_wp_cron=1745873902.2294700145721435546875 HTTP/1.1" 403 13 "-" "WordPress/6.8; https://keyfinancehomeloan.com.au"
40.77.167.35 - - [28/Apr/2025:16:58:13 -0400] "GET /shopdetail/187719894 HTTP/1.1" 404 18070 "-" "Mozilla/5.0 AppleWebKit/537.36 (KHTML, like Gecko; compatible; bingbot/2.0; +http://www.bing.com/bingbot.htm) Chrome/116.0.1938.76 Safari/537.36"
199.188.205.55 - - [28/Apr/2025:17:05:16 -0400] "POST /wp-cron.php?doing_wp_cron=1745874316.5543088912963867187500 HTTP/1.1" 403 13 "-" "WordPress/6.8; https://keyfinancehomeloan.com.au"
40.77.167.35 - - [28/Apr/2025:17:05:05 -0400] "GET /shopdetail/2599694 HTTP/1.1" 404 18054 "-" "Mozilla/5.0 AppleWebKit/537.36 (KHTML, like Gecko; compatible; bingbot/2.0; +http://www.bing.com/bingbot.htm) Chrome/116.0.1938.76 Safari/537.36"
199.188.205.55 - - [28/Apr/2025:17:38:22 -0400] "POST /wp-cron.php?doing_wp_cron=1745876302.2426989078521728515625 HTTP/1.1" 403 13 "-" "WordPress/6.8; https://keyfinancehomeloan.com.au"
40.77.167.37 - - [28/Apr/2025:17:38:09 -0400] "GET /shopdetail/49915994 HTTP/1.1" 404 18059 "-" "Mozilla/5.0 AppleWebKit/537.36 (KHTML, like Gecko; compatible; bingbot/2.0; +http://www.bing.com/bingbot.htm) Chrome/116.0.1938.76 Safari/537.36"
199.188.205.55 - - [28/Apr/2025:17:45:50 -0400] "POST /wp-cron.php?doing_wp_cron=1745876749.9850380420684814453125 HTTP/1.1" 403 13 "-" "WordPress/6.8; https://keyfinancehomeloan.com.au"
52.167.144.185 - - [28/Apr/2025:17:45:38 -0400] "GET /shopdetail/82546394 HTTP/1.1" 404 18061 "-" "Mozilla/5.0 AppleWebKit/537.36 (KHTML, like Gecko; compatible; bingbot/2.0; +http://www.bing.com/bingbot.htm) Chrome/116.0.1938.76 Safari/537.36"
199.188.205.55 - - [28/Apr/2025:17:51:03 -0400] "POST /wp-cron.php?doing_wp_cron=1745877063.4737811088562011718750 HTTP/1.1" 403 13 "-" "WordPress/6.8; https://keyfinancehomeloan.com.au"
40.77.167.7 - - [28/Apr/2025:17:50:56 -0400] "GET /shopdetail/12633394 HTTP/1.1" 404 18059 "-" "Mozilla/5.0 AppleWebKit/537.36 (KHTML, like Gecko; compatible; bingbot/2.0; +http://www.bing.com/bingbot.htm) Chrome/116.0.1938.76 Safari/537.36"
199.188.205.55 - - [28/Apr/2025:17:58:56 -0400] "POST /wp-cron.php?doing_wp_cron=1745877536.4413990974426269531250 HTTP/1.1" 403 13 "-" "WordPress/6.8; https://keyfinancehomeloan.com.au"
52.167.144.167 - - [28/Apr/2025:17:58:46 -0400] "GET /shopdetail/15319794 HTTP/1.1" 404 18059 "-" "Mozilla/5.0 AppleWebKit/537.36 (KHTML, like Gecko; compatible; bingbot/2.0; +http://www.bing.com/bingbot.htm) Chrome/116.0.1938.76 Safari/537.36"
199.188.205.55 - - [28/Apr/2025:18:01:48 -0400] "POST /wp-cron.php?doing_wp_cron=1745877708.6224339008331298828125 HTTP/1.1" 403 13 "-" "WordPress/6.8; https://keyfinancehomeloan.com.au"
52.167.144.19 - - [28/Apr/2025:18:01:41 -0400] "GET /shopdetail/38201494 HTTP/1.1" 404 18060 "-" "Mozilla/5.0 AppleWebKit/537.36 (KHTML, like Gecko; compatible; bingbot/2.0; +http://www.bing.com/bingbot.htm) Chrome/116.0.1938.76 Safari/537.36"
199.188.205.55 - - [28/Apr/2025:18:02:30 -0400] "POST /wp-admin/admin-ajax.php?action=as_async_request_queue_runner&nonce=c7edeb0b82 HTTP/1.1" 403 13 "-" "WordPress/6.8; https://keyfinancehomeloan.com.au"
52.169.86.208 - - [28/Apr/2025:18:02:29 -0400] "GET /wp-admin/ HTTP/1.1" 302 0 "-" "-"
52.169.86.208 - - [28/Apr/2025:18:02:30 -0400] "GET /wp-login.php?redirect_to=https%3A%2F%2Fkeyfinancehomeloan.com.au%2Fwp-admin%2F&reauth=1 HTTP/1.1" 403 13 "-" "-"
199.188.205.55 - - [28/Apr/2025:18:04:13 -0400] "POST /wp-admin/admin-ajax.php?action=as_async_request_queue_runner&nonce=c7edeb0b82 HTTP/1.1" 403 13 "-" "WordPress/6.8; https://keyfinancehomeloan.com.au"
199.188.205.55 - - [28/Apr/2025:18:29:16 -0400] "POST /wp-cron.php?doing_wp_cron=1745879355.9661819934844970703125 HTTP/1.1" 403 13 "-" "WordPress/6.8; https://keyfinancehomeloan.com.au"
52.167.144.168 - - [28/Apr/2025:18:29:05 -0400] "GET /shopdetail/118436294 HTTP/1.1" 404 18070 "-" "Mozilla/5.0 AppleWebKit/537.36 (KHTML, like Gecko; compatible; bingbot/2.0; +http://www.bing.com/bingbot.htm) Chrome/116.0.1938.76 Safari/537.36"
207.46.13.124 - - [28/Apr/2025:18:40:29 -0400] "GET /shopdetail/17917694 HTTP/1.1" 404 18059 "-" "Mozilla/5.0 AppleWebKit/537.36 (KHTML, like Gecko; compatible; bingbot/2.0; +http://www.bing.com/bingbot.htm) Chrome/116.0.1938.76 Safari/537.36"
199.188.205.55 - - [28/Apr/2025:18:45:54 -0400] "POST /wp-cron.php?doing_wp_cron=1745880354.2053780555725097656250 HTTP/1.1" 403 13 "-" "WordPress/6.8; https://keyfinancehomeloan.com.au"
40.77.167.7 - - [28/Apr/2025:18:45:47 -0400] "GET /shopdetail/189734394 HTTP/1.1" 404 18070 "-" "Mozilla/5.0 AppleWebKit/537.36 (KHTML, like Gecko; compatible; bingbot/2.0; +http://www.bing.com/bingbot.htm) Chrome/116.0.1938.76 Safari/537.36"
199.188.205.55 - - [28/Apr/2025:19:09:58 -0400] "POST /wp-cron.php?doing_wp_cron=1745881798.3987219333648681640625 HTTP/1.1" 403 13 "-" "WordPress/6.8; https://keyfinancehomeloan.com.au"
52.167.144.229 - - [28/Apr/2025:19:09:54 -0400] "GET /shopdetail/41091194 HTTP/1.1" 404 18061 "-" "Mozilla/5.0 AppleWebKit/537.36 (KHTML, like Gecko; compatible; bingbot/2.0; +http://www.bing.com/bingbot.htm) Chrome/116.0.1938.76 Safari/537.36"
199.188.205.55 - - [28/Apr/2025:19:18:31 -0400] "POST /wp-cron.php?doing_wp_cron=1745882310.9800341129302978515625 HTTP/1.1" 403 13 "-" "WordPress/6.8; https://keyfinancehomeloan.com.au"
157.55.39.62 - - [28/Apr/2025:19:18:23 -0400] "GET /shopdetail/157684894 HTTP/1.1" 404 18070 "-" "Mozilla/5.0 AppleWebKit/537.36 (KHTML, like Gecko; compatible; bingbot/2.0; +http://www.bing.com/bingbot.htm) Chrome/116.0.1938.76 Safari/537.36"
52.167.144.225 - - [28/Apr/2025:19:45:17 -0400] "GET /shopdetail/191737694 HTTP/1.1" 404 18068 "-" "Mozilla/5.0 AppleWebKit/537.36 (KHTML, like Gecko; compatible; bingbot/2.0; +http://www.bing.com/bingbot.htm) Chrome/116.0.1938.76 Safari/537.36"
199.188.205.55 - - [28/Apr/2025:19:46:06 -0400] "POST /wp-cron.php?doing_wp_cron=1745883966.6853489875793457031250 HTTP/1.1" 403 13 "-" "WordPress/6.8; https://keyfinancehomeloan.com.au"
157.55.39.193 - - [28/Apr/2025:19:46:06 -0400] "GET /shopdetail/33204194 HTTP/1.1" 404 18059 "-" "Mozilla/5.0 AppleWebKit/537.36 (KHTML, like Gecko; compatible; bingbot/2.0; +http://www.bing.com/bingbot.htm) Chrome/116.0.1938.76 Safari/537.36"
199.188.205.55 - - [28/Apr/2025:19:52:55 -0400] "POST /wp-cron.php?doing_wp_cron=1745884375.7075660228729248046875 HTTP/1.1" 403 13 "-" "WordPress/6.8; https://keyfinancehomeloan.com.au"
157.55.39.13 - - [28/Apr/2025:19:52:47 -0400] "GET /shopdetail/22600294 HTTP/1.1" 404 18060 "-" "Mozilla/5.0 AppleWebKit/537.36 (KHTML, like Gecko; compatible; bingbot/2.0; +http://www.bing.com/bingbot.htm) Chrome/116.0.1938.76 Safari/537.36"
199.188.205.55 - - [28/Apr/2025:19:55:02 -0400] "POST /wp-cron.php?doing_wp_cron=1745884502.2970120906829833984375 HTTP/1.1" 403 13 "-" "WordPress/6.8; https://keyfinancehomeloan.com.au"
157.55.39.13 - - [28/Apr/2025:19:54:58 -0400] "GET /shopdetail/145617194 HTTP/1.1" 404 18068 "-" "Mozilla/5.0 AppleWebKit/537.36 (KHTML, like Gecko; compatible; bingbot/2.0; +http://www.bing.com/bingbot.htm) Chrome/116.0.1938.76 Safari/537.36"
199.188.205.55 - - [28/Apr/2025:19:57:42 -0400] "POST /wp-cron.php?doing_wp_cron=1745884662.6064379215240478515625 HTTP/1.1" 403 13 "-" "WordPress/6.8; https://keyfinancehomeloan.com.au"
52.167.144.16 - - [28/Apr/2025:19:57:38 -0400] "GET /shopdetail/210811094 HTTP/1.1" 404 18067 "-" "Mozilla/5.0 AppleWebKit/537.36 (KHTML, like Gecko; compatible; bingbot/2.0; +http://www.bing.com/bingbot.htm) Chrome/116.0.1938.76 Safari/537.36"
199.188.205.55 - - [28/Apr/2025:20:05:06 -0400] "POST /wp-cron.php?doing_wp_cron=1745885106.7832210063934326171875 HTTP/1.1" 403 13 "-" "WordPress/6.8; https://keyfinancehomeloan.com.au"
157.55.39.6 - - [28/Apr/2025:20:04:50 -0400] "GET /shopdetail/48140794 HTTP/1.1" 404 18058 "-" "Mozilla/5.0 AppleWebKit/537.36 (KHTML, like Gecko; compatible; bingbot/2.0; +http://www.bing.com/bingbot.htm) Chrome/116.0.1938.76 Safari/537.36"
199.188.205.55 - - [28/Apr/2025:20:06:54 -0400] "POST /wp-cron.php?doing_wp_cron=1745885214.7222990989685058593750 HTTP/1.1" 403 13 "-" "WordPress/6.8; https://keyfinancehomeloan.com.au"
207.46.13.124 - - [28/Apr/2025:20:06:43 -0400] "GET /shopdetail/119557494 HTTP/1.1" 404 18067 "-" "Mozilla/5.0 AppleWebKit/537.36 (KHTML, like Gecko; compatible; bingbot/2.0; +http://www.bing.com/bingbot.htm) Chrome/116.0.1938.76 Safari/537.36"
199.188.205.55 - - [28/Apr/2025:20:16:01 -0400] "POST /wp-cron.php?doing_wp_cron=1745885761.9088881015777587890625 HTTP/1.1" 403 13 "-" "WordPress/6.8; https://keyfinancehomeloan.com.au"
207.46.13.126 - - [28/Apr/2025:20:15:53 -0400] "GET /shopdetail/156822494 HTTP/1.1" 404 18069 "-" "Mozilla/5.0 AppleWebKit/537.36 (KHTML, like Gecko; compatible; bingbot/2.0; +http://www.bing.com/bingbot.htm) Chrome/116.0.1938.76 Safari/537.36"
199.188.205.55 - - [28/Apr/2025:20:38:06 -0400] "POST /wp-cron.php?doing_wp_cron=1745887085.9991500377655029296875 HTTP/1.1" 403 13 "-" "WordPress/6.8; https://keyfinancehomeloan.com.au"
207.46.13.52 - - [28/Apr/2025:20:37:57 -0400] "GET /shopdetail/93852094 HTTP/1.1" 404 18058 "-" "Mozilla/5.0 AppleWebKit/537.36 (KHTML, like Gecko; compatible; bingbot/2.0; +http://www.bing.com/bingbot.htm) Chrome/116.0.1938.76 Safari/537.36"
157.55.39.52 - - [28/Apr/2025:20:38:26 -0400] "GET /shopdetail/27627394 HTTP/1.1" 404 18060 "-" "Mozilla/5.0 AppleWebKit/537.36 (KHTML, like Gecko; compatible; bingbot/2.0; +http://www.bing.com/bingbot.htm) Chrome/116.0.1938.76 Safari/537.36"
199.188.205.55 - - [28/Apr/2025:20:39:12 -0400] "POST /wp-cron.php?doing_wp_cron=1745887152.2735230922698974609375 HTTP/1.1" 403 13 "-" "WordPress/6.8; https://keyfinancehomeloan.com.au"
52.167.144.195 - - [28/Apr/2025:20:39:11 -0400] "GET /shopdetail/42696994 HTTP/1.1" 404 18058 "-" "Mozilla/5.0 AppleWebKit/537.36 (KHTML, like Gecko; compatible; bingbot/2.0; +http://www.bing.com/bingbot.htm) Chrome/116.0.1938.76 Safari/537.36"
199.188.205.55 - - [28/Apr/2025:20:49:19 -0400] "POST /wp-cron.php?doing_wp_cron=1745887759.7496249675750732421875 HTTP/1.1" 403 13 "-" "WordPress/6.8; https://keyfinancehomeloan.com.au"
40.77.167.116 - - [28/Apr/2025:20:49:13 -0400] "GET /shopdetail/71593494 HTTP/1.1" 404 18060 "-" "Mozilla/5.0 AppleWebKit/537.36 (KHTML, like Gecko; compatible; bingbot/2.0; +http://www.bing.com/bingbot.htm) Chrome/116.0.1938.76 Safari/537.36"
157.55.39.201 - - [28/Apr/2025:20:49:29 -0400] "GET /shopdetail/137772194 HTTP/1.1" 404 18069 "-" "Mozilla/5.0 AppleWebKit/537.36 (KHTML, like Gecko; compatible; bingbot/2.0; +http://www.bing.com/bingbot.htm) Chrome/116.0.1938.76 Safari/537.36"
199.188.205.55 - - [28/Apr/2025:20:50:20 -0400] "POST /wp-cron.php?doing_wp_cron=1745887820.6965529918670654296875 HTTP/1.1" 403 13 "-" "WordPress/6.8; https://keyfinancehomeloan.com.au"
157.55.39.16 - - [28/Apr/2025:20:50:20 -0400] "GET /shopdetail/159842394 HTTP/1.1" 404 18067 "-" "Mozilla/5.0 AppleWebKit/537.36 (KHTML, like Gecko; compatible; bingbot/2.0; +http://www.bing.com/bingbot.htm) Chrome/116.0.1938.76 Safari/537.36"
157.55.39.16 - - [28/Apr/2025:20:51:52 -0400] "GET /shopdetail/100274594 HTTP/1.1" 404 18069 "-" "Mozilla/5.0 AppleWebKit/537.36 (KHTML, like Gecko; compatible; bingbot/2.0; +http://www.bing.com/bingbot.htm) Chrome/116.0.1938.76 Safari/537.36"
199.188.205.55 - - [28/Apr/2025:20:55:49 -0400] "POST /wp-cron.php?doing_wp_cron=1745888148.6644580364227294921875 HTTP/1.1" 403 13 "-" "WordPress/6.8; https://keyfinancehomeloan.com.au"
157.55.39.57 - - [28/Apr/2025:20:55:44 -0400] "GET /shopdetail/61492494 HTTP/1.1" 404 18058 "-" "Mozilla/5.0 AppleWebKit/537.36 (KHTML, like Gecko; compatible; bingbot/2.0; +http://www.bing.com/bingbot.htm) Chrome/116.0.1938.76 Safari/537.36"
199.188.205.55 - - [28/Apr/2025:20:57:18 -0400] "POST /wp-cron.php?doing_wp_cron=1745888238.5325140953063964843750 HTTP/1.1" 403 13 "-" "WordPress/6.8; https://keyfinancehomeloan.com.au"
157.55.39.57 - - [28/Apr/2025:20:57:14 -0400] "GET /shopdetail/89455494 HTTP/1.1" 404 18058 "-" "Mozilla/5.0 AppleWebKit/537.36 (KHTML, like Gecko; compatible; bingbot/2.0; +http://www.bing.com/bingbot.htm) Chrome/116.0.1938.76 Safari/537.36"
199.188.205.55 - - [28/Apr/2025:21:01:19 -0400] "POST /wp-cron.php?doing_wp_cron=1745888479.0081160068511962890625 HTTP/1.1" 403 13 "-" "WordPress/6.8; https://keyfinancehomeloan.com.au"
207.46.13.150 - - [28/Apr/2025:21:01:14 -0400] "GET /shopdetail/198487794 HTTP/1.1" 404 18068 "-" "Mozilla/5.0 AppleWebKit/537.36 (KHTML, like Gecko; compatible; bingbot/2.0; +http://www.bing.com/bingbot.htm) Chrome/116.0.1938.76 Safari/537.36"
199.188.205.55 - - [28/Apr/2025:21:02:40 -0400] "POST /wp-cron.php?doing_wp_cron=1745888560.9366710186004638671875 HTTP/1.1" 403 13 "-" "WordPress/6.8; https://keyfinancehomeloan.com.au"
157.55.39.51 - - [28/Apr/2025:21:02:37 -0400] "GET /shopdetail/6602294 HTTP/1.1" 404 18051 "-" "Mozilla/5.0 AppleWebKit/537.36 (KHTML, like Gecko; compatible; bingbot/2.0; +http://www.bing.com/bingbot.htm) Chrome/116.0.1938.76 Safari/537.36"
207.46.13.127 - - [28/Apr/2025:21:26:31 -0400] "GET /shopdetail/124080794 HTTP/1.1" 404 18067 "-" "Mozilla/5.0 AppleWebKit/537.36 (KHTML, like Gecko; compatible; bingbot/2.0; +http://www.bing.com/bingbot.htm) Chrome/116.0.1938.76 Safari/537.36"
199.188.205.55 - - [28/Apr/2025:21:27:43 -0400] "POST /wp-cron.php?doing_wp_cron=1745890063.0918340682983398437500 HTTP/1.1" 403 13 "-" "WordPress/6.8; https://keyfinancehomeloan.com.au"
157.55.39.204 - - [28/Apr/2025:21:27:42 -0400] "GET /shopdetail/134265294 HTTP/1.1" 404 18067 "-" "Mozilla/5.0 AppleWebKit/537.36 (KHTML, like Gecko; compatible; bingbot/2.0; +http://www.bing.com/bingbot.htm) Chrome/116.0.1938.76 Safari/537.36"
199.188.205.55 - - [28/Apr/2025:21:32:59 -0400] "POST /wp-cron.php?doing_wp_cron=1745890379.8103389739990234375000 HTTP/1.1" 403 13 "-" "WordPress/6.8; https://keyfinancehomeloan.com.au"
157.55.39.193 - - [28/Apr/2025:21:32:44 -0400] "GET /shopdetail/183809794 HTTP/1.1" 404 18067 "-" "Mozilla/5.0 AppleWebKit/537.36 (KHTML, like Gecko; compatible; bingbot/2.0; +http://www.bing.com/bingbot.htm) Chrome/116.0.1938.76 Safari/537.36"
157.55.39.193 - - [28/Apr/2025:21:35:16 -0400] "GET /shopdetail/117639694 HTTP/1.1" 404 18068 "-" "Mozilla/5.0 AppleWebKit/537.36 (KHTML, like Gecko; compatible; bingbot/2.0; +http://www.bing.com/bingbot.htm) Chrome/116.0.1938.76 Safari/537.36"
199.188.205.55 - - [28/Apr/2025:21:38:23 -0400] "POST /wp-cron.php?doing_wp_cron=1745890703.6852900981903076171875 HTTP/1.1" 403 13 "-" "WordPress/6.8; https://keyfinancehomeloan.com.au"
157.55.39.193 - - [28/Apr/2025:21:38:07 -0400] "GET /shopdetail/61573994 HTTP/1.1" 404 18060 "-" "Mozilla/5.0 AppleWebKit/537.36 (KHTML, like Gecko; compatible; bingbot/2.0; +http://www.bing.com/bingbot.htm) Chrome/116.0.1938.76 Safari/537.36"
207.46.13.54 - - [28/Apr/2025:21:44:51 -0400] "GET /shopdetail/100107194 HTTP/1.1" 404 18067 "-" "Mozilla/5.0 AppleWebKit/537.36 (KHTML, like Gecko; compatible; bingbot/2.0; +http://www.bing.com/bingbot.htm) Chrome/116.0.1938.76 Safari/537.36"
199.188.205.55 - - [28/Apr/2025:21:46:28 -0400] "POST /wp-cron.php?doing_wp_cron=1745891188.8034269809722900390625 HTTP/1.1" 403 13 "-" "WordPress/6.8; https://keyfinancehomeloan.com.au"
207.46.13.54 - - [28/Apr/2025:21:46:24 -0400] "GET /shopdetail/164097294 HTTP/1.1" 404 18068 "-" "Mozilla/5.0 AppleWebKit/537.36 (KHTML, like Gecko; compatible; bingbot/2.0; +http://www.bing.com/bingbot.htm) Chrome/116.0.1938.76 Safari/537.36"
199.188.205.55 - - [28/Apr/2025:21:58:20 -0400] "POST /wp-cron.php?doing_wp_cron=1745891900.5464110374450683593750 HTTP/1.1" 403 13 "-" "WordPress/6.8; https://keyfinancehomeloan.com.au"
40.77.167.47 - - [28/Apr/2025:21:58:09 -0400] "GET /shopdetail/211949694 HTTP/1.1" 404 18068 "-" "Mozilla/5.0 AppleWebKit/537.36 (KHTML, like Gecko; compatible; bingbot/2.0; +http://www.bing.com/bingbot.htm) Chrome/116.0.1938.76 Safari/537.36"
207.46.13.18 - - [28/Apr/2025:21:58:47 -0400] "GET /shopdetail/25551794 HTTP/1.1" 404 18058 "-" "Mozilla/5.0 AppleWebKit/537.36 (KHTML, like Gecko; compatible; bingbot/2.0; +http://www.bing.com/bingbot.htm) Chrome/116.0.1938.76 Safari/537.36"
199.188.205.55 - - [28/Apr/2025:22:02:09 -0400] "POST /wp-cron.php?doing_wp_cron=1745892129.6012198925018310546875 HTTP/1.1" 403 13 "-" "WordPress/6.8; https://keyfinancehomeloan.com.au"
40.77.167.47 - - [28/Apr/2025:22:01:59 -0400] "GET /shopdetail/164019394 HTTP/1.1" 404 18067 "-" "Mozilla/5.0 AppleWebKit/537.36 (KHTML, like Gecko; compatible; bingbot/2.0; +http://www.bing.com/bingbot.htm) Chrome/116.0.1938.76 Safari/537.36"
199.188.205.55 - - [28/Apr/2025:22:05:08 -0400] "POST /wp-cron.php?doing_wp_cron=1745892308.7003130912780761718750 HTTP/1.1" 403 13 "-" "WordPress/6.8; https://keyfinancehomeloan.com.au"
52.167.144.207 - - [28/Apr/2025:22:05:00 -0400] "GET /shopdetail/3810794 HTTP/1.1" 404 18052 "-" "Mozilla/5.0 AppleWebKit/537.36 (KHTML, like Gecko; compatible; bingbot/2.0; +http://www.bing.com/bingbot.htm) Chrome/116.0.1938.76 Safari/537.36"
199.188.205.55 - - [28/Apr/2025:22:15:27 -0400] "POST /wp-cron.php?doing_wp_cron=1745892927.7442181110382080078125 HTTP/1.1" 403 13 "-" "WordPress/6.8; https://keyfinancehomeloan.com.au"
157.55.39.52 - - [28/Apr/2025:22:15:20 -0400] "GET /shopdetail/208605194 HTTP/1.1" 404 18069 "-" "Mozilla/5.0 AppleWebKit/537.36 (KHTML, like Gecko; compatible; bingbot/2.0; +http://www.bing.com/bingbot.htm) Chrome/116.0.1938.76 Safari/537.36"
199.188.205.55 - - [28/Apr/2025:22:21:45 -0400] "POST /wp-cron.php?doing_wp_cron=1745893305.4782330989837646484375 HTTP/1.1" 403 13 "-" "WordPress/6.8; https://keyfinancehomeloan.com.au"
157.55.39.9 - - [28/Apr/2025:22:21:38 -0400] "GET /shopdetail/129312494 HTTP/1.1" 404 18067 "-" "Mozilla/5.0 AppleWebKit/537.36 (KHTML, like Gecko; compatible; bingbot/2.0; +http://www.bing.com/bingbot.htm) Chrome/116.0.1938.76 Safari/537.36"
199.188.205.55 - - [28/Apr/2025:22:24:36 -0400] "POST /wp-cron.php?doing_wp_cron=1745893476.4674360752105712890625 HTTP/1.1" 403 13 "-" "WordPress/6.8; https://keyfinancehomeloan.com.au"
157.55.39.9 - - [28/Apr/2025:22:24:31 -0400] "GET /shopdetail/196782694 HTTP/1.1" 404 18068 "-" "Mozilla/5.0 AppleWebKit/537.36 (KHTML, like Gecko; compatible; bingbot/2.0; +http://www.bing.com/bingbot.htm) Chrome/116.0.1938.76 Safari/537.36"
40.77.167.4 - - [28/Apr/2025:22:24:42 -0400] "GET /feature/sale2411-5/index.html HTTP/1.1" 404 18053 "-" "Mozilla/5.0 AppleWebKit/537.36 (KHTML, like Gecko; compatible; bingbot/2.0; +http://www.bing.com/bingbot.htm) Chrome/116.0.1938.76 Safari/537.36"
199.188.205.55 - - [28/Apr/2025:22:39:02 -0400] "POST /wp-cron.php?doing_wp_cron=1745894342.5726659297943115234375 HTTP/1.1" 403 13 "-" "WordPress/6.8; https://keyfinancehomeloan.com.au"
207.46.13.130 - - [28/Apr/2025:22:38:55 -0400] "GET /shopdetail/19669294 HTTP/1.1" 404 18060 "-" "Mozilla/5.0 AppleWebKit/537.36 (KHTML, like Gecko; compatible; bingbot/2.0; +http://www.bing.com/bingbot.htm) Chrome/116.0.1938.76 Safari/537.36"
199.188.205.55 - - [28/Apr/2025:22:42:21 -0400] "POST /wp-cron.php?doing_wp_cron=1745894541.3115909099578857421875 HTTP/1.1" 403 13 "-" "WordPress/6.8; https://keyfinancehomeloan.com.au"
207.46.13.130 - - [28/Apr/2025:22:42:17 -0400] "GET /shopdetail/199087994 HTTP/1.1" 404 18068 "-" "Mozilla/5.0 AppleWebKit/537.36 (KHTML, like Gecko; compatible; bingbot/2.0; +http://www.bing.com/bingbot.htm) Chrome/116.0.1938.76 Safari/537.36"
199.188.205.55 - - [28/Apr/2025:22:55:39 -0400] "POST /wp-cron.php?doing_wp_cron=1745895339.2565031051635742187500 HTTP/1.1" 403 13 "-" "WordPress/6.8; https://keyfinancehomeloan.com.au"
207.46.13.107 - - [28/Apr/2025:22:55:30 -0400] "GET /shopdetail/93060494 HTTP/1.1" 404 18059 "-" "Mozilla/5.0 AppleWebKit/537.36 (KHTML, like Gecko; compatible; bingbot/2.0; +http://www.bing.com/bingbot.htm) Chrome/116.0.1938.76 Safari/537.36"
199.188.205.55 - - [28/Apr/2025:23:02:00 -0400] "POST /wp-cron.php?doing_wp_cron=1745895720.7194149494171142578125 HTTP/1.1" 403 13 "-" "WordPress/6.8; https://keyfinancehomeloan.com.au"
157.55.39.204 - - [28/Apr/2025:23:01:52 -0400] "GET /shopdetail/129351494 HTTP/1.1" 404 18069 "-" "Mozilla/5.0 AppleWebKit/537.36 (KHTML, like Gecko; compatible; bingbot/2.0; +http://www.bing.com/bingbot.htm) Chrome/116.0.1938.76 Safari/537.36"
199.188.205.55 - - [28/Apr/2025:23:08:33 -0400] "POST /wp-cron.php?doing_wp_cron=1745896113.0295178890228271484375 HTTP/1.1" 403 13 "-" "WordPress/6.8; https://keyfinancehomeloan.com.au"
207.46.13.92 - - [28/Apr/2025:23:08:24 -0400] "GET /shopdetail/111601994 HTTP/1.1" 404 18069 "-" "Mozilla/5.0 AppleWebKit/537.36 (KHTML, like Gecko; compatible; bingbot/2.0; +http://www.bing.com/bingbot.htm) Chrome/116.0.1938.76 Safari/537.36"
207.46.13.151 - - [28/Apr/2025:23:09:09 -0400] "GET /shopdetail/135344494 HTTP/1.1" 404 18067 "-" "Mozilla/5.0 AppleWebKit/537.36 (KHTML, like Gecko; compatible; bingbot/2.0; +http://www.bing.com/bingbot.htm) Chrome/116.0.1938.76 Safari/537.36"
199.188.205.55 - - [28/Apr/2025:23:14:36 -0400] "POST /wp-cron.php?doing_wp_cron=1745896476.7731809616088867187500 HTTP/1.1" 403 13 "-" "WordPress/6.8; https://keyfinancehomeloan.com.au"
40.77.167.149 - - [28/Apr/2025:23:14:26 -0400] "GET /shopdetail/132811494 HTTP/1.1" 404 18069 "-" "Mozilla/5.0 AppleWebKit/537.36 (KHTML, like Gecko; compatible; bingbot/2.0; +http://www.bing.com/bingbot.htm) Chrome/116.0.1938.76 Safari/537.36"
199.188.205.55 - - [28/Apr/2025:23:25:08 -0400] "POST /wp-cron.php?doing_wp_cron=1745897108.0519289970397949218750 HTTP/1.1" 403 13 "-" "WordPress/6.8; https://keyfinancehomeloan.com.au"
52.167.144.219 - - [28/Apr/2025:23:24:57 -0400] "GET /shopdetail/137765294 HTTP/1.1" 404 18069 "-" "Mozilla/5.0 AppleWebKit/537.36 (KHTML, like Gecko; compatible; bingbot/2.0; +http://www.bing.com/bingbot.htm) Chrome/116.0.1938.76 Safari/537.36"
199.188.205.55 - - [28/Apr/2025:23:29:23 -0400] "POST /wp-cron.php?doing_wp_cron=1745897363.2846109867095947265625 HTTP/1.1" 403 13 "-" "WordPress/6.8; https://keyfinancehomeloan.com.au"
52.167.144.219 - - [28/Apr/2025:23:29:18 -0400] "GET /shopdetail/123537594 HTTP/1.1" 404 18067 "-" "Mozilla/5.0 AppleWebKit/537.36 (KHTML, like Gecko; compatible; bingbot/2.0; +http://www.bing.com/bingbot.htm) Chrome/116.0.1938.76 Safari/537.36"
185.101.253.53 - - [28/Apr/2025:23:40:18 -0400] "GET / HTTP/1.1" 200 0 "-" "Mozilla/5.0 (Windows NT 10.0; Win64; x64) AppleWebKit/537.36 (KHTML, like Gecko) Chrome/130.0.0.0 Safari/537.36"
199.188.205.55 - - [28/Apr/2025:23:40:29 -0400] "POST /wp-cron.php?doing_wp_cron=1745898029.4084260463714599609375 HTTP/1.1" 403 13 "-" "WordPress/6.8; https://keyfinancehomeloan.com.au"
199.188.205.55 - - [28/Apr/2025:23:50:29 -0400] "POST /wp-cron.php?doing_wp_cron=1745898629.0052690505981445312500 HTTP/1.1" 403 13 "-" "WordPress/6.8; https://keyfinancehomeloan.com.au"
206.206.122.173 - - [28/Apr/2025:23:50:18 -0400] "GET / HTTP/1.1" 200 28462 "-" "Mozilla/5.0 (Windows NT 10.0; Win64; x64) AppleWebKit/537.36 (KHTML, like Gecko) Chrome/130.0.0.0 Safari/537.36"
157.55.39.202 - - [28/Apr/2025:23:51:18 -0400] "GET /shopdetail/193635494 HTTP/1.1" 404 18067 "-" "Mozilla/5.0 AppleWebKit/537.36 (KHTML, like Gecko; compatible; bingbot/2.0; +http://www.bing.com/bingbot.htm) Chrome/116.0.1938.76 Safari/537.36"
199.188.205.55 - - [28/Apr/2025:23:54:20 -0400] "POST /wp-cron.php?doing_wp_cron=1745898860.5320758819580078125000 HTTP/1.1" 403 13 "-" "WordPress/6.8; https://keyfinancehomeloan.com.au"
157.55.39.202 - - [28/Apr/2025:23:54:20 -0400] "GET /shopdetail/76074794 HTTP/1.1" 404 18058 "-" "Mozilla/5.0 AppleWebKit/537.36 (KHTML, like Gecko; compatible; bingbot/2.0; +http://www.bing.com/bingbot.htm) Chrome/116.0.1938.76 Safari/537.36"
199.188.205.55 - - [29/Apr/2025:00:10:15 -0400] "POST /wp-cron.php?doing_wp_cron=1745899815.2602450847625732421875 HTTP/1.1" 403 13 "-" "WordPress/6.8; https://keyfinancehomeloan.com.au"
52.167.144.196 - - [29/Apr/2025:00:10:01 -0400] "GET /shopdetail/197963094 HTTP/1.1" 404 18068 "-" "Mozilla/5.0 AppleWebKit/537.36 (KHTML, like Gecko; compatible; bingbot/2.0; +http://www.bing.com/bingbot.htm) Chrome/116.0.1938.76 Safari/537.36"
199.188.205.55 - - [29/Apr/2025:00:20:27 -0400] "POST /wp-cron.php?doing_wp_cron=1745900426.9861059188842773437500 HTTP/1.1" 403 13 "-" "WordPress/6.8; https://keyfinancehomeloan.com.au"
40.77.167.159 - - [29/Apr/2025:00:20:13 -0400] "GET /shopdetail/138677094 HTTP/1.1" 404 18069 "-" "Mozilla/5.0 AppleWebKit/537.36 (KHTML, like Gecko; compatible; bingbot/2.0; +http://www.bing.com/bingbot.htm) Chrome/116.0.1938.76 Safari/537.36"
40.77.167.132 - - [29/Apr/2025:00:20:52 -0400] "GET /shopdetail/55356394 HTTP/1.1" 404 18058 "-" "Mozilla/5.0 AppleWebKit/537.36 (KHTML, like Gecko; compatible; bingbot/2.0; +http://www.bing.com/bingbot.htm) Chrome/116.0.1938.76 Safari/537.36"
199.188.205.55 - - [29/Apr/2025:00:40:55 -0400] "POST /wp-cron.php?doing_wp_cron=1745901655.6882550716400146484375 HTTP/1.1" 403 13 "-" "WordPress/6.8; https://keyfinancehomeloan.com.au"
157.55.39.13 - - [29/Apr/2025:00:40:49 -0400] "GET /shopdetail/48538594 HTTP/1.1" 404 18060 "-" "Mozilla/5.0 AppleWebKit/537.36 (KHTML, like Gecko; compatible; bingbot/2.0; +http://www.bing.com/bingbot.htm) Chrome/116.0.1938.76 Safari/537.36"
199.188.205.55 - - [29/Apr/2025:00:43:55 -0400] "POST /wp-cron.php?doing_wp_cron=1745901835.6345679759979248046875 HTTP/1.1" 403 13 "-" "WordPress/6.8; https://keyfinancehomeloan.com.au"
157.55.39.13 - - [29/Apr/2025:00:43:51 -0400] "GET /shopdetail/42601194 HTTP/1.1" 404 18058 "-" "Mozilla/5.0 AppleWebKit/537.36 (KHTML, like Gecko; compatible; bingbot/2.0; +http://www.bing.com/bingbot.htm) Chrome/116.0.1938.76 Safari/537.36"
52.167.144.199 - - [29/Apr/2025:00:44:53 -0400] "GET /shopdetail/139361294 HTTP/1.1" 404 18069 "-" "Mozilla/5.0 AppleWebKit/537.36 (KHTML, like Gecko; compatible; bingbot/2.0; +http://www.bing.com/bingbot.htm) Chrome/116.0.1938.76 Safari/537.36"
199.188.205.55 - - [29/Apr/2025:00:50:29 -0400] "POST /wp-cron.php?doing_wp_cron=1745902229.1701910495758056640625 HTTP/1.1" 403 13 "-" "WordPress/6.8; https://keyfinancehomeloan.com.au"
40.77.167.67 - - [29/Apr/2025:00:50:24 -0400] "GET /shopdetail/118549594 HTTP/1.1" 404 18069 "-" "Mozilla/5.0 AppleWebKit/537.36 (KHTML, like Gecko; compatible; bingbot/2.0; +http://www.bing.com/bingbot.htm) Chrome/116.0.1938.76 Safari/537.36"
199.188.205.55 - - [29/Apr/2025:00:56:24 -0400] "POST /wp-cron.php?doing_wp_cron=1745902584.7510759830474853515625 HTTP/1.1" 403 13 "-" "WordPress/6.8; https://keyfinancehomeloan.com.au"
40.77.167.67 - - [29/Apr/2025:00:56:16 -0400] "GET /shopdetail/19443794 HTTP/1.1" 404 18060 "-" "Mozilla/5.0 AppleWebKit/537.36 (KHTML, like Gecko; compatible; bingbot/2.0; +http://www.bing.com/bingbot.htm) Chrome/116.0.1938.76 Safari/537.36"
199.188.205.55 - - [29/Apr/2025:00:57:41 -0400] "POST /wp-cron.php?doing_wp_cron=1745902661.0612111091613769531250 HTTP/1.1" 403 13 "-" "WordPress/6.8; https://keyfinancehomeloan.com.au"
207.46.13.86 - - [29/Apr/2025:00:57:40 -0400] "GET /shopdetail/79628394 HTTP/1.1" 404 18058 "-" "Mozilla/5.0 AppleWebKit/537.36 (KHTML, like Gecko; compatible; bingbot/2.0; +http://www.bing.com/bingbot.htm) Chrome/116.0.1938.76 Safari/537.36"
40.77.167.67 - - [29/Apr/2025:00:58:16 -0400] "GET /shopdetail/208996494 HTTP/1.1" 404 18068 "-" "Mozilla/5.0 AppleWebKit/537.36 (KHTML, like Gecko; compatible; bingbot/2.0; +http://www.bing.com/bingbot.htm) Chrome/116.0.1938.76 Safari/537.36"
199.188.205.55 - - [29/Apr/2025:01:00:06 -0400] "POST /wp-cron.php?doing_wp_cron=1745902806.0787990093231201171875 HTTP/1.1" 403 13 "-" "WordPress/6.8; https://keyfinancehomeloan.com.au"
40.77.167.144 - - [29/Apr/2025:00:59:58 -0400] "GET /shopdetail/106899194 HTTP/1.1" 404 18067 "-" "Mozilla/5.0 AppleWebKit/537.36 (KHTML, like Gecko; compatible; bingbot/2.0; +http://www.bing.com/bingbot.htm) Chrome/116.0.1938.76 Safari/537.36"
199.188.205.55 - - [29/Apr/2025:01:01:09 -0400] "POST /wp-cron.php?doing_wp_cron=1745902869.3391010761260986328125 HTTP/1.1" 403 13 "-" "WordPress/6.8; https://keyfinancehomeloan.com.au"
40.77.167.144 - - [29/Apr/2025:01:01:08 -0400] "GET /shopdetail/12282494 HTTP/1.1" 404 18060 "-" "Mozilla/5.0 AppleWebKit/537.36 (KHTML, like Gecko; compatible; bingbot/2.0; +http://www.bing.com/bingbot.htm) Chrome/116.0.1938.76 Safari/537.36"
199.188.205.55 - - [29/Apr/2025:01:08:47 -0400] "POST /wp-cron.php?doing_wp_cron=1745903327.1604969501495361328125 HTTP/1.1" 403 13 "-" "WordPress/6.8; https://keyfinancehomeloan.com.au"
52.167.144.159 - - [29/Apr/2025:01:08:36 -0400] "GET /shopdetail/207668894 HTTP/1.1" 404 18069 "-" "Mozilla/5.0 AppleWebKit/537.36 (KHTML, like Gecko; compatible; bingbot/2.0; +http://www.bing.com/bingbot.htm) Chrome/116.0.1938.76 Safari/537.36"
165.227.233.14 - - [29/Apr/2025:01:13:10 -0400] "GET / HTTP/1.1" 200 0 "-" "Mozilla/5.0 (compatible)"
199.188.205.55 - - [29/Apr/2025:01:13:14 -0400] "POST /wp-cron.php?doing_wp_cron=1745903594.4400169849395751953125 HTTP/1.1" 403 13 "-" "WordPress/6.8; https://keyfinancehomeloan.com.au"
52.167.144.174 - - [29/Apr/2025:01:14:58 -0400] "GET /shopdetail/69029094 HTTP/1.1" 404 18058 "-" "Mozilla/5.0 AppleWebKit/537.36 (KHTML, like Gecko; compatible; bingbot/2.0; +http://www.bing.com/bingbot.htm) Chrome/116.0.1938.76 Safari/537.36"
199.188.205.55 - - [29/Apr/2025:01:16:30 -0400] "POST /wp-cron.php?doing_wp_cron=1745903790.8867709636688232421875 HTTP/1.1" 403 13 "-" "WordPress/6.8; https://keyfinancehomeloan.com.au"
52.167.144.184 - - [29/Apr/2025:01:16:25 -0400] "GET /shopdetail/111125094 HTTP/1.1" 404 18069 "-" "Mozilla/5.0 AppleWebKit/537.36 (KHTML, like Gecko; compatible; bingbot/2.0; +http://www.bing.com/bingbot.htm) Chrome/116.0.1938.76 Safari/537.36"
199.188.205.55 - - [29/Apr/2025:01:21:02 -0400] "POST /wp-cron.php?doing_wp_cron=1745904062.6100211143493652343750 HTTP/1.1" 403 13 "-" "WordPress/6.8; https://keyfinancehomeloan.com.au"
40.77.167.116 - - [29/Apr/2025:01:20:56 -0400] "GET /shopdetail/204682594 HTTP/1.1" 404 18067 "-" "Mozilla/5.0 AppleWebKit/537.36 (KHTML, like Gecko; compatible; bingbot/2.0; +http://www.bing.com/bingbot.htm) Chrome/116.0.1938.76 Safari/537.36"
51.195.36.135 - - [29/Apr/2025:01:32:05 -0400] "GET /includes/includes/cache.php HTTP/1.1" 200 0 "-" "Mozilla/5.0 (Windows NT 10.0; Win64; x64) AppleWebKit/537.36 (KHTML, like Gecko) Chrome/127.0.0.0 Safari/537.36"
199.188.205.55 - - [29/Apr/2025:01:32:18 -0400] "POST /wp-cron.php?doing_wp_cron=1745904738.1447420120239257812500 HTTP/1.1" 403 13 "-" "WordPress/6.8; https://keyfinancehomeloan.com.au"
199.188.205.55 - - [29/Apr/2025:01:32:18 -0400] "POST /wp-cron.php?doing_wp_cron=1745904738.1601181030273437500000 HTTP/1.1" 403 13 "-" "WordPress/6.8; https://keyfinancehomeloan.com.au"
51.195.36.135 - - [29/Apr/2025:01:32:14 -0400] "GET /wp-admin/css/css/cache.php HTTP/1.1" 404 80736 "-" "Mozilla/5.0 (Windows NT 10.0; Win64; x64) AppleWebKit/537.36 (KHTML, like Gecko) Chrome/127.0.0.0 Safari/537.36"
51.195.36.135 - - [29/Apr/2025:01:32:19 -0400] "GET /img/img/cache.php HTTP/1.1" 404 80656 "-" "Mozilla/5.0 (Windows NT 10.0; Win64; x64) AppleWebKit/537.36 (KHTML, like Gecko) Chrome/127.0.0.0 Safari/537.36"
51.195.36.135 - - [29/Apr/2025:01:32:22 -0400] "GET /css/css/cache.php HTTP/1.1" 404 80656 "-" "Mozilla/5.0 (Windows NT 10.0; Win64; x64) AppleWebKit/537.36 (KHTML, like Gecko) Chrome/127.0.0.0 Safari/537.36"
51.195.36.135 - - [29/Apr/2025:01:32:24 -0400] "GET /images/images/images/cache.php HTTP/1.1" 404 80768 "-" "Mozilla/5.0 (Windows NT 10.0; Win64; x64) AppleWebKit/537.36 (KHTML, like Gecko) Chrome/127.0.0.0 Safari/537.36"
199.188.205.55 - - [29/Apr/2025:01:33:55 -0400] "POST /wp-cron.php?doing_wp_cron=1745904835.3587250709533691406250 HTTP/1.1" 403 13 "-" "WordPress/6.8; https://keyfinancehomeloan.com.au"
157.55.39.194 - - [29/Apr/2025:01:33:51 -0400] "GET /shopdetail/193231494 HTTP/1.1" 404 18067 "-" "Mozilla/5.0 AppleWebKit/537.36 (KHTML, like Gecko; compatible; bingbot/2.0; +http://www.bing.com/bingbot.htm) Chrome/116.0.1938.76 Safari/537.36"
199.188.205.55 - - [29/Apr/2025:01:40:34 -0400] "POST /wp-cron.php?doing_wp_cron=1745905234.0885689258575439453125 HTTP/1.1" 403 13 "-" "WordPress/6.8; https://keyfinancehomeloan.com.au"
52.167.144.166 - - [29/Apr/2025:01:40:24 -0400] "GET /shopdetail/185699994 HTTP/1.1" 404 18069 "-" "Mozilla/5.0 AppleWebKit/537.36 (KHTML, like Gecko; compatible; bingbot/2.0; +http://www.bing.com/bingbot.htm) Chrome/116.0.1938.76 Safari/537.36"
52.167.144.225 - - [29/Apr/2025:01:46:10 -0400] "GET /shopdetail/174507594 HTTP/1.1" 404 18069 "-" "Mozilla/5.0 AppleWebKit/537.36 (KHTML, like Gecko; compatible; bingbot/2.0; +http://www.bing.com/bingbot.htm) Chrome/116.0.1938.76 Safari/537.36"
199.188.205.55 - - [29/Apr/2025:01:51:07 -0400] "POST /wp-cron.php?doing_wp_cron=1745905867.4809970855712890625000 HTTP/1.1" 403 13 "-" "WordPress/6.8; https://keyfinancehomeloan.com.au"
157.55.39.63 - - [29/Apr/2025:01:51:02 -0400] "GET /shopdetail/134665994 HTTP/1.1" 404 18068 "-" "Mozilla/5.0 AppleWebKit/537.36 (KHTML, like Gecko; compatible; bingbot/2.0; +http://www.bing.com/bingbot.htm) Chrome/116.0.1938.76 Safari/537.36"
199.188.205.55 - - [29/Apr/2025:01:59:42 -0400] "POST /wp-cron.php?doing_wp_cron=1745906382.5871319770812988281250 HTTP/1.1" 403 13 "-" "WordPress/6.8; https://keyfinancehomeloan.com.au"
157.55.39.13 - - [29/Apr/2025:01:59:36 -0400] "GET /shopdetail/101059494 HTTP/1.1" 404 18069 "-" "Mozilla/5.0 AppleWebKit/537.36 (KHTML, like Gecko; compatible; bingbot/2.0; +http://www.bing.com/bingbot.htm) Chrome/116.0.1938.76 Safari/537.36"
199.188.205.55 - - [29/Apr/2025:02:01:13 -0400] "POST /wp-cron.php?doing_wp_cron=1745906473.6375470161437988281250 HTTP/1.1" 403 13 "-" "WordPress/6.8; https://keyfinancehomeloan.com.au"
157.55.39.13 - - [29/Apr/2025:02:01:09 -0400] "GET /shopdetail/63831594 HTTP/1.1" 404 18060 "-" "Mozilla/5.0 AppleWebKit/537.36 (KHTML, like Gecko; compatible; bingbot/2.0; +http://www.bing.com/bingbot.htm) Chrome/116.0.1938.76 Safari/537.36"
199.188.205.55 - - [29/Apr/2025:02:15:00 -0400] "POST /wp-cron.php?doing_wp_cron=1745907300.7502911090850830078125 HTTP/1.1" 403 13 "-" "WordPress/6.8; https://keyfinancehomeloan.com.au"
207.46.13.153 - - [29/Apr/2025:02:14:56 -0400] "GET /shopdetail/45054894 HTTP/1.1" 404 18058 "-" "Mozilla/5.0 AppleWebKit/537.36 (KHTML, like Gecko; compatible; bingbot/2.0; +http://www.bing.com/bingbot.htm) Chrome/116.0.1938.76 Safari/537.36"
199.188.205.55 - - [29/Apr/2025:02:16:58 -0400] "POST /wp-cron.php?doing_wp_cron=1745907418.5725920200347900390625 HTTP/1.1" 403 13 "-" "WordPress/6.8; https://keyfinancehomeloan.com.au"
52.167.144.216 - - [29/Apr/2025:02:16:52 -0400] "GET /shopdetail/60728994 HTTP/1.1" 404 18059 "-" "Mozilla/5.0 AppleWebKit/537.36 (KHTML, like Gecko; compatible; bingbot/2.0; +http://www.bing.com/bingbot.htm) Chrome/116.0.1938.76 Safari/537.36"
40.77.167.247 - - [29/Apr/2025:02:17:50 -0400] "GET /shopdetail/184943794 HTTP/1.1" 404 18068 "-" "Mozilla/5.0 AppleWebKit/537.36 (KHTML, like Gecko; compatible; bingbot/2.0; +http://www.bing.com/bingbot.htm) Chrome/116.0.1938.76 Safari/537.36"
199.188.205.55 - - [29/Apr/2025:02:28:27 -0400] "POST /wp-cron.php?doing_wp_cron=1745908107.5864329338073730468750 HTTP/1.1" 403 13 "-" "WordPress/6.8; https://keyfinancehomeloan.com.au"
157.55.39.57 - - [29/Apr/2025:02:28:14 -0400] "GET /shopdetail/33602194 HTTP/1.1" 404 18058 "-" "Mozilla/5.0 AppleWebKit/537.36 (KHTML, like Gecko; compatible; bingbot/2.0; +http://www.bing.com/bingbot.htm) Chrome/116.0.1938.76 Safari/537.36"
199.188.205.55 - - [29/Apr/2025:02:41:03 -0400] "POST /wp-cron.php?doing_wp_cron=1745908863.4792580604553222656250 HTTP/1.1" 403 13 "-" "WordPress/6.8; https://keyfinancehomeloan.com.au"
157.55.39.52 - - [29/Apr/2025:02:40:53 -0400] "GET /shopdetail/149615394 HTTP/1.1" 404 18069 "-" "Mozilla/5.0 AppleWebKit/537.36 (KHTML, like Gecko; compatible; bingbot/2.0; +http://www.bing.com/bingbot.htm) Chrome/116.0.1938.76 Safari/537.36"
199.188.205.55 - - [29/Apr/2025:02:42:14 -0400] "POST /wp-cron.php?doing_wp_cron=1745908934.8837370872497558593750 HTTP/1.1" 403 13 "-" "WordPress/6.8; https://keyfinancehomeloan.com.au"
157.55.39.52 - - [29/Apr/2025:02:42:13 -0400] "GET /shopdetail/38561594 HTTP/1.1" 404 18060 "-" "Mozilla/5.0 AppleWebKit/537.36 (KHTML, like Gecko; compatible; bingbot/2.0; +http://www.bing.com/bingbot.htm) Chrome/116.0.1938.76 Safari/537.36"
199.188.205.55 - - [29/Apr/2025:02:49:32 -0400] "POST /wp-cron.php?doing_wp_cron=1745909372.2289760112762451171875 HTTP/1.1" 403 13 "-" "WordPress/6.8; https://keyfinancehomeloan.com.au"
40.77.167.7 - - [29/Apr/2025:02:49:21 -0400] "GET /shopdetail/136095294 HTTP/1.1" 404 18069 "-" "Mozilla/5.0 AppleWebKit/537.36 (KHTML, like Gecko; compatible; bingbot/2.0; +http://www.bing.com/bingbot.htm) Chrome/116.0.1938.76 Safari/537.36"
199.188.205.55 - - [29/Apr/2025:02:53:24 -0400] "POST /wp-cron.php?doing_wp_cron=1745909603.2577071189880371093750 HTTP/1.1" 403 13 "-" "WordPress/6.8; https://keyfinancehomeloan.com.au"
157.55.39.16 - - [29/Apr/2025:02:53:20 -0400] "GET /shopdetail/209141394 HTTP/1.1" 404 18067 "-" "Mozilla/5.0 AppleWebKit/537.36 (KHTML, like Gecko; compatible; bingbot/2.0; +http://www.bing.com/bingbot.htm) Chrome/116.0.1938.76 Safari/537.36"
199.188.205.55 - - [29/Apr/2025:03:01:37 -0400] "POST /wp-cron.php?doing_wp_cron=1745910097.3389310836791992187500 HTTP/1.1" 403 13 "-" "WordPress/6.8; https://keyfinancehomeloan.com.au"
40.77.167.23 - - [29/Apr/2025:03:01:26 -0400] "GET /shopdetail/83494394 HTTP/1.1" 404 18058 "-" "Mozilla/5.0 AppleWebKit/537.36 (KHTML, like Gecko; compatible; bingbot/2.0; +http://www.bing.com/bingbot.htm) Chrome/116.0.1938.76 Safari/537.36"
40.77.167.47 - - [29/Apr/2025:03:01:44 -0400] "GET /shopdetail/174591494 HTTP/1.1" 404 18067 "-" "Mozilla/5.0 AppleWebKit/537.36 (KHTML, like Gecko; compatible; bingbot/2.0; +http://www.bing.com/bingbot.htm) Chrome/116.0.1938.76 Safari/537.36"
52.167.144.176 - - [29/Apr/2025:03:31:29 -0400] "GET /shopdetail/115092794 HTTP/1.1" 404 18067 "-" "Mozilla/5.0 AppleWebKit/537.36 (KHTML, like Gecko; compatible; bingbot/2.0; +http://www.bing.com/bingbot.htm) Chrome/116.0.1938.76 Safari/537.36"
207.46.13.116 - - [29/Apr/2025:03:31:54 -0400] "GET /shopdetail/113528294 HTTP/1.1" 404 18067 "-" "Mozilla/5.0 AppleWebKit/537.36 (KHTML, like Gecko; compatible; bingbot/2.0; +http://www.bing.com/bingbot.htm) Chrome/116.0.1938.76 Safari/537.36"
199.188.205.55 - - [29/Apr/2025:03:32:36 -0400] "POST /wp-cron.php?doing_wp_cron=1745911956.8803050518035888671875 HTTP/1.1" 403 13 "-" "WordPress/6.8; https://keyfinancehomeloan.com.au"
207.46.13.116 - - [29/Apr/2025:03:32:35 -0400] "GET /shopdetail/115527294 HTTP/1.1" 404 18067 "-" "Mozilla/5.0 AppleWebKit/537.36 (KHTML, like Gecko; compatible; bingbot/2.0; +http://www.bing.com/bingbot.htm) Chrome/116.0.1938.76 Safari/537.36"
199.188.205.55 - - [29/Apr/2025:03:55:24 -0400] "POST /wp-cron.php?doing_wp_cron=1745913324.5356578826904296875000 HTTP/1.1" 403 13 "-" "WordPress/6.8; https://keyfinancehomeloan.com.au"
52.167.144.210 - - [29/Apr/2025:03:55:12 -0400] "GET /shopdetail/56473894 HTTP/1.1" 404 18058 "-" "Mozilla/5.0 AppleWebKit/537.36 (KHTML, like Gecko; compatible; bingbot/2.0; +http://www.bing.com/bingbot.htm) Chrome/116.0.1938.76 Safari/537.36"
207.46.13.153 - - [29/Apr/2025:03:56:08 -0400] "GET /shopdetail/210465594 HTTP/1.1" 404 18067 "-" "Mozilla/5.0 AppleWebKit/537.36 (KHTML, like Gecko; compatible; bingbot/2.0; +http://www.bing.com/bingbot.htm) Chrome/116.0.1938.76 Safari/537.36"
199.188.205.55 - - [29/Apr/2025:03:58:33 -0400] "POST /wp-cron.php?doing_wp_cron=1745913513.7218930721282958984375 HTTP/1.1" 403 13 "-" "WordPress/6.8; https://keyfinancehomeloan.com.au"
40.77.167.23 - - [29/Apr/2025:03:58:26 -0400] "GET /shopdetail/97216094 HTTP/1.1" 404 18060 "-" "Mozilla/5.0 AppleWebKit/537.36 (KHTML, like Gecko; compatible; bingbot/2.0; +http://www.bing.com/bingbot.htm) Chrome/116.0.1938.76 Safari/537.36"
207.46.13.153 - - [29/Apr/2025:03:58:40 -0400] "GET /shopdetail/56077094 HTTP/1.1" 404 18058 "-" "Mozilla/5.0 AppleWebKit/537.36 (KHTML, like Gecko; compatible; bingbot/2.0; +http://www.bing.com/bingbot.htm) Chrome/116.0.1938.76 Safari/537.36"
199.188.205.55 - - [29/Apr/2025:04:00:29 -0400] "POST /wp-cron.php?doing_wp_cron=1745913629.7251410484313964843750 HTTP/1.1" 403 13 "-" "WordPress/6.8; https://keyfinancehomeloan.com.au"
40.77.167.23 - - [29/Apr/2025:04:00:25 -0400] "GET /shopdetail/88163194 HTTP/1.1" 404 18060 "-" "Mozilla/5.0 AppleWebKit/537.36 (KHTML, like Gecko; compatible; bingbot/2.0; +http://www.bing.com/bingbot.htm) Chrome/116.0.1938.76 Safari/537.36"
199.188.205.55 - - [29/Apr/2025:04:14:17 -0400] "POST /wp-cron.php?doing_wp_cron=1745914457.9101779460906982421875 HTTP/1.1" 403 13 "-" "WordPress/6.8; https://keyfinancehomeloan.com.au"
157.55.39.193 - - [29/Apr/2025:04:14:10 -0400] "GET /shopdetail/194729994 HTTP/1.1" 404 18070 "-" "Mozilla/5.0 AppleWebKit/537.36 (KHTML, like Gecko; compatible; bingbot/2.0; +http://www.bing.com/bingbot.htm) Chrome/116.0.1938.76 Safari/537.36"
40.77.167.132 - - [29/Apr/2025:04:17:28 -0400] "GET /shopdetail/174649294 HTTP/1.1" 404 18068 "-" "Mozilla/5.0 AppleWebKit/537.36 (KHTML, like Gecko; compatible; bingbot/2.0; +http://www.bing.com/bingbot.htm) Chrome/116.0.1938.76 Safari/537.36"
199.188.205.55 - - [29/Apr/2025:04:19:35 -0400] "POST /wp-cron.php?doing_wp_cron=1745914775.9461290836334228515625 HTTP/1.1" 403 13 "-" "WordPress/6.8; https://keyfinancehomeloan.com.au"
40.77.167.132 - - [29/Apr/2025:04:19:28 -0400] "GET /shopdetail/126103494 HTTP/1.1" 404 18068 "-" "Mozilla/5.0 AppleWebKit/537.36 (KHTML, like Gecko; compatible; bingbot/2.0; +http://www.bing.com/bingbot.htm) Chrome/116.0.1938.76 Safari/537.36"
199.188.205.55 - - [29/Apr/2025:04:21:57 -0400] "POST /wp-cron.php?doing_wp_cron=1745914917.4376881122589111328125 HTTP/1.1" 403 13 "-" "WordPress/6.8; https://keyfinancehomeloan.com.au"
40.77.167.56 - - [29/Apr/2025:04:21:45 -0400] "GET /shopdetail/168166194 HTTP/1.1" 404 18070 "-" "Mozilla/5.0 AppleWebKit/537.36 (KHTML, like Gecko; compatible; bingbot/2.0; +http://www.bing.com/bingbot.htm) Chrome/116.0.1938.76 Safari/537.36"
199.188.205.55 - - [29/Apr/2025:04:32:17 -0400] "POST /wp-cron.php?doing_wp_cron=1745915537.3319768905639648437500 HTTP/1.1" 403 13 "-" "WordPress/6.8; https://keyfinancehomeloan.com.au"
52.167.144.185 - - [29/Apr/2025:04:32:08 -0400] "GET /shopdetail/89764394 HTTP/1.1" 404 18060 "-" "Mozilla/5.0 AppleWebKit/537.36 (KHTML, like Gecko; compatible; bingbot/2.0; +http://www.bing.com/bingbot.htm) Chrome/116.0.1938.76 Safari/537.36"
199.188.205.55 - - [29/Apr/2025:04:33:27 -0400] "POST /wp-cron.php?doing_wp_cron=1745915607.4340999126434326171875 HTTP/1.1" 403 13 "-" "WordPress/6.8; https://keyfinancehomeloan.com.au"
52.167.144.159 - - [29/Apr/2025:04:33:26 -0400] "GET /shopdetail/87724794 HTTP/1.1" 404 18060 "-" "Mozilla/5.0 AppleWebKit/537.36 (KHTML, like Gecko; compatible; bingbot/2.0; +http://www.bing.com/bingbot.htm) Chrome/116.0.1938.76 Safari/537.36"
199.188.205.55 - - [29/Apr/2025:04:36:17 -0400] "POST /wp-cron.php?doing_wp_cron=1745915777.3371350765228271484375 HTTP/1.1" 403 13 "-" "WordPress/6.8; https://keyfinancehomeloan.com.au"
207.46.13.54 - - [29/Apr/2025:04:36:04 -0400] "GET /shopdetail/161085694 HTTP/1.1" 404 18069 "-" "Mozilla/5.0 AppleWebKit/537.36 (KHTML, like Gecko; compatible; bingbot/2.0; +http://www.bing.com/bingbot.htm) Chrome/116.0.1938.76 Safari/537.36"
52.167.144.185 - - [29/Apr/2025:04:36:30 -0400] "GET /shopdetail/147935094 HTTP/1.1" 404 18067 "-" "Mozilla/5.0 AppleWebKit/537.36 (KHTML, like Gecko; compatible; bingbot/2.0; +http://www.bing.com/bingbot.htm) Chrome/116.0.1938.76 Safari/537.36"
198.235.24.203 - - [29/Apr/2025:04:39:48 -0400] "GET / HTTP/1.1" 200 0 "-" "Expanse, a Palo Alto Networks company, searches across the global IPv4 space multiple times per day to identify customers' presences on the Internet. If you would like to be excluded from our scans, please send IP addresses/domains to: scaninfo@paloaltonetworks.com"
199.188.205.55 - - [29/Apr/2025:04:40:01 -0400] "POST /wp-cron.php?doing_wp_cron=1745916001.2802779674530029296875 HTTP/1.1" 403 13 "-" "WordPress/6.8; https://keyfinancehomeloan.com.au"
199.188.205.55 - - [29/Apr/2025:04:40:01 -0400] "POST /wp-cron.php?doing_wp_cron=1745916001.2258319854736328125000 HTTP/1.1" 403 13 "-" "WordPress/6.8; https://keyfinancehomeloan.com.au"
207.46.13.54 - - [29/Apr/2025:04:39:57 -0400] "GET /shopdetail/175301994 HTTP/1.1" 404 18070 "-" "Mozilla/5.0 AppleWebKit/537.36 (KHTML, like Gecko; compatible; bingbot/2.0; +http://www.bing.com/bingbot.htm) Chrome/116.0.1938.76 Safari/537.36"
199.188.205.55 - - [29/Apr/2025:04:41:38 -0400] "POST /wp-cron.php?doing_wp_cron=1745916098.1924390792846679687500 HTTP/1.1" 403 13 "-" "WordPress/6.8; https://keyfinancehomeloan.com.au"
52.167.144.190 - - [29/Apr/2025:04:41:31 -0400] "GET /shopdetail/38445694 HTTP/1.1" 404 18060 "-" "Mozilla/5.0 AppleWebKit/537.36 (KHTML, like Gecko; compatible; bingbot/2.0; +http://www.bing.com/bingbot.htm) Chrome/116.0.1938.76 Safari/537.36"
199.188.205.55 - - [29/Apr/2025:04:52:54 -0400] "POST /wp-cron.php?doing_wp_cron=1745916774.4650700092315673828125 HTTP/1.1" 403 13 "-" "WordPress/6.8; https://keyfinancehomeloan.com.au"
52.167.144.210 - - [29/Apr/2025:04:52:32 -0400] "GET /shopdetail/22804994 HTTP/1.1" 404 18058 "-" "Mozilla/5.0 AppleWebKit/537.36 (KHTML, like Gecko; compatible; bingbot/2.0; +http://www.bing.com/bingbot.htm) Chrome/116.0.1938.76 Safari/537.36"
