66.249.79.1 - - [28/Apr/2025:10:17:22 -0400] "GET /server.php/pcmypage?callback=product/review/32517239 HTTP/1.1" 403 13 "-" "Mozilla/5.0 (Linux; Android 6.0.1; Nexus 5X Build/MMB29P) AppleWebKit/537.36 (KHTML, like Gecko) Chrome/135.0.7049.95 Mobile Safari/537.36 (compatible; Googlebot/2.1; +http://www.google.com/bot.html)"
85.208.96.212 - - [28/Apr/2025:10:17:30 -0400] "GET /server.php/computers-network-devices-55xb HTTP/1.1" 403 13 "-" "Mozilla/5.0 (compatible; SemrushBot/7~bl; +http://www.semrush.com/bot.html)"
66.249.79.8 - - [28/Apr/2025:10:17:43 -0400] "GET /server.php?handmade-others-2cvi1 HTTP/1.1" 403 13 "-" "Mozilla/5.0 (Linux; Android 6.0.1; Nexus 5X Build/MMB29P) AppleWebKit/537.36 (KHTML, like Gecko) Chrome/135.0.7049.95 Mobile Safari/537.36 (compatible; GoogleOther)"
66.249.68.64 - - [28/Apr/2025:10:17:44 -0400] "GET /server.php/fishing-lures-1ns68 HTTP/1.1" 403 13 "-" "Mozilla/5.0 (Linux; Android 6.0.1; Nexus 5X Build/MMB29P) AppleWebKit/537.36 (KHTML, like Gecko) Chrome/135.0.7049.95 Mobile Safari/537.36 (compatible; Googlebot/2.1; +http://www.google.com/bot.html)"
66.249.79.8 - - [28/Apr/2025:10:17:59 -0400] "GET /server.php?tablets-smartphones-1550a HTTP/1.1" 403 13 "-" "Mozilla/5.0 (Linux; Android 6.0.1; Nexus 5X Build/MMB29P) AppleWebKit/537.36 (KHTML, like Gecko) Chrome/135.0.7049.95 Mobile Safari/537.36 (compatible; GoogleOther)"
66.249.79.1 - - [28/Apr/2025:10:18:25 -0400] "GET /goods/ocg/bq4o HTTP/1.1" 404 13 "-" "Mozilla/5.0 (Linux; Android 6.0.1; Nexus 5X Build/MMB29P) AppleWebKit/537.36 (KHTML, like Gecko) Chrome/135.0.7049.95 Mobile Safari/537.36 (compatible; Googlebot/2.1; +http://www.google.com/bot.html)"
185.191.171.4 - - [28/Apr/2025:10:18:31 -0400] "GET /server.php/pet-supplies-cat-cages-2esje HTTP/1.1" 403 13 "-" "Mozilla/5.0 (compatible; SemrushBot/7~bl; +http://www.semrush.com/bot.html)"
66.249.79.8 - - [28/Apr/2025:10:18:34 -0400] "GET /server.php?drinks-whiskey-vwgo HTTP/1.1" 403 13 "-" "Mozilla/5.0 (Linux; Android 6.0.1; Nexus 5X Build/MMB29P) AppleWebKit/537.36 (KHTML, like Gecko) Chrome/135.0.7049.95 Mobile Safari/537.36 (compatible; Googlebot/2.1; +http://www.google.com/bot.html)"
66.249.68.64 - - [28/Apr/2025:10:18:39 -0400] "GET /shopdetail/18576821 HTTP/1.1" 404 13 "-" "Mozilla/5.0 (compatible; Googlebot/2.1; +http://www.google.com/bot.html)"
66.220.149.115 - - [28/Apr/2025:10:18:56 -0400] "GET /meta.json HTTP/1.1" 404 13 "-" "facebookexternalhit/1.1 (+http://www.facebook.com/externalhit_uatext.php)"
66.220.149.17 - - [28/Apr/2025:10:18:56 -0400] "GET / HTTP/1.1" 500 0 "-" "facebookexternalhit/1.1 (+http://www.facebook.com/externalhit_uatext.php)"
66.249.68.65 - - [28/Apr/2025:10:19:21 -0400] "GET /server.php/pet-supplies-filtration-media-14mur HTTP/1.1" 403 13 "-" "Mozilla/5.0 (Linux; Android 6.0.1; Nexus 5X Build/MMB29P) AppleWebKit/537.36 (KHTML, like Gecko) Chrome/135.0.7049.95 Mobile Safari/537.36 (compatible; Googlebot/2.1; +http://www.google.com/bot.html)"
66.249.68.71 - - [28/Apr/2025:10:19:31 -0400] "GET /server.php/cameras-digital-cameras-kdif HTTP/1.1" 403 13 "-" "Mozilla/5.0 (Linux; Android 6.0.1; Nexus 5X Build/MMB29P) AppleWebKit/537.36 (KHTML, like Gecko) Chrome/135.0.7049.95 Mobile Safari/537.36 (compatible; Googlebot/2.1; +http://www.google.com/bot.html)"
185.191.171.9 - - [28/Apr/2025:10:19:32 -0400] "GET /server.php/pet-supplies-specimens-1rnmb HTTP/1.1" 403 13 "-" "Mozilla/5.0 (compatible; SemrushBot/7~bl; +http://www.semrush.com/bot.html)"
66.249.68.64 - - [28/Apr/2025:10:19:35 -0400] "GET /server.php/games-sports-1imr3 HTTP/1.1" 403 13 "-" "Mozilla/5.0 (compatible; Googlebot/2.1; +http://www.google.com/bot.html)"
85.208.96.210 - - [28/Apr/2025:10:20:13 -0400] "GET /robots.txt HTTP/1.1" 200 81 "-" "Mozilla/5.0 (compatible; SemrushBot/7~bl; +http://www.semrush.com/bot.html)"
66.249.79.1 - - [28/Apr/2025:10:20:27 -0400] "GET /server.php/pcmypage?callback=/product%2Fdetail%2F67756356 HTTP/1.1" 403 13 "-" "Mozilla/5.0 (Linux; Android 6.0.1; Nexus 5X Build/MMB29P) AppleWebKit/537.36 (KHTML, like Gecko) Chrome/135.0.7049.95 Mobile Safari/537.36 (compatible; Googlebot/2.1; +http://www.google.com/bot.html)"
85.208.96.204 - - [28/Apr/2025:10:20:33 -0400] "GET /server.php/character-games-daqp HTTP/1.1" 403 13 "-" "Mozilla/5.0 (compatible; SemrushBot/7~bl; +http://www.semrush.com/bot.html)"
66.249.68.71 - - [28/Apr/2025:10:20:57 -0400] "GET /server.php/daily-necessities-bulk-sales-1epc8 HTTP/1.1" 403 13 "-" "Mozilla/5.0 (Linux; Android 6.0.1; Nexus 5X Build/MMB29P) AppleWebKit/537.36 (KHTML, like Gecko) Chrome/135.0.7049.95 Mobile Safari/537.36 (compatible; GoogleOther)"
66.249.79.8 - - [28/Apr/2025:10:21:21 -0400] "GET /server.php/product/edit/10603354 HTTP/1.1" 403 13 "-" "Mozilla/5.0 (Linux; Android 6.0.1; Nexus 5X Build/MMB29P) AppleWebKit/537.36 (KHTML, like Gecko) Chrome/135.0.7049.95 Mobile Safari/537.36 (compatible; Googlebot/2.1; +http://www.google.com/bot.html)"
85.208.96.212 - - [28/Apr/2025:10:21:33 -0400] "GET /server.php/cameras-woofers-1oqma HTTP/1.1" 403 13 "-" "Mozilla/5.0 (compatible; SemrushBot/7~bl; +http://www.semrush.com/bot.html)"
20.27.20.24 - - [28/Apr/2025:10:22:19 -0400] "GET /server.php/etc.-tea-cups-1p2op HTTP/1.1" 403 13 "-" "Mozilla/5.0 (Windows NT 10.0; Win64; x64) AppleWebKit/537.36 (KHTML, like Gecko) Chrome/131.0.0.0 Safari/537.36 Edg/131.0.0.0"
66.249.68.71 - - [28/Apr/2025:10:22:30 -0400] "GET /server.php/fashion-accessories-fk6v HTTP/1.1" 403 13 "-" "Mozilla/5.0 (Linux; Android 6.0.1; Nexus 5X Build/MMB29P) AppleWebKit/537.36 (KHTML, like Gecko) Chrome/135.0.7049.95 Mobile Safari/537.36 (compatible; Googlebot/2.1; +http://www.google.com/bot.html)"
185.191.171.14 - - [28/Apr/2025:10:22:35 -0400] "GET /server.php/bicycles-wheels-2ncbk HTTP/1.1" 403 13 "-" "Mozilla/5.0 (compatible; SemrushBot/7~bl; +http://www.semrush.com/bot.html)"
66.249.79.2 - - [28/Apr/2025:10:22:35 -0400] "GET /server.php/pcmypage?callback=product/review/15698336 HTTP/1.1" 403 13 "-" "Mozilla/5.0 (Linux; Android 6.0.1; Nexus 5X Build/MMB29P) AppleWebKit/537.36 (KHTML, like Gecko) Chrome/135.0.7049.95 Mobile Safari/537.36 (compatible; Googlebot/2.1; +http://www.google.com/bot.html)"
66.249.79.1 - - [28/Apr/2025:10:23:17 -0400] "GET /server.php/blu-ray-anime-1r1u3 HTTP/1.1" 403 13 "-" "Mozilla/5.0 (Linux; Android 6.0.1; Nexus 5X Build/MMB29P) AppleWebKit/537.36 (KHTML, like Gecko) Chrome/135.0.7049.95 Mobile Safari/537.36 (compatible; Googlebot/2.1; +http://www.google.com/bot.html)"
66.249.79.8 - - [28/Apr/2025:10:23:27 -0400] "GET /musical-instruments/daw/nlnv HTTP/1.1" 404 13 "-" "Mozilla/5.0 (Linux; Android 6.0.1; Nexus 5X Build/MMB29P) AppleWebKit/537.36 (KHTML, like Gecko) Chrome/135.0.7049.95 Mobile Safari/537.36 (compatible; Googlebot/2.1; +http://www.google.com/bot.html)"
185.191.171.19 - - [28/Apr/2025:10:23:37 -0400] "GET /server.php/fashion-jackets-2isxd HTTP/1.1" 403 13 "-" "Mozilla/5.0 (compatible; SemrushBot/7~bl; +http://www.semrush.com/bot.html)"
66.249.68.64 - - [28/Apr/2025:10:24:11 -0400] "GET /server.php/interior-rugs-1nvu4 HTTP/1.1" 403 13 "-" "Mozilla/5.0 (compatible; Googlebot/2.1; +http://www.google.com/bot.html)"
185.191.171.11 - - [28/Apr/2025:10:24:39 -0400] "GET /server.php/fashion-shoes-2aa4h HTTP/1.1" 403 13 "-" "Mozilla/5.0 (compatible; SemrushBot/7~bl; +http://www.semrush.com/bot.html)"
52.167.144.203 - - [28/Apr/2025:10:24:44 -0400] "GET /server.php/computers-e-book-reader-units-2fe5t HTTP/1.1" 403 13 "-" "Mozilla/5.0 AppleWebKit/537.36 (KHTML, like Gecko; compatible; bingbot/2.0; +http://www.bing.com/bingbot.htm) Chrome/116.0.1938.76 Safari/537.36"
66.249.79.1 - - [28/Apr/2025:10:24:54 -0400] "GET /server.php/safe_search/config?return_url=%2Fproduct%2Fdetail%2F95936387 HTTP/1.1" 403 13 "-" "Mozilla/5.0 (Linux; Android 6.0.1; Nexus 5X Build/MMB29P) AppleWebKit/537.36 (KHTML, like Gecko) Chrome/135.0.7049.95 Mobile Safari/537.36 (compatible; Googlebot/2.1; +http://www.google.com/bot.html)"
66.249.68.71 - - [28/Apr/2025:10:24:56 -0400] "GET /shopdetail/18673576 HTTP/1.1" 404 13 "-" "Mozilla/5.0 (compatible; Googlebot/2.1; +http://www.google.com/bot.html)"
207.46.13.107 - - [28/Apr/2025:10:25:09 -0400] "GET /server.php/flowers-houseplants-ulpj HTTP/1.1" 403 13 "-" "Mozilla/5.0 AppleWebKit/537.36 (KHTML, like Gecko; compatible; bingbot/2.0; +http://www.bing.com/bingbot.htm) Chrome/116.0.1938.76 Safari/537.36"
52.167.144.183 - - [28/Apr/2025:10:25:13 -0400] "GET /server.php/tablets-windows-notebooks-19hfg HTTP/1.1" 403 13 "-" "Mozilla/5.0 AppleWebKit/537.36 (KHTML, like Gecko; compatible; bingbot/2.0; +http://www.bing.com/bingbot.htm) Chrome/116.0.1938.76 Safari/537.36"
185.191.171.4 - - [28/Apr/2025:10:25:41 -0400] "GET /server.php/figures-girls-8p8u HTTP/1.1" 403 13 "-" "Mozilla/5.0 (compatible; SemrushBot/7~bl; +http://www.semrush.com/bot.html)"
185.191.171.4 - - [28/Apr/2025:10:26:43 -0400] "GET /server.php/smartphones-mac-desktop-1fi7r HTTP/1.1" 403 13 "-" "Mozilla/5.0 (compatible; SemrushBot/7~bl; +http://www.semrush.com/bot.html)"
85.208.96.211 - - [28/Apr/2025:10:27:43 -0400] "GET /server.php/manga-sports-g2gd HTTP/1.1" 403 13 "-" "Mozilla/5.0 (compatible; SemrushBot/7~bl; +http://www.semrush.com/bot.html)"
66.249.68.71 - - [28/Apr/2025:10:28:25 -0400] "GET /server.php/toys-others-fn8a HTTP/1.1" 403 13 "-" "Mozilla/5.0 (Linux; Android 6.0.1; Nexus 5X Build/MMB29P) AppleWebKit/537.36 (KHTML, like Gecko) Chrome/135.0.7049.95 Mobile Safari/537.36 (compatible; Googlebot/2.1; +http://www.google.com/bot.html)"
185.191.171.12 - - [28/Apr/2025:10:28:45 -0400] "GET /server.php/fashion-dresses-5alr HTTP/1.1" 403 13 "-" "Mozilla/5.0 (compatible; SemrushBot/7~bl; +http://www.semrush.com/bot.html)"
85.208.96.209 - - [28/Apr/2025:10:29:48 -0400] "GET /server.php/cds-others-jmh0 HTTP/1.1" 403 13 "-" "Mozilla/5.0 (compatible; SemrushBot/7~bl; +http://www.semrush.com/bot.html)"
66.249.79.8 - - [28/Apr/2025:10:29:49 -0400] "GET /server.php/games-idols-2myf6 HTTP/1.1" 403 13 "-" "Mozilla/5.0 (Linux; Android 6.0.1; Nexus 5X Build/MMB29P) AppleWebKit/537.36 (KHTML, like Gecko) Chrome/135.0.7049.95 Mobile Safari/537.36 (compatible; Googlebot/2.1; +http://www.google.com/bot.html)"
66.249.68.65 - - [28/Apr/2025:10:30:12 -0400] "GET /shopdetail/10447087 HTTP/1.1" 404 13 "-" "Mozilla/5.0 (Linux; Android 6.0.1; Nexus 5X Build/MMB29P) AppleWebKit/537.36 (KHTML, like Gecko) Chrome/135.0.7049.95 Mobile Safari/537.36 (compatible; Googlebot/2.1; +http://www.google.com/bot.html)"
66.249.79.8 - - [28/Apr/2025:10:30:21 -0400] "GET /server.php/pcmypage?callback=/product%2Fdetail%2F54723875 HTTP/1.1" 403 13 "-" "Mozilla/5.0 (Linux; Android 6.0.1; Nexus 5X Build/MMB29P) AppleWebKit/537.36 (KHTML, like Gecko) Chrome/135.0.7049.95 Mobile Safari/537.36 (compatible; Googlebot/2.1; +http://www.google.com/bot.html)"
185.191.171.3 - - [28/Apr/2025:10:30:49 -0400] "GET /server.php/art-crafts-278g5 HTTP/1.1" 403 13 "-" "Mozilla/5.0 (compatible; SemrushBot/7~bl; +http://www.semrush.com/bot.html)"
85.208.96.206 - - [28/Apr/2025:10:31:50 -0400] "GET /server.php/home-appliances-circulators-2mysv HTTP/1.1" 403 13 "-" "Mozilla/5.0 (compatible; SemrushBot/7~bl; +http://www.semrush.com/bot.html)"
85.208.96.193 - - [28/Apr/2025:10:32:51 -0400] "GET /server.php/pet-supplies-dog-food-ifj5 HTTP/1.1" 403 13 "-" "Mozilla/5.0 (compatible; SemrushBot/7~bl; +http://www.semrush.com/bot.html)"
66.249.79.2 - - [28/Apr/2025:10:33:37 -0400] "GET /goods/special-effects/17ltt HTTP/1.1" 404 13 "-" "Mozilla/5.0 (Linux; Android 6.0.1; Nexus 5X Build/MMB29P) AppleWebKit/537.36 (KHTML, like Gecko) Chrome/135.0.7049.95 Mobile Safari/537.36 (compatible; Googlebot/2.1; +http://www.google.com/bot.html)"
207.46.13.107 - - [28/Apr/2025:10:33:39 -0400] "GET /server.php/handmade-materials-lahs HTTP/1.1" 403 13 "-" "Mozilla/5.0 AppleWebKit/537.36 (KHTML, like Gecko; compatible; bingbot/2.0; +http://www.bing.com/bingbot.htm) Chrome/116.0.1938.76 Safari/537.36"
185.191.171.16 - - [28/Apr/2025:10:33:52 -0400] "GET /server.php/interior-mattresses-1knoh HTTP/1.1" 403 13 "-" "Mozilla/5.0 (compatible; SemrushBot/7~bl; +http://www.semrush.com/bot.html)"
85.208.96.194 - - [28/Apr/2025:10:34:53 -0400] "GET /server.php/fashion-tops-1mbuc HTTP/1.1" 403 13 "-" "Mozilla/5.0 (compatible; SemrushBot/7~bl; +http://www.semrush.com/bot.html)"
66.249.79.8 - - [28/Apr/2025:10:35:13 -0400] "GET /decor/blankets/2o1df HTTP/1.1" 404 13 "-" "Mozilla/5.0 (Linux; Android 6.0.1; Nexus 5X Build/MMB29P) AppleWebKit/537.36 (KHTML, like Gecko) Chrome/135.0.7049.95 Mobile Safari/537.36 (compatible; Googlebot/2.1; +http://www.google.com/bot.html)"
52.167.144.206 - - [28/Apr/2025:10:35:54 -0400] "GET /server.php/tv-action-cameras-va2d HTTP/1.1" 403 13 "-" "Mozilla/5.0 AppleWebKit/537.36 (KHTML, like Gecko; compatible; bingbot/2.0; +http://www.bing.com/bingbot.htm) Chrome/116.0.1938.76 Safari/537.36"
85.208.96.203 - - [28/Apr/2025:10:35:55 -0400] "GET /server.php/gardening-agave-n8ja HTTP/1.1" 403 13 "-" "Mozilla/5.0 (compatible; SemrushBot/7~bl; +http://www.semrush.com/bot.html)"
66.249.79.1 - - [28/Apr/2025:10:35:58 -0400] "GET /bicycles/wheels/rm19 HTTP/1.1" 404 13 "-" "Mozilla/5.0 (Linux; Android 6.0.1; Nexus 5X Build/MMB29P) AppleWebKit/537.36 (KHTML, like Gecko) Chrome/135.0.7049.95 Mobile Safari/537.36 (compatible; Googlebot/2.1; +http://www.google.com/bot.html)"
52.167.144.206 - - [28/Apr/2025:10:36:36 -0400] "GET /server.php/cosmetics-nail-base-coat-2k7wl HTTP/1.1" 403 13 "-" "Mozilla/5.0 AppleWebKit/537.36 (KHTML, like Gecko; compatible; bingbot/2.0; +http://www.bing.com/bingbot.htm) Chrome/116.0.1938.76 Safari/537.36"
185.191.171.8 - - [28/Apr/2025:10:36:56 -0400] "GET /server.php/fashion-skirts-2fhmc HTTP/1.1" 403 13 "-" "Mozilla/5.0 (compatible; SemrushBot/7~bl; +http://www.semrush.com/bot.html)"
66.249.79.8 - - [28/Apr/2025:10:37:20 -0400] "GET /server.php?fashion-outerwear-jpkr HTTP/1.1" 403 13 "-" "Mozilla/5.0 (Linux; Android 6.0.1; Nexus 5X Build/MMB29P) AppleWebKit/537.36 (KHTML, like Gecko) Chrome/135.0.7049.95 Mobile Safari/537.36 (compatible; Googlebot/2.1; +http://www.google.com/bot.html)"
85.208.96.196 - - [28/Apr/2025:10:37:57 -0400] "GET /server.php/tablets-smartphones-1scr7 HTTP/1.1" 403 13 "-" "Mozilla/5.0 (compatible; SemrushBot/7~bl; +http://www.semrush.com/bot.html)"
66.249.68.65 - - [28/Apr/2025:10:38:05 -0400] "GET /server.php?tv-zoom-lens-1wo46 HTTP/1.1" 403 13 "-" "Mozilla/5.0 (Linux; Android 6.0.1; Nexus 5X Build/MMB29P) AppleWebKit/537.36 (KHTML, like Gecko) Chrome/135.0.7049.95 Mobile Safari/537.36 (compatible; Googlebot/2.1; +http://www.google.com/bot.html)"
66.249.68.64 - - [28/Apr/2025:10:38:55 -0400] "GET /server.php/fashion-formal-wear-1ij5v HTTP/1.1" 403 13 "-" "Mozilla/5.0 (Linux; Android 6.0.1; Nexus 5X Build/MMB29P) AppleWebKit/537.36 (KHTML, like Gecko) Chrome/135.0.7049.95 Mobile Safari/537.36 (compatible; Googlebot/2.1; +http://www.google.com/bot.html)"
85.208.96.208 - - [28/Apr/2025:10:38:58 -0400] "GET /server.php/furniture-vases-mquu HTTP/1.1" 403 13 "-" "Mozilla/5.0 (compatible; SemrushBot/7~bl; +http://www.semrush.com/bot.html)"
66.249.79.2 - - [28/Apr/2025:10:39:09 -0400] "GET /server.php/gardening-other-houseplants-2iduw HTTP/1.1" 403 13 "-" "Mozilla/5.0 (Linux; Android 6.0.1; Nexus 5X Build/MMB29P) AppleWebKit/537.36 (KHTML, like Gecko) Chrome/135.0.7049.95 Mobile Safari/537.36 (compatible; Googlebot/2.1; +http://www.google.com/bot.html)"
66.249.79.8 - - [28/Apr/2025:10:39:11 -0400] "GET /server.php/computers-smartphone-accessories-1qop8 HTTP/1.1" 403 13 "-" "Mozilla/5.0 (Linux; Android 6.0.1; Nexus 5X Build/MMB29P) AppleWebKit/537.36 (KHTML, like Gecko) Chrome/135.0.7049.95 Mobile Safari/537.36 (compatible; Googlebot/2.1; +http://www.google.com/bot.html)"
66.249.79.8 - - [28/Apr/2025:10:39:17 -0400] "GET /server.php?fashion-accessories-17l64 HTTP/1.1" 403 13 "-" "Mozilla/5.0 (Linux; Android 6.0.1; Nexus 5X Build/MMB29P) AppleWebKit/537.36 (KHTML, like Gecko) Chrome/135.0.7049.95 Mobile Safari/537.36 (compatible; Googlebot/2.1; +http://www.google.com/bot.html)"
85.208.96.193 - - [28/Apr/2025:10:39:59 -0400] "GET /server.php/fashion-women-1cw5q HTTP/1.1" 403 13 "-" "Mozilla/5.0 (compatible; SemrushBot/7~bl; +http://www.semrush.com/bot.html)"
66.249.79.2 - - [28/Apr/2025:10:40:14 -0400] "GET /server.php/pcmypage?callback=product%2Fdetail%2F82055892 HTTP/1.1" 403 13 "-" "Mozilla/5.0 (Linux; Android 6.0.1; Nexus 5X Build/MMB29P) AppleWebKit/537.36 (KHTML, like Gecko) Chrome/135.0.7049.95 Mobile Safari/537.36 (compatible; Googlebot/2.1; +http://www.google.com/bot.html)"
66.249.68.64 - - [28/Apr/2025:10:40:39 -0400] "GET /server.php/drinks-sweets-n5d6 HTTP/1.1" 403 13 "-" "Mozilla/5.0 (compatible; Googlebot/2.1; +http://www.google.com/bot.html)"
66.249.79.1 - - [28/Apr/2025:10:40:43 -0400] "GET /server.php/pcmypage?callback=product/review/43348944 HTTP/1.1" 403 13 "-" "Mozilla/5.0 (Linux; Android 6.0.1; Nexus 5X Build/MMB29P) AppleWebKit/537.36 (KHTML, like Gecko) Chrome/135.0.7049.95 Mobile Safari/537.36 (compatible; Googlebot/2.1; +http://www.google.com/bot.html)"
66.249.79.8 - - [28/Apr/2025:10:40:52 -0400] "GET /server.php/product/edit/56769766 HTTP/1.1" 403 13 "-" "Mozilla/5.0 (Linux; Android 6.0.1; Nexus 5X Build/MMB29P) AppleWebKit/537.36 (KHTML, like Gecko) Chrome/135.0.7049.95 Mobile Safari/537.36 (compatible; Googlebot/2.1; +http://www.google.com/bot.html)"
66.249.79.8 - - [28/Apr/2025:10:40:53 -0400] "GET /server.php/musical-instruments-guitars-13tag HTTP/1.1" 403 13 "-" "Mozilla/5.0 (Linux; Android 6.0.1; Nexus 5X Build/MMB29P) AppleWebKit/537.36 (KHTML, like Gecko) Chrome/135.0.7049.95 Mobile Safari/537.36 (compatible; Googlebot/2.1; +http://www.google.com/bot.html)"
85.208.96.203 - - [28/Apr/2025:10:40:53 -0400] "GET /robots.txt HTTP/1.1" 200 81 "-" "Mozilla/5.0 (compatible; SemrushBot/7~bl; +http://www.semrush.com/bot.html)"
185.191.171.15 - - [28/Apr/2025:10:41:00 -0400] "GET /server.php/tickets-ski-resorts-jyod HTTP/1.1" 403 13 "-" "Mozilla/5.0 (compatible; SemrushBot/7~bl; +http://www.semrush.com/bot.html)"
66.249.79.2 - - [28/Apr/2025:10:41:03 -0400] "GET /server.php?outdoor-cases-t5j5 HTTP/1.1" 403 13 "-" "Mozilla/5.0 (Linux; Android 6.0.1; Nexus 5X Build/MMB29P) AppleWebKit/537.36 (KHTML, like Gecko) Chrome/135.0.7049.95 Mobile Safari/537.36 (compatible; Googlebot/2.1; +http://www.google.com/bot.html)"
207.46.13.107 - - [28/Apr/2025:10:41:51 -0400] "GET /server.php/decor-chairs-1n2at HTTP/1.1" 403 13 "-" "Mozilla/5.0 AppleWebKit/537.36 (KHTML, like Gecko; compatible; bingbot/2.0; +http://www.bing.com/bingbot.htm) Chrome/116.0.1938.76 Safari/537.36"
85.208.96.210 - - [28/Apr/2025:10:42:01 -0400] "GET /server.php/dvds-asia-11h06 HTTP/1.1" 403 13 "-" "Mozilla/5.0 (compatible; SemrushBot/7~bl; +http://www.semrush.com/bot.html)"
66.249.79.2 - - [28/Apr/2025:10:42:52 -0400] "GET /server.php?fashion-bags-1epk6 HTTP/1.1" 403 13 "-" "Mozilla/5.0 (Linux; Android 6.0.1; Nexus 5X Build/MMB29P) AppleWebKit/537.36 (KHTML, like Gecko) Chrome/135.0.7049.95 Mobile Safari/537.36 (compatible; Googlebot/2.1; +http://www.google.com/bot.html)"
85.208.96.207 - - [28/Apr/2025:10:43:01 -0400] "GET /server.php/audio-television-exi9 HTTP/1.1" 403 13 "-" "Mozilla/5.0 (compatible; SemrushBot/7~bl; +http://www.semrush.com/bot.html)"
207.46.13.107 - - [28/Apr/2025:10:43:09 -0400] "GET /server.php/goods-sports-13up0 HTTP/1.1" 403 13 "-" "Mozilla/5.0 AppleWebKit/537.36 (KHTML, like Gecko; compatible; bingbot/2.0; +http://www.bing.com/bingbot.htm) Chrome/116.0.1938.76 Safari/537.36"
66.249.79.2 - - [28/Apr/2025:10:43:42 -0400] "GET /server.php/pcmypage?callback=product/review/23820998 HTTP/1.1" 403 13 "-" "Mozilla/5.0 (Linux; Android 6.0.1; Nexus 5X Build/MMB29P) AppleWebKit/537.36 (KHTML, like Gecko) Chrome/135.0.7049.95 Mobile Safari/537.36 (compatible; Googlebot/2.1; +http://www.google.com/bot.html)"
185.191.171.11 - - [28/Apr/2025:10:44:03 -0400] "GET /server.php/cosmetics-lip-liner-2vh5 HTTP/1.1" 403 13 "-" "Mozilla/5.0 (compatible; SemrushBot/7~bl; +http://www.semrush.com/bot.html)"
207.46.13.107 - - [28/Apr/2025:10:44:31 -0400] "GET /server.php/tv-zoom-lens-udpb HTTP/1.1" 403 13 "-" "Mozilla/5.0 AppleWebKit/537.36 (KHTML, like Gecko; compatible; bingbot/2.0; +http://www.bing.com/bingbot.htm) Chrome/116.0.1938.76 Safari/537.36"
66.249.68.64 - - [28/Apr/2025:10:44:33 -0400] "GET /server.php/health-others-suxv HTTP/1.1" 403 13 "-" "Mozilla/5.0 (compatible; Googlebot/2.1; +http://www.google.com/bot.html)"
66.249.68.65 - - [28/Apr/2025:10:44:33 -0400] "GET /server.php/health-others-suxv HTTP/1.1" 403 13 "-" "Mozilla/5.0 (Linux; Android 6.0.1; Nexus 5X Build/MMB29P) AppleWebKit/537.36 (KHTML, like Gecko) Chrome/135.0.7049.95 Mobile Safari/537.36 (compatible; Googlebot/2.1; +http://www.google.com/bot.html)"
66.249.79.2 - - [28/Apr/2025:10:44:49 -0400] "GET /server.php?fashion-tops-7xg3 HTTP/1.1" 403 13 "-" "Mozilla/5.0 (Linux; Android 6.0.1; Nexus 5X Build/MMB29P) AppleWebKit/537.36 (KHTML, like Gecko) Chrome/135.0.7049.95 Mobile Safari/537.36 (compatible; GoogleOther)"
66.249.79.1 - - [28/Apr/2025:10:44:59 -0400] "GET /server.php/fashion-accessories-2lg8a HTTP/1.1" 403 13 "-" "Mozilla/5.0 (Linux; Android 6.0.1; Nexus 5X Build/MMB29P) AppleWebKit/537.36 (KHTML, like Gecko) Chrome/135.0.7049.95 Mobile Safari/537.36 (compatible; Googlebot/2.1; +http://www.google.com/bot.html)"
85.208.96.199 - - [28/Apr/2025:10:45:04 -0400] "GET /server.php/sports-boxing-2k1ar HTTP/1.1" 403 13 "-" "Mozilla/5.0 (compatible; SemrushBot/7~bl; +http://www.semrush.com/bot.html)"
85.208.96.199 - - [28/Apr/2025:10:46:04 -0400] "GET /server.php/manga-sports-2h7av HTTP/1.1" 403 13 "-" "Mozilla/5.0 (compatible; SemrushBot/7~bl; +http://www.semrush.com/bot.html)"
185.191.171.3 - - [28/Apr/2025:10:47:06 -0400] "GET /server.php/audio-recorders-b7ir HTTP/1.1" 403 13 "-" "Mozilla/5.0 (compatible; SemrushBot/7~bl; +http://www.semrush.com/bot.html)"
66.249.79.2 - - [28/Apr/2025:10:47:56 -0400] "GET /server.php?fashion-shoes-rywy HTTP/1.1" 403 13 "-" "Mozilla/5.0 (Linux; Android 6.0.1; Nexus 5X Build/MMB29P) AppleWebKit/537.36 (KHTML, like Gecko) Chrome/135.0.7049.95 Mobile Safari/537.36 (compatible; Googlebot/2.1; +http://www.google.com/bot.html)"
185.191.171.15 - - [28/Apr/2025:10:48:09 -0400] "GET /server.php/outdoor-outdoor-wear-10s98 HTTP/1.1" 403 13 "-" "Mozilla/5.0 (compatible; SemrushBot/7~bl; +http://www.semrush.com/bot.html)"
66.249.68.71 - - [28/Apr/2025:10:48:20 -0400] "GET /server.php/beauty-others-wve6 HTTP/1.1" 403 13 "-" "Mozilla/5.0 (compatible; Googlebot/2.1; +http://www.google.com/bot.html)"
66.249.68.71 - - [28/Apr/2025:10:48:28 -0400] "GET /server.php/fashion-accessories-2lhvv HTTP/1.1" 403 13 "-" "Mozilla/5.0 (Linux; Android 6.0.1; Nexus 5X Build/MMB29P) AppleWebKit/537.36 (KHTML, like Gecko) Chrome/135.0.7049.95 Mobile Safari/537.36 (compatible; Googlebot/2.1; +http://www.google.com/bot.html)"
52.167.144.140 - - [28/Apr/2025:10:48:45 -0400] "GET /server.php/blu-ray-western-music-26ky3 HTTP/1.1" 403 13 "-" "Mozilla/5.0 AppleWebKit/537.36 (KHTML, like Gecko; compatible; bingbot/2.0; +http://www.bing.com/bingbot.htm) Chrome/116.0.1938.76 Safari/537.36"
52.167.144.140 - - [28/Apr/2025:10:48:46 -0400] "GET /server.php/bicycles-tools-2a52t HTTP/1.1" 403 13 "-" "Mozilla/5.0 AppleWebKit/537.36 (KHTML, like Gecko; compatible; bingbot/2.0; +http://www.bing.com/bingbot.htm) Chrome/116.0.1938.76 Safari/537.36"
85.208.96.212 - - [28/Apr/2025:10:49:09 -0400] "GET /server.php/fashion-bags-1rb1y HTTP/1.1" 403 13 "-" "Mozilla/5.0 (compatible; SemrushBot/7~bl; +http://www.semrush.com/bot.html)"
66.249.79.2 - - [28/Apr/2025:10:49:16 -0400] "GET /server.php?flowers-other-succulents-1dxga HTTP/1.1" 403 13 "-" "Mozilla/5.0 (Linux; Android 6.0.1; Nexus 5X Build/MMB29P) AppleWebKit/537.36 (KHTML, like Gecko) Chrome/135.0.7049.95 Mobile Safari/537.36 (compatible; Googlebot/2.1; +http://www.google.com/bot.html)"
185.191.171.7 - - [28/Apr/2025:10:50:11 -0400] "GET /server.php/fashion-jackets-2jt0g HTTP/1.1" 403 13 "-" "Mozilla/5.0 (compatible; SemrushBot/7~bl; +http://www.semrush.com/bot.html)"
52.167.144.140 - - [28/Apr/2025:10:50:15 -0400] "GET /server.php/art-crafts-qr9f HTTP/1.1" 403 13 "-" "Mozilla/5.0 AppleWebKit/537.36 (KHTML, like Gecko; compatible; bingbot/2.0; +http://www.bing.com/bingbot.htm) Chrome/116.0.1938.76 Safari/537.36"
66.249.68.64 - - [28/Apr/2025:10:50:17 -0400] "GET /server.php/sports-snowboard-1d3uh HTTP/1.1" 403 13 "-" "Mozilla/5.0 (Linux; Android 6.0.1; Nexus 5X Build/MMB29P) AppleWebKit/537.36 (KHTML, like Gecko) Chrome/135.0.7049.95 Mobile Safari/537.36 (compatible; Googlebot/2.1; +http://www.google.com/bot.html)"
66.249.79.1 - - [28/Apr/2025:10:50:50 -0400] "GET /server.php?cosmetics-lotion-1gl2p HTTP/1.1" 403 13 "-" "Mozilla/5.0 (Linux; Android 6.0.1; Nexus 5X Build/MMB29P) AppleWebKit/537.36 (KHTML, like Gecko) Chrome/135.0.7049.95 Mobile Safari/537.36 (compatible; Googlebot/2.1; +http://www.google.com/bot.html)"
85.208.96.211 - - [28/Apr/2025:10:51:12 -0400] "GET /server.php/tv-film-cameras-69v9 HTTP/1.1" 403 13 "-" "Mozilla/5.0 (compatible; SemrushBot/7~bl; +http://www.semrush.com/bot.html)"
207.46.13.17 - - [28/Apr/2025:10:51:42 -0400] "GET /server.php/goods-other-models-g5sd HTTP/1.1" 403 13 "-" "Mozilla/5.0 AppleWebKit/537.36 (KHTML, like Gecko; compatible; bingbot/2.0; +http://www.bing.com/bingbot.htm) Chrome/116.0.1938.76 Safari/537.36"
52.167.144.173 - - [28/Apr/2025:10:51:47 -0400] "GET /server.php/pet-supplies-lighting-equipment-2ogvc HTTP/1.1" 403 13 "-" "Mozilla/5.0 AppleWebKit/537.36 (KHTML, like Gecko; compatible; bingbot/2.0; +http://www.bing.com/bingbot.htm) Chrome/116.0.1938.76 Safari/537.36"
85.208.96.212 - - [28/Apr/2025:10:52:12 -0400] "GET /server.php/fashion-bags-2a9ym HTTP/1.1" 403 13 "-" "Mozilla/5.0 (compatible; SemrushBot/7~bl; +http://www.semrush.com/bot.html)"
66.249.79.2 - - [28/Apr/2025:10:53:02 -0400] "GET /server.php/safe_search/config?return_url=%2Fproduct%2Fdetail%2F63652363 HTTP/1.1" 403 13 "-" "Mozilla/5.0 (Linux; Android 6.0.1; Nexus 5X Build/MMB29P) AppleWebKit/537.36 (KHTML, like Gecko) Chrome/135.0.7049.95 Mobile Safari/537.36 (compatible; Googlebot/2.1; +http://www.google.com/bot.html)"
85.208.96.209 - - [28/Apr/2025:10:53:13 -0400] "GET /server.php/outdoor-reels-2bqg1 HTTP/1.1" 403 13 "-" "Mozilla/5.0 (compatible; SemrushBot/7~bl; +http://www.semrush.com/bot.html)"
85.208.96.200 - - [28/Apr/2025:10:54:13 -0400] "GET /server.php/furniture-ceiling-lights-2hmev HTTP/1.1" 403 13 "-" "Mozilla/5.0 (compatible; SemrushBot/7~bl; +http://www.semrush.com/bot.html)"
85.208.96.210 - - [28/Apr/2025:10:55:14 -0400] "GET /server.php/motorcycles-maintenance-14vgc HTTP/1.1" 403 13 "-" "Mozilla/5.0 (compatible; SemrushBot/7~bl; +http://www.semrush.com/bot.html)"
66.249.79.8 - - [28/Apr/2025:10:55:16 -0400] "GET /server.php?decor-mattresses-1lc6m HTTP/1.1" 403 13 "-" "Mozilla/5.0 (Linux; Android 6.0.1; Nexus 5X Build/MMB29P) AppleWebKit/537.36 (KHTML, like Gecko) Chrome/135.0.7049.95 Mobile Safari/537.36 (compatible; Googlebot/2.1; +http://www.google.com/bot.html)"
66.249.79.8 - - [28/Apr/2025:10:55:28 -0400] "GET /server.php/smartphones-windows-notebooks-1ojaj HTTP/1.1" 403 13 "-" "Mozilla/5.0 (Linux; Android 6.0.1; Nexus 5X Build/MMB29P) AppleWebKit/537.36 (KHTML, like Gecko) Chrome/135.0.7049.95 Mobile Safari/537.36 (compatible; Googlebot/2.1; +http://www.google.com/bot.html)"
185.191.171.12 - - [28/Apr/2025:10:56:15 -0400] "GET /server.php/gardening-lawn-mowers-1ke66 HTTP/1.1" 403 13 "-" "Mozilla/5.0 (compatible; SemrushBot/7~bl; +http://www.semrush.com/bot.html)"
66.249.68.64 - - [28/Apr/2025:10:57:13 -0400] "GET /server.php/computers-smartphones-ovvj HTTP/1.1" 403 13 "-" "Mozilla/5.0 (Linux; Android 6.0.1; Nexus 5X Build/MMB29P) AppleWebKit/537.36 (KHTML, like Gecko) Chrome/135.0.7049.95 Mobile Safari/537.36 (compatible; GoogleOther)"
85.208.96.204 - - [28/Apr/2025:10:57:16 -0400] "GET /server.php/fashion-outerwear-1bh2q HTTP/1.1" 403 13 "-" "Mozilla/5.0 (compatible; SemrushBot/7~bl; +http://www.semrush.com/bot.html)"
85.208.96.212 - - [28/Apr/2025:10:58:17 -0400] "GET /server.php/cars-parts-1vgsh HTTP/1.1" 403 13 "-" "Mozilla/5.0 (compatible; SemrushBot/7~bl; +http://www.semrush.com/bot.html)"
66.249.79.8 - - [28/Apr/2025:10:59:05 -0400] "GET /server.php?games-others-225b9 HTTP/1.1" 403 13 "-" "Mozilla/5.0 (Linux; Android 6.0.1; Nexus 5X Build/MMB29P) AppleWebKit/537.36 (KHTML, like Gecko) Chrome/135.0.7049.95 Mobile Safari/537.36 (compatible; GoogleOther)"
66.249.79.8 - - [28/Apr/2025:10:59:17 -0400] "GET /server.php/pcmypage?callback=product%2Fdetail%2F91985576 HTTP/1.1" 403 13 "-" "Mozilla/5.0 (Linux; Android 6.0.1; Nexus 5X Build/MMB29P) AppleWebKit/537.36 (KHTML, like Gecko) Chrome/135.0.7049.95 Mobile Safari/537.36 (compatible; Googlebot/2.1; +http://www.google.com/bot.html)"
185.191.171.16 - - [28/Apr/2025:10:59:18 -0400] "GET /server.php/furniture-blankets-1mrvm HTTP/1.1" 403 13 "-" "Mozilla/5.0 (compatible; SemrushBot/7~bl; +http://www.semrush.com/bot.html)"
66.249.79.8 - - [28/Apr/2025:10:59:32 -0400] "GET /server.php?fashion-tops-1pocj HTTP/1.1" 403 13 "-" "Mozilla/5.0 (Linux; Android 6.0.1; Nexus 5X Build/MMB29P) AppleWebKit/537.36 (KHTML, like Gecko) Chrome/135.0.7049.95 Mobile Safari/537.36 (compatible; Googlebot/2.1; +http://www.google.com/bot.html)"
185.191.171.9 - - [28/Apr/2025:11:00:19 -0400] "GET /server.php/goods-pokemon-card-games-1ylju HTTP/1.1" 403 13 "-" "Mozilla/5.0 (compatible; SemrushBot/7~bl; +http://www.semrush.com/bot.html)"
52.167.144.147 - - [28/Apr/2025:11:01:07 -0400] "GET /server.php/smartphones-windows-notebooks-2kk9k HTTP/1.1" 403 13 "-" "Mozilla/5.0 AppleWebKit/537.36 (KHTML, like Gecko; compatible; bingbot/2.0; +http://www.bing.com/bingbot.htm) Chrome/116.0.1938.76 Safari/537.36"
85.208.96.211 - - [28/Apr/2025:11:01:20 -0400] "GET /server.php/gardening-tuberous-plants-5clr HTTP/1.1" 403 13 "-" "Mozilla/5.0 (compatible; SemrushBot/7~bl; +http://www.semrush.com/bot.html)"
52.167.144.156 - - [28/Apr/2025:11:01:40 -0400] "GET /server.php/tools-trolleys-1qara HTTP/1.1" 403 13 "-" "Mozilla/5.0 AppleWebKit/537.36 (KHTML, like Gecko; compatible; bingbot/2.0; +http://www.bing.com/bingbot.htm) Chrome/116.0.1938.76 Safari/537.36"
185.191.171.18 - - [28/Apr/2025:11:01:57 -0400] "GET /robots.txt HTTP/1.1" 200 81 "-" "Mozilla/5.0 (compatible; SemrushBot/7~bl; +http://www.semrush.com/bot.html)"
85.208.96.195 - - [28/Apr/2025:11:02:22 -0400] "GET /server.php/beauty-hair-dryers-1mnjc HTTP/1.1" 403 13 "-" "Mozilla/5.0 (compatible; SemrushBot/7~bl; +http://www.semrush.com/bot.html)"
85.208.96.199 - - [28/Apr/2025:11:03:22 -0400] "GET /server.php/hobbies-guitars-11ogy HTTP/1.1" 403 13 "-" "Mozilla/5.0 (compatible; SemrushBot/7~bl; +http://www.semrush.com/bot.html)"
66.249.79.8 - - [28/Apr/2025:11:03:32 -0400] "GET /server.php?handicrafts-fabrics-2lj7v HTTP/1.1" 403 13 "-" "Mozilla/5.0 (Linux; Android 6.0.1; Nexus 5X Build/MMB29P) AppleWebKit/537.36 (KHTML, like Gecko) Chrome/135.0.7049.95 Mobile Safari/537.36 (compatible; Googlebot/2.1; +http://www.google.com/bot.html)"
20.99.210.75 - - [28/Apr/2025:11:03:46 -0400] "GET /server.php/tv-zoom-lens-29ljn HTTP/1.1" 403 13 "-" "Mozilla/5.0 (Windows NT 10.0; Win64; x64) AppleWebKit/537.36 (KHTML, like Gecko) Chrome/131.0.0.0 Safari/537.36 Edg/131.0.0.0"
185.191.171.12 - - [28/Apr/2025:11:04:24 -0400] "GET /server.php/gardening-artificial-turf-yjii HTTP/1.1" 403 13 "-" "Mozilla/5.0 (compatible; SemrushBot/7~bl; +http://www.semrush.com/bot.html)"
20.197.112.225 - - [28/Apr/2025:11:04:25 -0400] "GET /server.php/handicrafts-charms-1nf8p HTTP/1.1" 403 13 "-" "Mozilla/5.0 (Windows NT 10.0; Win64; x64) AppleWebKit/537.36 (KHTML, like Gecko) Chrome/131.0.0.0 Safari/537.36 Edg/131.0.0.0"
66.249.79.2 - - [28/Apr/2025:11:04:48 -0400] "GET /server.php/books-literature-i3cx HTTP/1.1" 403 13 "-" "Mozilla/5.0 (Linux; Android 6.0.1; Nexus 5X Build/MMB29P) AppleWebKit/537.36 (KHTML, like Gecko) Chrome/135.0.7049.114 Mobile Safari/537.36 (compatible; Googlebot/2.1; +http://www.google.com/bot.html)"
185.191.171.2 - - [28/Apr/2025:11:05:25 -0400] "GET /server.php/dvds-japanese-music-21y2w HTTP/1.1" 403 13 "-" "Mozilla/5.0 (compatible; SemrushBot/7~bl; +http://www.semrush.com/bot.html)"
66.249.79.8 - - [28/Apr/2025:11:06:06 -0400] "GET /server.php?fashion-accessories-13i89 HTTP/1.1" 403 13 "-" "Mozilla/5.0 (Linux; Android 6.0.1; Nexus 5X Build/MMB29P) AppleWebKit/537.36 (KHTML, like Gecko) Chrome/135.0.7049.95 Mobile Safari/537.36 (compatible; Googlebot/2.1; +http://www.google.com/bot.html)"
185.191.171.10 - - [28/Apr/2025:11:06:26 -0400] "GET /server.php/fashion-accessories-cqm1 HTTP/1.1" 403 13 "-" "Mozilla/5.0 (compatible; SemrushBot/7~bl; +http://www.semrush.com/bot.html)"
20.99.210.70 - - [28/Apr/2025:11:07:00 -0400] "GET /server.php/alcohol-rice-2gep8 HTTP/1.1" 403 13 "-" "Mozilla/5.0 (Windows NT 10.0; Win64; x64) AppleWebKit/537.36 (KHTML, like Gecko) Chrome/131.0.0.0 Safari/537.36 Edg/131.0.0.0"
85.208.96.207 - - [28/Apr/2025:11:07:27 -0400] "GET /server.php/fashion-accessories-2k9fh HTTP/1.1" 403 13 "-" "Mozilla/5.0 (compatible; SemrushBot/7~bl; +http://www.semrush.com/bot.html)"
66.249.79.2 - - [28/Apr/2025:11:07:50 -0400] "GET /server.php?furniture-trinket-boxes-1bxbf HTTP/1.1" 403 13 "-" "Mozilla/5.0 (Linux; Android 6.0.1; Nexus 5X Build/MMB29P) AppleWebKit/537.36 (KHTML, like Gecko) Chrome/135.0.7049.95 Mobile Safari/537.36 (compatible; GoogleOther)"
85.208.96.211 - - [28/Apr/2025:11:08:28 -0400] "GET /server.php/pet-supplies-accessories-2fvp HTTP/1.1" 403 13 "-" "Mozilla/5.0 (compatible; SemrushBot/7~bl; +http://www.semrush.com/bot.html)"
40.77.167.14 - - [28/Apr/2025:11:08:36 -0400] "GET /server.php/tablets-smartphones-1jtm6 HTTP/1.1" 403 13 "-" "Mozilla/5.0 AppleWebKit/537.36 (KHTML, like Gecko; compatible; bingbot/2.0; +http://www.bing.com/bingbot.htm) Chrome/116.0.1938.76 Safari/537.36"
66.249.79.8 - - [28/Apr/2025:11:08:52 -0400] "GET /server.php/pcmypage?callback=/product%2Fdetail%2F70647217 HTTP/1.1" 403 13 "-" "Mozilla/5.0 (Linux; Android 6.0.1; Nexus 5X Build/MMB29P) AppleWebKit/537.36 (KHTML, like Gecko) Chrome/135.0.7049.95 Mobile Safari/537.36 (compatible; Googlebot/2.1; +http://www.google.com/bot.html)"
40.77.167.14 - - [28/Apr/2025:11:08:55 -0400] "GET /server.php/magazines-others-1n70i HTTP/1.1" 403 13 "-" "Mozilla/5.0 AppleWebKit/537.36 (KHTML, like Gecko; compatible; bingbot/2.0; +http://www.bing.com/bingbot.htm) Chrome/116.0.1938.76 Safari/537.36"
98.64.96.185 - - [28/Apr/2025:11:08:58 -0400] "GET /server.php/tv-television-9nsd HTTP/1.1" 403 13 "-" "Mozilla/5.0 (Windows NT 10.0; Win64; x64) AppleWebKit/537.36 (KHTML, like Gecko) Chrome/131.0.0.0 Safari/537.36 Edg/131.0.0.0"
185.191.171.10 - - [28/Apr/2025:11:09:29 -0400] "GET /server.php/tablets-mobile-phones-23vk3 HTTP/1.1" 403 13 "-" "Mozilla/5.0 (compatible; SemrushBot/7~bl; +http://www.semrush.com/bot.html)"
66.249.79.1 - - [28/Apr/2025:11:09:46 -0400] "GET /server.php/pcmypage?callback=product%2Fdetail%2F31538142 HTTP/1.1" 403 13 "-" "Mozilla/5.0 (Linux; Android 6.0.1; Nexus 5X Build/MMB29P) AppleWebKit/537.36 (KHTML, like Gecko) Chrome/135.0.7049.95 Mobile Safari/537.36 (compatible; Googlebot/2.1; +http://www.google.com/bot.html)"
66.249.79.1 - - [28/Apr/2025:11:09:57 -0400] "GET /server.php?travel-supplies-reels-1ja4q HTTP/1.1" 403 13 "-" "Mozilla/5.0 (Linux; Android 6.0.1; Nexus 5X Build/MMB29P) AppleWebKit/537.36 (KHTML, like Gecko) Chrome/135.0.7049.95 Mobile Safari/537.36 (compatible; Googlebot/2.1; +http://www.google.com/bot.html)"
185.191.171.16 - - [28/Apr/2025:11:10:30 -0400] "GET /server.php/home-appliances-sewing-machines-205lc HTTP/1.1" 403 13 "-" "Mozilla/5.0 (compatible; SemrushBot/7~bl; +http://www.semrush.com/bot.html)"
66.249.79.1 - - [28/Apr/2025:11:10:47 -0400] "GET /server.php/computers-apple-watches-eoq2 HTTP/1.1" 403 13 "-" "Mozilla/5.0 (Linux; Android 6.0.1; Nexus 5X Build/MMB29P) AppleWebKit/537.36 (KHTML, like Gecko) Chrome/135.0.7049.95 Mobile Safari/537.36 (compatible; Googlebot/2.1; +http://www.google.com/bot.html)"
207.46.13.18 - - [28/Apr/2025:11:11:02 -0400] "GET /server.php/motorcycles-accessories-2iasq HTTP/1.1" 403 13 "-" "Mozilla/5.0 AppleWebKit/537.36 (KHTML, like Gecko; compatible; bingbot/2.0; +http://www.bing.com/bingbot.htm) Chrome/116.0.1938.76 Safari/537.36"
66.249.79.1 - - [28/Apr/2025:11:11:10 -0400] "GET /server.php?air-conditioning-clothing-care-appliances-2fufa HTTP/1.1" 403 13 "-" "Mozilla/5.0 (Linux; Android 6.0.1; Nexus 5X Build/MMB29P) AppleWebKit/537.36 (KHTML, like Gecko) Chrome/135.0.7049.95 Mobile Safari/537.36 (compatible; Googlebot/2.1; +http://www.google.com/bot.html)"
185.191.171.3 - - [28/Apr/2025:11:11:31 -0400] "GET /server.php/home-appliances-clothes-dryers-14yes HTTP/1.1" 403 13 "-" "Mozilla/5.0 (compatible; SemrushBot/7~bl; +http://www.semrush.com/bot.html)"
40.77.167.14 - - [28/Apr/2025:11:11:48 -0400] "GET /server.php/motorcycles-parts-199tp HTTP/1.1" 403 13 "-" "Mozilla/5.0 AppleWebKit/537.36 (KHTML, like Gecko; compatible; bingbot/2.0; +http://www.bing.com/bingbot.htm) Chrome/116.0.1938.76 Safari/537.36"
185.191.171.9 - - [28/Apr/2025:11:12:32 -0400] "GET /server.php/health-massage-cushion-yd11 HTTP/1.1" 403 13 "-" "Mozilla/5.0 (compatible; SemrushBot/7~bl; +http://www.semrush.com/bot.html)"
20.15.133.174 - - [28/Apr/2025:11:12:41 -0400] "GET /server.php/hobbies-bass-1akut HTTP/1.1" 403 13 "-" "Mozilla/5.0 AppleWebKit/537.36 (KHTML, like Gecko; compatible; bingbot/2.0; +http://www.bing.com/bingbot.htm) Chrome/116.0.1938.76 Safari/537.36"
66.249.79.2 - - [28/Apr/2025:11:12:43 -0400] "GET /server.php?air-conditioning-refrigerator-186g3 HTTP/1.1" 403 13 "-" "Mozilla/5.0 (Linux; Android 6.0.1; Nexus 5X Build/MMB29P) AppleWebKit/537.36 (KHTML, like Gecko) Chrome/135.0.7049.95 Mobile Safari/537.36 (compatible; Googlebot/2.1; +http://www.google.com/bot.html)"
66.249.79.1 - - [28/Apr/2025:11:12:51 -0400] "GET /server.php/alcohol-whiskey-263ey HTTP/1.1" 403 13 "-" "Mozilla/5.0 (Linux; Android 6.0.1; Nexus 5X Build/MMB29P) AppleWebKit/537.36 (KHTML, like Gecko) Chrome/135.0.7049.95 Mobile Safari/537.36 (compatible; Googlebot/2.1; +http://www.google.com/bot.html)"
66.249.79.8 - - [28/Apr/2025:11:12:52 -0400] "GET /musical-instruments/crafts/10mur HTTP/1.1" 404 13 "-" "Mozilla/5.0 (Linux; Android 6.0.1; Nexus 5X Build/MMB29P) AppleWebKit/537.36 (KHTML, like Gecko) Chrome/135.0.7049.95 Mobile Safari/537.36 (compatible; Googlebot/2.1; +http://www.google.com/bot.html)"
185.191.171.14 - - [28/Apr/2025:11:13:34 -0400] "GET /server.php/fashion-tops-2j0og HTTP/1.1" 403 13 "-" "Mozilla/5.0 (compatible; SemrushBot/7~bl; +http://www.semrush.com/bot.html)"
185.191.171.10 - - [28/Apr/2025:11:14:36 -0400] "GET /server.php/flowers-other-houseplants-17h08 HTTP/1.1" 403 13 "-" "Mozilla/5.0 (compatible; SemrushBot/7~bl; +http://www.semrush.com/bot.html)"
66.249.79.1 - - [28/Apr/2025:11:14:51 -0400] "GET /server.php?fashion-accessories-bpy3 HTTP/1.1" 403 13 "-" "Mozilla/5.0 (Linux; Android 6.0.1; Nexus 5X Build/MMB29P) AppleWebKit/537.36 (KHTML, like Gecko) Chrome/135.0.7049.95 Mobile Safari/537.36 (compatible; Googlebot/2.1; +http://www.google.com/bot.html)"
66.249.68.64 - - [28/Apr/2025:11:15:28 -0400] "GET /server.php/sports-clubs-swsj HTTP/1.1" 403 13 "-" "Mozilla/5.0 (Linux; Android 6.0.1; Nexus 5X Build/MMB29P) AppleWebKit/537.36 (KHTML, like Gecko) Chrome/135.0.7049.95 Mobile Safari/537.36 (compatible; Googlebot/2.1; +http://www.google.com/bot.html)"
185.191.171.8 - - [28/Apr/2025:11:15:38 -0400] "GET /server.php/cameras-digital-cameras-669e HTTP/1.1" 403 13 "-" "Mozilla/5.0 (compatible; SemrushBot/7~bl; +http://www.semrush.com/bot.html)"
66.249.79.8 - - [28/Apr/2025:11:15:58 -0400] "GET /server.php?bicycles-wheels-1gaex HTTP/1.1" 403 13 "-" "Mozilla/5.0 (Linux; Android 6.0.1; Nexus 5X Build/MMB29P) AppleWebKit/537.36 (KHTML, like Gecko) Chrome/135.0.7049.95 Mobile Safari/537.36 (compatible; Googlebot/2.1; +http://www.google.com/bot.html)"
40.77.167.14 - - [28/Apr/2025:11:16:26 -0400] "GET /server.php/blu-ray-anime-2i3pp HTTP/1.1" 403 13 "-" "Mozilla/5.0 AppleWebKit/537.36 (KHTML, like Gecko; compatible; bingbot/2.0; +http://www.bing.com/bingbot.htm) Chrome/116.0.1938.76 Safari/537.36"
185.191.171.5 - - [28/Apr/2025:11:16:39 -0400] "GET /server.php/cameras-cables-wuk1 HTTP/1.1" 403 13 "-" "Mozilla/5.0 (compatible; SemrushBot/7~bl; +http://www.semrush.com/bot.html)"
66.249.79.8 - - [28/Apr/2025:11:17:09 -0400] "GET /server.php?fashion-shoes-h54d HTTP/1.1" 403 13 "-" "Mozilla/5.0 (Linux; Android 6.0.1; Nexus 5X Build/MMB29P) AppleWebKit/537.36 (KHTML, like Gecko) Chrome/135.0.7049.95 Mobile Safari/537.36 (compatible; Googlebot/2.1; +http://www.google.com/bot.html)"
173.252.87.18 - - [28/Apr/2025:11:17:30 -0400] "GET /robots.txt HTTP/1.1" 200 81 "-" "facebookexternalhit/1.1 (+http://www.facebook.com/externalhit_uatext.php)"
173.252.87.1 - - [28/Apr/2025:11:17:30 -0400] "GET /meta.json HTTP/1.1" 404 13 "-" "facebookexternalhit/1.1 (+http://www.facebook.com/externalhit_uatext.php)"
173.252.87.8 - - [28/Apr/2025:11:17:30 -0400] "GET / HTTP/1.1" 500 0 "-" "facebookexternalhit/1.1 (+http://www.facebook.com/externalhit_uatext.php)"
185.191.171.13 - - [28/Apr/2025:11:17:40 -0400] "GET /server.php/sports-snowboard-15391 HTTP/1.1" 403 13 "-" "Mozilla/5.0 (compatible; SemrushBot/7~bl; +http://www.semrush.com/bot.html)"
20.99.210.68 - - [28/Apr/2025:11:17:48 -0400] "GET /server.php/daily-necessities-tea-cups-mp1c HTTP/1.1" 403 13 "-" "Mozilla/5.0 (Windows NT 10.0; Win64; x64) AppleWebKit/537.36 (KHTML, like Gecko) Chrome/131.0.0.0 Safari/537.36 Edg/131.0.0.0"
98.64.96.176 - - [28/Apr/2025:11:18:20 -0400] "GET /server.php/smartphones-mobile-phones-uqfa HTTP/1.1" 403 13 "-" "Mozilla/5.0 (Windows NT 10.0; Win64; x64) AppleWebKit/537.36 (KHTML, like Gecko) Chrome/131.0.0.0 Safari/537.36 Edg/131.0.0.0"
66.249.79.8 - - [28/Apr/2025:11:18:40 -0400] "GET /server.php/pcmypage?callback=product%2Fdetail%2F67361280 HTTP/1.1" 403 13 "-" "Mozilla/5.0 (Linux; Android 6.0.1; Nexus 5X Build/MMB29P) AppleWebKit/537.36 (KHTML, like Gecko) Chrome/135.0.7049.95 Mobile Safari/537.36 (compatible; Googlebot/2.1; +http://www.google.com/bot.html)"
185.191.171.10 - - [28/Apr/2025:11:18:41 -0400] "GET /server.php/toys-idols-36hc HTTP/1.1" 403 13 "-" "Mozilla/5.0 (compatible; SemrushBot/7~bl; +http://www.semrush.com/bot.html)"
66.249.79.8 - - [28/Apr/2025:11:18:46 -0400] "GET /server.php/outdoor-reels-29gbx HTTP/1.1" 403 13 "-" "Mozilla/5.0 (Linux; Android 6.0.1; Nexus 5X Build/MMB29P) AppleWebKit/537.36 (KHTML, like Gecko) Chrome/135.0.7049.95 Mobile Safari/537.36 (compatible; Googlebot/2.1; +http://www.google.com/bot.html)"
66.249.79.8 - - [28/Apr/2025:11:18:53 -0400] "GET /server.php/beauty-depilation-2m62q HTTP/1.1" 403 13 "-" "Mozilla/5.0 (Linux; Android 6.0.1; Nexus 5X Build/MMB29P) AppleWebKit/537.36 (KHTML, like Gecko) Chrome/135.0.7049.95 Mobile Safari/537.36 (compatible; Googlebot/2.1; +http://www.google.com/bot.html)"
66.249.79.8 - - [28/Apr/2025:11:18:58 -0400] "GET /server.php/pet-supplies-harness-2tck HTTP/1.1" 403 13 "-" "Mozilla/5.0 (Linux; Android 6.0.1; Nexus 5X Build/MMB29P) AppleWebKit/537.36 (KHTML, like Gecko) Chrome/135.0.7049.95 Mobile Safari/537.36 (compatible; Googlebot/2.1; +http://www.google.com/bot.html)"
66.249.79.8 - - [28/Apr/2025:11:19:04 -0400] "GET /server.php/pcmypage?callback=product%2Fdetail%2F44228309 HTTP/1.1" 403 13 "-" "Mozilla/5.0 (Linux; Android 6.0.1; Nexus 5X Build/MMB29P) AppleWebKit/537.36 (KHTML, like Gecko) Chrome/135.0.7049.95 Mobile Safari/537.36 (compatible; Googlebot/2.1; +http://www.google.com/bot.html)"
66.249.79.1 - - [28/Apr/2025:11:19:09 -0400] "GET /server.php/fashion-accessories-1goki HTTP/1.1" 403 13 "-" "Mozilla/5.0 (Linux; Android 6.0.1; Nexus 5X Build/MMB29P) AppleWebKit/537.36 (KHTML, like Gecko) Chrome/135.0.7049.95 Mobile Safari/537.36 (compatible; Googlebot/2.1; +http://www.google.com/bot.html)"
66.249.79.8 - - [28/Apr/2025:11:19:16 -0400] "GET /server.php?cameras-digital-cameras-ewrv HTTP/1.1" 403 13 "-" "Mozilla/5.0 (Linux; Android 6.0.1; Nexus 5X Build/MMB29P) AppleWebKit/537.36 (KHTML, like Gecko) Chrome/135.0.7049.95 Mobile Safari/537.36 (compatible; Googlebot/2.1; +http://www.google.com/bot.html)"
66.249.79.8 - - [28/Apr/2025:11:19:30 -0400] "GET /server.php?motorcycles-parts-18kbj HTTP/1.1" 403 13 "-" "Mozilla/5.0 (Linux; Android 6.0.1; Nexus 5X Build/MMB29P) AppleWebKit/537.36 (KHTML, like Gecko) Chrome/135.0.7049.95 Mobile Safari/537.36 (compatible; Googlebot/2.1; +http://www.google.com/bot.html)"
66.249.79.8 - - [28/Apr/2025:11:19:34 -0400] "GET /server.php?tablets-ipads-ji8p HTTP/1.1" 403 13 "-" "Mozilla/5.0 (Linux; Android 6.0.1; Nexus 5X Build/MMB29P) AppleWebKit/537.36 (KHTML, like Gecko) Chrome/135.0.7049.95 Mobile Safari/537.36 (compatible; Googlebot/2.1; +http://www.google.com/bot.html)"
66.249.79.8 - - [28/Apr/2025:11:19:40 -0400] "GET /server.php?fashion-outerwear-17s2j HTTP/1.1" 403 13 "-" "Mozilla/5.0 (Linux; Android 6.0.1; Nexus 5X Build/MMB29P) AppleWebKit/537.36 (KHTML, like Gecko) Chrome/135.0.7049.95 Mobile Safari/537.36 (compatible; Googlebot/2.1; +http://www.google.com/bot.html)"
185.191.171.19 - - [28/Apr/2025:11:19:42 -0400] "GET /server.php/art-collections-1tkra HTTP/1.1" 403 13 "-" "Mozilla/5.0 (compatible; SemrushBot/7~bl; +http://www.semrush.com/bot.html)"
66.249.79.8 - - [28/Apr/2025:11:19:47 -0400] "GET /server.php?cars-equipment-2no7v HTTP/1.1" 403 13 "-" "Mozilla/5.0 (Linux; Android 6.0.1; Nexus 5X Build/MMB29P) AppleWebKit/537.36 (KHTML, like Gecko) Chrome/135.0.7049.95 Mobile Safari/537.36 (compatible; Googlebot/2.1; +http://www.google.com/bot.html)"
66.249.79.8 - - [28/Apr/2025:11:19:56 -0400] "GET /server.php/sports-running-2b3kd HTTP/1.1" 403 13 "-" "Mozilla/5.0 (Linux; Android 6.0.1; Nexus 5X Build/MMB29P) AppleWebKit/537.36 (KHTML, like Gecko) Chrome/135.0.7049.95 Mobile Safari/537.36 (compatible; Googlebot/2.1; +http://www.google.com/bot.html)"
40.77.167.47 - - [28/Apr/2025:11:20:08 -0400] "GET /server.php/decor-kotatsu-2bxm2 HTTP/1.1" 403 13 "-" "Mozilla/5.0 AppleWebKit/537.36 (KHTML, like Gecko; compatible; bingbot/2.0; +http://www.bing.com/bingbot.htm) Chrome/116.0.1938.76 Safari/537.36"
66.249.79.8 - - [28/Apr/2025:11:20:08 -0400] "GET /server.php/daily-necessities-sinks-1tl6f HTTP/1.1" 403 13 "-" "Mozilla/5.0 (Linux; Android 6.0.1; Nexus 5X Build/MMB29P) AppleWebKit/537.36 (KHTML, like Gecko) Chrome/135.0.7049.95 Mobile Safari/537.36 (compatible; Googlebot/2.1; +http://www.google.com/bot.html)"
66.249.79.1 - - [28/Apr/2025:11:20:12 -0400] "GET /server.php?cosmetics-face-roller-hc4t HTTP/1.1" 403 13 "-" "Mozilla/5.0 (Linux; Android 6.0.1; Nexus 5X Build/MMB29P) AppleWebKit/537.36 (KHTML, like Gecko) Chrome/135.0.7049.95 Mobile Safari/537.36 (compatible; GoogleOther)"
66.249.79.8 - - [28/Apr/2025:11:20:25 -0400] "GET /server.php/fishing-tents-25mtu HTTP/1.1" 403 13 "-" "Mozilla/5.0 (Linux; Android 6.0.1; Nexus 5X Build/MMB29P) AppleWebKit/537.36 (KHTML, like Gecko) Chrome/135.0.7049.95 Mobile Safari/537.36 (compatible; Googlebot/2.1; +http://www.google.com/bot.html)"
66.249.79.8 - - [28/Apr/2025:11:20:37 -0400] "GET /server.php/pcmypage?callback=/product%2Fdetail%2F96869048 HTTP/1.1" 403 13 "-" "Mozilla/5.0 (Linux; Android 6.0.1; Nexus 5X Build/MMB29P) AppleWebKit/537.36 (KHTML, like Gecko) Chrome/135.0.7049.95 Mobile Safari/537.36 (compatible; Googlebot/2.1; +http://www.google.com/bot.html)"
66.249.68.64 - - [28/Apr/2025:11:20:40 -0400] "GET /shopdetail/7287154 HTTP/1.1" 404 13 "-" "Mozilla/5.0 (Linux; Android 6.0.1; Nexus 5X Build/MMB29P) AppleWebKit/537.36 (KHTML, like Gecko) Chrome/135.0.7049.95 Mobile Safari/537.36 (compatible; Googlebot/2.1; +http://www.google.com/bot.html)"
66.249.79.8 - - [28/Apr/2025:11:20:41 -0400] "GET /server.php/sports-women-clothing-19l8v HTTP/1.1" 403 13 "-" "Mozilla/5.0 (Linux; Android 6.0.1; Nexus 5X Build/MMB29P) AppleWebKit/537.36 (KHTML, like Gecko) Chrome/135.0.7049.95 Mobile Safari/537.36 (compatible; Googlebot/2.1; +http://www.google.com/bot.html)"
85.208.96.209 - - [28/Apr/2025:11:20:42 -0400] "GET /server.php/sports-clubs-rofj HTTP/1.1" 403 13 "-" "Mozilla/5.0 (compatible; SemrushBot/7~bl; +http://www.semrush.com/bot.html)"
66.249.79.8 - - [28/Apr/2025:11:20:49 -0400] "GET /server.php?diet-others-2fwg4 HTTP/1.1" 403 13 "-" "Mozilla/5.0 (Linux; Android 6.0.1; Nexus 5X Build/MMB29P) AppleWebKit/537.36 (KHTML, like Gecko) Chrome/135.0.7049.95 Mobile Safari/537.36 (compatible; Googlebot/2.1; +http://www.google.com/bot.html)"
66.249.79.8 - - [28/Apr/2025:11:20:58 -0400] "GET /server.php?flowers-fruit-trees-2l8mc HTTP/1.1" 403 13 "-" "Mozilla/5.0 (Linux; Android 6.0.1; Nexus 5X Build/MMB29P) AppleWebKit/537.36 (KHTML, like Gecko) Chrome/135.0.7049.95 Mobile Safari/537.36 (compatible; Googlebot/2.1; +http://www.google.com/bot.html)"
66.249.79.8 - - [28/Apr/2025:11:21:01 -0400] "GET /server.php?fishing-clothing-25yrf HTTP/1.1" 403 13 "-" "Mozilla/5.0 (Linux; Android 6.0.1; Nexus 5X Build/MMB29P) AppleWebKit/537.36 (KHTML, like Gecko) Chrome/135.0.7049.95 Mobile Safari/537.36 (compatible; Googlebot/2.1; +http://www.google.com/bot.html)"
66.249.79.8 - - [28/Apr/2025:11:21:07 -0400] "GET /server.php?goods-tin-badges-257x8 HTTP/1.1" 403 13 "-" "Mozilla/5.0 (Linux; Android 6.0.1; Nexus 5X Build/MMB29P) AppleWebKit/537.36 (KHTML, like Gecko) Chrome/135.0.7049.95 Mobile Safari/537.36 (compatible; Googlebot/2.1; +http://www.google.com/bot.html)"
66.249.79.8 - - [28/Apr/2025:11:21:11 -0400] "GET /server.php?interior-ornaments-ynmc HTTP/1.1" 403 13 "-" "Mozilla/5.0 (Linux; Android 6.0.1; Nexus 5X Build/MMB29P) AppleWebKit/537.36 (KHTML, like Gecko) Chrome/135.0.7049.95 Mobile Safari/537.36 (compatible; Googlebot/2.1; +http://www.google.com/bot.html)"
