185.191.171.6 - - [28/Apr/2025:17:06:01 -0400] "GET /server.php/goods-others-1unj4 HTTP/1.1" 403 13 "-" "Mozilla/5.0 (compatible; SemrushBot/7~bl; +http://www.semrush.com/bot.html)"
52.167.144.216 - - [28/Apr/2025:17:06:13 -0400] "GET /server.php/smartphones-ipads-1ffwp HTTP/1.1" 403 13 "-" "Mozilla/5.0 AppleWebKit/537.36 (KHTML, like Gecko; compatible; bingbot/2.0; +http://www.bing.com/bingbot.htm) Chrome/116.0.1938.76 Safari/537.36"
52.167.144.216 - - [28/Apr/2025:17:06:31 -0400] "GET /server.php/audio-wearable-cameras-2h9vm HTTP/1.1" 403 13 "-" "Mozilla/5.0 AppleWebKit/537.36 (KHTML, like Gecko; compatible; bingbot/2.0; +http://www.bing.com/bingbot.htm) Chrome/116.0.1938.76 Safari/537.36"
66.249.79.8 - - [28/Apr/2025:17:06:41 -0400] "GET /about-us HTTP/1.1" 404 13 "-" "Mozilla/5.0 (Linux; Android 6.0.1; Nexus 5X Build/MMB29P) AppleWebKit/537.36 (KHTML, like Gecko) Chrome/135.0.7049.95 Mobile Safari/537.36 (compatible; Googlebot/2.1; +http://www.google.com/bot.html)"
66.249.79.8 - - [28/Apr/2025:17:07:03 -0400] "GET /server.php/air-conditioning-stoves-1odug HTTP/1.1" 403 13 "-" "Mozilla/5.0 (Linux; Android 6.0.1; Nexus 5X Build/MMB29P) AppleWebKit/537.36 (KHTML, like Gecko) Chrome/135.0.7049.95 Mobile Safari/537.36 (compatible; Googlebot/2.1; +http://www.google.com/bot.html)"
157.55.39.60 - - [28/Apr/2025:17:07:04 -0400] "GET /server.php/cameras-film-cameras-1osdn HTTP/1.1" 403 13 "-" "Mozilla/5.0 AppleWebKit/537.36 (KHTML, like Gecko; compatible; bingbot/2.0; +http://www.bing.com/bingbot.htm) Chrome/116.0.1938.76 Safari/537.36"
185.191.171.11 - - [28/Apr/2025:17:07:04 -0400] "GET /server.php/fashion-bags-1a0wb HTTP/1.1" 403 13 "-" "Mozilla/5.0 (compatible; SemrushBot/7~bl; +http://www.semrush.com/bot.html)"
66.249.68.64 - - [28/Apr/2025:17:07:53 -0400] "GET /server.php/motorcycles-parts-1iqpy HTTP/1.1" 403 13 "-" "Mozilla/5.0 (Linux; Android 6.0.1; Nexus 5X Build/MMB29P) AppleWebKit/537.36 (KHTML, like Gecko) Chrome/135.0.7049.95 Mobile Safari/537.36 (compatible; Googlebot/2.1; +http://www.google.com/bot.html)"
66.249.68.64 - - [28/Apr/2025:17:07:58 -0400] "GET /server.php/motorcycles-parts-1iqpy HTTP/1.1" 403 13 "-" "Mozilla/5.0 (compatible; Googlebot/2.1; +http://www.google.com/bot.html)"
185.191.171.6 - - [28/Apr/2025:17:08:06 -0400] "GET /server.php/drinks-whiskey-1i1n4 HTTP/1.1" 403 13 "-" "Mozilla/5.0 (compatible; SemrushBot/7~bl; +http://www.semrush.com/bot.html)"
66.249.68.64 - - [28/Apr/2025:17:08:19 -0400] "GET /server.php/cars-wheels-22pc4 HTTP/1.1" 403 13 "-" "Mozilla/5.0 (Linux; Android 6.0.1; Nexus 5X Build/MMB29P) AppleWebKit/537.36 (KHTML, like Gecko) Chrome/135.0.7049.95 Mobile Safari/537.36 (compatible; Googlebot/2.1; +http://www.google.com/bot.html)"
85.208.96.199 - - [28/Apr/2025:17:09:06 -0400] "GET /server.php/musical-instruments-hobby-radio-controlled-cars-1gix7 HTTP/1.1" 403 13 "-" "Mozilla/5.0 (compatible; SemrushBot/7~bl; +http://www.semrush.com/bot.html)"
66.249.68.64 - - [28/Apr/2025:17:09:27 -0400] "GET /server.php/sports-bodyboarding-1m33m HTTP/1.1" 403 13 "-" "Mozilla/5.0 (compatible; Googlebot/2.1; +http://www.google.com/bot.html)"
66.249.79.2 - - [28/Apr/2025:17:09:38 -0400] "GET /server.php/pcmypage?callback=/product%2Fdetail%2F88492040 HTTP/1.1" 403 13 "-" "Mozilla/5.0 (Linux; Android 6.0.1; Nexus 5X Build/MMB29P) AppleWebKit/537.36 (KHTML, like Gecko) Chrome/135.0.7049.95 Mobile Safari/537.36 (compatible; Googlebot/2.1; +http://www.google.com/bot.html)"
66.249.68.71 - - [28/Apr/2025:17:09:47 -0400] "GET /server.php/handmade-ornaments-wj8t HTTP/1.1" 403 13 "-" "Mozilla/5.0 (Linux; Android 6.0.1; Nexus 5X Build/MMB29P) AppleWebKit/537.36 (KHTML, like Gecko) Chrome/135.0.7049.95 Mobile Safari/537.36 (compatible; Googlebot/2.1; +http://www.google.com/bot.html)"
185.191.171.19 - - [28/Apr/2025:17:10:07 -0400] "GET /server.php/hobbies-collections-cx5h HTTP/1.1" 403 13 "-" "Mozilla/5.0 (compatible; SemrushBot/7~bl; +http://www.semrush.com/bot.html)"
66.249.68.71 - - [28/Apr/2025:17:10:31 -0400] "GET /shopdetail/17249410 HTTP/1.1" 404 13 "-" "Mozilla/5.0 (compatible; Googlebot/2.1; +http://www.google.com/bot.html)"
66.249.79.1 - - [28/Apr/2025:17:10:51 -0400] "GET /server.php/musical-instruments-hobby-radio-controlled-cars-1rlij HTTP/1.1" 403 13 "-" "Mozilla/5.0 (Linux; Android 6.0.1; Nexus 5X Build/MMB29P) AppleWebKit/537.36 (KHTML, like Gecko) Chrome/135.0.7049.95 Mobile Safari/537.36 (compatible; Googlebot/2.1; +http://www.google.com/bot.html)"
40.77.167.4 - - [28/Apr/2025:17:11:00 -0400] "GET /server.php/smartphones-smartphones-29ecp HTTP/1.1" 403 13 "-" "Mozilla/5.0 AppleWebKit/537.36 (KHTML, like Gecko; compatible; bingbot/2.0; +http://www.bing.com/bingbot.htm) Chrome/116.0.1938.76 Safari/537.36"
185.191.171.13 - - [28/Apr/2025:17:11:09 -0400] "GET /server.php/smartphones-printers-1q4nh HTTP/1.1" 403 13 "-" "Mozilla/5.0 (compatible; SemrushBot/7~bl; +http://www.semrush.com/bot.html)"
66.249.68.65 - - [28/Apr/2025:17:11:31 -0400] "GET /server.php/computers-windows-notebooks-122e2 HTTP/1.1" 403 13 "-" "Mozilla/5.0 (Linux; Android 6.0.1; Nexus 5X Build/MMB29P) AppleWebKit/537.36 (KHTML, like Gecko) Chrome/135.0.7049.95 Mobile Safari/537.36 (compatible; GoogleOther)"
40.77.167.4 - - [28/Apr/2025:17:11:31 -0400] "GET /server.php/daily-necessities-others-19n9w HTTP/1.1" 403 13 "-" "Mozilla/5.0 AppleWebKit/537.36 (KHTML, like Gecko; compatible; bingbot/2.0; +http://www.bing.com/bingbot.htm) Chrome/116.0.1938.76 Safari/537.36"
66.249.79.1 - - [28/Apr/2025:17:11:43 -0400] "GET /server.php/pcmypage?callback=/product%2Fdetail%2F20252434 HTTP/1.1" 403 13 "-" "Mozilla/5.0 (Linux; Android 6.0.1; Nexus 5X Build/MMB29P) AppleWebKit/537.36 (KHTML, like Gecko) Chrome/135.0.7049.95 Mobile Safari/537.36 (compatible; Googlebot/2.1; +http://www.google.com/bot.html)"
85.208.96.206 - - [28/Apr/2025:17:12:10 -0400] "GET /server.php/kitchen-tableware-137xy HTTP/1.1" 403 13 "-" "Mozilla/5.0 (compatible; SemrushBot/7~bl; +http://www.semrush.com/bot.html)"
66.249.79.2 - - [28/Apr/2025:17:12:22 -0400] "GET /server.php/pcmypage?callback=product/review/86240193 HTTP/1.1" 403 13 "-" "Mozilla/5.0 (Linux; Android 6.0.1; Nexus 5X Build/MMB29P) AppleWebKit/537.36 (KHTML, like Gecko) Chrome/135.0.7049.95 Mobile Safari/537.36 (compatible; Googlebot/2.1; +http://www.google.com/bot.html)"
66.249.68.64 - - [28/Apr/2025:17:12:23 -0400] "GET /server.php/books-complete-sets-2kdu9 HTTP/1.1" 403 13 "-" "Mozilla/5.0 (Linux; Android 6.0.1; Nexus 5X Build/MMB29P) AppleWebKit/537.36 (KHTML, like Gecko) Chrome/135.0.7049.95 Mobile Safari/537.36 (compatible; GoogleOther)"
66.249.79.8 - - [28/Apr/2025:17:12:50 -0400] "GET /server.php?air-conditioning-electronic-dictionary-pr03 HTTP/1.1" 403 13 "-" "Mozilla/5.0 (Linux; Android 6.0.1; Nexus 5X Build/MMB29P) AppleWebKit/537.36 (KHTML, like Gecko) Chrome/135.0.7049.95 Mobile Safari/537.36 (compatible; Googlebot/2.1; +http://www.google.com/bot.html)"
66.249.68.71 - - [28/Apr/2025:17:12:53 -0400] "GET /server.php/fishing-rods-sjp5 HTTP/1.1" 403 13 "-" "Mozilla/5.0 (compatible; Googlebot/2.1; +http://www.google.com/bot.html)"
66.249.68.71 - - [28/Apr/2025:17:12:56 -0400] "GET /server.php/flowers-cacti-kmjv HTTP/1.1" 403 13 "-" "Mozilla/5.0 (compatible; Googlebot/2.1; +http://www.google.com/bot.html)"
66.249.79.8 - - [28/Apr/2025:17:13:05 -0400] "GET /server.php/safe_search/config?return_url=%2Fproduct%2Fdetail%2F53282274 HTTP/1.1" 403 13 "-" "Mozilla/5.0 (Linux; Android 6.0.1; Nexus 5X Build/MMB29P) AppleWebKit/537.36 (KHTML, like Gecko) Chrome/135.0.7049.95 Mobile Safari/537.36 (compatible; Googlebot/2.1; +http://www.google.com/bot.html)"
85.208.96.204 - - [28/Apr/2025:17:13:10 -0400] "GET /server.php/handmade-tops-2b9cr HTTP/1.1" 403 13 "-" "Mozilla/5.0 (compatible; SemrushBot/7~bl; +http://www.semrush.com/bot.html)"
66.249.68.65 - - [28/Apr/2025:17:13:17 -0400] "GET /server.php/manga-sports-12gyj HTTP/1.1" 403 13 "-" "Mozilla/5.0 (compatible; Googlebot/2.1; +http://www.google.com/bot.html)"
157.55.39.13 - - [28/Apr/2025:17:13:47 -0400] "GET /server.php/cameras-zoom-lens-1cyuf HTTP/1.1" 403 13 "-" "Mozilla/5.0 AppleWebKit/537.36 (KHTML, like Gecko; compatible; bingbot/2.0; +http://www.bing.com/bingbot.htm) Chrome/116.0.1938.76 Safari/537.36"
66.249.68.71 - - [28/Apr/2025:17:13:52 -0400] "GET /server.php/outdoor-fishing-tools-sda4 HTTP/1.1" 403 13 "-" "Mozilla/5.0 (Linux; Android 6.0.1; Nexus 5X Build/MMB29P) AppleWebKit/537.36 (KHTML, like Gecko) Chrome/135.0.7049.95 Mobile Safari/537.36 (compatible; Googlebot/2.1; +http://www.google.com/bot.html)"
85.208.96.204 - - [28/Apr/2025:17:14:11 -0400] "GET /server.php/furniture-center-tables-2hvd HTTP/1.1" 403 13 "-" "Mozilla/5.0 (compatible; SemrushBot/7~bl; +http://www.semrush.com/bot.html)"
66.249.79.8 - - [28/Apr/2025:17:14:22 -0400] "GET /property/beautiful-house HTTP/1.1" 404 13 "-" "Mozilla/5.0 (Linux; Android 6.0.1; Nexus 5X Build/MMB29P) AppleWebKit/537.36 (KHTML, like Gecko) Chrome/135.0.7049.95 Mobile Safari/537.36 (compatible; Googlebot/2.1; +http://www.google.com/bot.html)"
85.208.96.199 - - [28/Apr/2025:17:15:11 -0400] "GET /server.php/interior-dining-chairs-1lhs4 HTTP/1.1" 403 13 "-" "Mozilla/5.0 (compatible; SemrushBot/7~bl; +http://www.semrush.com/bot.html)"
66.249.79.2 - - [28/Apr/2025:17:15:46 -0400] "GET /server.php/product/edit/60725473 HTTP/1.1" 403 13 "-" "Mozilla/5.0 (Linux; Android 6.0.1; Nexus 5X Build/MMB29P) AppleWebKit/537.36 (KHTML, like Gecko) Chrome/135.0.7049.95 Mobile Safari/537.36 (compatible; Googlebot/2.1; +http://www.google.com/bot.html)"
66.249.79.8 - - [28/Apr/2025:17:15:54 -0400] "GET /server.php?tv-digital-cameras-1mpdf HTTP/1.1" 403 13 "-" "Mozilla/5.0 (Linux; Android 6.0.1; Nexus 5X Build/MMB29P) AppleWebKit/537.36 (KHTML, like Gecko) Chrome/135.0.7049.95 Mobile Safari/537.36 (compatible; GoogleOther)"
185.191.171.14 - - [28/Apr/2025:17:16:14 -0400] "GET /server.php/handicrafts-small-item-cases-1xxek HTTP/1.1" 403 13 "-" "Mozilla/5.0 (compatible; SemrushBot/7~bl; +http://www.semrush.com/bot.html)"
66.249.79.1 - - [28/Apr/2025:17:16:39 -0400] "GET /server.php?tv-lenses-fx62 HTTP/1.1" 403 13 "-" "Mozilla/5.0 (Linux; Android 6.0.1; Nexus 5X Build/MMB29P) AppleWebKit/537.36 (KHTML, like Gecko) Chrome/135.0.7049.95 Mobile Safari/537.36 (compatible; Googlebot/2.1; +http://www.google.com/bot.html)"
85.208.96.196 - - [28/Apr/2025:17:17:14 -0400] "GET /server.php/goods-toy-guns-10mjc HTTP/1.1" 403 13 "-" "Mozilla/5.0 (compatible; SemrushBot/7~bl; +http://www.semrush.com/bot.html)"
66.249.68.65 - - [28/Apr/2025:17:17:16 -0400] "GET /server.php/character-girls-1wv62 HTTP/1.1" 403 13 "-" "Mozilla/5.0 (compatible; Googlebot/2.1; +http://www.google.com/bot.html)"
52.167.144.181 - - [28/Apr/2025:17:17:35 -0400] "GET /server.php/computers-laptop-body-2lfot HTTP/1.1" 403 13 "-" "Mozilla/5.0 AppleWebKit/537.36 (KHTML, like Gecko; compatible; bingbot/2.0; +http://www.bing.com/bingbot.htm) Chrome/116.0.1938.76 Safari/537.36"
66.249.79.2 - - [28/Apr/2025:17:17:39 -0400] "GET /server.php/category/9635/listing HTTP/1.1" 403 13 "-" "Mozilla/5.0 (Linux; Android 6.0.1; Nexus 5X Build/MMB29P) AppleWebKit/537.36 (KHTML, like Gecko) Chrome/135.0.7049.95 Mobile Safari/537.36 (compatible; Googlebot/2.1; +http://www.google.com/bot.html)"
20.26.80.129 - - [28/Apr/2025:17:17:52 -0400] "GET /server.php/cars-tires-20ver HTTP/1.1" 403 13 "-" "Mozilla/5.0 (Windows NT 10.0; Win64; x64) AppleWebKit/537.36 (KHTML, like Gecko) Chrome/131.0.0.0 Safari/537.36 Edg/131.0.0.0"
185.191.171.10 - - [28/Apr/2025:17:18:06 -0400] "GET /robots.txt HTTP/1.1" 200 81 "-" "Mozilla/5.0 (compatible; SemrushBot/7~bl; +http://www.semrush.com/bot.html)"
185.191.171.10 - - [28/Apr/2025:17:18:15 -0400] "GET /server.php/home-appliances-kitchen-appliances-mqyt HTTP/1.1" 403 13 "-" "Mozilla/5.0 (compatible; SemrushBot/7~bl; +http://www.semrush.com/bot.html)"
66.249.79.2 - - [28/Apr/2025:17:18:16 -0400] "GET /server.php/fashion-dresses-28sru HTTP/1.1" 403 13 "-" "Mozilla/5.0 (Linux; Android 6.0.1; Nexus 5X Build/MMB29P) AppleWebKit/537.36 (KHTML, like Gecko) Chrome/135.0.7049.95 Mobile Safari/537.36 (compatible; Googlebot/2.1; +http://www.google.com/bot.html)"
157.55.39.13 - - [28/Apr/2025:17:18:27 -0400] "GET /server.php/goods-pokemon-card-games-gsv6 HTTP/1.1" 403 13 "-" "Mozilla/5.0 AppleWebKit/537.36 (KHTML, like Gecko; compatible; bingbot/2.0; +http://www.bing.com/bingbot.htm) Chrome/116.0.1938.76 Safari/537.36"
66.249.79.8 - - [28/Apr/2025:17:19:08 -0400] "GET /server.php/computers-monitor-2mw7y HTTP/1.1" 403 13 "-" "Mozilla/5.0 (Linux; Android 6.0.1; Nexus 5X Build/MMB29P) AppleWebKit/537.36 (KHTML, like Gecko) Chrome/135.0.7049.95 Mobile Safari/537.36 (compatible; Googlebot/2.1; +http://www.google.com/bot.html)"
185.191.171.10 - - [28/Apr/2025:17:19:16 -0400] "GET /server.php/fashion-outerwear-164gu HTTP/1.1" 403 13 "-" "Mozilla/5.0 (compatible; SemrushBot/7~bl; +http://www.semrush.com/bot.html)"
85.208.96.199 - - [28/Apr/2025:17:20:17 -0400] "GET /server.php/handmade-dolls-11wxi HTTP/1.1" 403 13 "-" "Mozilla/5.0 (compatible; SemrushBot/7~bl; +http://www.semrush.com/bot.html)"
66.249.68.65 - - [28/Apr/2025:17:20:27 -0400] "GET /server.php/tickets-shopping-1go9o HTTP/1.1" 403 13 "-" "Mozilla/5.0 (Linux; Android 6.0.1; Nexus 5X Build/MMB29P) AppleWebKit/537.36 (KHTML, like Gecko) Chrome/135.0.7049.95 Mobile Safari/537.36 (compatible; Googlebot/2.1; +http://www.google.com/bot.html)"
66.249.79.8 - - [28/Apr/2025:17:20:43 -0400] "GET /server.php/fashion-overalls-1nv0x HTTP/1.1" 403 13 "-" "Mozilla/5.0 (Linux; Android 6.0.1; Nexus 5X Build/MMB29P) AppleWebKit/537.36 (KHTML, like Gecko) Chrome/135.0.7049.95 Mobile Safari/537.36 (compatible; Googlebot/2.1; +http://www.google.com/bot.html)"
52.167.144.159 - - [28/Apr/2025:17:20:50 -0400] "GET /server.php/cds-tv-dramas-1ayf6 HTTP/1.1" 403 13 "-" "Mozilla/5.0 AppleWebKit/537.36 (KHTML, like Gecko; compatible; bingbot/2.0; +http://www.bing.com/bingbot.htm) Chrome/116.0.1938.76 Safari/537.36"
185.191.171.4 - - [28/Apr/2025:17:21:18 -0400] "GET /server.php/fashion-jackets-19453 HTTP/1.1" 403 13 "-" "Mozilla/5.0 (compatible; SemrushBot/7~bl; +http://www.semrush.com/bot.html)"
85.208.96.199 - - [28/Apr/2025:17:22:18 -0400] "GET /server.php/fashion-yukata-1v45f HTTP/1.1" 403 13 "-" "Mozilla/5.0 (compatible; SemrushBot/7~bl; +http://www.semrush.com/bot.html)"
66.249.68.65 - - [28/Apr/2025:17:22:43 -0400] "GET /server.php/books-sports-131ii HTTP/1.1" 403 13 "-" "Mozilla/5.0 (Linux; Android 6.0.1; Nexus 5X Build/MMB29P) AppleWebKit/537.36 (KHTML, like Gecko) Chrome/135.0.7049.95 Mobile Safari/537.36 (compatible; GoogleOther)"
52.167.144.181 - - [28/Apr/2025:17:23:12 -0400] "GET /server.php/hobbies-cosplay-costumes-8bqw HTTP/1.1" 403 13 "-" "Mozilla/5.0 AppleWebKit/537.36 (KHTML, like Gecko; compatible; bingbot/2.0; +http://www.bing.com/bingbot.htm) Chrome/116.0.1938.76 Safari/537.36"
66.249.79.2 - - [28/Apr/2025:17:23:17 -0400] "GET /server.php?kitchen-bulk-sales-5p40 HTTP/1.1" 403 13 "-" "Mozilla/5.0 (Linux; Android 6.0.1; Nexus 5X Build/MMB29P) AppleWebKit/537.36 (KHTML, like Gecko) Chrome/135.0.7049.95 Mobile Safari/537.36 (compatible; Googlebot/2.1; +http://www.google.com/bot.html)"
185.191.171.8 - - [28/Apr/2025:17:23:19 -0400] "GET /server.php/air-conditioning-electric-fans-2a24t HTTP/1.1" 403 13 "-" "Mozilla/5.0 (compatible; SemrushBot/7~bl; +http://www.semrush.com/bot.html)"
66.249.79.1 - - [28/Apr/2025:17:23:28 -0400] "GET /server.php/home-appliances-vacuum-cleaners-1a4hy HTTP/1.1" 403 13 "-" "Mozilla/5.0 (Linux; Android 6.0.1; Nexus 5X Build/MMB29P) AppleWebKit/537.36 (KHTML, like Gecko) Chrome/135.0.7049.95 Mobile Safari/537.36 (compatible; Googlebot/2.1; +http://www.google.com/bot.html)"
66.249.79.8 - - [28/Apr/2025:17:23:32 -0400] "GET /server.php/pcmypage?callback=product%2Fdetail%2F99067482 HTTP/1.1" 403 13 "-" "Mozilla/5.0 (Linux; Android 6.0.1; Nexus 5X Build/MMB29P) AppleWebKit/537.36 (KHTML, like Gecko) Chrome/135.0.7049.95 Mobile Safari/537.36 (compatible; Googlebot/2.1; +http://www.google.com/bot.html)"
66.249.79.8 - - [28/Apr/2025:17:23:48 -0400] "GET /server.php?toys-personal-equipment-2gv02 HTTP/1.1" 403 13 "-" "Mozilla/5.0 (Linux; Android 6.0.1; Nexus 5X Build/MMB29P) AppleWebKit/537.36 (KHTML, like Gecko) Chrome/135.0.7049.95 Mobile Safari/537.36 (compatible; Googlebot/2.1; +http://www.google.com/bot.html)"
66.249.79.8 - - [28/Apr/2025:17:24:03 -0400] "GET /server.php/fashion-dresses-yx1j HTTP/1.1" 403 13 "-" "Mozilla/5.0 (Linux; Android 6.0.1; Nexus 5X Build/MMB29P) AppleWebKit/537.36 (KHTML, like Gecko) Chrome/135.0.7049.95 Mobile Safari/537.36 (compatible; Googlebot/2.1; +http://www.google.com/bot.html)"
66.249.79.8 - - [28/Apr/2025:17:24:09 -0400] "GET /server.php/daily-necessities-bulk-sales-28qea HTTP/1.1" 403 13 "-" "Mozilla/5.0 (Linux; Android 6.0.1; Nexus 5X Build/MMB29P) AppleWebKit/537.36 (KHTML, like Gecko) Chrome/135.0.7049.95 Mobile Safari/537.36 (compatible; Googlebot/2.1; +http://www.google.com/bot.html)"
85.208.96.193 - - [28/Apr/2025:17:24:21 -0400] "GET /server.php/computers-smartphones-2od0p HTTP/1.1" 403 13 "-" "Mozilla/5.0 (compatible; SemrushBot/7~bl; +http://www.semrush.com/bot.html)"
66.249.79.8 - - [28/Apr/2025:17:24:30 -0400] "GET /server.php?fashion-accessories-1uxs6 HTTP/1.1" 403 13 "-" "Mozilla/5.0 (Linux; Android 6.0.1; Nexus 5X Build/MMB29P) AppleWebKit/537.36 (KHTML, like Gecko) Chrome/135.0.7049.95 Mobile Safari/537.36 (compatible; Googlebot/2.1; +http://www.google.com/bot.html)"
66.249.79.8 - - [28/Apr/2025:17:24:31 -0400] "GET /server.php/diy-bag-262jp HTTP/1.1" 403 13 "-" "Mozilla/5.0 (Linux; Android 6.0.1; Nexus 5X Build/MMB29P) AppleWebKit/537.36 (KHTML, like Gecko) Chrome/135.0.7049.95 Mobile Safari/537.36 (compatible; Googlebot/2.1; +http://www.google.com/bot.html)"
66.249.68.65 - - [28/Apr/2025:17:24:44 -0400] "GET /server.php/collection-other-2kfhp HTTP/1.1" 403 13 "-" "Mozilla/5.0 (compatible; Googlebot/2.1; +http://www.google.com/bot.html)"
20.27.20.29 - - [28/Apr/2025:17:24:50 -0400] "GET /server.php/tablets-monitor-4jk2 HTTP/1.1" 403 13 "-" "Mozilla/5.0 (Windows NT 10.0; Win64; x64) AppleWebKit/537.36 (KHTML, like Gecko) Chrome/131.0.0.0 Safari/537.36 Edg/131.0.0.0"
66.249.79.8 - - [28/Apr/2025:17:24:52 -0400] "GET /server.php/pcmypage?callback=product%2Fdetail%2F15004319 HTTP/1.1" 403 13 "-" "Mozilla/5.0 (Linux; Android 6.0.1; Nexus 5X Build/MMB29P) AppleWebKit/537.36 (KHTML, like Gecko) Chrome/135.0.7049.95 Mobile Safari/537.36 (compatible; Googlebot/2.1; +http://www.google.com/bot.html)"
66.249.79.8 - - [28/Apr/2025:17:24:53 -0400] "GET /server.php?audio-television-5g58 HTTP/1.1" 403 13 "-" "Mozilla/5.0 (Linux; Android 6.0.1; Nexus 5X Build/MMB29P) AppleWebKit/537.36 (KHTML, like Gecko) Chrome/135.0.7049.95 Mobile Safari/537.36 (compatible; Googlebot/2.1; +http://www.google.com/bot.html)"
66.249.79.8 - - [28/Apr/2025:17:24:59 -0400] "GET /server.php?audio-digital-cameras-clk7 HTTP/1.1" 403 13 "-" "Mozilla/5.0 (Linux; Android 6.0.1; Nexus 5X Build/MMB29P) AppleWebKit/537.36 (KHTML, like Gecko) Chrome/135.0.7049.95 Mobile Safari/537.36 (compatible; Googlebot/2.1; +http://www.google.com/bot.html)"
66.249.79.8 - - [28/Apr/2025:17:25:21 -0400] "GET /server.php?musical-instruments-accessories-1cx21 HTTP/1.1" 403 13 "-" "Mozilla/5.0 (Linux; Android 6.0.1; Nexus 5X Build/MMB29P) AppleWebKit/537.36 (KHTML, like Gecko) Chrome/135.0.7049.95 Mobile Safari/537.36 (compatible; Googlebot/2.1; +http://www.google.com/bot.html)"
185.191.171.4 - - [28/Apr/2025:17:25:22 -0400] "GET /server.php/diy-others-1g2wd HTTP/1.1" 403 13 "-" "Mozilla/5.0 (compatible; SemrushBot/7~bl; +http://www.semrush.com/bot.html)"
66.249.79.8 - - [28/Apr/2025:17:25:43 -0400] "GET /server.php?hobbies-drums-1a334 HTTP/1.1" 403 13 "-" "Mozilla/5.0 (Linux; Android 6.0.1; Nexus 5X Build/MMB29P) AppleWebKit/537.36 (KHTML, like Gecko) Chrome/135.0.7049.95 Mobile Safari/537.36 (compatible; Googlebot/2.1; +http://www.google.com/bot.html)"
66.249.79.8 - - [28/Apr/2025:17:25:59 -0400] "GET /server.php?air-conditioning-ih-cookers-1s445 HTTP/1.1" 403 13 "-" "Mozilla/5.0 (Linux; Android 6.0.1; Nexus 5X Build/MMB29P) AppleWebKit/537.36 (KHTML, like Gecko) Chrome/135.0.7049.95 Mobile Safari/537.36 (compatible; Googlebot/2.1; +http://www.google.com/bot.html)"
66.249.79.2 - - [28/Apr/2025:17:26:09 -0400] "GET /server.php?tablets-pc-cables-2f8ih HTTP/1.1" 403 13 "-" "Mozilla/5.0 (Linux; Android 6.0.1; Nexus 5X Build/MMB29P) AppleWebKit/537.36 (KHTML, like Gecko) Chrome/135.0.7049.95 Mobile Safari/537.36 (compatible; Googlebot/2.1; +http://www.google.com/bot.html)"
85.208.96.197 - - [28/Apr/2025:17:26:22 -0400] "GET /server.php/hobbies-crafts-1hp1a HTTP/1.1" 403 13 "-" "Mozilla/5.0 (compatible; SemrushBot/7~bl; +http://www.semrush.com/bot.html)"
66.249.79.1 - - [28/Apr/2025:17:26:27 -0400] "GET /server.php?audio-action-cameras-109jx HTTP/1.1" 403 13 "-" "Mozilla/5.0 (Linux; Android 6.0.1; Nexus 5X Build/MMB29P) AppleWebKit/537.36 (KHTML, like Gecko) Chrome/135.0.7049.95 Mobile Safari/537.36 (compatible; Googlebot/2.1; +http://www.google.com/bot.html)"
66.249.79.8 - - [28/Apr/2025:17:26:44 -0400] "GET /server.php/daily-necessities-portable-power-sources-w5ox HTTP/1.1" 403 13 "-" "Mozilla/5.0 (Linux; Android 6.0.1; Nexus 5X Build/MMB29P) AppleWebKit/537.36 (KHTML, like Gecko) Chrome/135.0.7049.95 Mobile Safari/537.36 (compatible; Googlebot/2.1; +http://www.google.com/bot.html)"
66.249.79.1 - - [28/Apr/2025:17:27:06 -0400] "GET /server.php/pcmypage?callback=/product%2Fdetail%2F65925324 HTTP/1.1" 403 13 "-" "Mozilla/5.0 (Linux; Android 6.0.1; Nexus 5X Build/MMB29P) AppleWebKit/537.36 (KHTML, like Gecko) Chrome/135.0.7049.95 Mobile Safari/537.36 (compatible; Googlebot/2.1; +http://www.google.com/bot.html)"
185.191.171.3 - - [28/Apr/2025:17:27:23 -0400] "GET /server.php/goods-personal-equipment-r0h5 HTTP/1.1" 403 13 "-" "Mozilla/5.0 (compatible; SemrushBot/7~bl; +http://www.semrush.com/bot.html)"
66.249.79.8 - - [28/Apr/2025:17:27:38 -0400] "GET /server.php/flowers-wreaths-aso7 HTTP/1.1" 403 13 "-" "Mozilla/5.0 (Linux; Android 6.0.1; Nexus 5X Build/MMB29P) AppleWebKit/537.36 (KHTML, like Gecko) Chrome/135.0.7049.95 Mobile Safari/537.36 (compatible; Googlebot/2.1; +http://www.google.com/bot.html)"
66.249.79.8 - - [28/Apr/2025:17:27:49 -0400] "GET /server.php/fashion-outerwear-ijr1 HTTP/1.1" 403 13 "-" "Mozilla/5.0 (Linux; Android 6.0.1; Nexus 5X Build/MMB29P) AppleWebKit/537.36 (KHTML, like Gecko) Chrome/135.0.7049.95 Mobile Safari/537.36 (compatible; Googlebot/2.1; +http://www.google.com/bot.html)"
52.167.144.221 - - [28/Apr/2025:17:28:04 -0400] "GET /server.php/goods-anime-wb0r HTTP/1.1" 403 13 "-" "Mozilla/5.0 AppleWebKit/537.36 (KHTML, like Gecko; compatible; bingbot/2.0; +http://www.bing.com/bingbot.htm) Chrome/116.0.1938.76 Safari/537.36"
66.249.79.2 - - [28/Apr/2025:17:28:14 -0400] "GET /server.php/pcmypage?callback=product%2Fdetail%2F67891485 HTTP/1.1" 403 13 "-" "Mozilla/5.0 (Linux; Android 6.0.1; Nexus 5X Build/MMB29P) AppleWebKit/537.36 (KHTML, like Gecko) Chrome/135.0.7049.95 Mobile Safari/537.36 (compatible; Googlebot/2.1; +http://www.google.com/bot.html)"
185.191.171.14 - - [28/Apr/2025:17:28:24 -0400] "GET /server.php/cosmetics-unisex-perfumes-2dosf HTTP/1.1" 403 13 "-" "Mozilla/5.0 (compatible; SemrushBot/7~bl; +http://www.semrush.com/bot.html)"
20.99.210.68 - - [28/Apr/2025:17:28:29 -0400] "GET /server.php/cameras-zoom-lens-y08n HTTP/1.1" 403 13 "-" "Mozilla/5.0 (Windows NT 10.0; Win64; x64) AppleWebKit/537.36 (KHTML, like Gecko) Chrome/131.0.0.0 Safari/537.36 Edg/131.0.0.0"
66.249.79.8 - - [28/Apr/2025:17:28:49 -0400] "GET /server.php/fashion-jackets-vppx HTTP/1.1" 403 13 "-" "Mozilla/5.0 (Linux; Android 6.0.1; Nexus 5X Build/MMB29P) AppleWebKit/537.36 (KHTML, like Gecko) Chrome/135.0.7049.95 Mobile Safari/537.36 (compatible; Googlebot/2.1; +http://www.google.com/bot.html)"
66.249.79.8 - - [28/Apr/2025:17:28:58 -0400] "GET /server.php/safe_search/config?return_url=%2Fproduct%2Fdetail%2F66914649 HTTP/1.1" 403 13 "-" "Mozilla/5.0 (Linux; Android 6.0.1; Nexus 5X Build/MMB29P) AppleWebKit/537.36 (KHTML, like Gecko) Chrome/135.0.7049.95 Mobile Safari/537.36 (compatible; Googlebot/2.1; +http://www.google.com/bot.html)"
66.249.79.8 - - [28/Apr/2025:17:28:59 -0400] "GET /server.php/pcmypage?callback=product%2Fdetail%2F43989946 HTTP/1.1" 403 13 "-" "Mozilla/5.0 (Linux; Android 6.0.1; Nexus 5X Build/MMB29P) AppleWebKit/537.36 (KHTML, like Gecko) Chrome/135.0.7049.95 Mobile Safari/537.36 (compatible; Googlebot/2.1; +http://www.google.com/bot.html)"
66.249.79.2 - - [28/Apr/2025:17:29:21 -0400] "GET /server.php/decor-others-dhhi HTTP/1.1" 403 13 "-" "Mozilla/5.0 (Linux; Android 6.0.1; Nexus 5X Build/MMB29P) AppleWebKit/537.36 (KHTML, like Gecko) Chrome/135.0.7049.95 Mobile Safari/537.36 (compatible; Googlebot/2.1; +http://www.google.com/bot.html)"
185.191.171.18 - - [28/Apr/2025:17:29:26 -0400] "GET /server.php/bicycles-wheels-1gl5r HTTP/1.1" 403 13 "-" "Mozilla/5.0 (compatible; SemrushBot/7~bl; +http://www.semrush.com/bot.html)"
66.249.79.1 - - [28/Apr/2025:17:29:51 -0400] "GET /server.php/hobbies-percussion-instruments-ic8c HTTP/1.1" 403 13 "-" "Mozilla/5.0 (Linux; Android 6.0.1; Nexus 5X Build/MMB29P) AppleWebKit/537.36 (KHTML, like Gecko) Chrome/135.0.7049.95 Mobile Safari/537.36 (compatible; Googlebot/2.1; +http://www.google.com/bot.html)"
66.249.79.2 - - [28/Apr/2025:17:30:16 -0400] "GET /server.php?fashion-watches-2msvc HTTP/1.1" 403 13 "-" "Mozilla/5.0 (Linux; Android 6.0.1; Nexus 5X Build/MMB29P) AppleWebKit/537.36 (KHTML, like Gecko) Chrome/135.0.7049.95 Mobile Safari/537.36 (compatible; Googlebot/2.1; +http://www.google.com/bot.html)"
66.249.79.8 - - [28/Apr/2025:17:30:20 -0400] "GET /server.php/kitchen-household-accounts-1lao9 HTTP/1.1" 403 13 "-" "Mozilla/5.0 (Linux; Android 6.0.1; Nexus 5X Build/MMB29P) AppleWebKit/537.36 (KHTML, like Gecko) Chrome/135.0.7049.95 Mobile Safari/537.36 (compatible; Googlebot/2.1; +http://www.google.com/bot.html)"
185.191.171.4 - - [28/Apr/2025:17:30:27 -0400] "GET /server.php/goods-pokemon-card-games-114ur HTTP/1.1" 403 13 "-" "Mozilla/5.0 (compatible; SemrushBot/7~bl; +http://www.semrush.com/bot.html)"
52.167.144.159 - - [28/Apr/2025:17:30:31 -0400] "GET /server.php/tablets-pc-speakers-obt4 HTTP/1.1" 403 13 "-" "Mozilla/5.0 AppleWebKit/537.36 (KHTML, like Gecko; compatible; bingbot/2.0; +http://www.bing.com/bingbot.htm) Chrome/116.0.1938.76 Safari/537.36"
66.249.79.8 - - [28/Apr/2025:17:30:32 -0400] "GET /server.php?games-sports-1i8nn HTTP/1.1" 403 13 "-" "Mozilla/5.0 (Linux; Android 6.0.1; Nexus 5X Build/MMB29P) AppleWebKit/537.36 (KHTML, like Gecko) Chrome/135.0.7049.95 Mobile Safari/537.36 (compatible; Googlebot/2.1; +http://www.google.com/bot.html)"
66.249.79.8 - - [28/Apr/2025:17:30:40 -0400] "GET /server.php?air-conditioning-electric-heaters-1rfo7 HTTP/1.1" 403 13 "-" "Mozilla/5.0 (Linux; Android 6.0.1; Nexus 5X Build/MMB29P) AppleWebKit/537.36 (KHTML, like Gecko) Chrome/135.0.7049.95 Mobile Safari/537.36 (compatible; Googlebot/2.1; +http://www.google.com/bot.html)"
66.249.79.8 - - [28/Apr/2025:17:30:51 -0400] "GET /server.php?cosmetics-women-perfume-15be5 HTTP/1.1" 403 13 "-" "Mozilla/5.0 (Linux; Android 6.0.1; Nexus 5X Build/MMB29P) AppleWebKit/537.36 (KHTML, like Gecko) Chrome/135.0.7049.95 Mobile Safari/537.36 (compatible; Googlebot/2.1; +http://www.google.com/bot.html)"
66.249.79.1 - - [28/Apr/2025:17:31:06 -0400] "GET /server.php?food-whiskey-swcv HTTP/1.1" 403 13 "-" "Mozilla/5.0 (Linux; Android 6.0.1; Nexus 5X Build/MMB29P) AppleWebKit/537.36 (KHTML, like Gecko) Chrome/135.0.7049.95 Mobile Safari/537.36 (compatible; Googlebot/2.1; +http://www.google.com/bot.html)"
66.249.79.1 - - [28/Apr/2025:17:31:17 -0400] "GET /server.php?health-cold-prevention-17psu HTTP/1.1" 403 13 "-" "Mozilla/5.0 (Linux; Android 6.0.1; Nexus 5X Build/MMB29P) AppleWebKit/537.36 (KHTML, like Gecko) Chrome/135.0.7049.95 Mobile Safari/537.36 (compatible; Googlebot/2.1; +http://www.google.com/bot.html)"
185.191.171.16 - - [28/Apr/2025:17:31:28 -0400] "GET /server.php/motorcycles-wheels-phlh HTTP/1.1" 403 13 "-" "Mozilla/5.0 (compatible; SemrushBot/7~bl; +http://www.semrush.com/bot.html)"
66.249.79.8 - - [28/Apr/2025:17:31:35 -0400] "GET /server.php/fashion-watches-7vda HTTP/1.1" 403 13 "-" "Mozilla/5.0 (Linux; Android 6.0.1; Nexus 5X Build/MMB29P) AppleWebKit/537.36 (KHTML, like Gecko) Chrome/135.0.7049.95 Mobile Safari/537.36 (compatible; GoogleOther)"
66.249.79.8 - - [28/Apr/2025:17:31:44 -0400] "GET /server.php?tickets-shopping-vv9n HTTP/1.1" 403 13 "-" "Mozilla/5.0 (Linux; Android 6.0.1; Nexus 5X Build/MMB29P) AppleWebKit/537.36 (KHTML, like Gecko) Chrome/135.0.7049.95 Mobile Safari/537.36 (compatible; Googlebot/2.1; +http://www.google.com/bot.html)"
157.55.39.51 - - [28/Apr/2025:17:31:56 -0400] "GET /server.php/musical-instruments-fortune-telling-2cyb9 HTTP/1.1" 403 13 "-" "Mozilla/5.0 AppleWebKit/537.36 (KHTML, like Gecko; compatible; bingbot/2.0; +http://www.bing.com/bingbot.htm) Chrome/116.0.1938.76 Safari/537.36"
66.249.79.8 - - [28/Apr/2025:17:31:57 -0400] "GET /server.php?cameras-headphones-2lwxr HTTP/1.1" 403 13 "-" "Mozilla/5.0 (Linux; Android 6.0.1; Nexus 5X Build/MMB29P) AppleWebKit/537.36 (KHTML, like Gecko) Chrome/135.0.7049.95 Mobile Safari/537.36 (compatible; Googlebot/2.1; +http://www.google.com/bot.html)"
66.249.79.2 - - [28/Apr/2025:17:32:06 -0400] "GET /server.php?furniture-work-chairs-1gsnv HTTP/1.1" 403 13 "-" "Mozilla/5.0 (Linux; Android 6.0.1; Nexus 5X Build/MMB29P) AppleWebKit/537.36 (KHTML, like Gecko) Chrome/135.0.7049.95 Mobile Safari/537.36 (compatible; GoogleOther)"
66.249.79.1 - - [28/Apr/2025:17:32:07 -0400] "GET /server.php?fashion-jackets-1a6xl HTTP/1.1" 403 13 "-" "Mozilla/5.0 (Linux; Android 6.0.1; Nexus 5X Build/MMB29P) AppleWebKit/537.36 (KHTML, like Gecko) Chrome/135.0.7049.95 Mobile Safari/537.36 (compatible; Googlebot/2.1; +http://www.google.com/bot.html)"
66.249.79.8 - - [28/Apr/2025:17:32:17 -0400] "GET /server.php?fashion-kimono-7ce8 HTTP/1.1" 403 13 "-" "Mozilla/5.0 (Linux; Android 6.0.1; Nexus 5X Build/MMB29P) AppleWebKit/537.36 (KHTML, like Gecko) Chrome/135.0.7049.95 Mobile Safari/537.36 (compatible; Googlebot/2.1; +http://www.google.com/bot.html)"
85.208.96.202 - - [28/Apr/2025:17:32:29 -0400] "GET /server.php/fashion-bags-ihyc HTTP/1.1" 403 13 "-" "Mozilla/5.0 (compatible; SemrushBot/7~bl; +http://www.semrush.com/bot.html)"
66.249.79.8 - - [28/Apr/2025:17:32:34 -0400] "GET /server.php?fishing-outdoor-shoes-1k5x5 HTTP/1.1" 403 13 "-" "Mozilla/5.0 (Linux; Android 6.0.1; Nexus 5X Build/MMB29P) AppleWebKit/537.36 (KHTML, like Gecko) Chrome/135.0.7049.95 Mobile Safari/537.36 (compatible; Googlebot/2.1; +http://www.google.com/bot.html)"
52.167.144.198 - - [28/Apr/2025:17:33:11 -0400] "GET /server.php/daily-necessities-others-2b3o0 HTTP/1.1" 403 13 "-" "Mozilla/5.0 AppleWebKit/537.36 (KHTML, like Gecko; compatible; bingbot/2.0; +http://www.bing.com/bingbot.htm) Chrome/116.0.1938.76 Safari/537.36"
66.249.79.8 - - [28/Apr/2025:17:33:25 -0400] "GET /server.php/pcmypage?callback=/product%2Fdetail%2F80122502 HTTP/1.1" 403 13 "-" "Mozilla/5.0 (Linux; Android 6.0.1; Nexus 5X Build/MMB29P) AppleWebKit/537.36 (KHTML, like Gecko) Chrome/135.0.7049.95 Mobile Safari/537.36 (compatible; Googlebot/2.1; +http://www.google.com/bot.html)"
185.191.171.13 - - [28/Apr/2025:17:33:31 -0400] "GET /server.php/motorcycles-wheels-2ml5a HTTP/1.1" 403 13 "-" "Mozilla/5.0 (compatible; SemrushBot/7~bl; +http://www.semrush.com/bot.html)"
66.249.79.1 - - [28/Apr/2025:17:33:34 -0400] "GET /server.php/pcmypage?callback=/product%2Fdetail%2F37473042 HTTP/1.1" 403 13 "-" "Mozilla/5.0 (Linux; Android 6.0.1; Nexus 5X Build/MMB29P) AppleWebKit/537.36 (KHTML, like Gecko) Chrome/135.0.7049.95 Mobile Safari/537.36 (compatible; Googlebot/2.1; +http://www.google.com/bot.html)"
98.64.96.182 - - [28/Apr/2025:17:33:36 -0400] "GET /server.php/art-keyboard-instruments-3g9y HTTP/1.1" 403 13 "-" "Mozilla/5.0 (Windows NT 10.0; Win64; x64) AppleWebKit/537.36 (KHTML, like Gecko) Chrome/131.0.0.0 Safari/537.36 Edg/131.0.0.0"
66.249.68.71 - - [28/Apr/2025:17:33:42 -0400] "GET /server.php/fashion-tops-vosa HTTP/1.1" 403 13 "-" "Mozilla/5.0 (Linux; Android 6.0.1; Nexus 5X Build/MMB29P) AppleWebKit/537.36 (KHTML, like Gecko) Chrome/135.0.7049.95 Mobile Safari/537.36 (compatible; Googlebot/2.1; +http://www.google.com/bot.html)"
66.249.79.8 - - [28/Apr/2025:17:33:50 -0400] "GET /server.php/pcmypage?callback=product%2Fdetail%2F81956799 HTTP/1.1" 403 13 "-" "Mozilla/5.0 (Linux; Android 6.0.1; Nexus 5X Build/MMB29P) AppleWebKit/537.36 (KHTML, like Gecko) Chrome/135.0.7049.95 Mobile Safari/537.36 (compatible; Googlebot/2.1; +http://www.google.com/bot.html)"
66.249.79.1 - - [28/Apr/2025:17:34:05 -0400] "GET /server.php/pcmypage?callback=/product%2Fdetail%2F21286594 HTTP/1.1" 403 13 "-" "Mozilla/5.0 (Linux; Android 6.0.1; Nexus 5X Build/MMB29P) AppleWebKit/537.36 (KHTML, like Gecko) Chrome/135.0.7049.95 Mobile Safari/537.36 (compatible; Googlebot/2.1; +http://www.google.com/bot.html)"
52.167.144.221 - - [28/Apr/2025:17:34:15 -0400] "GET /server.php/magazines-sports-p9y8 HTTP/1.1" 403 13 "-" "Mozilla/5.0 AppleWebKit/537.36 (KHTML, like Gecko; compatible; bingbot/2.0; +http://www.bing.com/bingbot.htm) Chrome/116.0.1938.76 Safari/537.36"
66.249.79.8 - - [28/Apr/2025:17:34:17 -0400] "GET /server.php/pcmypage?callback=/product%2Fdetail%2F81679277 HTTP/1.1" 403 13 "-" "Mozilla/5.0 (Linux; Android 6.0.1; Nexus 5X Build/MMB29P) AppleWebKit/537.36 (KHTML, like Gecko) Chrome/135.0.7049.95 Mobile Safari/537.36 (compatible; Googlebot/2.1; +http://www.google.com/bot.html)"
66.249.68.64 - - [28/Apr/2025:17:34:21 -0400] "GET /server.php/interior-center-tables-2dmen HTTP/1.1" 403 13 "-" "Mozilla/5.0 (Linux; Android 6.0.1; Nexus 5X Build/MMB29P) AppleWebKit/537.36 (KHTML, like Gecko) Chrome/135.0.7049.95 Mobile Safari/537.36 (compatible; Googlebot/2.1; +http://www.google.com/bot.html)"
66.249.79.8 - - [28/Apr/2025:17:34:30 -0400] "GET /server.php/pcmypage?callback=product%2Fdetail%2F86494171 HTTP/1.1" 403 13 "-" "Mozilla/5.0 (Linux; Android 6.0.1; Nexus 5X Build/MMB29P) AppleWebKit/537.36 (KHTML, like Gecko) Chrome/135.0.7049.95 Mobile Safari/537.36 (compatible; Googlebot/2.1; +http://www.google.com/bot.html)"
52.167.144.198 - - [28/Apr/2025:17:34:30 -0400] "GET /server.php/furniture-book-storage-gxgq HTTP/1.1" 403 13 "-" "Mozilla/5.0 AppleWebKit/537.36 (KHTML, like Gecko; compatible; bingbot/2.0; +http://www.bing.com/bingbot.htm) Chrome/116.0.1938.76 Safari/537.36"
185.191.171.11 - - [28/Apr/2025:17:34:32 -0400] "GET /server.php/fashion-hair-accessories-y1q4 HTTP/1.1" 403 13 "-" "Mozilla/5.0 (compatible; SemrushBot/7~bl; +http://www.semrush.com/bot.html)"
66.249.79.8 - - [28/Apr/2025:17:34:46 -0400] "GET /server.php/pcmypage?callback=product/review/17227545 HTTP/1.1" 403 13 "-" "Mozilla/5.0 (Linux; Android 6.0.1; Nexus 5X Build/MMB29P) AppleWebKit/537.36 (KHTML, like Gecko) Chrome/135.0.7049.95 Mobile Safari/537.36 (compatible; Googlebot/2.1; +http://www.google.com/bot.html)"
52.149.22.82 - - [28/Apr/2025:17:34:52 -0400] "GET /server.php/tickets-wrestling-2l40k HTTP/1.1" 403 13 "-" "Mozilla/5.0 (Windows NT 10.0; Win64; x64) AppleWebKit/537.36 (KHTML, like Gecko) Chrome/131.0.0.0 Safari/537.36 Edg/131.0.0.0"
66.249.79.8 - - [28/Apr/2025:17:34:54 -0400] "GET /server.php/travel-supplies-outdoor-bedding-20v59 HTTP/1.1" 403 13 "-" "Mozilla/5.0 (Linux; Android 6.0.1; Nexus 5X Build/MMB29P) AppleWebKit/537.36 (KHTML, like Gecko) Chrome/135.0.7049.95 Mobile Safari/537.36 (compatible; Googlebot/2.1; +http://www.google.com/bot.html)"
66.249.68.71 - - [28/Apr/2025:17:35:08 -0400] "GET /server.php/goods-pin-badges-1as4d HTTP/1.1" 403 13 "-" "Mozilla/5.0 (Linux; Android 6.0.1; Nexus 5X Build/MMB29P) AppleWebKit/537.36 (KHTML, like Gecko) Chrome/135.0.7049.95 Mobile Safari/537.36 (compatible; Googlebot/2.1; +http://www.google.com/bot.html)"
66.249.79.1 - - [28/Apr/2025:17:35:13 -0400] "GET /server.php/handicrafts-bracelets-1edc6 HTTP/1.1" 403 13 "-" "Mozilla/5.0 (Linux; Android 6.0.1; Nexus 5X Build/MMB29P) AppleWebKit/537.36 (KHTML, like Gecko) Chrome/135.0.7049.95 Mobile Safari/537.36 (compatible; Googlebot/2.1; +http://www.google.com/bot.html)"
66.249.79.1 - - [28/Apr/2025:17:35:32 -0400] "GET /server.php/travel-supplies-rods-1iiq5 HTTP/1.1" 403 13 "-" "Mozilla/5.0 (Linux; Android 6.0.1; Nexus 5X Build/MMB29P) AppleWebKit/537.36 (KHTML, like Gecko) Chrome/135.0.7049.95 Mobile Safari/537.36 (compatible; Googlebot/2.1; +http://www.google.com/bot.html)"
185.191.171.8 - - [28/Apr/2025:17:35:34 -0400] "GET /server.php/drinks-sake-2dvda HTTP/1.1" 403 13 "-" "Mozilla/5.0 (compatible; SemrushBot/7~bl; +http://www.semrush.com/bot.html)"
66.249.79.8 - - [28/Apr/2025:17:35:37 -0400] "GET /server.php?cosmetics-hair-dryers-19fpj HTTP/1.1" 403 13 "-" "Mozilla/5.0 (Linux; Android 6.0.1; Nexus 5X Build/MMB29P) AppleWebKit/537.36 (KHTML, like Gecko) Chrome/135.0.7049.95 Mobile Safari/537.36 (compatible; GoogleOther)"
20.27.20.30 - - [28/Apr/2025:17:35:41 -0400] "GET /server.php/alcohol-grains-21db5 HTTP/1.1" 403 13 "-" "Mozilla/5.0 (Windows NT 10.0; Win64; x64) AppleWebKit/537.36 (KHTML, like Gecko) Chrome/131.0.0.0 Safari/537.36 Edg/131.0.0.0"
66.249.79.8 - - [28/Apr/2025:17:35:50 -0400] "GET /server.php/diet-others-1l8kn HTTP/1.1" 403 13 "-" "Mozilla/5.0 (Linux; Android 6.0.1; Nexus 5X Build/MMB29P) AppleWebKit/537.36 (KHTML, like Gecko) Chrome/135.0.7049.95 Mobile Safari/537.36 (compatible; Googlebot/2.1; +http://www.google.com/bot.html)"
66.249.79.8 - - [28/Apr/2025:17:36:00 -0400] "GET /server.php/sports-clubs-6rjl HTTP/1.1" 403 13 "-" "Mozilla/5.0 (Linux; Android 6.0.1; Nexus 5X Build/MMB29P) AppleWebKit/537.36 (KHTML, like Gecko) Chrome/135.0.7049.95 Mobile Safari/537.36 (compatible; Googlebot/2.1; +http://www.google.com/bot.html)"
66.249.79.8 - - [28/Apr/2025:17:36:12 -0400] "GET /server.php/diy-drivers-ocmt HTTP/1.1" 403 13 "-" "Mozilla/5.0 (Linux; Android 6.0.1; Nexus 5X Build/MMB29P) AppleWebKit/537.36 (KHTML, like Gecko) Chrome/135.0.7049.95 Mobile Safari/537.36 (compatible; Googlebot/2.1; +http://www.google.com/bot.html)"
66.249.79.8 - - [28/Apr/2025:17:36:28 -0400] "GET /server.php/pcmypage?callback=/product%2Fdetail%2F74465757 HTTP/1.1" 403 13 "-" "Mozilla/5.0 (Linux; Android 6.0.1; Nexus 5X Build/MMB29P) AppleWebKit/537.36 (KHTML, like Gecko) Chrome/135.0.7049.95 Mobile Safari/537.36 (compatible; Googlebot/2.1; +http://www.google.com/bot.html)"
85.208.96.201 - - [28/Apr/2025:17:36:34 -0400] "GET /server.php/outdoor-rods-2dwju HTTP/1.1" 403 13 "-" "Mozilla/5.0 (compatible; SemrushBot/7~bl; +http://www.semrush.com/bot.html)"
66.249.79.8 - - [28/Apr/2025:17:36:44 -0400] "GET /server.php/pcmypage?callback=/product%2Fdetail%2F93935678 HTTP/1.1" 403 13 "-" "Mozilla/5.0 (Linux; Android 6.0.1; Nexus 5X Build/MMB29P) AppleWebKit/537.36 (KHTML, like Gecko) Chrome/135.0.7049.95 Mobile Safari/537.36 (compatible; Googlebot/2.1; +http://www.google.com/bot.html)"
66.249.79.8 - - [28/Apr/2025:17:36:55 -0400] "GET /server.php/fashion-bags-kavm HTTP/1.1" 403 13 "-" "Mozilla/5.0 (Linux; Android 6.0.1; Nexus 5X Build/MMB29P) AppleWebKit/537.36 (KHTML, like Gecko) Chrome/135.0.7049.95 Mobile Safari/537.36 (compatible; Googlebot/2.1; +http://www.google.com/bot.html)"
66.249.79.8 - - [28/Apr/2025:17:37:09 -0400] "GET /server.php/hobbies-guitars-19lxe HTTP/1.1" 403 13 "-" "Mozilla/5.0 (Linux; Android 6.0.1; Nexus 5X Build/MMB29P) AppleWebKit/537.36 (KHTML, like Gecko) Chrome/135.0.7049.95 Mobile Safari/537.36 (compatible; Googlebot/2.1; +http://www.google.com/bot.html)"
66.249.79.1 - - [28/Apr/2025:17:37:23 -0400] "GET /server.php/tv-other-1t1tf HTTP/1.1" 403 13 "-" "Mozilla/5.0 (Linux; Android 6.0.1; Nexus 5X Build/MMB29P) AppleWebKit/537.36 (KHTML, like Gecko) Chrome/135.0.7049.95 Mobile Safari/537.36 (compatible; Googlebot/2.1; +http://www.google.com/bot.html)"
52.167.144.184 - - [28/Apr/2025:17:37:24 -0400] "GET /server.php/computers-smartphones-s5ys HTTP/1.1" 403 13 "-" "Mozilla/5.0 AppleWebKit/537.36 (KHTML, like Gecko; compatible; bingbot/2.0; +http://www.bing.com/bingbot.htm) Chrome/116.0.1938.76 Safari/537.36"
66.249.68.65 - - [28/Apr/2025:17:37:31 -0400] "GET /server.php/computers-monitor-1emn5 HTTP/1.1" 403 13 "-" "Mozilla/5.0 (Linux; Android 6.0.1; Nexus 5X Build/MMB29P) AppleWebKit/537.36 (KHTML, like Gecko) Chrome/135.0.7049.95 Mobile Safari/537.36 (compatible; GoogleOther)"
66.249.79.8 - - [28/Apr/2025:17:37:34 -0400] "GET /server.php/decor-bed-frames-12ds4 HTTP/1.1" 403 13 "-" "Mozilla/5.0 (Linux; Android 6.0.1; Nexus 5X Build/MMB29P) AppleWebKit/537.36 (KHTML, like Gecko) Chrome/135.0.7049.95 Mobile Safari/537.36 (compatible; Googlebot/2.1; +http://www.google.com/bot.html)"
185.191.171.14 - - [28/Apr/2025:17:37:36 -0400] "GET /server.php/decor-table-lights-8sel HTTP/1.1" 403 13 "-" "Mozilla/5.0 (compatible; SemrushBot/7~bl; +http://www.semrush.com/bot.html)"
66.249.79.8 - - [28/Apr/2025:17:37:42 -0400] "GET /server.php/pcmypage?callback=product/review/55321095 HTTP/1.1" 403 13 "-" "Mozilla/5.0 (Linux; Android 6.0.1; Nexus 5X Build/MMB29P) AppleWebKit/537.36 (KHTML, like Gecko) Chrome/135.0.7049.95 Mobile Safari/537.36 (compatible; Googlebot/2.1; +http://www.google.com/bot.html)"
66.249.79.8 - - [28/Apr/2025:17:37:51 -0400] "GET /cameras/radios/2297d HTTP/1.1" 404 13 "-" "Mozilla/5.0 (Linux; Android 6.0.1; Nexus 5X Build/MMB29P) AppleWebKit/537.36 (KHTML, like Gecko) Chrome/135.0.7049.95 Mobile Safari/537.36 (compatible; Googlebot/2.1; +http://www.google.com/bot.html)"
52.167.144.198 - - [28/Apr/2025:17:37:52 -0400] "GET /server.php/character-anime-2f02k HTTP/1.1" 403 13 "-" "Mozilla/5.0 AppleWebKit/537.36 (KHTML, like Gecko; compatible; bingbot/2.0; +http://www.bing.com/bingbot.htm) Chrome/116.0.1938.76 Safari/537.36"
66.249.79.8 - - [28/Apr/2025:17:37:53 -0400] "GET /server.php/safe_search/config?return_url=%2Fproduct%2Fdetail%2F10359728 HTTP/1.1" 403 13 "-" "Mozilla/5.0 (Linux; Android 6.0.1; Nexus 5X Build/MMB29P) AppleWebKit/537.36 (KHTML, like Gecko) Chrome/135.0.7049.95 Mobile Safari/537.36 (compatible; Googlebot/2.1; +http://www.google.com/bot.html)"
185.191.171.16 - - [28/Apr/2025:17:38:37 -0400] "GET /server.php/cosmetics-others-1mnja HTTP/1.1" 403 13 "-" "Mozilla/5.0 (compatible; SemrushBot/7~bl; +http://www.semrush.com/bot.html)"
66.249.79.2 - - [28/Apr/2025:17:38:40 -0400] "GET /server.php/product/edit/10671254 HTTP/1.1" 403 13 "-" "Mozilla/5.0 (Linux; Android 6.0.1; Nexus 5X Build/MMB29P) AppleWebKit/537.36 (KHTML, like Gecko) Chrome/135.0.7049.95 Mobile Safari/537.36 (compatible; Googlebot/2.1; +http://www.google.com/bot.html)"
52.167.144.198 - - [28/Apr/2025:17:38:51 -0400] "GET /server.php/health-whey-protein-yn68 HTTP/1.1" 403 13 "-" "Mozilla/5.0 AppleWebKit/537.36 (KHTML, like Gecko; compatible; bingbot/2.0; +http://www.bing.com/bingbot.htm) Chrome/116.0.1938.76 Safari/537.36"
66.249.79.8 - - [28/Apr/2025:17:38:54 -0400] "GET /server.php/product/edit/45916021 HTTP/1.1" 403 13 "-" "Mozilla/5.0 (Linux; Android 6.0.1; Nexus 5X Build/MMB29P) AppleWebKit/537.36 (KHTML, like Gecko) Chrome/135.0.7049.95 Mobile Safari/537.36 (compatible; Googlebot/2.1; +http://www.google.com/bot.html)"
66.249.79.8 - - [28/Apr/2025:17:38:59 -0400] "GET /server.php/pet-supplies-dog-food-ql83 HTTP/1.1" 403 13 "-" "Mozilla/5.0 (Linux; Android 6.0.1; Nexus 5X Build/MMB29P) AppleWebKit/537.36 (KHTML, like Gecko) Chrome/135.0.7049.95 Mobile Safari/537.36 (compatible; Googlebot/2.1; +http://www.google.com/bot.html)"
185.191.171.1 - - [28/Apr/2025:17:39:07 -0400] "GET /robots.txt HTTP/1.1" 200 81 "-" "Mozilla/5.0 (compatible; SemrushBot/7~bl; +http://www.semrush.com/bot.html)"
185.191.171.19 - - [28/Apr/2025:17:39:38 -0400] "GET /server.php/beauty-hair-dryers-140m2 HTTP/1.1" 403 13 "-" "Mozilla/5.0 (compatible; SemrushBot/7~bl; +http://www.semrush.com/bot.html)"
66.249.79.1 - - [28/Apr/2025:17:39:43 -0400] "GET /server.php?smartphones-smartphones-6ka5 HTTP/1.1" 403 13 "-" "Mozilla/5.0 (Linux; Android 6.0.1; Nexus 5X Build/MMB29P) AppleWebKit/537.36 (KHTML, like Gecko) Chrome/135.0.7049.95 Mobile Safari/537.36 (compatible; Googlebot/2.1; +http://www.google.com/bot.html)"
207.46.13.116 - - [28/Apr/2025:17:40:38 -0400] "GET /server.php/tools-electrical-materials-1dqu9 HTTP/1.1" 403 13 "-" "Mozilla/5.0 AppleWebKit/537.36 (KHTML, like Gecko; compatible; bingbot/2.0; +http://www.bing.com/bingbot.htm) Chrome/116.0.1938.76 Safari/537.36"
85.208.96.197 - - [28/Apr/2025:17:40:39 -0400] "GET /server.php/flowers-artificial-foliage-2dwa6 HTTP/1.1" 403 13 "-" "Mozilla/5.0 (compatible; SemrushBot/7~bl; +http://www.semrush.com/bot.html)"
66.249.79.2 - - [28/Apr/2025:17:40:42 -0400] "GET /server.php/pcmypage?callback=/product%2Fdetail%2F53352441 HTTP/1.1" 403 13 "-" "Mozilla/5.0 (Linux; Android 6.0.1; Nexus 5X Build/MMB29P) AppleWebKit/537.36 (KHTML, like Gecko) Chrome/135.0.7049.95 Mobile Safari/537.36 (compatible; Googlebot/2.1; +http://www.google.com/bot.html)"
66.249.68.64 - - [28/Apr/2025:17:40:54 -0400] "GET /server.php/furniture-ornaments-1oreu HTTP/1.1" 403 13 "-" "Mozilla/5.0 (compatible; Googlebot/2.1; +http://www.google.com/bot.html)"
52.167.144.198 - - [28/Apr/2025:17:41:22 -0400] "GET /server.php/pet-supplies-pet-carts-s0wj HTTP/1.1" 403 13 "-" "Mozilla/5.0 AppleWebKit/537.36 (KHTML, like Gecko; compatible; bingbot/2.0; +http://www.bing.com/bingbot.htm) Chrome/116.0.1938.76 Safari/537.36"
85.208.96.208 - - [28/Apr/2025:17:41:39 -0400] "GET /server.php/fishing-rods-12owy HTTP/1.1" 403 13 "-" "Mozilla/5.0 (compatible; SemrushBot/7~bl; +http://www.semrush.com/bot.html)"
85.208.96.204 - - [28/Apr/2025:17:42:40 -0400] "GET /server.php/audio-speakers-2liys HTTP/1.1" 403 13 "-" "Mozilla/5.0 (compatible; SemrushBot/7~bl; +http://www.semrush.com/bot.html)"
66.249.79.8 - - [28/Apr/2025:17:42:55 -0400] "GET /server.php/cameras-earphones-jcar HTTP/1.1" 403 13 "-" "Mozilla/5.0 (Linux; Android 6.0.1; Nexus 5X Build/MMB29P) AppleWebKit/537.36 (KHTML, like Gecko) Chrome/135.0.7049.95 Mobile Safari/537.36 (compatible; Googlebot/2.1; +http://www.google.com/bot.html)"
87.250.224.219 - - [28/Apr/2025:17:43:27 -0400] "GET /robots.txt HTTP/1.1" 200 81 "-" "Mozilla/5.0 (compatible; YandexBot/3.0; +http://yandex.com/bots)"
5.255.231.31 - - [28/Apr/2025:17:43:28 -0400] "GET /server.php/sitemap-6.xml HTTP/1.1" 403 13 "-" "Mozilla/5.0 (compatible; YandexBot/3.0; +http://yandex.com/bots)"
185.191.171.18 - - [28/Apr/2025:17:43:41 -0400] "GET /server.php/cars-wheels-in4a HTTP/1.1" 403 13 "-" "Mozilla/5.0 (compatible; SemrushBot/7~bl; +http://www.semrush.com/bot.html)"
66.249.79.2 - - [28/Apr/2025:17:44:07 -0400] "GET /server.php?decor-office-chairs-2nr4d HTTP/1.1" 403 13 "-" "Mozilla/5.0 (Linux; Android 6.0.1; Nexus 5X Build/MMB29P) AppleWebKit/537.36 (KHTML, like Gecko) Chrome/135.0.7049.95 Mobile Safari/537.36 (compatible; Googlebot/2.1; +http://www.google.com/bot.html)"
20.240.18.36 - - [28/Apr/2025:17:44:13 -0400] "GET /server.php/computers-macbooks-9bf0 HTTP/1.1" 403 13 "-" "Mozilla/5.0 (Windows NT 10.0; Win64; x64) AppleWebKit/537.36 (KHTML, like Gecko) Chrome/131.0.0.0 Safari/537.36 Edg/131.0.0.0"
66.249.79.8 - - [28/Apr/2025:17:44:24 -0400] "GET /computers/apple-watches/tkxu HTTP/1.1" 404 13 "-" "Mozilla/5.0 (Linux; Android 6.0.1; Nexus 5X Build/MMB29P) AppleWebKit/537.36 (KHTML, like Gecko) Chrome/135.0.7049.95 Mobile Safari/537.36 (compatible; Googlebot/2.1; +http://www.google.com/bot.html)"
66.249.79.8 - - [28/Apr/2025:17:44:26 -0400] "GET /server.php/handicrafts-tops-1gm4v HTTP/1.1" 403 13 "-" "Mozilla/5.0 (Linux; Android 6.0.1; Nexus 5X Build/MMB29P) AppleWebKit/537.36 (KHTML, like Gecko) Chrome/135.0.7049.95 Mobile Safari/537.36 (compatible; Googlebot/2.1; +http://www.google.com/bot.html)"
66.249.79.8 - - [28/Apr/2025:17:44:33 -0400] "GET /server.php/gardening-gardening-soil-97u5 HTTP/1.1" 403 13 "-" "Mozilla/5.0 (Linux; Android 6.0.1; Nexus 5X Build/MMB29P) AppleWebKit/537.36 (KHTML, like Gecko) Chrome/135.0.7049.95 Mobile Safari/537.36 (compatible; Googlebot/2.1; +http://www.google.com/bot.html)"
85.208.96.212 - - [28/Apr/2025:17:44:41 -0400] "GET /server.php/tools-air-tools-162ui HTTP/1.1" 403 13 "-" "Mozilla/5.0 (compatible; SemrushBot/7~bl; +http://www.semrush.com/bot.html)"
52.167.144.184 - - [28/Apr/2025:17:44:45 -0400] "GET /server.php/gardening-seed-potatoes-27hyc HTTP/1.1" 403 13 "-" "Mozilla/5.0 AppleWebKit/537.36 (KHTML, like Gecko; compatible; bingbot/2.0; +http://www.bing.com/bingbot.htm) Chrome/116.0.1938.76 Safari/537.36"
66.249.79.8 - - [28/Apr/2025:17:44:57 -0400] "GET /server.php?cosmetics-foundation-2i1q7 HTTP/1.1" 403 13 "-" "Mozilla/5.0 (Linux; Android 6.0.1; Nexus 5X Build/MMB29P) AppleWebKit/537.36 (KHTML, like Gecko) Chrome/135.0.7049.95 Mobile Safari/537.36 (compatible; Googlebot/2.1; +http://www.google.com/bot.html)"
66.249.79.2 - - [28/Apr/2025:17:45:22 -0400] "GET /server.php?handmade-skirts-2idyr HTTP/1.1" 403 13 "-" "Mozilla/5.0 (Linux; Android 6.0.1; Nexus 5X Build/MMB29P) AppleWebKit/537.36 (KHTML, like Gecko) Chrome/135.0.7049.95 Mobile Safari/537.36 (compatible; Googlebot/2.1; +http://www.google.com/bot.html)"
66.249.79.2 - - [28/Apr/2025:17:45:24 -0400] "GET /server.php/pcmypage?callback=product%2Fdetail%2F19181502 HTTP/1.1" 403 13 "-" "Mozilla/5.0 (Linux; Android 6.0.1; Nexus 5X Build/MMB29P) AppleWebKit/537.36 (KHTML, like Gecko) Chrome/135.0.7049.95 Mobile Safari/537.36 (compatible; Googlebot/2.1; +http://www.google.com/bot.html)"
185.191.171.6 - - [28/Apr/2025:17:45:42 -0400] "GET /server.php/air-conditioning-humidifiers-1nq30 HTTP/1.1" 403 13 "-" "Mozilla/5.0 (compatible; SemrushBot/7~bl; +http://www.semrush.com/bot.html)"
66.249.79.1 - - [28/Apr/2025:17:45:43 -0400] "GET /server.php?audio-film-cameras-r524 HTTP/1.1" 403 13 "-" "Mozilla/5.0 (Linux; Android 6.0.1; Nexus 5X Build/MMB29P) AppleWebKit/537.36 (KHTML, like Gecko) Chrome/135.0.7049.95 Mobile Safari/537.36 (compatible; Googlebot/2.1; +http://www.google.com/bot.html)"
