66.249.79.34 - - [27/Apr/2025:08:09:16 -0400] "GET /alcohol/sweets/s8su HTTP/1.1" 404 13 "-" "Mozilla/5.0 (Linux; Android 6.0.1; Nexus 5X Build/MMB29P) AppleWebKit/537.36 (KHTML, like Gecko) Chrome/135.0.7049.95 Mobile Safari/537.36 (compatible; Googlebot/2.1; +http://www.google.com/bot.html)"
66.249.79.163 - - [27/Apr/2025:08:09:18 -0400] "GET /server.php/cosmetics-unisex-perfumes-rrh4 HTTP/1.1" 403 13 "-" "Mozilla/5.0 (Linux; Android 6.0.1; Nexus 5X Build/MMB29P) AppleWebKit/537.36 (KHTML, like Gecko) Chrome/135.0.7049.95 Mobile Safari/537.36 (compatible; Googlebot/2.1; +http://www.google.com/bot.html)"
66.249.79.163 - - [27/Apr/2025:08:09:28 -0400] "GET /server.php/diy-grinding-machines-2ge7e HTTP/1.1" 403 13 "-" "Mozilla/5.0 (compatible; Googlebot/2.1; +http://www.google.com/bot.html)"
66.249.79.163 - - [27/Apr/2025:08:09:30 -0400] "GET /shopdetail/8269887 HTTP/1.1" 404 13 "-" "Mozilla/5.0 (Linux; Android 6.0.1; Nexus 5X Build/MMB29P) AppleWebKit/537.36 (KHTML, like Gecko) Chrome/135.0.7049.95 Mobile Safari/537.36 (compatible; Googlebot/2.1; +http://www.google.com/bot.html)"
66.249.79.163 - - [27/Apr/2025:08:09:33 -0400] "GET /server.php/games-pokemon-card-games-2f2tu HTTP/1.1" 403 13 "-" "Mozilla/5.0 (Linux; Android 6.0.1; Nexus 5X Build/MMB29P) AppleWebKit/537.36 (KHTML, like Gecko) Chrome/135.0.7049.95 Mobile Safari/537.36 (compatible; Googlebot/2.1; +http://www.google.com/bot.html)"
66.249.79.163 - - [27/Apr/2025:08:09:39 -0400] "GET /server.php/etc.-bulk-sales-1kk4b HTTP/1.1" 403 13 "-" "Mozilla/5.0 (Linux; Android 6.0.1; Nexus 5X Build/MMB29P) AppleWebKit/537.36 (KHTML, like Gecko) Chrome/135.0.7049.95 Mobile Safari/537.36 (compatible; Googlebot/2.1; +http://www.google.com/bot.html)"
66.249.79.163 - - [27/Apr/2025:08:09:41 -0400] "GET /server.php/fashion-bags-v1la HTTP/1.1" 403 13 "-" "Mozilla/5.0 (Linux; Android 6.0.1; Nexus 5X Build/MMB29P) AppleWebKit/537.36 (KHTML, like Gecko) Chrome/135.0.7049.95 Mobile Safari/537.36 (compatible; Googlebot/2.1; +http://www.google.com/bot.html)"
52.167.144.162 - - [27/Apr/2025:08:09:46 -0400] "GET /server.php/smartphones-printers-2544q HTTP/1.1" 403 13 "-" "Mozilla/5.0 AppleWebKit/537.36 (KHTML, like Gecko; compatible; bingbot/2.0; +http://www.bing.com/bingbot.htm) Chrome/116.0.1938.76 Safari/537.36"
66.249.79.163 - - [27/Apr/2025:08:09:48 -0400] "GET /shopdetail/12882710 HTTP/1.1" 404 13 "-" "Mozilla/5.0 (Linux; Android 6.0.1; Nexus 5X Build/MMB29P) AppleWebKit/537.36 (KHTML, like Gecko) Chrome/135.0.7049.95 Mobile Safari/537.36 (compatible; Googlebot/2.1; +http://www.google.com/bot.html)"
85.208.96.207 - - [27/Apr/2025:08:09:48 -0400] "GET /server.php/smartphones-motherboards-1qpv4 HTTP/1.1" 403 13 "-" "Mozilla/5.0 (compatible; SemrushBot/7~bl; +http://www.semrush.com/bot.html)"
66.249.79.163 - - [27/Apr/2025:08:09:49 -0400] "GET /server.php/fashion-watches-9ux5 HTTP/1.1" 403 13 "-" "Mozilla/5.0 (Linux; Android 6.0.1; Nexus 5X Build/MMB29P) AppleWebKit/537.36 (KHTML, like Gecko) Chrome/135.0.7049.95 Mobile Safari/537.36 (compatible; Googlebot/2.1; +http://www.google.com/bot.html)"
66.249.79.163 - - [27/Apr/2025:08:09:54 -0400] "GET /shopdetail/9092087 HTTP/1.1" 404 13 "-" "Mozilla/5.0 (Linux; Android 6.0.1; Nexus 5X Build/MMB29P) AppleWebKit/537.36 (KHTML, like Gecko) Chrome/135.0.7049.95 Mobile Safari/537.36 (compatible; Googlebot/2.1; +http://www.google.com/bot.html)"
66.249.79.163 - - [27/Apr/2025:08:09:55 -0400] "GET /server.php/hobbies-paintings-25e9e HTTP/1.1" 403 13 "-" "Mozilla/5.0 (Linux; Android 6.0.1; Nexus 5X Build/MMB29P) AppleWebKit/537.36 (KHTML, like Gecko) Chrome/135.0.7049.95 Mobile Safari/537.36 (compatible; Googlebot/2.1; +http://www.google.com/bot.html)"
66.249.79.163 - - [27/Apr/2025:08:09:58 -0400] "GET /shopdetail/8301098 HTTP/1.1" 404 13 "-" "Mozilla/5.0 (Linux; Android 6.0.1; Nexus 5X Build/MMB29P) AppleWebKit/537.36 (KHTML, like Gecko) Chrome/135.0.7049.95 Mobile Safari/537.36 (compatible; Googlebot/2.1; +http://www.google.com/bot.html)"
66.249.79.163 - - [27/Apr/2025:08:10:02 -0400] "GET /server.php/dvds-asia-dook HTTP/1.1" 403 13 "-" "Mozilla/5.0 (Linux; Android 6.0.1; Nexus 5X Build/MMB29P) AppleWebKit/537.36 (KHTML, like Gecko) Chrome/135.0.7049.95 Mobile Safari/537.36 (compatible; Googlebot/2.1; +http://www.google.com/bot.html)"
66.249.79.163 - - [27/Apr/2025:08:10:06 -0400] "GET /shopdetail/7294654 HTTP/1.1" 404 13 "-" "Mozilla/5.0 (Linux; Android 6.0.1; Nexus 5X Build/MMB29P) AppleWebKit/537.36 (KHTML, like Gecko) Chrome/135.0.7049.95 Mobile Safari/537.36 (compatible; Googlebot/2.1; +http://www.google.com/bot.html)"
66.249.79.163 - - [27/Apr/2025:08:10:08 -0400] "GET /server.php/flowers-water-areas-4nef HTTP/1.1" 403 13 "-" "Mozilla/5.0 (Linux; Android 6.0.1; Nexus 5X Build/MMB29P) AppleWebKit/537.36 (KHTML, like Gecko) Chrome/135.0.7049.95 Mobile Safari/537.36 (compatible; Googlebot/2.1; +http://www.google.com/bot.html)"
57.141.4.24 - - [27/Apr/2025:08:10:13 -0400] "GET /server.php/fashion-outerwear-1xpvw HTTP/1.1" 403 13 "-" "meta-externalagent/1.1 (+https://developers.facebook.com/docs/sharing/webmasters/crawler)"
66.249.79.163 - - [27/Apr/2025:08:10:15 -0400] "GET /shopdetail/13440521 HTTP/1.1" 404 13 "-" "Mozilla/5.0 (Linux; Android 6.0.1; Nexus 5X Build/MMB29P) AppleWebKit/537.36 (KHTML, like Gecko) Chrome/135.0.7049.95 Mobile Safari/537.36 (compatible; Googlebot/2.1; +http://www.google.com/bot.html)"
157.55.39.13 - - [27/Apr/2025:08:10:34 -0400] "GET /server.php/home-appliances-electric-heaters-q7mf HTTP/1.1" 403 13 "-" "Mozilla/5.0 AppleWebKit/537.36 (KHTML, like Gecko; compatible; bingbot/2.0; +http://www.bing.com/bingbot.htm) Chrome/116.0.1938.76 Safari/537.36"
66.249.79.163 - - [27/Apr/2025:08:10:38 -0400] "GET /server.php/games-key-chains-23e32 HTTP/1.1" 403 13 "-" "Mozilla/5.0 (Linux; Android 6.0.1; Nexus 5X Build/MMB29P) AppleWebKit/537.36 (KHTML, like Gecko) Chrome/135.0.7049.95 Mobile Safari/537.36 (compatible; Googlebot/2.1; +http://www.google.com/bot.html)"
66.249.79.163 - - [27/Apr/2025:08:10:43 -0400] "GET /server.php/audio-recorders-pdfu HTTP/1.1" 403 13 "-" "Mozilla/5.0 (Linux; Android 6.0.1; Nexus 5X Build/MMB29P) AppleWebKit/537.36 (KHTML, like Gecko) Chrome/135.0.7049.95 Mobile Safari/537.36 (compatible; GoogleOther)"
66.249.79.163 - - [27/Apr/2025:08:10:47 -0400] "GET /server.php/fashion-tops-vosa HTTP/1.1" 403 13 "-" "Mozilla/5.0 (Linux; Android 6.0.1; Nexus 5X Build/MMB29P) AppleWebKit/537.36 (KHTML, like Gecko) Chrome/135.0.7049.95 Mobile Safari/537.36 (compatible; Googlebot/2.1; +http://www.google.com/bot.html)"
85.208.96.207 - - [27/Apr/2025:08:10:49 -0400] "GET /server.php/toys-sports-2tm7 HTTP/1.1" 403 13 "-" "Mozilla/5.0 (compatible; SemrushBot/7~bl; +http://www.semrush.com/bot.html)"
66.249.79.163 - - [27/Apr/2025:08:11:00 -0400] "GET /server.php/outdoor-tarps-2gmsc HTTP/1.1" 403 13 "-" "Mozilla/5.0 (Linux; Android 6.0.1; Nexus 5X Build/MMB29P) AppleWebKit/537.36 (KHTML, like Gecko) Chrome/135.0.7049.95 Mobile Safari/537.36 (compatible; Googlebot/2.1; +http://www.google.com/bot.html)"
66.249.79.163 - - [27/Apr/2025:08:11:02 -0400] "GET /shopdetail/25967576 HTTP/1.1" 404 13 "-" "Mozilla/5.0 (Linux; Android 6.0.1; Nexus 5X Build/MMB29P) AppleWebKit/537.36 (KHTML, like Gecko) Chrome/135.0.7049.95 Mobile Safari/537.36 (compatible; Googlebot/2.1; +http://www.google.com/bot.html)"
85.208.96.206 - - [27/Apr/2025:08:11:08 -0400] "GET /robots.txt HTTP/1.1" 200 81 "-" "Mozilla/5.0 (compatible; SemrushBot/7~bl; +http://www.semrush.com/bot.html)"
66.249.79.163 - - [27/Apr/2025:08:11:41 -0400] "GET /server.php/fashion-accessories-1qmt6 HTTP/1.1" 403 13 "-" "Mozilla/5.0 (Linux; Android 6.0.1; Nexus 5X Build/MMB29P) AppleWebKit/537.36 (KHTML, like Gecko) Chrome/135.0.7049.95 Mobile Safari/537.36 (compatible; Googlebot/2.1; +http://www.google.com/bot.html)"
66.249.79.163 - - [27/Apr/2025:08:11:45 -0400] "GET /server.php/fashion-shoes-1a21q HTTP/1.1" 403 13 "-" "Mozilla/5.0 (Linux; Android 6.0.1; Nexus 5X Build/MMB29P) AppleWebKit/537.36 (KHTML, like Gecko) Chrome/135.0.7049.95 Mobile Safari/537.36 (compatible; Googlebot/2.1; +http://www.google.com/bot.html)"
85.208.96.195 - - [27/Apr/2025:08:11:50 -0400] "GET /server.php/fishing-lights-2gkk9 HTTP/1.1" 403 13 "-" "Mozilla/5.0 (compatible; SemrushBot/7~bl; +http://www.semrush.com/bot.html)"
66.249.79.163 - - [27/Apr/2025:08:11:59 -0400] "GET /server.php/audio-digital-cameras-1ireq HTTP/1.1" 403 13 "-" "Mozilla/5.0 (Linux; Android 6.0.1; Nexus 5X Build/MMB29P) AppleWebKit/537.36 (KHTML, like Gecko) Chrome/135.0.7049.95 Mobile Safari/537.36 (compatible; Googlebot/2.1; +http://www.google.com/bot.html)"
66.249.79.163 - - [27/Apr/2025:08:12:08 -0400] "GET /server.php/diet-others-u0om HTTP/1.1" 403 13 "-" "Mozilla/5.0 (Linux; Android 6.0.1; Nexus 5X Build/MMB29P) AppleWebKit/537.36 (KHTML, like Gecko) Chrome/135.0.7049.95 Mobile Safari/537.36 (compatible; Googlebot/2.1; +http://www.google.com/bot.html)"
66.249.79.163 - - [27/Apr/2025:08:12:15 -0400] "GET /server.php/sports-clubs-1tgqj HTTP/1.1" 403 13 "-" "Mozilla/5.0 (Linux; Android 6.0.1; Nexus 5X Build/MMB29P) AppleWebKit/537.36 (KHTML, like Gecko) Chrome/135.0.7049.95 Mobile Safari/537.36 (compatible; GoogleOther)"
66.249.79.163 - - [27/Apr/2025:08:12:19 -0400] "GET /pcmypage?callback=product/review/73033893 HTTP/1.1" 404 13 "-" "Mozilla/5.0 (Linux; Android 6.0.1; Nexus 5X Build/MMB29P) AppleWebKit/537.36 (KHTML, like Gecko) Chrome/135.0.7049.95 Mobile Safari/537.36 (compatible; Googlebot/2.1; +http://www.google.com/bot.html)"
66.249.79.163 - - [27/Apr/2025:08:12:21 -0400] "GET /server.php?shopdetail/5790521 HTTP/1.1" 403 13 "-" "Mozilla/5.0 (Linux; Android 6.0.1; Nexus 5X Build/MMB29P) AppleWebKit/537.36 (KHTML, like Gecko) Chrome/135.0.7049.95 Mobile Safari/537.36 (compatible; Googlebot/2.1; +http://www.google.com/bot.html)"
20.15.133.191 - - [27/Apr/2025:08:12:22 -0400] "GET /server.php/home-appliances-electronic-dictionary-10dfs HTTP/1.1" 403 13 "-" "Mozilla/5.0 AppleWebKit/537.36 (KHTML, like Gecko; compatible; bingbot/2.0; +http://www.bing.com/bingbot.htm) Chrome/116.0.1938.76 Safari/537.36"
66.249.79.163 - - [27/Apr/2025:08:12:28 -0400] "GET /server.php/audio-digital-cameras-215ee HTTP/1.1" 403 13 "-" "Mozilla/5.0 (Linux; Android 6.0.1; Nexus 5X Build/MMB29P) AppleWebKit/537.36 (KHTML, like Gecko) Chrome/135.0.7049.95 Mobile Safari/537.36 (compatible; Googlebot/2.1; +http://www.google.com/bot.html)"
66.249.79.163 - - [27/Apr/2025:08:12:31 -0400] "GET /server.php/fashion-watches-22ikj HTTP/1.1" 403 13 "-" "Mozilla/5.0 (Linux; Android 6.0.1; Nexus 5X Build/MMB29P) AppleWebKit/537.36 (KHTML, like Gecko) Chrome/135.0.7049.95 Mobile Safari/537.36 (compatible; Googlebot/2.1; +http://www.google.com/bot.html)"
57.141.4.18 - - [27/Apr/2025:08:12:31 -0400] "GET /server.php/fashion-tops-4axb HTTP/1.1" 403 13 "-" "meta-externalagent/1.1 (+https://developers.facebook.com/docs/sharing/webmasters/crawler)"
207.46.13.126 - - [27/Apr/2025:08:12:34 -0400] "GET /server.php/diet-safety-shoes-25nvs HTTP/1.1" 403 13 "-" "Mozilla/5.0 AppleWebKit/537.36 (KHTML, like Gecko; compatible; bingbot/2.0; +http://www.bing.com/bingbot.htm) Chrome/116.0.1938.76 Safari/537.36"
66.249.79.163 - - [27/Apr/2025:08:12:36 -0400] "GET /shopdetail/8552643 HTTP/1.1" 404 13 "-" "Mozilla/5.0 (Linux; Android 6.0.1; Nexus 5X Build/MMB29P) AppleWebKit/537.36 (KHTML, like Gecko) Chrome/135.0.7049.95 Mobile Safari/537.36 (compatible; Googlebot/2.1; +http://www.google.com/bot.html)"
66.249.79.163 - - [27/Apr/2025:08:12:50 -0400] "GET /server.php/tickets-drink-tickets-r3a1 HTTP/1.1" 403 13 "-" "Mozilla/5.0 (Linux; Android 6.0.1; Nexus 5X Build/MMB29P) AppleWebKit/537.36 (KHTML, like Gecko) Chrome/135.0.7049.95 Mobile Safari/537.36 (compatible; Googlebot/2.1; +http://www.google.com/bot.html)"
85.208.96.206 - - [27/Apr/2025:08:12:51 -0400] "GET /server.php/home-appliances-stoves-1ncuq HTTP/1.1" 403 13 "-" "Mozilla/5.0 (compatible; SemrushBot/7~bl; +http://www.semrush.com/bot.html)"
66.249.79.33 - - [27/Apr/2025:08:12:56 -0400] "GET /home-appliances/vacuum-cleaners/290w1 HTTP/1.1" 404 13 "-" "Mozilla/5.0 (Linux; Android 6.0.1; Nexus 5X Build/MMB29P) AppleWebKit/537.36 (KHTML, like Gecko) Chrome/135.0.7049.95 Mobile Safari/537.36 (compatible; Googlebot/2.1; +http://www.google.com/bot.html)"
66.249.79.163 - - [27/Apr/2025:08:12:58 -0400] "GET /shopdetail/9229898 HTTP/1.1" 404 13 "-" "Mozilla/5.0 (Linux; Android 6.0.1; Nexus 5X Build/MMB29P) AppleWebKit/537.36 (KHTML, like Gecko) Chrome/135.0.7049.95 Mobile Safari/537.36 (compatible; Googlebot/2.1; +http://www.google.com/bot.html)"
66.249.79.163 - - [27/Apr/2025:08:12:58 -0400] "GET /server.php/travel-supplies-tents-1k6ye HTTP/1.1" 403 13 "-" "Mozilla/5.0 (Linux; Android 6.0.1; Nexus 5X Build/MMB29P) AppleWebKit/537.36 (KHTML, like Gecko) Chrome/135.0.7049.95 Mobile Safari/537.36 (compatible; GoogleOther)"
40.77.167.7 - - [27/Apr/2025:08:13:07 -0400] "GET /server.php/alcohol-shochu-1h5ao HTTP/1.1" 403 13 "-" "Mozilla/5.0 AppleWebKit/537.36 (KHTML, like Gecko; compatible; bingbot/2.0; +http://www.bing.com/bingbot.htm) Chrome/116.0.1938.76 Safari/537.36"
66.249.79.165 - - [27/Apr/2025:08:13:07 -0400] "GET /server.php/beauty-serums-1y4l3 HTTP/1.1" 403 13 "-" "Mozilla/5.0 (Linux; Android 6.0.1; Nexus 5X Build/MMB29P) AppleWebKit/537.36 (KHTML, like Gecko) Chrome/135.0.7049.95 Mobile Safari/537.36 (compatible; Googlebot/2.1; +http://www.google.com/bot.html)"
66.249.79.164 - - [27/Apr/2025:08:13:13 -0400] "GET /server.php/etc.-tableware-27yk9 HTTP/1.1" 403 13 "-" "Mozilla/5.0 (Linux; Android 6.0.1; Nexus 5X Build/MMB29P) AppleWebKit/537.36 (KHTML, like Gecko) Chrome/135.0.7049.95 Mobile Safari/537.36 (compatible; Googlebot/2.1; +http://www.google.com/bot.html)"
66.249.79.163 - - [27/Apr/2025:08:13:18 -0400] "GET /server.php/sports-caddy-bags-1v131 HTTP/1.1" 403 13 "-" "Mozilla/5.0 (Linux; Android 6.0.1; Nexus 5X Build/MMB29P) AppleWebKit/537.36 (KHTML, like Gecko) Chrome/135.0.7049.95 Mobile Safari/537.36 (compatible; Googlebot/2.1; +http://www.google.com/bot.html)"
66.249.79.163 - - [27/Apr/2025:08:13:21 -0400] "GET /server.php/travel-supplies-reels-16xam HTTP/1.1" 403 13 "-" "Mozilla/5.0 (Linux; Android 6.0.1; Nexus 5X Build/MMB29P) AppleWebKit/537.36 (KHTML, like Gecko) Chrome/135.0.7049.95 Mobile Safari/537.36 (compatible; Googlebot/2.1; +http://www.google.com/bot.html)"
66.249.79.163 - - [27/Apr/2025:08:13:31 -0400] "GET /server.php/fashion-jackets-mu7m HTTP/1.1" 403 13 "-" "Mozilla/5.0 (Linux; Android 6.0.1; Nexus 5X Build/MMB29P) AppleWebKit/537.36 (KHTML, like Gecko) Chrome/135.0.7049.95 Mobile Safari/537.36 (compatible; Googlebot/2.1; +http://www.google.com/bot.html)"
66.249.79.163 - - [27/Apr/2025:08:13:39 -0400] "GET /server.php/smartphones-external-hard-disk-drives-1t5iw HTTP/1.1" 403 13 "-" "Mozilla/5.0 (compatible; Googlebot/2.1; +http://www.google.com/bot.html)"
66.249.79.163 - - [27/Apr/2025:08:13:45 -0400] "GET /shopdetail/7585143 HTTP/1.1" 404 13 "-" "Mozilla/5.0 (Linux; Android 6.0.1; Nexus 5X Build/MMB29P) AppleWebKit/537.36 (KHTML, like Gecko) Chrome/135.0.7049.95 Mobile Safari/537.36 (compatible; Googlebot/2.1; +http://www.google.com/bot.html)"
85.208.96.194 - - [27/Apr/2025:08:13:51 -0400] "GET /server.php/pet-supplies-layout-supplies-2ku6 HTTP/1.1" 403 13 "-" "Mozilla/5.0 (compatible; SemrushBot/7~bl; +http://www.semrush.com/bot.html)"
66.249.79.163 - - [27/Apr/2025:08:13:53 -0400] "GET /server.php/tv-earphones-761g HTTP/1.1" 403 13 "-" "Mozilla/5.0 (Linux; Android 6.0.1; Nexus 5X Build/MMB29P) AppleWebKit/537.36 (KHTML, like Gecko) Chrome/135.0.7049.95 Mobile Safari/537.36 (compatible; Googlebot/2.1; +http://www.google.com/bot.html)"
66.249.79.163 - - [27/Apr/2025:08:13:56 -0400] "GET /server.php/etc.-balcony-sandals-v4a2 HTTP/1.1" 403 13 "-" "Mozilla/5.0 (Linux; Android 6.0.1; Nexus 5X Build/MMB29P) AppleWebKit/537.36 (KHTML, like Gecko) Chrome/135.0.7049.95 Mobile Safari/537.36 (compatible; Googlebot/2.1; +http://www.google.com/bot.html)"
66.249.79.163 - - [27/Apr/2025:08:13:59 -0400] "GET /server.php?decor-futon-mrc0 HTTP/1.1" 403 13 "-" "Mozilla/5.0 (Linux; Android 6.0.1; Nexus 5X Build/MMB29P) AppleWebKit/537.36 (KHTML, like Gecko) Chrome/135.0.7049.95 Mobile Safari/537.36 (compatible; Googlebot/2.1; +http://www.google.com/bot.html)"
66.249.79.163 - - [27/Apr/2025:08:14:04 -0400] "GET /shopdetail/11197865 HTTP/1.1" 404 13 "-" "Mozilla/5.0 (Linux; Android 6.0.1; Nexus 5X Build/MMB29P) AppleWebKit/537.36 (KHTML, like Gecko) Chrome/135.0.7049.95 Mobile Safari/537.36 (compatible; Googlebot/2.1; +http://www.google.com/bot.html)"
66.249.79.164 - - [27/Apr/2025:08:14:13 -0400] "GET /server.php/fashion-jackets-2lpu2 HTTP/1.1" 403 13 "-" "Mozilla/5.0 (Linux; Android 6.0.1; Nexus 5X Build/MMB29P) AppleWebKit/537.36 (KHTML, like Gecko) Chrome/135.0.7049.95 Mobile Safari/537.36 (compatible; Googlebot/2.1; +http://www.google.com/bot.html)"
66.249.79.163 - - [27/Apr/2025:08:14:17 -0400] "GET /server.php/outdoor-tarps-13rgx HTTP/1.1" 403 13 "-" "Mozilla/5.0 (Linux; Android 6.0.1; Nexus 5X Build/MMB29P) AppleWebKit/537.36 (KHTML, like Gecko) Chrome/135.0.7049.95 Mobile Safari/537.36 (compatible; Googlebot/2.1; +http://www.google.com/bot.html)"
66.249.79.163 - - [27/Apr/2025:08:14:20 -0400] "GET /server.php/art-wind-1ascq HTTP/1.1" 403 13 "-" "Mozilla/5.0 (Linux; Android 6.0.1; Nexus 5X Build/MMB29P) AppleWebKit/537.36 (KHTML, like Gecko) Chrome/135.0.7049.95 Mobile Safari/537.36 (compatible; Googlebot/2.1; +http://www.google.com/bot.html)"
66.249.79.35 - - [27/Apr/2025:08:14:23 -0400] "GET /games/anime/1cg9j HTTP/1.1" 404 13 "-" "Mozilla/5.0 (Linux; Android 6.0.1; Nexus 5X Build/MMB29P) AppleWebKit/537.36 (KHTML, like Gecko) Chrome/135.0.7049.95 Mobile Safari/537.36 (compatible; Googlebot/2.1; +http://www.google.com/bot.html)"
66.249.79.33 - - [27/Apr/2025:08:14:27 -0400] "GET /fashion/bags/2bhak HTTP/1.1" 404 13 "-" "Mozilla/5.0 (Linux; Android 6.0.1; Nexus 5X Build/MMB29P) AppleWebKit/537.36 (KHTML, like Gecko) Chrome/135.0.7049.95 Mobile Safari/537.36 (compatible; Googlebot/2.1; +http://www.google.com/bot.html)"
66.249.79.163 - - [27/Apr/2025:08:14:33 -0400] "GET /shopdetail/10377421 HTTP/1.1" 404 13 "-" "Mozilla/5.0 (Linux; Android 6.0.1; Nexus 5X Build/MMB29P) AppleWebKit/537.36 (KHTML, like Gecko) Chrome/135.0.7049.95 Mobile Safari/537.36 (compatible; Googlebot/2.1; +http://www.google.com/bot.html)"
57.141.4.5 - - [27/Apr/2025:08:14:36 -0400] "GET /server.php/fashion-tops-279j9 HTTP/1.1" 403 13 "-" "meta-externalagent/1.1 (+https://developers.facebook.com/docs/sharing/webmasters/crawler)"
66.249.79.163 - - [27/Apr/2025:08:14:40 -0400] "GET /server.php/kitchen-tea-cups-m31p HTTP/1.1" 403 13 "-" "Mozilla/5.0 (Linux; Android 6.0.1; Nexus 5X Build/MMB29P) AppleWebKit/537.36 (KHTML, like Gecko) Chrome/135.0.7049.95 Mobile Safari/537.36 (compatible; Googlebot/2.1; +http://www.google.com/bot.html)"
66.249.79.163 - - [27/Apr/2025:08:14:42 -0400] "GET /server.php?shopdetail/8424110 HTTP/1.1" 403 13 "-" "Mozilla/5.0 (Linux; Android 6.0.1; Nexus 5X Build/MMB29P) AppleWebKit/537.36 (KHTML, like Gecko) Chrome/135.0.7049.95 Mobile Safari/537.36 (compatible; Googlebot/2.1; +http://www.google.com/bot.html)"
66.249.79.163 - - [27/Apr/2025:08:14:51 -0400] "GET /server.php/musical-instruments-stringed-instruments-1bgfk HTTP/1.1" 403 13 "-" "Mozilla/5.0 (Linux; Android 6.0.1; Nexus 5X Build/MMB29P) AppleWebKit/537.36 (KHTML, like Gecko) Chrome/135.0.7049.95 Mobile Safari/537.36 (compatible; Googlebot/2.1; +http://www.google.com/bot.html)"
185.191.171.13 - - [27/Apr/2025:08:14:53 -0400] "GET /server.php/drinks-whiskey-r8j7 HTTP/1.1" 403 13 "-" "Mozilla/5.0 (compatible; SemrushBot/7~bl; +http://www.semrush.com/bot.html)"
66.249.79.163 - - [27/Apr/2025:08:14:56 -0400] "GET /server.php/sports-men-shoes-qel3 HTTP/1.1" 403 13 "-" "Mozilla/5.0 (Linux; Android 6.0.1; Nexus 5X Build/MMB29P) AppleWebKit/537.36 (KHTML, like Gecko) Chrome/135.0.7049.95 Mobile Safari/537.36 (compatible; Googlebot/2.1; +http://www.google.com/bot.html)"
66.249.79.163 - - [27/Apr/2025:08:15:07 -0400] "GET /shopdetail/15141910 HTTP/1.1" 404 13 "-" "Mozilla/5.0 (Linux; Android 6.0.1; Nexus 5X Build/MMB29P) AppleWebKit/537.36 (KHTML, like Gecko) Chrome/135.0.7049.95 Mobile Safari/537.36 (compatible; Googlebot/2.1; +http://www.google.com/bot.html)"
66.249.79.163 - - [27/Apr/2025:08:15:23 -0400] "GET /server.php/bicycles-accessories-26rtn HTTP/1.1" 403 13 "-" "Mozilla/5.0 (Linux; Android 6.0.1; Nexus 5X Build/MMB29P) AppleWebKit/537.36 (KHTML, like Gecko) Chrome/135.0.7049.95 Mobile Safari/537.36 (compatible; Googlebot/2.1; +http://www.google.com/bot.html)"
207.46.13.126 - - [27/Apr/2025:08:15:25 -0400] "GET /server.php/tablets-smartphones-1avk4 HTTP/1.1" 403 13 "-" "Mozilla/5.0 AppleWebKit/537.36 (KHTML, like Gecko; compatible; bingbot/2.0; +http://www.bing.com/bingbot.htm) Chrome/116.0.1938.76 Safari/537.36"
66.249.79.163 - - [27/Apr/2025:08:15:31 -0400] "GET /shopdetail/9773709 HTTP/1.1" 404 13 "-" "Mozilla/5.0 (Linux; Android 6.0.1; Nexus 5X Build/MMB29P) AppleWebKit/537.36 (KHTML, like Gecko) Chrome/135.0.7049.95 Mobile Safari/537.36 (compatible; Googlebot/2.1; +http://www.google.com/bot.html)"
66.249.79.163 - - [27/Apr/2025:08:15:42 -0400] "GET /server.php/fishing-rods-oahn HTTP/1.1" 403 13 "-" "Mozilla/5.0 (Linux; Android 6.0.1; Nexus 5X Build/MMB29P) AppleWebKit/537.36 (KHTML, like Gecko) Chrome/135.0.7049.95 Mobile Safari/537.36 (compatible; Googlebot/2.1; +http://www.google.com/bot.html)"
57.141.4.19 - - [27/Apr/2025:08:15:44 -0400] "GET /server.php/audio-instant-cameras-tdsq HTTP/1.1" 403 13 "-" "meta-externalagent/1.1 (+https://developers.facebook.com/docs/sharing/webmasters/crawler)"
66.249.79.163 - - [27/Apr/2025:08:15:52 -0400] "GET /server.php?shopdetail/5951765 HTTP/1.1" 403 13 "-" "Mozilla/5.0 (Linux; Android 6.0.1; Nexus 5X Build/MMB29P) AppleWebKit/537.36 (KHTML, like Gecko) Chrome/135.0.7049.95 Mobile Safari/537.36 (compatible; Googlebot/2.1; +http://www.google.com/bot.html)"
185.191.171.7 - - [27/Apr/2025:08:15:55 -0400] "GET /server.php/home-appliances-fan-heaters-1r7gj HTTP/1.1" 403 13 "-" "Mozilla/5.0 (compatible; SemrushBot/7~bl; +http://www.semrush.com/bot.html)"
66.249.79.163 - - [27/Apr/2025:08:15:59 -0400] "GET /server.php/books-music-1wvay HTTP/1.1" 403 13 "-" "Mozilla/5.0 (Linux; Android 6.0.1; Nexus 5X Build/MMB29P) AppleWebKit/537.36 (KHTML, like Gecko) Chrome/135.0.7049.95 Mobile Safari/537.36 (compatible; Googlebot/2.1; +http://www.google.com/bot.html)"
66.249.79.163 - - [27/Apr/2025:08:16:06 -0400] "GET /shopdetail/8970609 HTTP/1.1" 404 13 "-" "Mozilla/5.0 (Linux; Android 6.0.1; Nexus 5X Build/MMB29P) AppleWebKit/537.36 (KHTML, like Gecko) Chrome/135.0.7049.95 Mobile Safari/537.36 (compatible; Googlebot/2.1; +http://www.google.com/bot.html)"
66.249.79.164 - - [27/Apr/2025:08:16:16 -0400] "GET /server.php/musical-instruments-motorcycles-214tg HTTP/1.1" 403 13 "-" "Mozilla/5.0 (Linux; Android 6.0.1; Nexus 5X Build/MMB29P) AppleWebKit/537.36 (KHTML, like Gecko) Chrome/135.0.7049.95 Mobile Safari/537.36 (compatible; Googlebot/2.1; +http://www.google.com/bot.html)"
66.249.79.164 - - [27/Apr/2025:08:16:17 -0400] "GET /server.php/daily-necessities-cups-i42m HTTP/1.1" 403 13 "-" "Mozilla/5.0 (Linux; Android 6.0.1; Nexus 5X Build/MMB29P) AppleWebKit/537.36 (KHTML, like Gecko) Chrome/135.0.7049.95 Mobile Safari/537.36 (compatible; Googlebot/2.1; +http://www.google.com/bot.html)"
66.249.79.164 - - [27/Apr/2025:08:16:18 -0400] "GET /server.php/fashion-men-7nwc HTTP/1.1" 403 13 "-" "Mozilla/5.0 (Linux; Android 6.0.1; Nexus 5X Build/MMB29P) AppleWebKit/537.36 (KHTML, like Gecko) Chrome/135.0.7049.95 Mobile Safari/537.36 (compatible; Googlebot/2.1; +http://www.google.com/bot.html)"
57.141.4.28 - - [27/Apr/2025:08:16:19 -0400] "GET /server.php/fashion-tops-270qw HTTP/1.1" 403 13 "-" "meta-externalagent/1.1 (+https://developers.facebook.com/docs/sharing/webmasters/crawler)"
66.249.79.163 - - [27/Apr/2025:08:16:20 -0400] "GET /server.php/home-appliances-washing-machines-9m5a HTTP/1.1" 403 13 "-" "Mozilla/5.0 (Linux; Android 6.0.1; Nexus 5X Build/MMB29P) AppleWebKit/537.36 (KHTML, like Gecko) Chrome/135.0.7049.95 Mobile Safari/537.36 (compatible; Googlebot/2.1; +http://www.google.com/bot.html)"
66.249.79.163 - - [27/Apr/2025:08:16:31 -0400] "GET /shopdetail/9794910 HTTP/1.1" 404 13 "-" "Mozilla/5.0 (Linux; Android 6.0.1; Nexus 5X Build/MMB29P) AppleWebKit/537.36 (KHTML, like Gecko) Chrome/135.0.7049.95 Mobile Safari/537.36 (compatible; Googlebot/2.1; +http://www.google.com/bot.html)"
66.249.79.163 - - [27/Apr/2025:08:16:50 -0400] "GET /server.php/food-mineral-water-17ab0 HTTP/1.1" 403 13 "-" "Mozilla/5.0 (Linux; Android 6.0.1; Nexus 5X Build/MMB29P) AppleWebKit/537.36 (KHTML, like Gecko) Chrome/135.0.7049.95 Mobile Safari/537.36 (compatible; Googlebot/2.1; +http://www.google.com/bot.html)"
85.208.96.207 - - [27/Apr/2025:08:16:56 -0400] "GET /server.php/bicycles-tires-2e6ik HTTP/1.1" 403 13 "-" "Mozilla/5.0 (compatible; SemrushBot/7~bl; +http://www.semrush.com/bot.html)"
66.249.79.163 - - [27/Apr/2025:08:16:59 -0400] "GET /server.php/fishing-travel-bags-2gmvs HTTP/1.1" 403 13 "-" "Mozilla/5.0 (Linux; Android 6.0.1; Nexus 5X Build/MMB29P) AppleWebKit/537.36 (KHTML, like Gecko) Chrome/135.0.7049.95 Mobile Safari/537.36 (compatible; Googlebot/2.1; +http://www.google.com/bot.html)"
66.249.79.164 - - [27/Apr/2025:08:17:07 -0400] "GET /server.php/goods-anime-12wnq HTTP/1.1" 403 13 "-" "Mozilla/5.0 (compatible; Googlebot/2.1; +http://www.google.com/bot.html)"
66.249.79.163 - - [27/Apr/2025:08:17:08 -0400] "GET /server.php?shopdetail/7849310 HTTP/1.1" 403 13 "-" "Mozilla/5.0 (Linux; Android 6.0.1; Nexus 5X Build/MMB29P) AppleWebKit/537.36 (KHTML, like Gecko) Chrome/135.0.7049.95 Mobile Safari/537.36 (compatible; Googlebot/2.1; +http://www.google.com/bot.html)"
66.249.79.163 - - [27/Apr/2025:08:17:10 -0400] "GET /shopdetail/11224954 HTTP/1.1" 404 13 "-" "Mozilla/5.0 (Linux; Android 6.0.1; Nexus 5X Build/MMB29P) AppleWebKit/537.36 (KHTML, like Gecko) Chrome/135.0.7049.95 Mobile Safari/537.36 (compatible; Googlebot/2.1; +http://www.google.com/bot.html)"
66.249.79.163 - - [27/Apr/2025:08:17:13 -0400] "GET /server.php/fashion-yukata-xi0v HTTP/1.1" 403 13 "-" "Mozilla/5.0 (Linux; Android 6.0.1; Nexus 5X Build/MMB29P) AppleWebKit/537.36 (KHTML, like Gecko) Chrome/135.0.7049.95 Mobile Safari/537.36 (compatible; Googlebot/2.1; +http://www.google.com/bot.html)"
66.249.79.163 - - [27/Apr/2025:08:17:20 -0400] "GET /server.php/smartphones-apple-watches-270vi HTTP/1.1" 403 13 "-" "Mozilla/5.0 (Linux; Android 6.0.1; Nexus 5X Build/MMB29P) AppleWebKit/537.36 (KHTML, like Gecko) Chrome/135.0.7049.95 Mobile Safari/537.36 (compatible; Googlebot/2.1; +http://www.google.com/bot.html)"
66.249.79.33 - - [27/Apr/2025:08:17:21 -0400] "GET /drinks/whiskey/19iwv HTTP/1.1" 404 13 "-" "Mozilla/5.0 (Linux; Android 6.0.1; Nexus 5X Build/MMB29P) AppleWebKit/537.36 (KHTML, like Gecko) Chrome/135.0.7049.95 Mobile Safari/537.36 (compatible; Googlebot/2.1; +http://www.google.com/bot.html)"
66.249.79.163 - - [27/Apr/2025:08:17:22 -0400] "GET /server.php/art-collections-1f8if HTTP/1.1" 403 13 "-" "Mozilla/5.0 (Linux; Android 6.0.1; Nexus 5X Build/MMB29P) AppleWebKit/537.36 (KHTML, like Gecko) Chrome/135.0.7049.95 Mobile Safari/537.36 (compatible; Googlebot/2.1; +http://www.google.com/bot.html)"
57.141.4.9 - - [27/Apr/2025:08:17:30 -0400] "GET /server.php/health-others-1vrsj HTTP/1.1" 403 13 "-" "meta-externalagent/1.1 (+https://developers.facebook.com/docs/sharing/webmasters/crawler)"
66.249.79.163 - - [27/Apr/2025:08:17:36 -0400] "GET /server.php/etc.-water-conditioners-289hi HTTP/1.1" 403 13 "-" "Mozilla/5.0 (Linux; Android 6.0.1; Nexus 5X Build/MMB29P) AppleWebKit/537.36 (KHTML, like Gecko) Chrome/135.0.7049.95 Mobile Safari/537.36 (compatible; Googlebot/2.1; +http://www.google.com/bot.html)"
66.249.79.163 - - [27/Apr/2025:08:17:38 -0400] "GET /server.php/diy-toilets-g96d HTTP/1.1" 403 13 "-" "Mozilla/5.0 (Linux; Android 6.0.1; Nexus 5X Build/MMB29P) AppleWebKit/537.36 (KHTML, like Gecko) Chrome/135.0.7049.95 Mobile Safari/537.36 (compatible; Googlebot/2.1; +http://www.google.com/bot.html)"
66.249.79.163 - - [27/Apr/2025:08:17:44 -0400] "GET /server.php/pet-supplies-other-ltub HTTP/1.1" 403 13 "-" "Mozilla/5.0 (Linux; Android 6.0.1; Nexus 5X Build/MMB29P) AppleWebKit/537.36 (KHTML, like Gecko) Chrome/135.0.7049.95 Mobile Safari/537.36 (compatible; Googlebot/2.1; +http://www.google.com/bot.html)"
66.249.79.163 - - [27/Apr/2025:08:17:54 -0400] "GET /shopdetail/12169232 HTTP/1.1" 404 13 "-" "Mozilla/5.0 (Linux; Android 6.0.1; Nexus 5X Build/MMB29P) AppleWebKit/537.36 (KHTML, like Gecko) Chrome/135.0.7049.95 Mobile Safari/537.36 (compatible; Googlebot/2.1; +http://www.google.com/bot.html)"
85.208.96.193 - - [27/Apr/2025:08:17:57 -0400] "GET /server.php/tv-player-16cxt HTTP/1.1" 403 13 "-" "Mozilla/5.0 (compatible; SemrushBot/7~bl; +http://www.semrush.com/bot.html)"
66.249.79.163 - - [27/Apr/2025:08:18:00 -0400] "GET /server.php/games-others-1r6j4 HTTP/1.1" 403 13 "-" "Mozilla/5.0 (Linux; Android 6.0.1; Nexus 5X Build/MMB29P) AppleWebKit/537.36 (KHTML, like Gecko) Chrome/135.0.7049.95 Mobile Safari/537.36 (compatible; Googlebot/2.1; +http://www.google.com/bot.html)"
66.249.79.33 - - [27/Apr/2025:08:18:08 -0400] "GET /fashion/suits/srtq HTTP/1.1" 404 13 "-" "Mozilla/5.0 (Linux; Android 6.0.1; Nexus 5X Build/MMB29P) AppleWebKit/537.36 (KHTML, like Gecko) Chrome/135.0.7049.95 Mobile Safari/537.36 (compatible; Googlebot/2.1; +http://www.google.com/bot.html)"
66.249.79.164 - - [27/Apr/2025:08:18:11 -0400] "GET /shopdetail/8065021 HTTP/1.1" 404 13 "-" "Mozilla/5.0 (Linux; Android 6.0.1; Nexus 5X Build/MMB29P) AppleWebKit/537.36 (KHTML, like Gecko) Chrome/135.0.7049.95 Mobile Safari/537.36 (compatible; Googlebot/2.1; +http://www.google.com/bot.html)"
66.249.79.34 - - [27/Apr/2025:08:18:15 -0400] "GET /bicycles/accessories/c89b HTTP/1.1" 404 13 "-" "Mozilla/5.0 (Linux; Android 6.0.1; Nexus 5X Build/MMB29P) AppleWebKit/537.36 (KHTML, like Gecko) Chrome/135.0.7049.95 Mobile Safari/537.36 (compatible; Googlebot/2.1; +http://www.google.com/bot.html)"
66.249.79.163 - - [27/Apr/2025:08:18:16 -0400] "GET /server.php/cosmetics-serums-j5os HTTP/1.1" 403 13 "-" "Mozilla/5.0 (Linux; Android 6.0.1; Nexus 5X Build/MMB29P) AppleWebKit/537.36 (KHTML, like Gecko) Chrome/135.0.7049.95 Mobile Safari/537.36 (compatible; Googlebot/2.1; +http://www.google.com/bot.html)"
66.249.79.33 - - [27/Apr/2025:08:18:23 -0400] "GET /furniture/study-desks/op8p HTTP/1.1" 404 13 "-" "Mozilla/5.0 (Linux; Android 6.0.1; Nexus 5X Build/MMB29P) AppleWebKit/537.36 (KHTML, like Gecko) Chrome/135.0.7049.95 Mobile Safari/537.36 (compatible; Googlebot/2.1; +http://www.google.com/bot.html)"
66.249.79.163 - - [27/Apr/2025:08:18:23 -0400] "GET /server.php/art-guitars-t11w HTTP/1.1" 403 13 "-" "Mozilla/5.0 (Linux; Android 6.0.1; Nexus 5X Build/MMB29P) AppleWebKit/537.36 (KHTML, like Gecko) Chrome/135.0.7049.95 Mobile Safari/537.36 (compatible; GoogleOther)"
66.249.79.163 - - [27/Apr/2025:08:18:24 -0400] "GET /server.php/etc.-others-2eqf9 HTTP/1.1" 403 13 "-" "Mozilla/5.0 (Linux; Android 6.0.1; Nexus 5X Build/MMB29P) AppleWebKit/537.36 (KHTML, like Gecko) Chrome/135.0.7049.95 Mobile Safari/537.36 (compatible; Googlebot/2.1; +http://www.google.com/bot.html)"
66.249.79.163 - - [27/Apr/2025:08:18:29 -0400] "GET /shopdetail/6125421 HTTP/1.1" 404 13 "-" "Mozilla/5.0 (Linux; Android 6.0.1; Nexus 5X Build/MMB29P) AppleWebKit/537.36 (KHTML, like Gecko) Chrome/135.0.7049.95 Mobile Safari/537.36 (compatible; Googlebot/2.1; +http://www.google.com/bot.html)"
66.249.79.163 - - [27/Apr/2025:08:18:34 -0400] "GET /server.php/flowers-bonsai-a3tg HTTP/1.1" 403 13 "-" "Mozilla/5.0 (Linux; Android 6.0.1; Nexus 5X Build/MMB29P) AppleWebKit/537.36 (KHTML, like Gecko) Chrome/135.0.7049.95 Mobile Safari/537.36 (compatible; Googlebot/2.1; +http://www.google.com/bot.html)"
40.77.167.7 - - [27/Apr/2025:08:18:35 -0400] "GET /server.php/tablets-others-8h08 HTTP/1.1" 403 13 "-" "Mozilla/5.0 AppleWebKit/537.36 (KHTML, like Gecko; compatible; bingbot/2.0; +http://www.bing.com/bingbot.htm) Chrome/116.0.1938.76 Safari/537.36"
66.249.79.163 - - [27/Apr/2025:08:18:37 -0400] "GET /server.php?zhHant/product/surugaya/77556037?campaign_uid=f64d716db5e979ed2f947dbaf4296895b951ae7f HTTP/1.1" 403 13 "-" "Mozilla/5.0 (Linux; Android 6.0.1; Nexus 5X Build/MMB29P) AppleWebKit/537.36 (KHTML, like Gecko) Chrome/135.0.7049.95 Mobile Safari/537.36 (compatible; Googlebot/2.1; +http://www.google.com/bot.html)"
52.167.144.163 - - [27/Apr/2025:08:18:44 -0400] "GET /server.php/diet-whey-protein-2lk0k HTTP/1.1" 403 13 "-" "Mozilla/5.0 AppleWebKit/537.36 (KHTML, like Gecko; compatible; bingbot/2.0; +http://www.bing.com/bingbot.htm) Chrome/116.0.1938.76 Safari/537.36"
66.249.79.163 - - [27/Apr/2025:08:18:47 -0400] "GET /shopdetail/17164276 HTTP/1.1" 404 13 "-" "Mozilla/5.0 (Linux; Android 6.0.1; Nexus 5X Build/MMB29P) AppleWebKit/537.36 (KHTML, like Gecko) Chrome/135.0.7049.95 Mobile Safari/537.36 (compatible; Googlebot/2.1; +http://www.google.com/bot.html)"
66.249.79.163 - - [27/Apr/2025:08:18:51 -0400] "GET /server.php/fashion-tops-1mb5g HTTP/1.1" 403 13 "-" "Mozilla/5.0 (Linux; Android 6.0.1; Nexus 5X Build/MMB29P) AppleWebKit/537.36 (KHTML, like Gecko) Chrome/135.0.7049.95 Mobile Safari/537.36 (compatible; Googlebot/2.1; +http://www.google.com/bot.html)"
66.249.79.163 - - [27/Apr/2025:08:18:53 -0400] "GET /server.php/outdoor-reels-14kd7 HTTP/1.1" 403 13 "-" "Mozilla/5.0 (Linux; Android 6.0.1; Nexus 5X Build/MMB29P) AppleWebKit/537.36 (KHTML, like Gecko) Chrome/135.0.7049.95 Mobile Safari/537.36 (compatible; Googlebot/2.1; +http://www.google.com/bot.html)"
85.208.96.211 - - [27/Apr/2025:08:18:58 -0400] "GET /server.php/pet-supplies-aquatic-plant-cultivation-29qi7 HTTP/1.1" 403 13 "-" "Mozilla/5.0 (compatible; SemrushBot/7~bl; +http://www.semrush.com/bot.html)"
66.249.79.163 - - [27/Apr/2025:08:18:59 -0400] "GET /shopdetail/9086709 HTTP/1.1" 404 13 "-" "Mozilla/5.0 (Linux; Android 6.0.1; Nexus 5X Build/MMB29P) AppleWebKit/537.36 (KHTML, like Gecko) Chrome/135.0.7049.95 Mobile Safari/537.36 (compatible; Googlebot/2.1; +http://www.google.com/bot.html)"
66.249.79.163 - - [27/Apr/2025:08:19:02 -0400] "GET /server.php/drinks-whiskey-1kq4f HTTP/1.1" 403 13 "-" "Mozilla/5.0 (Linux; Android 6.0.1; Nexus 5X Build/MMB29P) AppleWebKit/537.36 (KHTML, like Gecko) Chrome/135.0.7049.95 Mobile Safari/537.36 (compatible; Googlebot/2.1; +http://www.google.com/bot.html)"
66.249.79.163 - - [27/Apr/2025:08:19:11 -0400] "GET /shopdetail/12262110 HTTP/1.1" 404 13 "-" "Mozilla/5.0 (Linux; Android 6.0.1; Nexus 5X Build/MMB29P) AppleWebKit/537.36 (KHTML, like Gecko) Chrome/135.0.7049.95 Mobile Safari/537.36 (compatible; Googlebot/2.1; +http://www.google.com/bot.html)"
66.249.79.163 - - [27/Apr/2025:08:19:12 -0400] "GET /server.php?shopdetail/4286309 HTTP/1.1" 403 13 "-" "Mozilla/5.0 (Linux; Android 6.0.1; Nexus 5X Build/MMB29P) AppleWebKit/537.36 (KHTML, like Gecko) Chrome/135.0.7049.95 Mobile Safari/537.36 (compatible; Googlebot/2.1; +http://www.google.com/bot.html)"
66.249.79.163 - - [27/Apr/2025:08:19:13 -0400] "GET /server.php/furniture-dressing-tables-t6uv HTTP/1.1" 403 13 "-" "Mozilla/5.0 (Linux; Android 6.0.1; Nexus 5X Build/MMB29P) AppleWebKit/537.36 (KHTML, like Gecko) Chrome/135.0.7049.95 Mobile Safari/537.36 (compatible; Googlebot/2.1; +http://www.google.com/bot.html)"
66.249.79.163 - - [27/Apr/2025:08:19:19 -0400] "GET /server.php/games-comics-1hsmi HTTP/1.1" 403 13 "-" "Mozilla/5.0 (Linux; Android 6.0.1; Nexus 5X Build/MMB29P) AppleWebKit/537.36 (KHTML, like Gecko) Chrome/135.0.7049.95 Mobile Safari/537.36 (compatible; Googlebot/2.1; +http://www.google.com/bot.html)"
40.77.167.7 - - [27/Apr/2025:08:19:26 -0400] "GET /server.php/cosmetics-face-creams-vxwa HTTP/1.1" 403 13 "-" "Mozilla/5.0 AppleWebKit/537.36 (KHTML, like Gecko; compatible; bingbot/2.0; +http://www.bing.com/bingbot.htm) Chrome/116.0.1938.76 Safari/537.36"
66.249.79.163 - - [27/Apr/2025:08:19:34 -0400] "GET /server.php/hobbies-characters-xx2w HTTP/1.1" 403 13 "-" "Mozilla/5.0 (Linux; Android 6.0.1; Nexus 5X Build/MMB29P) AppleWebKit/537.36 (KHTML, like Gecko) Chrome/135.0.7049.95 Mobile Safari/537.36 (compatible; Googlebot/2.1; +http://www.google.com/bot.html)"
66.249.79.163 - - [27/Apr/2025:08:19:34 -0400] "GET /server.php?shopdetail/8853343 HTTP/1.1" 403 13 "-" "Mozilla/5.0 (Linux; Android 6.0.1; Nexus 5X Build/MMB29P) AppleWebKit/537.36 (KHTML, like Gecko) Chrome/135.0.7049.95 Mobile Safari/537.36 (compatible; Googlebot/2.1; +http://www.google.com/bot.html)"
66.249.79.163 - - [27/Apr/2025:08:19:35 -0400] "GET /server.php/etc.-bulk-sales-199is HTTP/1.1" 403 13 "-" "Mozilla/5.0 (Linux; Android 6.0.1; Nexus 5X Build/MMB29P) AppleWebKit/537.36 (KHTML, like Gecko) Chrome/135.0.7049.95 Mobile Safari/537.36 (compatible; Googlebot/2.1; +http://www.google.com/bot.html)"
66.249.79.33 - - [27/Apr/2025:08:19:36 -0400] "GET /tv/instant-cameras/kf89 HTTP/1.1" 404 13 "-" "Mozilla/5.0 (Linux; Android 6.0.1; Nexus 5X Build/MMB29P) AppleWebKit/537.36 (KHTML, like Gecko) Chrome/135.0.7049.95 Mobile Safari/537.36 (compatible; Googlebot/2.1; +http://www.google.com/bot.html)"
66.249.79.35 - - [27/Apr/2025:08:19:38 -0400] "GET /tv/digital-cameras/uw8q HTTP/1.1" 404 13 "-" "Mozilla/5.0 (Linux; Android 6.0.1; Nexus 5X Build/MMB29P) AppleWebKit/537.36 (KHTML, like Gecko) Chrome/135.0.7049.95 Mobile Safari/537.36 (compatible; Googlebot/2.1; +http://www.google.com/bot.html)"
66.249.79.163 - - [27/Apr/2025:08:19:43 -0400] "GET /server.php/tools-carpet-15y7o HTTP/1.1" 403 13 "-" "Mozilla/5.0 (Linux; Android 6.0.1; Nexus 5X Build/MMB29P) AppleWebKit/537.36 (KHTML, like Gecko) Chrome/135.0.7049.95 Mobile Safari/537.36 (compatible; Googlebot/2.1; +http://www.google.com/bot.html)"
66.249.79.163 - - [27/Apr/2025:08:19:45 -0400] "GET /server.php/toys-magic:-the-gathering-1cje4 HTTP/1.1" 403 13 "-" "Mozilla/5.0 (Linux; Android 6.0.1; Nexus 5X Build/MMB29P) AppleWebKit/537.36 (KHTML, like Gecko) Chrome/135.0.7049.95 Mobile Safari/537.36 (compatible; Googlebot/2.1; +http://www.google.com/bot.html)"
66.249.79.163 - - [27/Apr/2025:08:19:45 -0400] "GET /server.php/air-conditioning-others-v69x HTTP/1.1" 403 13 "-" "Mozilla/5.0 (Linux; Android 6.0.1; Nexus 5X Build/MMB29P) AppleWebKit/537.36 (KHTML, like Gecko) Chrome/135.0.7049.95 Mobile Safari/537.36 (compatible; Googlebot/2.1; +http://www.google.com/bot.html)"
66.249.79.163 - - [27/Apr/2025:08:19:52 -0400] "GET /shopdetail/13032765 HTTP/1.1" 404 13 "-" "Mozilla/5.0 (Linux; Android 6.0.1; Nexus 5X Build/MMB29P) AppleWebKit/537.36 (KHTML, like Gecko) Chrome/135.0.7049.95 Mobile Safari/537.36 (compatible; Googlebot/2.1; +http://www.google.com/bot.html)"
52.167.144.163 - - [27/Apr/2025:08:19:53 -0400] "GET /server.php/furniture-seater-sofas-2cwms HTTP/1.1" 403 13 "-" "Mozilla/5.0 AppleWebKit/537.36 (KHTML, like Gecko; compatible; bingbot/2.0; +http://www.bing.com/bingbot.htm) Chrome/116.0.1938.76 Safari/537.36"
66.249.79.163 - - [27/Apr/2025:08:19:56 -0400] "GET /server.php/bicycles-cars-2cbxr HTTP/1.1" 403 13 "-" "Mozilla/5.0 (Linux; Android 6.0.1; Nexus 5X Build/MMB29P) AppleWebKit/537.36 (KHTML, like Gecko) Chrome/135.0.7049.95 Mobile Safari/537.36 (compatible; Googlebot/2.1; +http://www.google.com/bot.html)"
85.208.96.205 - - [27/Apr/2025:08:19:59 -0400] "GET /server.php/tv-earphones-emxw HTTP/1.1" 403 13 "-" "Mozilla/5.0 (compatible; SemrushBot/7~bl; +http://www.semrush.com/bot.html)"
66.249.79.164 - - [27/Apr/2025:08:20:05 -0400] "GET /shopdetail/7399387 HTTP/1.1" 404 13 "-" "Mozilla/5.0 (Linux; Android 6.0.1; Nexus 5X Build/MMB29P) AppleWebKit/537.36 (KHTML, like Gecko) Chrome/135.0.7049.95 Mobile Safari/537.36 (compatible; Googlebot/2.1; +http://www.google.com/bot.html)"
66.249.79.163 - - [27/Apr/2025:08:20:09 -0400] "GET /server.php?shopdetail/3125221 HTTP/1.1" 403 13 "-" "Mozilla/5.0 (Linux; Android 6.0.1; Nexus 5X Build/MMB29P) AppleWebKit/537.36 (KHTML, like Gecko) Chrome/135.0.7049.95 Mobile Safari/537.36 (compatible; Googlebot/2.1; +http://www.google.com/bot.html)"
66.249.79.163 - - [27/Apr/2025:08:20:10 -0400] "GET /server.php/fishing-small-bags-23pbv HTTP/1.1" 403 13 "-" "Mozilla/5.0 (Linux; Android 6.0.1; Nexus 5X Build/MMB29P) AppleWebKit/537.36 (KHTML, like Gecko) Chrome/135.0.7049.95 Mobile Safari/537.36 (compatible; Googlebot/2.1; +http://www.google.com/bot.html)"
66.249.79.163 - - [27/Apr/2025:08:20:15 -0400] "GET /server.php/goods-anime-updf HTTP/1.1" 403 13 "-" "Mozilla/5.0 (Linux; Android 6.0.1; Nexus 5X Build/MMB29P) AppleWebKit/537.36 (KHTML, like Gecko) Chrome/135.0.7049.95 Mobile Safari/537.36 (compatible; GoogleOther)"
66.249.79.163 - - [27/Apr/2025:08:20:21 -0400] "GET /server.php/fishing-clothing-or2l HTTP/1.1" 403 13 "-" "Mozilla/5.0 (Linux; Android 6.0.1; Nexus 5X Build/MMB29P) AppleWebKit/537.36 (KHTML, like Gecko) Chrome/135.0.7049.95 Mobile Safari/537.36 (compatible; Googlebot/2.1; +http://www.google.com/bot.html)"
66.249.79.163 - - [27/Apr/2025:08:20:22 -0400] "GET /server.php/character-anime-2lkgf HTTP/1.1" 403 13 "-" "Mozilla/5.0 (Linux; Android 6.0.1; Nexus 5X Build/MMB29P) AppleWebKit/537.36 (KHTML, like Gecko) Chrome/135.0.7049.95 Mobile Safari/537.36 (compatible; Googlebot/2.1; +http://www.google.com/bot.html)"
66.249.79.163 - - [27/Apr/2025:08:20:24 -0400] "GET /shopdetail/11368143 HTTP/1.1" 404 13 "-" "Mozilla/5.0 (Linux; Android 6.0.1; Nexus 5X Build/MMB29P) AppleWebKit/537.36 (KHTML, like Gecko) Chrome/135.0.7049.95 Mobile Safari/537.36 (compatible; Googlebot/2.1; +http://www.google.com/bot.html)"
66.249.79.163 - - [27/Apr/2025:08:20:29 -0400] "GET /server.php/fashion-shoes-1nk34 HTTP/1.1" 403 13 "-" "Mozilla/5.0 (Linux; Android 6.0.1; Nexus 5X Build/MMB29P) AppleWebKit/537.36 (KHTML, like Gecko) Chrome/135.0.7049.95 Mobile Safari/537.36 (compatible; Googlebot/2.1; +http://www.google.com/bot.html)"
66.249.79.163 - - [27/Apr/2025:08:20:30 -0400] "GET /server.php/hobbies-crafts-h1gv HTTP/1.1" 403 13 "-" "Mozilla/5.0 (Linux; Android 6.0.1; Nexus 5X Build/MMB29P) AppleWebKit/537.36 (KHTML, like Gecko) Chrome/135.0.7049.95 Mobile Safari/537.36 (compatible; Googlebot/2.1; +http://www.google.com/bot.html)"
66.249.79.163 - - [27/Apr/2025:08:20:33 -0400] "GET /shopdetail/13748710 HTTP/1.1" 404 13 "-" "Mozilla/5.0 (Linux; Android 6.0.1; Nexus 5X Build/MMB29P) AppleWebKit/537.36 (KHTML, like Gecko) Chrome/135.0.7049.95 Mobile Safari/537.36 (compatible; Googlebot/2.1; +http://www.google.com/bot.html)"
66.249.79.163 - - [27/Apr/2025:08:20:39 -0400] "GET /server.php/audio-player-vk74 HTTP/1.1" 403 13 "-" "Mozilla/5.0 (Linux; Android 6.0.1; Nexus 5X Build/MMB29P) AppleWebKit/537.36 (KHTML, like Gecko) Chrome/135.0.7049.95 Mobile Safari/537.36 (compatible; Googlebot/2.1; +http://www.google.com/bot.html)"
66.249.79.163 - - [27/Apr/2025:08:20:40 -0400] "GET /server.php?shopdetail/11531654 HTTP/1.1" 403 13 "-" "Mozilla/5.0 (Linux; Android 6.0.1; Nexus 5X Build/MMB29P) AppleWebKit/537.36 (KHTML, like Gecko) Chrome/135.0.7049.95 Mobile Safari/537.36 (compatible; Googlebot/2.1; +http://www.google.com/bot.html)"
66.249.79.163 - - [27/Apr/2025:08:20:41 -0400] "GET /server.php/hobbies-robots-vqjs HTTP/1.1" 403 13 "-" "Mozilla/5.0 (Linux; Android 6.0.1; Nexus 5X Build/MMB29P) AppleWebKit/537.36 (KHTML, like Gecko) Chrome/135.0.7049.95 Mobile Safari/537.36 (compatible; Googlebot/2.1; +http://www.google.com/bot.html)"
66.249.79.163 - - [27/Apr/2025:08:20:44 -0400] "GET /shopdetail/15776598 HTTP/1.1" 404 13 "-" "Mozilla/5.0 (Linux; Android 6.0.1; Nexus 5X Build/MMB29P) AppleWebKit/537.36 (KHTML, like Gecko) Chrome/135.0.7049.95 Mobile Safari/537.36 (compatible; Googlebot/2.1; +http://www.google.com/bot.html)"
66.249.79.34 - - [27/Apr/2025:08:20:45 -0400] "GET /home-appliances/mochi-maker/27hql HTTP/1.1" 404 13 "-" "Mozilla/5.0 (Linux; Android 6.0.1; Nexus 5X Build/MMB29P) AppleWebKit/537.36 (KHTML, like Gecko) Chrome/135.0.7049.95 Mobile Safari/537.36 (compatible; Googlebot/2.1; +http://www.google.com/bot.html)"
66.249.79.163 - - [27/Apr/2025:08:20:47 -0400] "GET /server.php/bicycles-equipment-25svm HTTP/1.1" 403 13 "-" "Mozilla/5.0 (Linux; Android 6.0.1; Nexus 5X Build/MMB29P) AppleWebKit/537.36 (KHTML, like Gecko) Chrome/135.0.7049.95 Mobile Safari/537.36 (compatible; Googlebot/2.1; +http://www.google.com/bot.html)"
66.249.79.163 - - [27/Apr/2025:08:20:54 -0400] "GET /server.php?interior-mattresses-ydm3 HTTP/1.1" 403 13 "-" "Mozilla/5.0 (Linux; Android 6.0.1; Nexus 5X Build/MMB29P) AppleWebKit/537.36 (KHTML, like Gecko) Chrome/135.0.7049.95 Mobile Safari/537.36 (compatible; Googlebot/2.1; +http://www.google.com/bot.html)"
66.249.79.163 - - [27/Apr/2025:08:20:55 -0400] "GET /shopdetail/8080509 HTTP/1.1" 404 13 "-" "Mozilla/5.0 (Linux; Android 6.0.1; Nexus 5X Build/MMB29P) AppleWebKit/537.36 (KHTML, like Gecko) Chrome/135.0.7049.95 Mobile Safari/537.36 (compatible; Googlebot/2.1; +http://www.google.com/bot.html)"
66.249.79.163 - - [27/Apr/2025:08:20:58 -0400] "GET /server.php/tools-cutting-tools-1npck HTTP/1.1" 403 13 "-" "Mozilla/5.0 (Linux; Android 6.0.1; Nexus 5X Build/MMB29P) AppleWebKit/537.36 (KHTML, like Gecko) Chrome/135.0.7049.95 Mobile Safari/537.36 (compatible; Googlebot/2.1; +http://www.google.com/bot.html)"
66.249.79.163 - - [27/Apr/2025:08:20:58 -0400] "GET /server.php/etc.-tableware-2helw HTTP/1.1" 403 13 "-" "Mozilla/5.0 (Linux; Android 6.0.1; Nexus 5X Build/MMB29P) AppleWebKit/537.36 (KHTML, like Gecko) Chrome/135.0.7049.95 Mobile Safari/537.36 (compatible; Googlebot/2.1; +http://www.google.com/bot.html)"
185.191.171.10 - - [27/Apr/2025:08:21:00 -0400] "GET /server.php/furniture-mattresses-tn6x HTTP/1.1" 403 13 "-" "Mozilla/5.0 (compatible; SemrushBot/7~bl; +http://www.semrush.com/bot.html)"
66.249.79.163 - - [27/Apr/2025:08:21:00 -0400] "GET /server.php/games-key-chains-116na HTTP/1.1" 403 13 "-" "Mozilla/5.0 (Linux; Android 6.0.1; Nexus 5X Build/MMB29P) AppleWebKit/537.36 (KHTML, like Gecko) Chrome/135.0.7049.95 Mobile Safari/537.36 (compatible; Googlebot/2.1; +http://www.google.com/bot.html)"
66.249.79.35 - - [27/Apr/2025:08:21:01 -0400] "GET /smartphones/windows-notebooks/2kttf HTTP/1.1" 404 13 "-" "Mozilla/5.0 (Linux; Android 6.0.1; Nexus 5X Build/MMB29P) AppleWebKit/537.36 (KHTML, like Gecko) Chrome/135.0.7049.95 Mobile Safari/537.36 (compatible; Googlebot/2.1; +http://www.google.com/bot.html)"
66.249.79.163 - - [27/Apr/2025:08:21:04 -0400] "GET /server.php/furniture-ornaments-1oreu HTTP/1.1" 403 13 "-" "Mozilla/5.0 (compatible; Googlebot/2.1; +http://www.google.com/bot.html)"
66.249.79.163 - - [27/Apr/2025:08:21:04 -0400] "GET /shopdetail/11774132 HTTP/1.1" 404 13 "-" "Mozilla/5.0 (Linux; Android 6.0.1; Nexus 5X Build/MMB29P) AppleWebKit/537.36 (KHTML, like Gecko) Chrome/135.0.7049.95 Mobile Safari/537.36 (compatible; GoogleOther)"
66.249.79.164 - - [27/Apr/2025:08:21:05 -0400] "GET /shopdetail/10675410 HTTP/1.1" 404 13 "-" "Mozilla/5.0 (Linux; Android 6.0.1; Nexus 5X Build/MMB29P) AppleWebKit/537.36 (KHTML, like Gecko) Chrome/135.0.7049.95 Mobile Safari/537.36 (compatible; Googlebot/2.1; +http://www.google.com/bot.html)"
66.249.79.164 - - [27/Apr/2025:08:21:08 -0400] "GET /server.php/fashion-tops-y3sf HTTP/1.1" 403 13 "-" "Mozilla/5.0 (Linux; Android 6.0.1; Nexus 5X Build/MMB29P) AppleWebKit/537.36 (KHTML, like Gecko) Chrome/135.0.7049.95 Mobile Safari/537.36 (compatible; Googlebot/2.1; +http://www.google.com/bot.html)"
66.249.79.163 - - [27/Apr/2025:08:21:11 -0400] "GET /server.php/gardening-others-1jf3y HTTP/1.1" 403 13 "-" "Mozilla/5.0 (Linux; Android 6.0.1; Nexus 5X Build/MMB29P) AppleWebKit/537.36 (KHTML, like Gecko) Chrome/135.0.7049.95 Mobile Safari/537.36 (compatible; Googlebot/2.1; +http://www.google.com/bot.html)"
66.249.79.163 - - [27/Apr/2025:08:21:17 -0400] "GET /server.php?drinks-other-foods-g4t7 HTTP/1.1" 403 13 "-" "Mozilla/5.0 (Linux; Android 6.0.1; Nexus 5X Build/MMB29P) AppleWebKit/537.36 (KHTML, like Gecko) Chrome/135.0.7049.95 Mobile Safari/537.36 (compatible; Googlebot/2.1; +http://www.google.com/bot.html)"
66.249.79.163 - - [27/Apr/2025:08:21:19 -0400] "GET /server.php/air-conditioning-clothes-dryers-2lkd1 HTTP/1.1" 403 13 "-" "Mozilla/5.0 (Linux; Android 6.0.1; Nexus 5X Build/MMB29P) AppleWebKit/537.36 (KHTML, like Gecko) Chrome/135.0.7049.95 Mobile Safari/537.36 (compatible; Googlebot/2.1; +http://www.google.com/bot.html)"
66.249.79.163 - - [27/Apr/2025:08:21:25 -0400] "GET /shopdetail/19575287 HTTP/1.1" 404 13 "-" "Mozilla/5.0 (Linux; Android 6.0.1; Nexus 5X Build/MMB29P) AppleWebKit/537.36 (KHTML, like Gecko) Chrome/135.0.7049.95 Mobile Safari/537.36 (compatible; Googlebot/2.1; +http://www.google.com/bot.html)"
66.249.79.34 - - [27/Apr/2025:08:21:28 -0400] "GET /audio/zoom-lens/135yv HTTP/1.1" 404 13 "-" "Mozilla/5.0 (Linux; Android 6.0.1; Nexus 5X Build/MMB29P) AppleWebKit/537.36 (KHTML, like Gecko) Chrome/135.0.7049.95 Mobile Safari/537.36 (compatible; Googlebot/2.1; +http://www.google.com/bot.html)"
66.249.79.163 - - [27/Apr/2025:08:21:28 -0400] "GET /server.php/gardening-other-succulents-afj1 HTTP/1.1" 403 13 "-" "Mozilla/5.0 (Linux; Android 6.0.1; Nexus 5X Build/MMB29P) AppleWebKit/537.36 (KHTML, like Gecko) Chrome/135.0.7049.95 Mobile Safari/537.36 (compatible; Googlebot/2.1; +http://www.google.com/bot.html)"
66.249.79.163 - - [27/Apr/2025:08:21:31 -0400] "GET /shopdetail/9820143 HTTP/1.1" 404 13 "-" "Mozilla/5.0 (Linux; Android 6.0.1; Nexus 5X Build/MMB29P) AppleWebKit/537.36 (KHTML, like Gecko) Chrome/135.0.7049.95 Mobile Safari/537.36 (compatible; Googlebot/2.1; +http://www.google.com/bot.html)"
66.249.79.163 - - [27/Apr/2025:08:21:34 -0400] "GET /server.php/fashion-pants-1nchq HTTP/1.1" 403 13 "-" "Mozilla/5.0 (Linux; Android 6.0.1; Nexus 5X Build/MMB29P) AppleWebKit/537.36 (KHTML, like Gecko) Chrome/135.0.7049.95 Mobile Safari/537.36 (compatible; Googlebot/2.1; +http://www.google.com/bot.html)"
