157.55.39.48 - - [28/Apr/2025:18:56:55 -0400] "GET /server.php/home-appliances-fan-heaters-1ttyy HTTP/1.1" 403 13 "-" "Mozilla/5.0 AppleWebKit/537.36 (KHTML, like Gecko; compatible; bingbot/2.0; +http://www.bing.com/bingbot.htm) Chrome/116.0.1938.76 Safari/537.36"
85.208.96.210 - - [28/Apr/2025:18:56:57 -0400] "GET /server.php/beauty-body-n8ls HTTP/1.1" 403 13 "-" "Mozilla/5.0 (compatible; SemrushBot/7~bl; +http://www.semrush.com/bot.html)"
66.249.79.2 - - [28/Apr/2025:18:57:04 -0400] "GET /server.php/beauty-hair-dryers-xc82 HTTP/1.1" 403 13 "-" "Mozilla/5.0 (Linux; Android 6.0.1; Nexus 5X Build/MMB29P) AppleWebKit/537.36 (KHTML, like Gecko) Chrome/135.0.7049.95 Mobile Safari/537.36 (compatible; Googlebot/2.1; +http://www.google.com/bot.html)"
66.249.79.1 - - [28/Apr/2025:18:57:23 -0400] "GET /server.php/pcmypage?callback=/product%2Fdetail%2F60557116 HTTP/1.1" 403 13 "-" "Mozilla/5.0 (Linux; Android 6.0.1; Nexus 5X Build/MMB29P) AppleWebKit/537.36 (KHTML, like Gecko) Chrome/135.0.7049.95 Mobile Safari/537.36 (compatible; Googlebot/2.1; +http://www.google.com/bot.html)"
66.249.79.1 - - [28/Apr/2025:18:57:23 -0400] "GET /server.php/safe_search/config?return_url=%2Fproduct%2Fdetail%2F51924119 HTTP/1.1" 403 13 "-" "Mozilla/5.0 (Linux; Android 6.0.1; Nexus 5X Build/MMB29P) AppleWebKit/537.36 (KHTML, like Gecko) Chrome/135.0.7049.95 Mobile Safari/537.36 (compatible; Googlebot/2.1; +http://www.google.com/bot.html)"
52.167.144.168 - - [28/Apr/2025:18:57:29 -0400] "GET /server.php/smartphones-ipads-bl0o HTTP/1.1" 403 13 "-" "Mozilla/5.0 AppleWebKit/537.36 (KHTML, like Gecko; compatible; bingbot/2.0; +http://www.bing.com/bingbot.htm) Chrome/116.0.1938.76 Safari/537.36"
66.249.79.8 - - [28/Apr/2025:18:57:38 -0400] "GET /server.php/safe_search/config?return_url=%2Fproduct%2Fdetail%2F82564093 HTTP/1.1" 403 13 "-" "Mozilla/5.0 (Linux; Android 6.0.1; Nexus 5X Build/MMB29P) AppleWebKit/537.36 (KHTML, like Gecko) Chrome/135.0.7049.95 Mobile Safari/537.36 (compatible; Googlebot/2.1; +http://www.google.com/bot.html)"
66.249.79.8 - - [28/Apr/2025:18:57:49 -0400] "GET /server.php?dvds-japanese-music-23xtp HTTP/1.1" 403 13 "-" "Mozilla/5.0 (Linux; Android 6.0.1; Nexus 5X Build/MMB29P) AppleWebKit/537.36 (KHTML, like Gecko) Chrome/135.0.7049.95 Mobile Safari/537.36 (compatible; Googlebot/2.1; +http://www.google.com/bot.html)"
85.208.96.208 - - [28/Apr/2025:18:57:57 -0400] "GET /server.php/toys-toys-m9dt HTTP/1.1" 403 13 "-" "Mozilla/5.0 (compatible; SemrushBot/7~bl; +http://www.semrush.com/bot.html)"
66.249.79.8 - - [28/Apr/2025:18:57:58 -0400] "GET /server.php/safe_search/config?return_url=%2Fproduct%2Fdetail%2F86356670 HTTP/1.1" 403 13 "-" "Mozilla/5.0 (Linux; Android 6.0.1; Nexus 5X Build/MMB29P) AppleWebKit/537.36 (KHTML, like Gecko) Chrome/135.0.7049.95 Mobile Safari/537.36 (compatible; Googlebot/2.1; +http://www.google.com/bot.html)"
66.249.79.1 - - [28/Apr/2025:18:58:12 -0400] "GET /server.php/product/edit/85605112 HTTP/1.1" 403 13 "-" "Mozilla/5.0 (Linux; Android 6.0.1; Nexus 5X Build/MMB29P) AppleWebKit/537.36 (KHTML, like Gecko) Chrome/135.0.7049.95 Mobile Safari/537.36 (compatible; Googlebot/2.1; +http://www.google.com/bot.html)"
66.249.79.8 - - [28/Apr/2025:18:58:38 -0400] "GET /server.php/product/edit/79721831 HTTP/1.1" 403 13 "-" "Mozilla/5.0 (Linux; Android 6.0.1; Nexus 5X Build/MMB29P) AppleWebKit/537.36 (KHTML, like Gecko) Chrome/135.0.7049.95 Mobile Safari/537.36 (compatible; Googlebot/2.1; +http://www.google.com/bot.html)"
66.249.79.8 - - [28/Apr/2025:18:58:49 -0400] "GET /server.php/safe_search/config?return_url=%2Fproduct%2Fdetail%2F81556033 HTTP/1.1" 403 13 "-" "Mozilla/5.0 (Linux; Android 6.0.1; Nexus 5X Build/MMB29P) AppleWebKit/537.36 (KHTML, like Gecko) Chrome/135.0.7049.95 Mobile Safari/537.36 (compatible; Googlebot/2.1; +http://www.google.com/bot.html)"
185.191.171.18 - - [28/Apr/2025:18:58:58 -0400] "GET /server.php/fashion-shoes-be3q HTTP/1.1" 403 13 "-" "Mozilla/5.0 (compatible; SemrushBot/7~bl; +http://www.semrush.com/bot.html)"
66.249.79.2 - - [28/Apr/2025:18:59:02 -0400] "GET /server.php/safe_search/config?return_url=%2Fproduct%2Fdetail%2F12625618 HTTP/1.1" 403 13 "-" "Mozilla/5.0 (Linux; Android 6.0.1; Nexus 5X Build/MMB29P) AppleWebKit/537.36 (KHTML, like Gecko) Chrome/135.0.7049.95 Mobile Safari/537.36 (compatible; Googlebot/2.1; +http://www.google.com/bot.html)"
66.249.79.1 - - [28/Apr/2025:18:59:33 -0400] "GET /server.php/fashion-bags-1scwc HTTP/1.1" 403 13 "-" "Mozilla/5.0 (Linux; Android 6.0.1; Nexus 5X Build/MMB29P) AppleWebKit/537.36 (KHTML, like Gecko) Chrome/135.0.7049.95 Mobile Safari/537.36 (compatible; Googlebot/2.1; +http://www.google.com/bot.html)"
66.249.79.8 - - [28/Apr/2025:18:59:40 -0400] "GET /server.php/safe_search/config?return_url=%2Fproduct%2Fdetail%2F28460171 HTTP/1.1" 403 13 "-" "Mozilla/5.0 (Linux; Android 6.0.1; Nexus 5X Build/MMB29P) AppleWebKit/537.36 (KHTML, like Gecko) Chrome/135.0.7049.95 Mobile Safari/537.36 (compatible; Googlebot/2.1; +http://www.google.com/bot.html)"
52.167.144.187 - - [28/Apr/2025:18:59:51 -0400] "GET /server.php/tickets-basketball-2kgrc HTTP/1.1" 403 13 "-" "Mozilla/5.0 AppleWebKit/537.36 (KHTML, like Gecko; compatible; bingbot/2.0; +http://www.bing.com/bingbot.htm) Chrome/116.0.1938.76 Safari/537.36"
185.191.171.2 - - [28/Apr/2025:18:59:59 -0400] "GET /server.php/audio-wearable-cameras-1ti4q HTTP/1.1" 403 13 "-" "Mozilla/5.0 (compatible; SemrushBot/7~bl; +http://www.semrush.com/bot.html)"
66.249.79.1 - - [28/Apr/2025:19:00:06 -0400] "GET /server.php/outdoor-rods-7s0v HTTP/1.1" 403 13 "-" "Mozilla/5.0 (Linux; Android 6.0.1; Nexus 5X Build/MMB29P) AppleWebKit/537.36 (KHTML, like Gecko) Chrome/135.0.7049.95 Mobile Safari/537.36 (compatible; Googlebot/2.1; +http://www.google.com/bot.html)"
66.249.79.1 - - [28/Apr/2025:19:00:14 -0400] "GET /server.php/safe_search/config?return_url=%2Fproduct%2Fdetail%2F31023283 HTTP/1.1" 403 13 "-" "Mozilla/5.0 (Linux; Android 6.0.1; Nexus 5X Build/MMB29P) AppleWebKit/537.36 (KHTML, like Gecko) Chrome/135.0.7049.95 Mobile Safari/537.36 (compatible; Googlebot/2.1; +http://www.google.com/bot.html)"
66.249.79.8 - - [28/Apr/2025:19:00:33 -0400] "GET /tv/zoom-lens/1g3dx HTTP/1.1" 404 13 "-" "Mozilla/5.0 (Linux; Android 6.0.1; Nexus 5X Build/MMB29P) AppleWebKit/537.36 (KHTML, like Gecko) Chrome/135.0.7049.95 Mobile Safari/537.36 (compatible; Googlebot/2.1; +http://www.google.com/bot.html)"
185.191.171.15 - - [28/Apr/2025:19:01:01 -0400] "GET /server.php/beauty-body-2kob5 HTTP/1.1" 403 13 "-" "Mozilla/5.0 (compatible; SemrushBot/7~bl; +http://www.semrush.com/bot.html)"
66.249.79.2 - - [28/Apr/2025:19:01:41 -0400] "GET /server.php/safe_search/config?return_url=%2Fproduct%2Fdetail%2F41298473 HTTP/1.1" 403 13 "-" "Mozilla/5.0 (Linux; Android 6.0.1; Nexus 5X Build/MMB29P) AppleWebKit/537.36 (KHTML, like Gecko) Chrome/135.0.7049.95 Mobile Safari/537.36 (compatible; Googlebot/2.1; +http://www.google.com/bot.html)"
85.208.96.209 - - [28/Apr/2025:19:02:01 -0400] "GET /server.php/tablets-apple-watch-accessories-1e9hu HTTP/1.1" 403 13 "-" "Mozilla/5.0 (compatible; SemrushBot/7~bl; +http://www.semrush.com/bot.html)"
185.191.171.10 - - [28/Apr/2025:19:02:28 -0400] "GET /robots.txt HTTP/1.1" 200 81 "-" "Mozilla/5.0 (compatible; SemrushBot/7~bl; +http://www.semrush.com/bot.html)"
66.249.79.2 - - [28/Apr/2025:19:02:30 -0400] "GET /server.php/safe_search/config?return_url=%2Fproduct%2Fdetail%2F76141367 HTTP/1.1" 403 13 "-" "Mozilla/5.0 (Linux; Android 6.0.1; Nexus 5X Build/MMB29P) AppleWebKit/537.36 (KHTML, like Gecko) Chrome/135.0.7049.95 Mobile Safari/537.36 (compatible; Googlebot/2.1; +http://www.google.com/bot.html)"
66.249.79.8 - - [28/Apr/2025:19:02:54 -0400] "GET /server.php/safe_search/config?return_url=%2Fproduct%2Fdetail%2F55980981 HTTP/1.1" 403 13 "-" "Mozilla/5.0 (Linux; Android 6.0.1; Nexus 5X Build/MMB29P) AppleWebKit/537.36 (KHTML, like Gecko) Chrome/135.0.7049.95 Mobile Safari/537.36 (compatible; Googlebot/2.1; +http://www.google.com/bot.html)"
185.191.171.9 - - [28/Apr/2025:19:03:03 -0400] "GET /server.php/gardening-flowers-82nn HTTP/1.1" 403 13 "-" "Mozilla/5.0 (compatible; SemrushBot/7~bl; +http://www.semrush.com/bot.html)"
52.167.144.187 - - [28/Apr/2025:19:03:10 -0400] "GET /server.php/outdoor-rods-15dno HTTP/1.1" 403 13 "-" "Mozilla/5.0 AppleWebKit/537.36 (KHTML, like Gecko; compatible; bingbot/2.0; +http://www.bing.com/bingbot.htm) Chrome/116.0.1938.76 Safari/537.36"
66.249.79.1 - - [28/Apr/2025:19:03:53 -0400] "GET /travel-supplies/outdoor-precision-equipment/duix HTTP/1.1" 404 13 "-" "Mozilla/5.0 (Linux; Android 6.0.1; Nexus 5X Build/MMB29P) AppleWebKit/537.36 (KHTML, like Gecko) Chrome/135.0.7049.95 Mobile Safari/537.36 (compatible; Googlebot/2.1; +http://www.google.com/bot.html)"
185.191.171.10 - - [28/Apr/2025:19:04:04 -0400] "GET /server.php/hobbies-drums-1btid HTTP/1.1" 403 13 "-" "Mozilla/5.0 (compatible; SemrushBot/7~bl; +http://www.semrush.com/bot.html)"
66.249.79.8 - - [28/Apr/2025:19:04:07 -0400] "GET /server.php/product/edit/78310736 HTTP/1.1" 403 13 "-" "Mozilla/5.0 (Linux; Android 6.0.1; Nexus 5X Build/MMB29P) AppleWebKit/537.36 (KHTML, like Gecko) Chrome/135.0.7049.95 Mobile Safari/537.36 (compatible; Googlebot/2.1; +http://www.google.com/bot.html)"
66.249.79.8 - - [28/Apr/2025:19:04:23 -0400] "GET /server.php/product/edit/45728599 HTTP/1.1" 403 13 "-" "Mozilla/5.0 (Linux; Android 6.0.1; Nexus 5X Build/MMB29P) AppleWebKit/537.36 (KHTML, like Gecko) Chrome/135.0.7049.95 Mobile Safari/537.36 (compatible; Googlebot/2.1; +http://www.google.com/bot.html)"
66.249.79.8 - - [28/Apr/2025:19:04:42 -0400] "GET /server.php/product/edit/37778135 HTTP/1.1" 403 13 "-" "Mozilla/5.0 (Linux; Android 6.0.1; Nexus 5X Build/MMB29P) AppleWebKit/537.36 (KHTML, like Gecko) Chrome/135.0.7049.95 Mobile Safari/537.36 (compatible; Googlebot/2.1; +http://www.google.com/bot.html)"
66.249.79.8 - - [28/Apr/2025:19:04:48 -0400] "GET /server.php/computers-windows-notebooks-meor HTTP/1.1" 403 13 "-" "Mozilla/5.0 (Linux; Android 6.0.1; Nexus 5X Build/MMB29P) AppleWebKit/537.36 (KHTML, like Gecko) Chrome/135.0.7049.95 Mobile Safari/537.36 (compatible; Googlebot/2.1; +http://www.google.com/bot.html)"
66.249.79.8 - - [28/Apr/2025:19:04:59 -0400] "GET /server.php/product/edit/12120098 HTTP/1.1" 403 13 "-" "Mozilla/5.0 (Linux; Android 6.0.1; Nexus 5X Build/MMB29P) AppleWebKit/537.36 (KHTML, like Gecko) Chrome/135.0.7049.95 Mobile Safari/537.36 (compatible; Googlebot/2.1; +http://www.google.com/bot.html)"
185.191.171.9 - - [28/Apr/2025:19:05:05 -0400] "GET /server.php/cosmetics-serums-v0ts HTTP/1.1" 403 13 "-" "Mozilla/5.0 (compatible; SemrushBot/7~bl; +http://www.semrush.com/bot.html)"
66.249.79.1 - - [28/Apr/2025:19:05:10 -0400] "GET /server.php/product/edit/73750417 HTTP/1.1" 403 13 "-" "Mozilla/5.0 (Linux; Android 6.0.1; Nexus 5X Build/MMB29P) AppleWebKit/537.36 (KHTML, like Gecko) Chrome/135.0.7049.95 Mobile Safari/537.36 (compatible; Googlebot/2.1; +http://www.google.com/bot.html)"
66.249.79.1 - - [28/Apr/2025:19:05:22 -0400] "GET /server.php/product/edit/61428170 HTTP/1.1" 403 13 "-" "Mozilla/5.0 (Linux; Android 6.0.1; Nexus 5X Build/MMB29P) AppleWebKit/537.36 (KHTML, like Gecko) Chrome/135.0.7049.95 Mobile Safari/537.36 (compatible; Googlebot/2.1; +http://www.google.com/bot.html)"
66.249.79.8 - - [28/Apr/2025:19:05:30 -0400] "GET /server.php/product/edit/70595548 HTTP/1.1" 403 13 "-" "Mozilla/5.0 (Linux; Android 6.0.1; Nexus 5X Build/MMB29P) AppleWebKit/537.36 (KHTML, like Gecko) Chrome/135.0.7049.95 Mobile Safari/537.36 (compatible; Googlebot/2.1; +http://www.google.com/bot.html)"
66.249.79.8 - - [28/Apr/2025:19:05:48 -0400] "GET /server.php/safe_search/config?return_url=%2Fproduct%2Fdetail%2F15439377 HTTP/1.1" 403 13 "-" "Mozilla/5.0 (Linux; Android 6.0.1; Nexus 5X Build/MMB29P) AppleWebKit/537.36 (KHTML, like Gecko) Chrome/135.0.7049.95 Mobile Safari/537.36 (compatible; Googlebot/2.1; +http://www.google.com/bot.html)"
40.77.167.75 - - [28/Apr/2025:19:06:02 -0400] "GET /server.php/alcohol-whiskey-geum HTTP/1.1" 403 13 "-" "Mozilla/5.0 AppleWebKit/537.36 (KHTML, like Gecko; compatible; bingbot/2.0; +http://www.bing.com/bingbot.htm) Chrome/116.0.1938.76 Safari/537.36"
20.240.18.47 - - [28/Apr/2025:19:06:03 -0400] "GET /server.php/cds-tv-dramas-1ayf6 HTTP/1.1" 403 13 "-" "Mozilla/5.0 (Windows NT 10.0; Win64; x64) AppleWebKit/537.36 (KHTML, like Gecko) Chrome/131.0.0.0 Safari/537.36 Edg/131.0.0.0"
85.208.96.201 - - [28/Apr/2025:19:06:06 -0400] "GET /server.php/motorcycles-parts-2lahh HTTP/1.1" 403 13 "-" "Mozilla/5.0 (compatible; SemrushBot/7~bl; +http://www.semrush.com/bot.html)"
20.240.18.36 - - [28/Apr/2025:19:06:40 -0400] "GET /server.php/alcohol-other-foods-193i2 HTTP/1.1" 403 13 "-" "Mozilla/5.0 (Windows NT 10.0; Win64; x64) AppleWebKit/537.36 (KHTML, like Gecko) Chrome/131.0.0.0 Safari/537.36 Edg/131.0.0.0"
185.191.171.16 - - [28/Apr/2025:19:07:07 -0400] "GET /server.php/smartphones-mobile-phones-fm5m HTTP/1.1" 403 13 "-" "Mozilla/5.0 (compatible; SemrushBot/7~bl; +http://www.semrush.com/bot.html)"
66.249.68.65 - - [28/Apr/2025:19:07:22 -0400] "GET /server.php/smartphones-keyboards-vxh8 HTTP/1.1" 403 13 "-" "Mozilla/5.0 (Linux; Android 6.0.1; Nexus 5X Build/MMB29P) AppleWebKit/537.36 (KHTML, like Gecko) Chrome/135.0.7049.95 Mobile Safari/537.36 (compatible; Googlebot/2.1; +http://www.google.com/bot.html)"
66.249.68.65 - - [28/Apr/2025:19:07:24 -0400] "GET /shopdetail/20432198 HTTP/1.1" 404 13 "-" "Mozilla/5.0 (Linux; Android 6.0.1; Nexus 5X Build/MMB29P) AppleWebKit/537.36 (KHTML, like Gecko) Chrome/135.0.7049.95 Mobile Safari/537.36 (compatible; Googlebot/2.1; +http://www.google.com/bot.html)"
66.249.79.2 - - [28/Apr/2025:19:07:32 -0400] "GET /kitchen/hinamatsuri/23qcd HTTP/1.1" 404 13 "-" "Mozilla/5.0 (Linux; Android 6.0.1; Nexus 5X Build/MMB29P) AppleWebKit/537.36 (KHTML, like Gecko) Chrome/135.0.7049.95 Mobile Safari/537.36 (compatible; Googlebot/2.1; +http://www.google.com/bot.html)"
66.249.79.8 - - [28/Apr/2025:19:08:02 -0400] "GET /server.php?goods-others-3j6w HTTP/1.1" 403 13 "-" "Mozilla/5.0 (Linux; Android 6.0.1; Nexus 5X Build/MMB29P) AppleWebKit/537.36 (KHTML, like Gecko) Chrome/135.0.7049.95 Mobile Safari/537.36 (compatible; Googlebot/2.1; +http://www.google.com/bot.html)"
185.191.171.8 - - [28/Apr/2025:19:08:08 -0400] "GET /server.php/tv-speakers-avid HTTP/1.1" 403 13 "-" "Mozilla/5.0 (compatible; SemrushBot/7~bl; +http://www.semrush.com/bot.html)"
66.249.68.65 - - [28/Apr/2025:19:08:41 -0400] "GET /server.php/flowers-houseplants-1nh9d HTTP/1.1" 403 13 "-" "Mozilla/5.0 (compatible; Googlebot/2.1; +http://www.google.com/bot.html)"
66.249.79.8 - - [28/Apr/2025:19:08:47 -0400] "GET /server.php?fashion-pants-wvb9 HTTP/1.1" 403 13 "-" "Mozilla/5.0 (Linux; Android 6.0.1; Nexus 5X Build/MMB29P) AppleWebKit/537.36 (KHTML, like Gecko) Chrome/135.0.7049.95 Mobile Safari/537.36 (compatible; Googlebot/2.1; +http://www.google.com/bot.html)"
85.208.96.207 - - [28/Apr/2025:19:09:09 -0400] "GET /server.php/fashion-outerwear-17ohk HTTP/1.1" 403 13 "-" "Mozilla/5.0 (compatible; SemrushBot/7~bl; +http://www.semrush.com/bot.html)"
66.249.79.2 - - [28/Apr/2025:19:09:19 -0400] "GET /server.php/pcmypage?callback=product%2Fdetail%2F49948742 HTTP/1.1" 403 13 "-" "Mozilla/5.0 (Linux; Android 6.0.1; Nexus 5X Build/MMB29P) AppleWebKit/537.36 (KHTML, like Gecko) Chrome/135.0.7049.95 Mobile Safari/537.36 (compatible; Googlebot/2.1; +http://www.google.com/bot.html)"
66.249.79.2 - - [28/Apr/2025:19:10:03 -0400] "GET /server.php/pcmypage?callback=product/review/63624026 HTTP/1.1" 403 13 "-" "Mozilla/5.0 (Linux; Android 6.0.1; Nexus 5X Build/MMB29P) AppleWebKit/537.36 (KHTML, like Gecko) Chrome/135.0.7049.95 Mobile Safari/537.36 (compatible; Googlebot/2.1; +http://www.google.com/bot.html)"
66.249.79.8 - - [28/Apr/2025:19:10:05 -0400] "GET /server.php/pcmypage?callback=product/review/99315558 HTTP/1.1" 403 13 "-" "Mozilla/5.0 (Linux; Android 6.0.1; Nexus 5X Build/MMB29P) AppleWebKit/537.36 (KHTML, like Gecko) Chrome/135.0.7049.95 Mobile Safari/537.36 (compatible; Googlebot/2.1; +http://www.google.com/bot.html)"
185.191.171.3 - - [28/Apr/2025:19:10:10 -0400] "GET /server.php/bicycles-parts-kn7p HTTP/1.1" 403 13 "-" "Mozilla/5.0 (compatible; SemrushBot/7~bl; +http://www.semrush.com/bot.html)"
66.249.68.71 - - [28/Apr/2025:19:10:35 -0400] "GET /server.php/drinks-seasonings-2tss HTTP/1.1" 403 13 "-" "Mozilla/5.0 (Linux; Android 6.0.1; Nexus 5X Build/MMB29P) AppleWebKit/537.36 (KHTML, like Gecko) Chrome/135.0.7049.95 Mobile Safari/537.36 (compatible; Googlebot/2.1; +http://www.google.com/bot.html)"
66.249.79.8 - - [28/Apr/2025:19:10:37 -0400] "GET /server.php/pcmypage?callback=product%2Fdetail%2F74606982 HTTP/1.1" 403 13 "-" "Mozilla/5.0 (Linux; Android 6.0.1; Nexus 5X Build/MMB29P) AppleWebKit/537.36 (KHTML, like Gecko) Chrome/135.0.7049.95 Mobile Safari/537.36 (compatible; Googlebot/2.1; +http://www.google.com/bot.html)"
185.191.171.13 - - [28/Apr/2025:19:11:11 -0400] "GET /server.php/fashion-accessories-b4k5 HTTP/1.1" 403 13 "-" "Mozilla/5.0 (compatible; SemrushBot/7~bl; +http://www.semrush.com/bot.html)"
85.208.96.211 - - [28/Apr/2025:19:12:12 -0400] "GET /server.php/handmade-cases-2ehaq HTTP/1.1" 403 13 "-" "Mozilla/5.0 (compatible; SemrushBot/7~bl; +http://www.semrush.com/bot.html)"
40.77.167.20 - - [28/Apr/2025:19:12:49 -0400] "GET /server.php/art-paintings-25iht HTTP/1.1" 403 13 "-" "Mozilla/5.0 AppleWebKit/537.36 (KHTML, like Gecko; compatible; bingbot/2.0; +http://www.bing.com/bingbot.htm) Chrome/116.0.1938.76 Safari/537.36"
185.191.171.7 - - [28/Apr/2025:19:13:13 -0400] "GET /server.php/tickets-voice-actors-21ppn HTTP/1.1" 403 13 "-" "Mozilla/5.0 (compatible; SemrushBot/7~bl; +http://www.semrush.com/bot.html)"
66.249.68.65 - - [28/Apr/2025:19:13:28 -0400] "GET /server.php/sports-clubs-1oasx HTTP/1.1" 403 13 "-" "Mozilla/5.0 (compatible; Googlebot/2.1; +http://www.google.com/bot.html)"
20.197.112.235 - - [28/Apr/2025:19:13:34 -0400] "GET /server.php/tablets-pc-speakers-obt4 HTTP/1.1" 403 13 "-" "Mozilla/5.0 (Windows NT 10.0; Win64; x64) AppleWebKit/537.36 (KHTML, like Gecko) Chrome/131.0.0.0 Safari/537.36 Edg/131.0.0.0"
85.208.96.208 - - [28/Apr/2025:19:14:13 -0400] "GET /server.php/home-appliances-smoking-accessories-cejs HTTP/1.1" 403 13 "-" "Mozilla/5.0 (compatible; SemrushBot/7~bl; +http://www.semrush.com/bot.html)"
66.249.79.8 - - [28/Apr/2025:19:14:24 -0400] "GET /server.php/audio-single-focus-akuf HTTP/1.1" 403 13 "-" "Mozilla/5.0 (Linux; Android 6.0.1; Nexus 5X Build/MMB29P) AppleWebKit/537.36 (KHTML, like Gecko) Chrome/135.0.7049.95 Mobile Safari/537.36 (compatible; Googlebot/2.1; +http://www.google.com/bot.html)"
66.249.79.8 - - [28/Apr/2025:19:14:31 -0400] "GET /server.php/tv-earphones-hwgi HTTP/1.1" 403 13 "-" "Mozilla/5.0 (Linux; Android 6.0.1; Nexus 5X Build/MMB29P) AppleWebKit/537.36 (KHTML, like Gecko) Chrome/135.0.7049.95 Mobile Safari/537.36 (compatible; Googlebot/2.1; +http://www.google.com/bot.html)"
85.208.96.199 - - [28/Apr/2025:19:15:14 -0400] "GET /server.php/outdoor-reels-1uw5u HTTP/1.1" 403 13 "-" "Mozilla/5.0 (compatible; SemrushBot/7~bl; +http://www.semrush.com/bot.html)"
185.191.171.13 - - [28/Apr/2025:19:16:17 -0400] "GET /server.php/cosmetics-hair-removal-kyid HTTP/1.1" 403 13 "-" "Mozilla/5.0 (compatible; SemrushBot/7~bl; +http://www.semrush.com/bot.html)"
185.191.171.6 - - [28/Apr/2025:19:17:18 -0400] "GET /server.php/fashion-dresses-1wbli HTTP/1.1" 403 13 "-" "Mozilla/5.0 (compatible; SemrushBot/7~bl; +http://www.semrush.com/bot.html)"
85.208.96.195 - - [28/Apr/2025:19:18:19 -0400] "GET /server.php/fashion-outerwear-1i7cw HTTP/1.1" 403 13 "-" "Mozilla/5.0 (compatible; SemrushBot/7~bl; +http://www.semrush.com/bot.html)"
85.208.96.196 - - [28/Apr/2025:19:19:19 -0400] "GET /server.php/fashion-bags-j9cm HTTP/1.1" 403 13 "-" "Mozilla/5.0 (compatible; SemrushBot/7~bl; +http://www.semrush.com/bot.html)"
66.249.79.1 - - [28/Apr/2025:19:19:35 -0400] "GET /server.php?health-beauty-14div HTTP/1.1" 403 13 "-" "Mozilla/5.0 (Linux; Android 6.0.1; Nexus 5X Build/MMB29P) AppleWebKit/537.36 (KHTML, like Gecko) Chrome/135.0.7049.95 Mobile Safari/537.36 (compatible; Googlebot/2.1; +http://www.google.com/bot.html)"
66.249.79.2 - - [28/Apr/2025:19:19:36 -0400] "GET /server.php/safe_search/config?return_url=%2Fproduct%2Fdetail%2F86990721 HTTP/1.1" 403 13 "-" "Mozilla/5.0 (Linux; Android 6.0.1; Nexus 5X Build/MMB29P) AppleWebKit/537.36 (KHTML, like Gecko) Chrome/135.0.7049.95 Mobile Safari/537.36 (compatible; Googlebot/2.1; +http://www.google.com/bot.html)"
185.191.171.11 - - [28/Apr/2025:19:20:20 -0400] "GET /server.php/tickets-amusement-parks-1p5gu HTTP/1.1" 403 13 "-" "Mozilla/5.0 (compatible; SemrushBot/7~bl; +http://www.semrush.com/bot.html)"
66.249.79.1 - - [28/Apr/2025:19:21:02 -0400] "GET /server.php/games-yugioh-1jif3 HTTP/1.1" 403 13 "-" "Mozilla/5.0 (Linux; Android 6.0.1; Nexus 5X Build/MMB29P) AppleWebKit/537.36 (KHTML, like Gecko) Chrome/135.0.7049.95 Mobile Safari/537.36 (compatible; Googlebot/2.1; +http://www.google.com/bot.html)"
66.249.68.64 - - [28/Apr/2025:19:21:12 -0400] "GET /shopdetail/11778365 HTTP/1.1" 404 13 "-" "Mozilla/5.0 (compatible; Googlebot/2.1; +http://www.google.com/bot.html)"
66.249.68.65 - - [28/Apr/2025:19:21:14 -0400] "GET /server.php/fashion-kimono-1mm65 HTTP/1.1" 403 13 "-" "Mozilla/5.0 (Linux; Android 6.0.1; Nexus 5X Build/MMB29P) AppleWebKit/537.36 (KHTML, like Gecko) Chrome/135.0.7049.95 Mobile Safari/537.36 (compatible; Googlebot/2.1; +http://www.google.com/bot.html)"
66.249.68.64 - - [28/Apr/2025:19:21:15 -0400] "GET /server.php/fashion-shoes-1bfx7 HTTP/1.1" 403 13 "-" "Mozilla/5.0 (compatible; Googlebot/2.1; +http://www.google.com/bot.html)"
185.191.171.12 - - [28/Apr/2025:19:21:21 -0400] "GET /server.php/games-others-ocob HTTP/1.1" 403 13 "-" "Mozilla/5.0 (compatible; SemrushBot/7~bl; +http://www.semrush.com/bot.html)"
66.249.79.1 - - [28/Apr/2025:19:21:25 -0400] "GET /server.php/fashion-tops-pieb HTTP/1.1" 403 13 "-" "Mozilla/5.0 (Linux; Android 6.0.1; Nexus 5X Build/MMB29P) AppleWebKit/537.36 (KHTML, like Gecko) Chrome/135.0.7049.95 Mobile Safari/537.36 (compatible; Googlebot/2.1; +http://www.google.com/bot.html)"
85.208.96.210 - - [28/Apr/2025:19:22:23 -0400] "GET /server.php/sports-shoes-2en20 HTTP/1.1" 403 13 "-" "Mozilla/5.0 (compatible; SemrushBot/7~bl; +http://www.semrush.com/bot.html)"
66.249.79.2 - - [28/Apr/2025:19:22:45 -0400] "GET /server.php?health-auxiliary-belts-21xoh HTTP/1.1" 403 13 "-" "Mozilla/5.0 (Linux; Android 6.0.1; Nexus 5X Build/MMB29P) AppleWebKit/537.36 (KHTML, like Gecko) Chrome/135.0.7049.95 Mobile Safari/537.36 (compatible; Googlebot/2.1; +http://www.google.com/bot.html)"
85.208.96.201 - - [28/Apr/2025:19:23:04 -0400] "GET /robots.txt HTTP/1.1" 200 81 "-" "Mozilla/5.0 (compatible; SemrushBot/7~bl; +http://www.semrush.com/bot.html)"
85.208.96.202 - - [28/Apr/2025:19:23:24 -0400] "GET /server.php/cars-tires-24mng HTTP/1.1" 403 13 "-" "Mozilla/5.0 (compatible; SemrushBot/7~bl; +http://www.semrush.com/bot.html)"
185.191.171.13 - - [28/Apr/2025:19:24:25 -0400] "GET /server.php/flowers-potted-flowers-12788 HTTP/1.1" 403 13 "-" "Mozilla/5.0 (compatible; SemrushBot/7~bl; +http://www.semrush.com/bot.html)"
207.46.13.116 - - [28/Apr/2025:19:25:17 -0400] "GET /server.php/alcohol-whiskey-1517t HTTP/1.1" 403 13 "-" "Mozilla/5.0 AppleWebKit/537.36 (KHTML, like Gecko; compatible; bingbot/2.0; +http://www.bing.com/bingbot.htm) Chrome/116.0.1938.76 Safari/537.36"
185.191.171.3 - - [28/Apr/2025:19:25:26 -0400] "GET /server.php/daily-necessities-tool-boxes-mt2n HTTP/1.1" 403 13 "-" "Mozilla/5.0 (compatible; SemrushBot/7~bl; +http://www.semrush.com/bot.html)"
66.249.79.1 - - [28/Apr/2025:19:25:36 -0400] "GET /server.php/pcmypage?callback=product%2Fdetail%2F14037914 HTTP/1.1" 403 13 "-" "Mozilla/5.0 (Linux; Android 6.0.1; Nexus 5X Build/MMB29P) AppleWebKit/537.36 (KHTML, like Gecko) Chrome/135.0.7049.95 Mobile Safari/537.36 (compatible; Googlebot/2.1; +http://www.google.com/bot.html)"
66.249.79.2 - - [28/Apr/2025:19:25:36 -0400] "GET /server.php?books-sports-15qew HTTP/1.1" 403 13 "-" "Mozilla/5.0 (Linux; Android 6.0.1; Nexus 5X Build/MMB29P) AppleWebKit/537.36 (KHTML, like Gecko) Chrome/135.0.7049.95 Mobile Safari/537.36 (compatible; Googlebot/2.1; +http://www.google.com/bot.html)"
66.249.79.8 - - [28/Apr/2025:19:26:27 -0400] "GET /server.php/pcmypage?callback=product/review/58186744 HTTP/1.1" 403 13 "-" "Mozilla/5.0 (Linux; Android 6.0.1; Nexus 5X Build/MMB29P) AppleWebKit/537.36 (KHTML, like Gecko) Chrome/135.0.7049.95 Mobile Safari/537.36 (compatible; Googlebot/2.1; +http://www.google.com/bot.html)"
85.208.96.206 - - [28/Apr/2025:19:26:28 -0400] "GET /server.php/fashion-tops-1mwmr HTTP/1.1" 403 13 "-" "Mozilla/5.0 (compatible; SemrushBot/7~bl; +http://www.semrush.com/bot.html)"
66.249.68.71 - - [28/Apr/2025:19:27:12 -0400] "GET /server.php/fashion-tops-gv6q HTTP/1.1" 403 13 "-" "Mozilla/5.0 (compatible; Googlebot/2.1; +http://www.google.com/bot.html)"
66.249.68.64 - - [28/Apr/2025:19:27:14 -0400] "GET /server.php/fashion-tops-gv6q HTTP/1.1" 403 13 "-" "Mozilla/5.0 (Linux; Android 6.0.1; Nexus 5X Build/MMB29P) AppleWebKit/537.36 (KHTML, like Gecko) Chrome/135.0.7049.95 Mobile Safari/537.36 (compatible; Googlebot/2.1; +http://www.google.com/bot.html)"
207.46.13.116 - - [28/Apr/2025:19:27:17 -0400] "GET /server.php/food-others-1f97v HTTP/1.1" 403 13 "-" "Mozilla/5.0 AppleWebKit/537.36 (KHTML, like Gecko; compatible; bingbot/2.0; +http://www.bing.com/bingbot.htm) Chrome/116.0.1938.76 Safari/537.36"
185.191.171.2 - - [28/Apr/2025:19:27:30 -0400] "GET /server.php/smartphones-scanners-1yap3 HTTP/1.1" 403 13 "-" "Mozilla/5.0 (compatible; SemrushBot/7~bl; +http://www.semrush.com/bot.html)"
66.249.68.71 - - [28/Apr/2025:19:27:46 -0400] "GET /server.php/computers-monitor-1lhyh HTTP/1.1" 403 13 "-" "Mozilla/5.0 (compatible; Googlebot/2.1; +http://www.google.com/bot.html)"
85.208.96.210 - - [28/Apr/2025:19:28:30 -0400] "GET /server.php/interior-chairs-26bih HTTP/1.1" 403 13 "-" "Mozilla/5.0 (compatible; SemrushBot/7~bl; +http://www.semrush.com/bot.html)"
66.249.68.64 - - [28/Apr/2025:19:28:50 -0400] "GET /shopdetail/7434210 HTTP/1.1" 404 13 "-" "Mozilla/5.0 (Linux; Android 6.0.1; Nexus 5X Build/MMB29P) AppleWebKit/537.36 (KHTML, like Gecko) Chrome/135.0.7049.95 Mobile Safari/537.36 (compatible; Googlebot/2.1; +http://www.google.com/bot.html)"
98.64.96.176 - - [28/Apr/2025:19:28:53 -0400] "GET /server.php/tv-zoom-lens-lqh9 HTTP/1.1" 403 13 "-" "Mozilla/5.0 (Windows NT 10.0; Win64; x64) AppleWebKit/537.36 (KHTML, like Gecko) Chrome/131.0.0.0 Safari/537.36 Edg/131.0.0.0"
185.191.171.3 - - [28/Apr/2025:19:29:32 -0400] "GET /server.php/fashion-bags-dk0u HTTP/1.1" 403 13 "-" "Mozilla/5.0 (compatible; SemrushBot/7~bl; +http://www.semrush.com/bot.html)"
66.249.68.64 - - [28/Apr/2025:19:29:43 -0400] "GET /server.php/air-conditioning-air-purifiers-tqpj HTTP/1.1" 403 13 "-" "Mozilla/5.0 (Linux; Android 6.0.1; Nexus 5X Build/MMB29P) AppleWebKit/537.36 (KHTML, like Gecko) Chrome/135.0.7049.95 Mobile Safari/537.36 (compatible; Googlebot/2.1; +http://www.google.com/bot.html)"
66.249.68.65 - - [28/Apr/2025:19:30:16 -0400] "GET /ads.txt HTTP/1.1" 404 13 "-" "Mozilla/5.0 (compatible; Googlebot/2.1; +http://www.google.com/bot.html)"
85.208.96.210 - - [28/Apr/2025:19:30:33 -0400] "GET /server.php/sports-men-shoes-fvj3 HTTP/1.1" 403 13 "-" "Mozilla/5.0 (compatible; SemrushBot/7~bl; +http://www.semrush.com/bot.html)"
66.249.79.1 - - [28/Apr/2025:19:30:33 -0400] "GET /server.php/category/7129/listing HTTP/1.1" 403 13 "-" "Mozilla/5.0 (Linux; Android 6.0.1; Nexus 5X Build/MMB29P) AppleWebKit/537.36 (KHTML, like Gecko) Chrome/135.0.7049.95 Mobile Safari/537.36 (compatible; Googlebot/2.1; +http://www.google.com/bot.html)"
20.240.18.45 - - [28/Apr/2025:19:31:07 -0400] "GET /server.php/character-anime-2f02k HTTP/1.1" 403 13 "-" "Mozilla/5.0 (Windows NT 10.0; Win64; x64) AppleWebKit/537.36 (KHTML, like Gecko) Chrome/131.0.0.0 Safari/537.36 Edg/131.0.0.0"
66.249.68.64 - - [28/Apr/2025:19:31:25 -0400] "GET /server.php/cosmetics-bb-cream-1509e HTTP/1.1" 403 13 "-" "Mozilla/5.0 (compatible; Googlebot/2.1; +http://www.google.com/bot.html)"
66.249.79.1 - - [28/Apr/2025:19:31:32 -0400] "GET /server.php?health-reading-glasses-291qx HTTP/1.1" 403 13 "-" "Mozilla/5.0 (Linux; Android 6.0.1; Nexus 5X Build/MMB29P) AppleWebKit/537.36 (KHTML, like Gecko) Chrome/135.0.7049.95 Mobile Safari/537.36 (compatible; Googlebot/2.1; +http://www.google.com/bot.html)"
85.208.96.195 - - [28/Apr/2025:19:31:34 -0400] "GET /server.php/character-girls-29c9f HTTP/1.1" 403 13 "-" "Mozilla/5.0 (compatible; SemrushBot/7~bl; +http://www.semrush.com/bot.html)"
66.249.79.1 - - [28/Apr/2025:19:31:58 -0400] "GET /server.php/toys-nintendo-switch-1sju1 HTTP/1.1" 403 13 "-" "Mozilla/5.0 (Linux; Android 6.0.1; Nexus 5X Build/MMB29P) AppleWebKit/537.36 (KHTML, like Gecko) Chrome/135.0.7049.95 Mobile Safari/537.36 (compatible; Googlebot/2.1; +http://www.google.com/bot.html)"
185.191.171.13 - - [28/Apr/2025:19:32:35 -0400] "GET /server.php/fashion-jackets-3g3a HTTP/1.1" 403 13 "-" "Mozilla/5.0 (compatible; SemrushBot/7~bl; +http://www.semrush.com/bot.html)"
66.249.68.65 - - [28/Apr/2025:19:33:20 -0400] "GET /server.php/beauty-lotion-1pqvj HTTP/1.1" 403 13 "-" "Mozilla/5.0 (Linux; Android 6.0.1; Nexus 5X Build/MMB29P) AppleWebKit/537.36 (KHTML, like Gecko) Chrome/135.0.7049.95 Mobile Safari/537.36 (compatible; Googlebot/2.1; +http://www.google.com/bot.html)"
85.208.96.204 - - [28/Apr/2025:19:33:36 -0400] "GET /server.php/fishing-rods-27xgu HTTP/1.1" 403 13 "-" "Mozilla/5.0 (compatible; SemrushBot/7~bl; +http://www.semrush.com/bot.html)"
20.26.44.165 - - [28/Apr/2025:19:34:04 -0400] "GET /server.php/tools-electrical-materials-1dqu9 HTTP/1.1" 403 13 "-" "Mozilla/5.0 (Windows NT 10.0; Win64; x64) AppleWebKit/537.36 (KHTML, like Gecko) Chrome/131.0.0.0 Safari/537.36 Edg/131.0.0.0"
85.208.96.209 - - [28/Apr/2025:19:34:37 -0400] "GET /server.php/air-conditioning-air-purifiers-1dpyw HTTP/1.1" 403 13 "-" "Mozilla/5.0 (compatible; SemrushBot/7~bl; +http://www.semrush.com/bot.html)"
66.249.68.65 - - [28/Apr/2025:19:34:55 -0400] "GET /server.php/fashion-bags-1yq6j HTTP/1.1" 403 13 "-" "Mozilla/5.0 (compatible; Googlebot/2.1; +http://www.google.com/bot.html)"
185.191.171.2 - - [28/Apr/2025:19:35:39 -0400] "GET /server.php/smartphones-gaming-desktops-300o HTTP/1.1" 403 13 "-" "Mozilla/5.0 (compatible; SemrushBot/7~bl; +http://www.semrush.com/bot.html)"
66.249.79.2 - - [28/Apr/2025:19:36:10 -0400] "GET /server.php/safe_search/config?return_url=%2Fproduct%2Fdetail%2F93407896 HTTP/1.1" 403 13 "-" "Mozilla/5.0 (Linux; Android 6.0.1; Nexus 5X Build/MMB29P) AppleWebKit/537.36 (KHTML, like Gecko) Chrome/135.0.7049.95 Mobile Safari/537.36 (compatible; Googlebot/2.1; +http://www.google.com/bot.html)"
185.191.171.12 - - [28/Apr/2025:19:36:40 -0400] "GET /server.php/drinks-shochu-17knv HTTP/1.1" 403 13 "-" "Mozilla/5.0 (compatible; SemrushBot/7~bl; +http://www.semrush.com/bot.html)"
66.249.79.2 - - [28/Apr/2025:19:37:20 -0400] "GET /server.php?art-stringed-instruments-nhjm HTTP/1.1" 403 13 "-" "Mozilla/5.0 (Linux; Android 6.0.1; Nexus 5X Build/MMB29P) AppleWebKit/537.36 (KHTML, like Gecko) Chrome/135.0.7049.95 Mobile Safari/537.36 (compatible; Googlebot/2.1; +http://www.google.com/bot.html)"
66.249.68.65 - - [28/Apr/2025:19:37:34 -0400] "GET /server.php/tools-paints-3iv2 HTTP/1.1" 403 13 "-" "Mozilla/5.0 (Linux; Android 6.0.1; Nexus 5X Build/MMB29P) AppleWebKit/537.36 (KHTML, like Gecko) Chrome/135.0.7049.95 Mobile Safari/537.36 (compatible; Googlebot/2.1; +http://www.google.com/bot.html)"
185.191.171.8 - - [28/Apr/2025:19:37:41 -0400] "GET /server.php/art-guitars-12pu0 HTTP/1.1" 403 13 "-" "Mozilla/5.0 (compatible; SemrushBot/7~bl; +http://www.semrush.com/bot.html)"
185.191.171.12 - - [28/Apr/2025:19:38:43 -0400] "GET /server.php/etc.-bulk-sales-q2kw HTTP/1.1" 403 13 "-" "Mozilla/5.0 (compatible; SemrushBot/7~bl; +http://www.semrush.com/bot.html)"
66.249.68.65 - - [28/Apr/2025:19:39:00 -0400] "GET /server.php/air-conditioning-freezer-1nadd HTTP/1.1" 403 13 "-" "Mozilla/5.0 (compatible; Googlebot/2.1; +http://www.google.com/bot.html)"
207.46.13.150 - - [28/Apr/2025:19:39:38 -0400] "GET /server.php/outdoor-reels-1wm0b HTTP/1.1" 403 13 "-" "Mozilla/5.0 AppleWebKit/537.36 (KHTML, like Gecko; compatible; bingbot/2.0; +http://www.bing.com/bingbot.htm) Chrome/116.0.1938.76 Safari/537.36"
185.191.171.1 - - [28/Apr/2025:19:39:44 -0400] "GET /server.php/cars-car-navigation-systems-p9g0 HTTP/1.1" 403 13 "-" "Mozilla/5.0 (compatible; SemrushBot/7~bl; +http://www.semrush.com/bot.html)"
52.167.144.146 - - [28/Apr/2025:19:40:43 -0400] "GET /server.php/cars-security-1il7o HTTP/1.1" 403 13 "-" "Mozilla/5.0 AppleWebKit/537.36 (KHTML, like Gecko; compatible; bingbot/2.0; +http://www.bing.com/bingbot.htm) Chrome/116.0.1938.76 Safari/537.36"
185.191.171.13 - - [28/Apr/2025:19:40:45 -0400] "GET /server.php/cameras-video-cameras-tq7h HTTP/1.1" 403 13 "-" "Mozilla/5.0 (compatible; SemrushBot/7~bl; +http://www.semrush.com/bot.html)"
52.167.144.184 - - [28/Apr/2025:19:40:56 -0400] "GET /server.php/smartphones-mobile-phones-8mdf HTTP/1.1" 403 13 "-" "Mozilla/5.0 AppleWebKit/537.36 (KHTML, like Gecko; compatible; bingbot/2.0; +http://www.bing.com/bingbot.htm) Chrome/116.0.1938.76 Safari/537.36"
66.249.79.8 - - [28/Apr/2025:19:41:36 -0400] "GET /server.php/pcmypage?callback=product%2Fdetail%2F61816070 HTTP/1.1" 403 13 "-" "Mozilla/5.0 (Linux; Android 6.0.1; Nexus 5X Build/MMB29P) AppleWebKit/537.36 (KHTML, like Gecko) Chrome/135.0.7049.95 Mobile Safari/537.36 (compatible; Googlebot/2.1; +http://www.google.com/bot.html)"
66.249.79.8 - - [28/Apr/2025:19:41:45 -0400] "GET /server.php/computers-smartphone-accessories-1qop8 HTTP/1.1" 403 13 "-" "Mozilla/5.0 (Linux; Android 6.0.1; Nexus 5X Build/MMB29P) AppleWebKit/537.36 (KHTML, like Gecko) Chrome/135.0.7049.95 Mobile Safari/537.36 (compatible; Googlebot/2.1; +http://www.google.com/bot.html)"
185.191.171.16 - - [28/Apr/2025:19:41:47 -0400] "GET /server.php/kitchen-bulk-sales-1db19 HTTP/1.1" 403 13 "-" "Mozilla/5.0 (compatible; SemrushBot/7~bl; +http://www.semrush.com/bot.html)"
66.249.68.64 - - [28/Apr/2025:19:42:01 -0400] "GET /server.php/health-cooling-1ifra HTTP/1.1" 403 13 "-" "Mozilla/5.0 (Linux; Android 6.0.1; Nexus 5X Build/MMB29P) AppleWebKit/537.36 (KHTML, like Gecko) Chrome/135.0.7049.95 Mobile Safari/537.36 (compatible; Googlebot/2.1; +http://www.google.com/bot.html)"
66.249.68.71 - - [28/Apr/2025:19:42:02 -0400] "GET /server.php/health-cooling-1ifra HTTP/1.1" 403 13 "-" "Mozilla/5.0 (compatible; Googlebot/2.1; +http://www.google.com/bot.html)"
66.249.79.8 - - [28/Apr/2025:19:42:26 -0400] "GET /server.php?interior-trinket-boxes-g7yh HTTP/1.1" 403 13 "-" "Mozilla/5.0 (Linux; Android 6.0.1; Nexus 5X Build/MMB29P) AppleWebKit/537.36 (KHTML, like Gecko) Chrome/135.0.7049.95 Mobile Safari/537.36 (compatible; Googlebot/2.1; +http://www.google.com/bot.html)"
66.249.79.8 - - [28/Apr/2025:19:42:27 -0400] "GET /server.php/cameras-television-cfdu HTTP/1.1" 403 13 "-" "Mozilla/5.0 (Linux; Android 6.0.1; Nexus 5X Build/MMB29P) AppleWebKit/537.36 (KHTML, like Gecko) Chrome/135.0.7049.95 Mobile Safari/537.36 (compatible; Googlebot/2.1; +http://www.google.com/bot.html)"
66.249.79.1 - - [28/Apr/2025:19:42:37 -0400] "GET /server.php/sports-snowboard-21rfs HTTP/1.1" 403 13 "-" "Mozilla/5.0 (Linux; Android 6.0.1; Nexus 5X Build/MMB29P) AppleWebKit/537.36 (KHTML, like Gecko) Chrome/135.0.7049.95 Mobile Safari/537.36 (compatible; Googlebot/2.1; +http://www.google.com/bot.html)"
185.191.171.11 - - [28/Apr/2025:19:42:48 -0400] "GET /server.php/motorcycles-parts-1qv6y HTTP/1.1" 403 13 "-" "Mozilla/5.0 (compatible; SemrushBot/7~bl; +http://www.semrush.com/bot.html)"
52.167.144.146 - - [28/Apr/2025:19:42:53 -0400] "GET /server.php/games-steering-wheel-controllers-ffn2 HTTP/1.1" 403 13 "-" "Mozilla/5.0 AppleWebKit/537.36 (KHTML, like Gecko; compatible; bingbot/2.0; +http://www.bing.com/bingbot.htm) Chrome/116.0.1938.76 Safari/537.36"
66.249.79.8 - - [28/Apr/2025:19:42:55 -0400] "GET /server.php/beauty-depilation-2m62q HTTP/1.1" 403 13 "-" "Mozilla/5.0 (Linux; Android 6.0.1; Nexus 5X Build/MMB29P) AppleWebKit/537.36 (KHTML, like Gecko) Chrome/135.0.7049.95 Mobile Safari/537.36 (compatible; Googlebot/2.1; +http://www.google.com/bot.html)"
66.249.79.2 - - [28/Apr/2025:19:43:18 -0400] "GET /server.php?sports-snowboard-2exup HTTP/1.1" 403 13 "-" "Mozilla/5.0 (Linux; Android 6.0.1; Nexus 5X Build/MMB29P) AppleWebKit/537.36 (KHTML, like Gecko) Chrome/135.0.7049.95 Mobile Safari/537.36 (compatible; Googlebot/2.1; +http://www.google.com/bot.html)"
66.249.79.1 - - [28/Apr/2025:19:43:29 -0400] "GET /server.php?art-picture-frames-9ktk HTTP/1.1" 403 13 "-" "Mozilla/5.0 (Linux; Android 6.0.1; Nexus 5X Build/MMB29P) AppleWebKit/537.36 (KHTML, like Gecko) Chrome/135.0.7049.95 Mobile Safari/537.36 (compatible; Googlebot/2.1; +http://www.google.com/bot.html)"
85.208.96.212 - - [28/Apr/2025:19:43:48 -0400] "GET /server.php/decor-low-tables-whhn HTTP/1.1" 403 13 "-" "Mozilla/5.0 (compatible; SemrushBot/7~bl; +http://www.semrush.com/bot.html)"
185.191.171.10 - - [28/Apr/2025:19:43:49 -0400] "GET /robots.txt HTTP/1.1" 200 81 "-" "Mozilla/5.0 (compatible; SemrushBot/7~bl; +http://www.semrush.com/bot.html)"
66.249.79.1 - - [28/Apr/2025:19:44:21 -0400] "GET /server.php?fashion-outerwear-17s2j HTTP/1.1" 403 13 "-" "Mozilla/5.0 (Linux; Android 6.0.1; Nexus 5X Build/MMB29P) AppleWebKit/537.36 (KHTML, like Gecko) Chrome/135.0.7049.95 Mobile Safari/537.36 (compatible; Googlebot/2.1; +http://www.google.com/bot.html)"
66.249.79.8 - - [28/Apr/2025:19:44:22 -0400] "GET /server.php?home-appliances-air-purifiers-1v6ct HTTP/1.1" 403 13 "-" "Mozilla/5.0 (Linux; Android 6.0.1; Nexus 5X Build/MMB29P) AppleWebKit/537.36 (KHTML, like Gecko) Chrome/135.0.7049.95 Mobile Safari/537.36 (compatible; Googlebot/2.1; +http://www.google.com/bot.html)"
185.191.171.6 - - [28/Apr/2025:19:44:49 -0400] "GET /server.php/goods-game-characters-nxu0 HTTP/1.1" 403 13 "-" "Mozilla/5.0 (compatible; SemrushBot/7~bl; +http://www.semrush.com/bot.html)"
157.55.39.201 - - [28/Apr/2025:19:45:39 -0400] "GET /server.php/cameras-lens-accessories-2jxaj HTTP/1.1" 403 13 "-" "Mozilla/5.0 AppleWebKit/537.36 (KHTML, like Gecko; compatible; bingbot/2.0; +http://www.bing.com/bingbot.htm) Chrome/116.0.1938.76 Safari/537.36"
66.249.79.8 - - [28/Apr/2025:19:45:44 -0400] "GET /server.php/pcmypage?callback=product/review/39418597 HTTP/1.1" 403 13 "-" "Mozilla/5.0 (Linux; Android 6.0.1; Nexus 5X Build/MMB29P) AppleWebKit/537.36 (KHTML, like Gecko) Chrome/135.0.7049.95 Mobile Safari/537.36 (compatible; Googlebot/2.1; +http://www.google.com/bot.html)"
85.208.96.204 - - [28/Apr/2025:19:45:50 -0400] "GET /server.php/games-special-effects-vuta HTTP/1.1" 403 13 "-" "Mozilla/5.0 (compatible; SemrushBot/7~bl; +http://www.semrush.com/bot.html)"
66.249.79.1 - - [28/Apr/2025:19:45:55 -0400] "GET /server.php?furniture-trinket-boxes-xxor HTTP/1.1" 403 13 "-" "Mozilla/5.0 (Linux; Android 6.0.1; Nexus 5X Build/MMB29P) AppleWebKit/537.36 (KHTML, like Gecko) Chrome/135.0.7049.95 Mobile Safari/537.36 (compatible; Googlebot/2.1; +http://www.google.com/bot.html)"
66.249.79.8 - - [28/Apr/2025:19:45:57 -0400] "GET /server.php/pcmypage?callback=product%2Fdetail%2F25636721 HTTP/1.1" 403 13 "-" "Mozilla/5.0 (Linux; Android 6.0.1; Nexus 5X Build/MMB29P) AppleWebKit/537.36 (KHTML, like Gecko) Chrome/135.0.7049.95 Mobile Safari/537.36 (compatible; Googlebot/2.1; +http://www.google.com/bot.html)"
185.191.171.3 - - [28/Apr/2025:19:46:51 -0400] "GET /server.php/air-conditioning-electronic-dictionary-gvrj HTTP/1.1" 403 13 "-" "Mozilla/5.0 (compatible; SemrushBot/7~bl; +http://www.semrush.com/bot.html)"
40.77.167.57 - - [28/Apr/2025:19:46:54 -0400] "GET /server.php/sports-fitness-machines-ba2j HTTP/1.1" 403 13 "-" "Mozilla/5.0 AppleWebKit/537.36 (KHTML, like Gecko; compatible; bingbot/2.0; +http://www.bing.com/bingbot.htm) Chrome/116.0.1938.76 Safari/537.36"
66.249.79.8 - - [28/Apr/2025:19:47:04 -0400] "GET /server.php/pcmypage?callback=product/review/48825235 HTTP/1.1" 403 13 "-" "Mozilla/5.0 (Linux; Android 6.0.1; Nexus 5X Build/MMB29P) AppleWebKit/537.36 (KHTML, like Gecko) Chrome/135.0.7049.95 Mobile Safari/537.36 (compatible; Googlebot/2.1; +http://www.google.com/bot.html)"
157.55.39.225 - - [28/Apr/2025:19:47:22 -0400] "GET /robots.txt HTTP/1.1" 200 81 "-" "Mozilla/5.0 AppleWebKit/537.36 (KHTML, like Gecko; compatible; bingbot/2.0; +http://www.bing.com/bingbot.htm) Chrome/116.0.1938.76 Safari/537.36"
52.167.144.235 - - [28/Apr/2025:19:47:32 -0400] "GET /server.php/tickets-ski-resorts-1p2f8 HTTP/1.1" 403 13 "-" "Mozilla/5.0 AppleWebKit/537.36 (KHTML, like Gecko; compatible; bingbot/2.0; +http://www.bing.com/bingbot.htm) Chrome/116.0.1938.76 Safari/537.36"
157.55.39.201 - - [28/Apr/2025:19:47:41 -0400] "GET /server.php/books-sports-1t100 HTTP/1.1" 403 13 "-" "Mozilla/5.0 AppleWebKit/537.36 (KHTML, like Gecko; compatible; bingbot/2.0; +http://www.bing.com/bingbot.htm) Chrome/116.0.1938.76 Safari/537.36"
185.191.171.4 - - [28/Apr/2025:19:47:52 -0400] "GET /server.php/goods-others-23p1y HTTP/1.1" 403 13 "-" "Mozilla/5.0 (compatible; SemrushBot/7~bl; +http://www.semrush.com/bot.html)"
40.77.167.57 - - [28/Apr/2025:19:48:05 -0400] "GET /server.php/home-appliances-smoking-accessories-nvck HTTP/1.1" 403 13 "-" "Mozilla/5.0 AppleWebKit/537.36 (KHTML, like Gecko; compatible; bingbot/2.0; +http://www.bing.com/bingbot.htm) Chrome/116.0.1938.76 Safari/537.36"
66.249.79.8 - - [28/Apr/2025:19:48:38 -0400] "GET /server.php/safe_search/config?return_url=%2Fproduct%2Fdetail%2F79125043 HTTP/1.1" 403 13 "-" "Mozilla/5.0 (Linux; Android 6.0.1; Nexus 5X Build/MMB29P) AppleWebKit/537.36 (KHTML, like Gecko) Chrome/135.0.7049.95 Mobile Safari/537.36 (compatible; Googlebot/2.1; +http://www.google.com/bot.html)"
85.208.96.210 - - [28/Apr/2025:19:48:52 -0400] "GET /server.php/motorcycles-parts-1j9ir HTTP/1.1" 403 13 "-" "Mozilla/5.0 (compatible; SemrushBot/7~bl; +http://www.semrush.com/bot.html)"
66.249.79.1 - - [28/Apr/2025:19:49:25 -0400] "GET /server.php?motorcycles-parts-11hq8 HTTP/1.1" 403 13 "-" "Mozilla/5.0 (Linux; Android 6.0.1; Nexus 5X Build/MMB29P) AppleWebKit/537.36 (KHTML, like Gecko) Chrome/135.0.7049.95 Mobile Safari/537.36 (compatible; Googlebot/2.1; +http://www.google.com/bot.html)"
20.99.210.67 - - [28/Apr/2025:19:49:36 -0400] "GET /server.php/daily-necessities-others-g0eu HTTP/1.1" 403 13 "-" "Mozilla/5.0 (Windows NT 10.0; Win64; x64) AppleWebKit/537.36 (KHTML, like Gecko) Chrome/131.0.0.0 Safari/537.36 Edg/131.0.0.0"
66.249.79.1 - - [28/Apr/2025:19:49:37 -0400] "GET /server.php/outdoor-reels-jtyy HTTP/1.1" 403 13 "-" "Mozilla/5.0 (Linux; Android 6.0.1; Nexus 5X Build/MMB29P) AppleWebKit/537.36 (KHTML, like Gecko) Chrome/135.0.7049.95 Mobile Safari/537.36 (compatible; Googlebot/2.1; +http://www.google.com/bot.html)"
66.249.68.65 - - [28/Apr/2025:19:49:45 -0400] "GET /server.php/bicycles-parts-1la3j HTTP/1.1" 403 13 "-" "Mozilla/5.0 (Linux; Android 6.0.1; Nexus 5X Build/MMB29P) AppleWebKit/537.36 (KHTML, like Gecko) Chrome/135.0.7049.95 Mobile Safari/537.36 (compatible; GoogleOther)"
185.191.171.2 - - [28/Apr/2025:19:49:54 -0400] "GET /server.php/musical-instruments-cosplay-costumes-msua HTTP/1.1" 403 13 "-" "Mozilla/5.0 (compatible; SemrushBot/7~bl; +http://www.semrush.com/bot.html)"
66.249.79.1 - - [28/Apr/2025:19:50:25 -0400] "GET /server.php/gardening-other-houseplants-2mmnq HTTP/1.1" 403 13 "-" "Mozilla/5.0 (Linux; Android 6.0.1; Nexus 5X Build/MMB29P) AppleWebKit/537.36 (KHTML, like Gecko) Chrome/135.0.7049.95 Mobile Safari/537.36 (compatible; Googlebot/2.1; +http://www.google.com/bot.html)"
185.191.171.15 - - [28/Apr/2025:19:50:55 -0400] "GET /server.php/tv-zoom-lens-atb2 HTTP/1.1" 403 13 "-" "Mozilla/5.0 (compatible; SemrushBot/7~bl; +http://www.semrush.com/bot.html)"
66.249.79.8 - - [28/Apr/2025:19:50:59 -0400] "GET /server.php/safe_search/config?return_url=%2Fproduct%2Fdetail%2F65396019 HTTP/1.1" 403 13 "-" "Mozilla/5.0 (Linux; Android 6.0.1; Nexus 5X Build/MMB29P) AppleWebKit/537.36 (KHTML, like Gecko) Chrome/135.0.7049.95 Mobile Safari/537.36 (compatible; Googlebot/2.1; +http://www.google.com/bot.html)"
157.55.39.201 - - [28/Apr/2025:19:51:50 -0400] "GET /server.php/smartphones-macbooks-9v10 HTTP/1.1" 403 13 "-" "Mozilla/5.0 AppleWebKit/537.36 (KHTML, like Gecko; compatible; bingbot/2.0; +http://www.bing.com/bingbot.htm) Chrome/116.0.1938.76 Safari/537.36"
85.208.96.203 - - [28/Apr/2025:19:51:56 -0400] "GET /server.php/fishing-reels-1ofxb HTTP/1.1" 403 13 "-" "Mozilla/5.0 (compatible; SemrushBot/7~bl; +http://www.semrush.com/bot.html)"
66.249.79.8 - - [28/Apr/2025:19:52:03 -0400] "GET /server.php/product/edit/32885465 HTTP/1.1" 403 13 "-" "Mozilla/5.0 (Linux; Android 6.0.1; Nexus 5X Build/MMB29P) AppleWebKit/537.36 (KHTML, like Gecko) Chrome/135.0.7049.95 Mobile Safari/537.36 (compatible; Googlebot/2.1; +http://www.google.com/bot.html)"
185.191.171.9 - - [28/Apr/2025:19:52:56 -0400] "GET /server.php/air-conditioning-sewing-machines-6b3i HTTP/1.1" 403 13 "-" "Mozilla/5.0 (compatible; SemrushBot/7~bl; +http://www.semrush.com/bot.html)"
66.249.79.2 - - [28/Apr/2025:19:53:09 -0400] "GET /server.php/diy-screwdrivers-2h9y3 HTTP/1.1" 403 13 "-" "Mozilla/5.0 (Linux; Android 6.0.1; Nexus 5X Build/MMB29P) AppleWebKit/537.36 (KHTML, like Gecko) Chrome/135.0.7049.95 Mobile Safari/537.36 (compatible; Googlebot/2.1; +http://www.google.com/bot.html)"
66.249.79.8 - - [28/Apr/2025:19:53:39 -0400] "GET /server.php/games-pokemon-card-games-2ibya HTTP/1.1" 403 13 "-" "Mozilla/5.0 (Linux; Android 6.0.1; Nexus 5X Build/MMB29P) AppleWebKit/537.36 (KHTML, like Gecko) Chrome/135.0.7049.95 Mobile Safari/537.36 (compatible; Googlebot/2.1; +http://www.google.com/bot.html)"
40.77.167.57 - - [28/Apr/2025:19:53:44 -0400] "GET /server.php/tools-toilets-13feh HTTP/1.1" 403 13 "-" "Mozilla/5.0 AppleWebKit/537.36 (KHTML, like Gecko; compatible; bingbot/2.0; +http://www.bing.com/bingbot.htm) Chrome/116.0.1938.76 Safari/537.36"
185.191.171.6 - - [28/Apr/2025:19:53:57 -0400] "GET /server.php/tablets-mobile-phones-pbrl HTTP/1.1" 403 13 "-" "Mozilla/5.0 (compatible; SemrushBot/7~bl; +http://www.semrush.com/bot.html)"
157.55.39.201 - - [28/Apr/2025:19:54:20 -0400] "GET /server.php/outdoor-rods-1c8q9 HTTP/1.1" 403 13 "-" "Mozilla/5.0 AppleWebKit/537.36 (KHTML, like Gecko; compatible; bingbot/2.0; +http://www.bing.com/bingbot.htm) Chrome/116.0.1938.76 Safari/537.36"
52.167.144.162 - - [28/Apr/2025:19:54:38 -0400] "GET /server.php/goods-cardfight-2eh74 HTTP/1.1" 403 13 "-" "Mozilla/5.0 AppleWebKit/537.36 (KHTML, like Gecko; compatible; bingbot/2.0; +http://www.bing.com/bingbot.htm) Chrome/116.0.1938.76 Safari/537.36"
66.249.79.2 - - [28/Apr/2025:19:54:48 -0400] "GET /server.php?air-conditioning-vacuum-cleaners-nw9i HTTP/1.1" 403 13 "-" "Mozilla/5.0 (Linux; Android 6.0.1; Nexus 5X Build/MMB29P) AppleWebKit/537.36 (KHTML, like Gecko) Chrome/135.0.7049.95 Mobile Safari/537.36 (compatible; Googlebot/2.1; +http://www.google.com/bot.html)"
66.249.79.1 - - [28/Apr/2025:19:54:54 -0400] "GET /server.php/safe_search/config?return_url=%2Fproduct%2Fdetail%2F37336938 HTTP/1.1" 403 13 "-" "Mozilla/5.0 (Linux; Android 6.0.1; Nexus 5X Build/MMB29P) AppleWebKit/537.36 (KHTML, like Gecko) Chrome/135.0.7049.95 Mobile Safari/537.36 (compatible; Googlebot/2.1; +http://www.google.com/bot.html)"
185.191.171.8 - - [28/Apr/2025:19:54:59 -0400] "GET /server.php/fashion-accessories-19uui HTTP/1.1" 403 13 "-" "Mozilla/5.0 (compatible; SemrushBot/7~bl; +http://www.semrush.com/bot.html)"
85.208.96.208 - - [28/Apr/2025:19:55:59 -0400] "GET /server.php/fashion-suits-2alw6 HTTP/1.1" 403 13 "-" "Mozilla/5.0 (compatible; SemrushBot/7~bl; +http://www.semrush.com/bot.html)"
185.191.171.9 - - [28/Apr/2025:19:57:00 -0400] "GET /server.php/fashion-pants-p975 HTTP/1.1" 403 13 "-" "Mozilla/5.0 (compatible; SemrushBot/7~bl; +http://www.semrush.com/bot.html)"
66.249.68.64 - - [28/Apr/2025:19:57:35 -0400] "GET /server.php/musical-instruments-others-2nd5 HTTP/1.1" 403 13 "-" "Mozilla/5.0 (Linux; Android 6.0.1; Nexus 5X Build/MMB29P) AppleWebKit/537.36 (KHTML, like Gecko) Chrome/135.0.7049.95 Mobile Safari/537.36 (compatible; Googlebot/2.1; +http://www.google.com/bot.html)"
85.208.96.202 - - [28/Apr/2025:19:58:00 -0400] "GET /server.php/cameras-digital-cameras-1e99k HTTP/1.1" 403 13 "-" "Mozilla/5.0 (compatible; SemrushBot/7~bl; +http://www.semrush.com/bot.html)"
85.208.96.210 - - [28/Apr/2025:19:59:01 -0400] "GET /server.php/fashion-shoes-781b HTTP/1.1" 403 13 "-" "Mozilla/5.0 (compatible; SemrushBot/7~bl; +http://www.semrush.com/bot.html)"
157.55.39.53 - - [28/Apr/2025:19:59:59 -0400] "GET /server.php/home-appliances-oil-heaters-sicp HTTP/1.1" 403 13 "-" "Mozilla/5.0 AppleWebKit/537.36 (KHTML, like Gecko; compatible; bingbot/2.0; +http://www.bing.com/bingbot.htm) Chrome/116.0.1938.76 Safari/537.36"
85.208.96.196 - - [28/Apr/2025:20:00:02 -0400] "GET /server.php/fashion-pants-25xs6 HTTP/1.1" 403 13 "-" "Mozilla/5.0 (compatible; SemrushBot/7~bl; +http://www.semrush.com/bot.html)"
66.249.79.1 - - [28/Apr/2025:20:00:05 -0400] "GET /server.php/etc.-others-24a1u HTTP/1.1" 403 13 "-" "Mozilla/5.0 (Linux; Android 6.0.1; Nexus 5X Build/MMB29P) AppleWebKit/537.36 (KHTML, like Gecko) Chrome/135.0.7049.95 Mobile Safari/537.36 (compatible; Googlebot/2.1; +http://www.google.com/bot.html)"
52.167.144.234 - - [28/Apr/2025:20:00:28 -0400] "GET /server.php/hobbies-stringed-instruments-2lsg0 HTTP/1.1" 403 13 "-" "Mozilla/5.0 AppleWebKit/537.36 (KHTML, like Gecko; compatible; bingbot/2.0; +http://www.bing.com/bingbot.htm) Chrome/116.0.1938.76 Safari/537.36"
