66.249.79.8 - - [28/Apr/2025:20:00:30 -0400] "GET /server.php?fashion-hair-accessories-1jlr3 HTTP/1.1" 403 13 "-" "Mozilla/5.0 (Linux; Android 6.0.1; Nexus 5X Build/MMB29P) AppleWebKit/537.36 (KHTML, like Gecko) Chrome/135.0.7049.95 Mobile Safari/537.36 (compatible; Googlebot/2.1; +http://www.google.com/bot.html)"
85.208.96.209 - - [28/Apr/2025:20:01:02 -0400] "GET /server.php/fashion-outerwear-2n5pu HTTP/1.1" 403 13 "-" "Mozilla/5.0 (compatible; SemrushBot/7~bl; +http://www.semrush.com/bot.html)"
66.249.68.71 - - [28/Apr/2025:20:01:27 -0400] "GET /server.php/diet-essential-oils-iru-1i7b1 HTTP/1.1" 403 13 "-" "Mozilla/5.0 (Linux; Android 6.0.1; Nexus 5X Build/MMB29P) AppleWebKit/537.36 (KHTML, like Gecko) Chrome/135.0.7049.95 Mobile Safari/537.36 (compatible; Googlebot/2.1; +http://www.google.com/bot.html)"
66.249.68.71 - - [28/Apr/2025:20:01:55 -0400] "GET /server.php/outdoor-flies-24uwi HTTP/1.1" 403 13 "-" "Mozilla/5.0 (compatible; Googlebot/2.1; +http://www.google.com/bot.html)"
185.191.171.1 - - [28/Apr/2025:20:02:03 -0400] "GET /server.php/motorcycles-parts-9vpg HTTP/1.1" 403 13 "-" "Mozilla/5.0 (compatible; SemrushBot/7~bl; +http://www.semrush.com/bot.html)"
66.249.68.65 - - [28/Apr/2025:20:02:18 -0400] "GET /server.php/hobbies-antique-1gm6f HTTP/1.1" 403 13 "-" "Mozilla/5.0 (compatible; Googlebot/2.1; +http://www.google.com/bot.html)"
85.208.96.210 - - [28/Apr/2025:20:03:04 -0400] "GET /server.php/fashion-shoes-9rfe HTTP/1.1" 403 13 "-" "Mozilla/5.0 (compatible; SemrushBot/7~bl; +http://www.semrush.com/bot.html)"
66.249.68.71 - - [28/Apr/2025:20:03:27 -0400] "GET /server.php/smartphones-others-1ki1q HTTP/1.1" 403 13 "-" "Mozilla/5.0 (compatible; Googlebot/2.1; +http://www.google.com/bot.html)"
85.208.96.210 - - [28/Apr/2025:20:04:05 -0400] "GET /server.php/art-robots-25x1x HTTP/1.1" 403 13 "-" "Mozilla/5.0 (compatible; SemrushBot/7~bl; +http://www.semrush.com/bot.html)"
185.191.171.6 - - [28/Apr/2025:20:04:20 -0400] "GET /robots.txt HTTP/1.1" 200 81 "-" "Mozilla/5.0 (compatible; SemrushBot/7~bl; +http://www.semrush.com/bot.html)"
66.249.68.65 - - [28/Apr/2025:20:04:37 -0400] "GET /server.php/food-vegetables-1tr9p HTTP/1.1" 403 13 "-" "Mozilla/5.0 (compatible; Googlebot/2.1; +http://www.google.com/bot.html)"
66.249.79.8 - - [28/Apr/2025:20:04:40 -0400] "GET /server.php/product/edit/35287912 HTTP/1.1" 403 13 "-" "Mozilla/5.0 (Linux; Android 6.0.1; Nexus 5X Build/MMB29P) AppleWebKit/537.36 (KHTML, like Gecko) Chrome/135.0.7049.95 Mobile Safari/537.36 (compatible; Googlebot/2.1; +http://www.google.com/bot.html)"
85.208.96.204 - - [28/Apr/2025:20:05:06 -0400] "GET /server.php/handicrafts-hats-2nyb3 HTTP/1.1" 403 13 "-" "Mozilla/5.0 (compatible; SemrushBot/7~bl; +http://www.semrush.com/bot.html)"
185.191.171.16 - - [28/Apr/2025:20:06:06 -0400] "GET /server.php/goods-tin-badges-2gqh5 HTTP/1.1" 403 13 "-" "Mozilla/5.0 (compatible; SemrushBot/7~bl; +http://www.semrush.com/bot.html)"
207.46.13.127 - - [28/Apr/2025:20:06:10 -0400] "GET /server.php/travel-supplies-reels-2a22r HTTP/1.1" 403 13 "-" "Mozilla/5.0 AppleWebKit/537.36 (KHTML, like Gecko; compatible; bingbot/2.0; +http://www.bing.com/bingbot.htm) Chrome/116.0.1938.76 Safari/537.36"
66.249.68.64 - - [28/Apr/2025:20:06:27 -0400] "GET /server.php/smartphones-smartphones-8n2u HTTP/1.1" 403 13 "-" "Mozilla/5.0 (Linux; Android 6.0.1; Nexus 5X Build/MMB29P) AppleWebKit/537.36 (KHTML, like Gecko) Chrome/135.0.7049.95 Mobile Safari/537.36 (compatible; Googlebot/2.1; +http://www.google.com/bot.html)"
52.167.144.234 - - [28/Apr/2025:20:06:58 -0400] "GET /server.php/tablets-windows-notebooks-9n4j HTTP/1.1" 403 13 "-" "Mozilla/5.0 AppleWebKit/537.36 (KHTML, like Gecko; compatible; bingbot/2.0; +http://www.bing.com/bingbot.htm) Chrome/116.0.1938.76 Safari/537.36"
66.249.68.64 - - [28/Apr/2025:20:07:07 -0400] "GET /server.php/handmade-cards-vb2f HTTP/1.1" 403 13 "-" "Mozilla/5.0 (Linux; Android 6.0.1; Nexus 5X Build/MMB29P) AppleWebKit/537.36 (KHTML, like Gecko) Chrome/135.0.7049.95 Mobile Safari/537.36 (compatible; Googlebot/2.1; +http://www.google.com/bot.html)"
185.191.171.12 - - [28/Apr/2025:20:07:07 -0400] "GET /server.php/magazines-dictionaries-1b61o HTTP/1.1" 403 13 "-" "Mozilla/5.0 (compatible; SemrushBot/7~bl; +http://www.semrush.com/bot.html)"
185.191.171.13 - - [28/Apr/2025:20:08:10 -0400] "GET /server.php/gardening-others-1qn4m HTTP/1.1" 403 13 "-" "Mozilla/5.0 (compatible; SemrushBot/7~bl; +http://www.semrush.com/bot.html)"
66.249.68.71 - - [28/Apr/2025:20:08:48 -0400] "GET /server.php/computers-gaming-notebooks-8f4u HTTP/1.1" 403 13 "-" "Mozilla/5.0 (Linux; Android 6.0.1; Nexus 5X Build/MMB29P) AppleWebKit/537.36 (KHTML, like Gecko) Chrome/135.0.7049.95 Mobile Safari/537.36 (compatible; GoogleOther)"
52.167.144.156 - - [28/Apr/2025:20:09:00 -0400] "GET /server.php/pet-supplies-accessories-2j9nq HTTP/1.1" 403 13 "-" "Mozilla/5.0 AppleWebKit/537.36 (KHTML, like Gecko; compatible; bingbot/2.0; +http://www.bing.com/bingbot.htm) Chrome/116.0.1938.76 Safari/537.36"
185.191.171.12 - - [28/Apr/2025:20:09:11 -0400] "GET /server.php/figures-girls-1ocoq HTTP/1.1" 403 13 "-" "Mozilla/5.0 (compatible; SemrushBot/7~bl; +http://www.semrush.com/bot.html)"
66.249.68.65 - - [28/Apr/2025:20:09:11 -0400] "GET /server.php/tv-radios-2m3iw HTTP/1.1" 403 13 "-" "Mozilla/5.0 (Linux; Android 6.0.1; Nexus 5X Build/MMB29P) AppleWebKit/537.36 (KHTML, like Gecko) Chrome/135.0.7049.95 Mobile Safari/537.36 (compatible; Googlebot/2.1; +http://www.google.com/bot.html)"
40.77.167.77 - - [28/Apr/2025:20:09:46 -0400] "GET /server.php/cars-parts-tugp HTTP/1.1" 403 13 "-" "Mozilla/5.0 AppleWebKit/537.36 (KHTML, like Gecko; compatible; bingbot/2.0; +http://www.bing.com/bingbot.htm) Chrome/116.0.1938.76 Safari/537.36"
66.249.68.71 - - [28/Apr/2025:20:09:56 -0400] "GET /shopdetail/12432398 HTTP/1.1" 404 13 "-" "Mozilla/5.0 (Linux; Android 6.0.1; Nexus 5X Build/MMB29P) AppleWebKit/537.36 (KHTML, like Gecko) Chrome/135.0.7049.95 Mobile Safari/537.36 (compatible; Googlebot/2.1; +http://www.google.com/bot.html)"
85.208.96.212 - - [28/Apr/2025:20:10:12 -0400] "GET /server.php/fashion-overalls-2jqk4 HTTP/1.1" 403 13 "-" "Mozilla/5.0 (compatible; SemrushBot/7~bl; +http://www.semrush.com/bot.html)"
85.208.96.200 - - [28/Apr/2025:20:11:13 -0400] "GET /server.php/bicycles-parts-2v72 HTTP/1.1" 403 13 "-" "Mozilla/5.0 (compatible; SemrushBot/7~bl; +http://www.semrush.com/bot.html)"
66.249.68.65 - - [28/Apr/2025:20:11:21 -0400] "GET /server.php/pet-supplies-carrying-bags-2ey7k HTTP/1.1" 403 13 "-" "Mozilla/5.0 (compatible; Googlebot/2.1; +http://www.google.com/bot.html)"
66.249.68.64 - - [28/Apr/2025:20:11:29 -0400] "GET /shopdetail/20197198 HTTP/1.1" 404 13 "-" "Mozilla/5.0 (Linux; Android 6.0.1; Nexus 5X Build/MMB29P) AppleWebKit/537.36 (KHTML, like Gecko) Chrome/135.0.7049.95 Mobile Safari/537.36 (compatible; Googlebot/2.1; +http://www.google.com/bot.html)"
85.208.96.199 - - [28/Apr/2025:20:12:13 -0400] "GET /server.php/blu-ray-tv-dramas-12jkl HTTP/1.1" 403 13 "-" "Mozilla/5.0 (compatible; SemrushBot/7~bl; +http://www.semrush.com/bot.html)"
66.249.68.64 - - [28/Apr/2025:20:12:25 -0400] "GET /server.php/magazines-design-aiun HTTP/1.1" 403 13 "-" "Mozilla/5.0 (Linux; Android 6.0.1; Nexus 5X Build/MMB29P) AppleWebKit/537.36 (KHTML, like Gecko) Chrome/135.0.7049.95 Mobile Safari/537.36 (compatible; Googlebot/2.1; +http://www.google.com/bot.html)"
66.249.68.71 - - [28/Apr/2025:20:12:32 -0400] "GET /server.php/character-games-1eyfk HTTP/1.1" 403 13 "-" "Mozilla/5.0 (compatible; Googlebot/2.1; +http://www.google.com/bot.html)"
85.208.96.206 - - [28/Apr/2025:20:13:14 -0400] "GET /server.php/gardening-other-houseplants-2axvs HTTP/1.1" 403 13 "-" "Mozilla/5.0 (compatible; SemrushBot/7~bl; +http://www.semrush.com/bot.html)"
207.46.13.102 - - [28/Apr/2025:20:13:32 -0400] "GET /server.php/motorcycles-bicycles-1bnwe HTTP/1.1" 403 13 "-" "Mozilla/5.0 AppleWebKit/537.36 (KHTML, like Gecko; compatible; bingbot/2.0; +http://www.bing.com/bingbot.htm) Chrome/116.0.1938.76 Safari/537.36"
185.191.171.18 - - [28/Apr/2025:20:14:15 -0400] "GET /server.php/fashion-tops-2kr52 HTTP/1.1" 403 13 "-" "Mozilla/5.0 (compatible; SemrushBot/7~bl; +http://www.semrush.com/bot.html)"
66.249.68.71 - - [28/Apr/2025:20:14:31 -0400] "GET /server.php?shopdetail/11035109 HTTP/1.1" 403 13 "-" "Mozilla/5.0 (Linux; Android 6.0.1; Nexus 5X Build/MMB29P) AppleWebKit/537.36 (KHTML, like Gecko) Chrome/135.0.7049.95 Mobile Safari/537.36 (compatible; Googlebot/2.1; +http://www.google.com/bot.html)"
66.249.68.64 - - [28/Apr/2025:20:15:11 -0400] "GET /server.php/dvds-tv-dramas-1oskd HTTP/1.1" 403 13 "-" "Mozilla/5.0 (compatible; Googlebot/2.1; +http://www.google.com/bot.html)"
66.249.68.65 - - [28/Apr/2025:20:15:12 -0400] "GET /server.php/toys-others-2o5my HTTP/1.1" 403 13 "-" "Mozilla/5.0 (Linux; Android 6.0.1; Nexus 5X Build/MMB29P) AppleWebKit/537.36 (KHTML, like Gecko) Chrome/135.0.7049.95 Mobile Safari/537.36 (compatible; Googlebot/2.1; +http://www.google.com/bot.html)"
85.208.96.199 - - [28/Apr/2025:20:15:16 -0400] "GET /server.php/beauty-eyeshadow-1pokm HTTP/1.1" 403 13 "-" "Mozilla/5.0 (compatible; SemrushBot/7~bl; +http://www.semrush.com/bot.html)"
66.249.68.71 - - [28/Apr/2025:20:15:44 -0400] "GET /server.php/flowers-houseplants-1nh9d HTTP/1.1" 403 13 "-" "Mozilla/5.0 (compatible; Googlebot/2.1; +http://www.google.com/bot.html)"
85.208.96.207 - - [28/Apr/2025:20:16:16 -0400] "GET /server.php/fashion-accessories-2ma8w HTTP/1.1" 403 13 "-" "Mozilla/5.0 (compatible; SemrushBot/7~bl; +http://www.semrush.com/bot.html)"
85.208.96.201 - - [28/Apr/2025:20:17:17 -0400] "GET /server.php/drinks-whiskey-s0na HTTP/1.1" 403 13 "-" "Mozilla/5.0 (compatible; SemrushBot/7~bl; +http://www.semrush.com/bot.html)"
66.249.68.64 - - [28/Apr/2025:20:17:29 -0400] "GET /server.php?shopdetail/3095476 HTTP/1.1" 403 13 "-" "Mozilla/5.0 (Linux; Android 6.0.1; Nexus 5X Build/MMB29P) AppleWebKit/537.36 (KHTML, like Gecko) Chrome/135.0.7049.95 Mobile Safari/537.36 (compatible; Googlebot/2.1; +http://www.google.com/bot.html)"
66.249.68.71 - - [28/Apr/2025:20:17:30 -0400] "GET /server.php/audio-speakers-lxvp HTTP/1.1" 403 13 "-" "Mozilla/5.0 (Linux; Android 6.0.1; Nexus 5X Build/MMB29P) AppleWebKit/537.36 (KHTML, like Gecko) Chrome/135.0.7049.95 Mobile Safari/537.36 (compatible; Googlebot/2.1; +http://www.google.com/bot.html)"
66.249.68.71 - - [28/Apr/2025:20:17:53 -0400] "GET /shopdetail/13872465 HTTP/1.1" 404 13 "-" "Mozilla/5.0 (Linux; Android 6.0.1; Nexus 5X Build/MMB29P) AppleWebKit/537.36 (KHTML, like Gecko) Chrome/135.0.7049.95 Mobile Safari/537.36 (compatible; Googlebot/2.1; +http://www.google.com/bot.html)"
66.249.68.71 - - [28/Apr/2025:20:18:01 -0400] "GET /server.php?sports-gloves-2oa7b HTTP/1.1" 403 13 "-" "Mozilla/5.0 (Linux; Android 6.0.1; Nexus 5X Build/MMB29P) AppleWebKit/537.36 (KHTML, like Gecko) Chrome/135.0.7049.95 Mobile Safari/537.36 (compatible; Googlebot/2.1; +http://www.google.com/bot.html)"
66.249.68.71 - - [28/Apr/2025:20:18:08 -0400] "GET /server.php/audio-components-70w0 HTTP/1.1" 403 13 "-" "Mozilla/5.0 (compatible; Googlebot/2.1; +http://www.google.com/bot.html)"
66.249.68.71 - - [28/Apr/2025:20:18:14 -0400] "GET /server.php/fashion-kimono-1mm65 HTTP/1.1" 403 13 "-" "Mozilla/5.0 (Linux; Android 6.0.1; Nexus 5X Build/MMB29P) AppleWebKit/537.36 (KHTML, like Gecko) Chrome/135.0.7049.95 Mobile Safari/537.36 (compatible; Googlebot/2.1; +http://www.google.com/bot.html)"
185.191.171.15 - - [28/Apr/2025:20:18:18 -0400] "GET /server.php/home-appliances-sewing-machines-3vfh HTTP/1.1" 403 13 "-" "Mozilla/5.0 (compatible; SemrushBot/7~bl; +http://www.semrush.com/bot.html)"
66.249.68.71 - - [28/Apr/2025:20:18:27 -0400] "GET /shopdetail/9287943 HTTP/1.1" 404 13 "-" "Mozilla/5.0 (Linux; Android 6.0.1; Nexus 5X Build/MMB29P) AppleWebKit/537.36 (KHTML, like Gecko) Chrome/135.0.7049.95 Mobile Safari/537.36 (compatible; Googlebot/2.1; +http://www.google.com/bot.html)"
66.249.68.71 - - [28/Apr/2025:20:18:28 -0400] "GET /shopdetail/10950187 HTTP/1.1" 404 13 "-" "Mozilla/5.0 (Linux; Android 6.0.1; Nexus 5X Build/MMB29P) AppleWebKit/537.36 (KHTML, like Gecko) Chrome/135.0.7049.95 Mobile Safari/537.36 (compatible; Googlebot/2.1; +http://www.google.com/bot.html)"
66.249.68.71 - - [28/Apr/2025:20:18:32 -0400] "GET /server.php/collection-other-2kfhp HTTP/1.1" 403 13 "-" "Mozilla/5.0 (compatible; Googlebot/2.1; +http://www.google.com/bot.html)"
66.249.68.71 - - [28/Apr/2025:20:18:42 -0400] "GET /server.php/fashion-outerwear-8b9g HTTP/1.1" 403 13 "-" "Mozilla/5.0 (compatible; Googlebot/2.1; +http://www.google.com/bot.html)"
157.55.39.202 - - [28/Apr/2025:20:18:53 -0400] "GET /server.php/cds-k-pop-2ek8v HTTP/1.1" 403 13 "-" "Mozilla/5.0 AppleWebKit/537.36 (KHTML, like Gecko; compatible; bingbot/2.0; +http://www.bing.com/bingbot.htm) Chrome/116.0.1938.76 Safari/537.36"
52.167.144.156 - - [28/Apr/2025:20:19:18 -0400] "GET /server.php/motorcycles-parts-ypti HTTP/1.1" 403 13 "-" "Mozilla/5.0 AppleWebKit/537.36 (KHTML, like Gecko; compatible; bingbot/2.0; +http://www.bing.com/bingbot.htm) Chrome/116.0.1938.76 Safari/537.36"
185.191.171.13 - - [28/Apr/2025:20:19:19 -0400] "GET /server.php/tools-gas-cutting-machine-1vgiq HTTP/1.1" 403 13 "-" "Mozilla/5.0 (compatible; SemrushBot/7~bl; +http://www.semrush.com/bot.html)"
66.249.68.64 - - [28/Apr/2025:20:19:20 -0400] "GET /server.php/musical-instruments-guitars-s9cn HTTP/1.1" 403 13 "-" "Mozilla/5.0 (compatible; Googlebot/2.1; +http://www.google.com/bot.html)"
185.191.171.9 - - [28/Apr/2025:20:20:20 -0400] "GET /server.php/kitchen-bulk-sales-hxmb HTTP/1.1" 403 13 "-" "Mozilla/5.0 (compatible; SemrushBot/7~bl; +http://www.semrush.com/bot.html)"
52.167.144.20 - - [28/Apr/2025:20:20:29 -0400] "GET /server.php/cameras-wearable-cameras-2dww9 HTTP/1.1" 403 13 "-" "Mozilla/5.0 AppleWebKit/537.36 (KHTML, like Gecko; compatible; bingbot/2.0; +http://www.bing.com/bingbot.htm) Chrome/116.0.1938.76 Safari/537.36"
66.249.68.65 - - [28/Apr/2025:20:21:08 -0400] "GET /server.php/fashion-tops-2kusv HTTP/1.1" 403 13 "-" "Mozilla/5.0 (Linux; Android 6.0.1; Nexus 5X Build/MMB29P) AppleWebKit/537.36 (KHTML, like Gecko) Chrome/135.0.7049.95 Mobile Safari/537.36 (compatible; Googlebot/2.1; +http://www.google.com/bot.html)"
66.249.77.198 - - [28/Apr/2025:20:21:13 -0400] "GET /server.php/fashion-tops-d0ah HTTP/1.1" 403 13 "-" "Mozilla/5.0 (Linux; Android 6.0.1; Nexus 5X Build/MMB29P) AppleWebKit/537.36 (KHTML, like Gecko) Chrome/135.0.7049.95 Mobile Safari/537.36 (compatible; Googlebot/2.1; +http://www.google.com/bot.html)"
66.249.68.64 - - [28/Apr/2025:20:21:15 -0400] "GET /server.php/fashion-skirts-s4pp HTTP/1.1" 403 13 "-" "Mozilla/5.0 (Linux; Android 6.0.1; Nexus 5X Build/MMB29P) AppleWebKit/537.36 (KHTML, like Gecko) Chrome/135.0.7049.95 Mobile Safari/537.36 (compatible; Googlebot/2.1; +http://www.google.com/bot.html)"
185.191.171.3 - - [28/Apr/2025:20:21:21 -0400] "GET /server.php/books-others-udlp HTTP/1.1" 403 13 "-" "Mozilla/5.0 (compatible; SemrushBot/7~bl; +http://www.semrush.com/bot.html)"
66.249.68.71 - - [28/Apr/2025:20:21:31 -0400] "GET /server.php/dvds-japanese-music-1iuvr HTTP/1.1" 403 13 "-" "Mozilla/5.0 (Linux; Android 6.0.1; Nexus 5X Build/MMB29P) AppleWebKit/537.36 (KHTML, like Gecko) Chrome/135.0.7049.95 Mobile Safari/537.36 (compatible; Googlebot/2.1; +http://www.google.com/bot.html)"
85.208.96.201 - - [28/Apr/2025:20:22:22 -0400] "GET /server.php/cosmetics-hair-dryers-1f2iu HTTP/1.1" 403 13 "-" "Mozilla/5.0 (compatible; SemrushBot/7~bl; +http://www.semrush.com/bot.html)"
52.167.144.20 - - [28/Apr/2025:20:22:39 -0400] "GET /server.php/handicrafts-wallets-4a4w HTTP/1.1" 403 13 "-" "Mozilla/5.0 AppleWebKit/537.36 (KHTML, like Gecko; compatible; bingbot/2.0; +http://www.bing.com/bingbot.htm) Chrome/116.0.1938.76 Safari/537.36"
52.167.144.225 - - [28/Apr/2025:20:23:09 -0400] "GET /server.php/cosmetics-breast-care-1tg1e HTTP/1.1" 403 13 "-" "Mozilla/5.0 AppleWebKit/537.36 (KHTML, like Gecko; compatible; bingbot/2.0; +http://www.bing.com/bingbot.htm) Chrome/116.0.1938.76 Safari/537.36"
52.167.144.20 - - [28/Apr/2025:20:23:21 -0400] "GET /server.php/interior-vases-fxdp HTTP/1.1" 403 13 "-" "Mozilla/5.0 AppleWebKit/537.36 (KHTML, like Gecko; compatible; bingbot/2.0; +http://www.bing.com/bingbot.htm) Chrome/116.0.1938.76 Safari/537.36"
85.208.96.201 - - [28/Apr/2025:20:23:22 -0400] "GET /server.php/blu-ray-music-1yv5g HTTP/1.1" 403 13 "-" "Mozilla/5.0 (compatible; SemrushBot/7~bl; +http://www.semrush.com/bot.html)"
66.249.68.64 - - [28/Apr/2025:20:23:43 -0400] "GET /server.php/etc.-bulk-sales-1oau3 HTTP/1.1" 403 13 "-" "Mozilla/5.0 (Linux; Android 6.0.1; Nexus 5X Build/MMB29P) AppleWebKit/537.36 (KHTML, like Gecko) Chrome/135.0.7049.95 Mobile Safari/537.36 (compatible; Googlebot/2.1; +http://www.google.com/bot.html)"
85.208.96.212 - - [28/Apr/2025:20:24:23 -0400] "GET /server.php/fashion-outerwear-2nbc4 HTTP/1.1" 403 13 "-" "Mozilla/5.0 (compatible; SemrushBot/7~bl; +http://www.semrush.com/bot.html)"
185.191.171.7 - - [28/Apr/2025:20:25:23 -0400] "GET /server.php/home-appliances-mochi-maker-1bpkh HTTP/1.1" 403 13 "-" "Mozilla/5.0 (compatible; SemrushBot/7~bl; +http://www.semrush.com/bot.html)"
185.191.171.7 - - [28/Apr/2025:20:26:14 -0400] "GET /robots.txt HTTP/1.1" 200 81 "-" "Mozilla/5.0 (compatible; SemrushBot/7~bl; +http://www.semrush.com/bot.html)"
85.208.96.209 - - [28/Apr/2025:20:26:24 -0400] "GET /server.php/computers-ipads-2eoi5 HTTP/1.1" 403 13 "-" "Mozilla/5.0 (compatible; SemrushBot/7~bl; +http://www.semrush.com/bot.html)"
66.249.68.71 - - [28/Apr/2025:20:26:25 -0400] "GET /server.php/games-yugioh-1ixu3 HTTP/1.1" 403 13 "-" "Mozilla/5.0 (compatible; Googlebot/2.1; +http://www.google.com/bot.html)"
66.249.68.64 - - [28/Apr/2025:20:26:28 -0400] "GET /server.php/games-yugioh-1ixu3 HTTP/1.1" 403 13 "-" "Mozilla/5.0 (Linux; Android 6.0.1; Nexus 5X Build/MMB29P) AppleWebKit/537.36 (KHTML, like Gecko) Chrome/135.0.7049.95 Mobile Safari/537.36 (compatible; Googlebot/2.1; +http://www.google.com/bot.html)"
66.249.79.8 - - [28/Apr/2025:20:27:01 -0400] "GET /server.php?fishing-clothing-25yrf HTTP/1.1" 403 13 "-" "Mozilla/5.0 (Linux; Android 6.0.1; Nexus 5X Build/MMB29P) AppleWebKit/537.36 (KHTML, like Gecko) Chrome/135.0.7049.95 Mobile Safari/537.36 (compatible; Googlebot/2.1; +http://www.google.com/bot.html)"
185.191.171.8 - - [28/Apr/2025:20:27:25 -0400] "GET /server.php/drinks-sake-17yba HTTP/1.1" 403 13 "-" "Mozilla/5.0 (compatible; SemrushBot/7~bl; +http://www.semrush.com/bot.html)"
66.249.68.64 - - [28/Apr/2025:20:27:27 -0400] "GET /server.php/tablets-smartphones-wyar HTTP/1.1" 403 13 "-" "Mozilla/5.0 (Linux; Android 6.0.1; Nexus 5X Build/MMB29P) AppleWebKit/537.36 (KHTML, like Gecko) Chrome/135.0.7049.95 Mobile Safari/537.36 (compatible; Googlebot/2.1; +http://www.google.com/bot.html)"
66.249.68.71 - - [28/Apr/2025:20:27:27 -0400] "GET /server.php/tablets-smartphones-wyar HTTP/1.1" 403 13 "-" "Mozilla/5.0 (compatible; Googlebot/2.1; +http://www.google.com/bot.html)"
85.208.96.201 - - [28/Apr/2025:20:28:26 -0400] "GET /server.php/fashion-outerwear-1m67f HTTP/1.1" 403 13 "-" "Mozilla/5.0 (compatible; SemrushBot/7~bl; +http://www.semrush.com/bot.html)"
66.249.68.71 - - [28/Apr/2025:20:28:47 -0400] "GET /server.php/cars-etc-onboard-units-26rfg HTTP/1.1" 403 13 "-" "Mozilla/5.0 (compatible; Googlebot/2.1; +http://www.google.com/bot.html)"
66.249.68.71 - - [28/Apr/2025:20:28:58 -0400] "GET /server.php/smartphones-external-hard-disk-drives-1t5iw HTTP/1.1" 403 13 "-" "Mozilla/5.0 (compatible; Googlebot/2.1; +http://www.google.com/bot.html)"
185.191.171.9 - - [28/Apr/2025:20:29:27 -0400] "GET /server.php/games-character-toys-1dt0a HTTP/1.1" 403 13 "-" "Mozilla/5.0 (compatible; SemrushBot/7~bl; +http://www.semrush.com/bot.html)"
207.46.13.126 - - [28/Apr/2025:20:29:34 -0400] "GET /server.php/home-appliances-air-purifiers-d95p HTTP/1.1" 403 13 "-" "Mozilla/5.0 AppleWebKit/537.36 (KHTML, like Gecko; compatible; bingbot/2.0; +http://www.bing.com/bingbot.htm) Chrome/116.0.1938.76 Safari/537.36"
52.167.144.20 - - [28/Apr/2025:20:30:21 -0400] "GET /server.php/travel-supplies-cooler-boxes-1iy46 HTTP/1.1" 403 13 "-" "Mozilla/5.0 AppleWebKit/537.36 (KHTML, like Gecko; compatible; bingbot/2.0; +http://www.bing.com/bingbot.htm) Chrome/116.0.1938.76 Safari/537.36"
185.191.171.17 - - [28/Apr/2025:20:30:28 -0400] "GET /server.php/air-conditioning-kitchen-appliances-2fk6y HTTP/1.1" 403 13 "-" "Mozilla/5.0 (compatible; SemrushBot/7~bl; +http://www.semrush.com/bot.html)"
207.46.13.126 - - [28/Apr/2025:20:31:13 -0400] "GET /server.php/diet-measuring-devices-12hu1 HTTP/1.1" 403 13 "-" "Mozilla/5.0 AppleWebKit/537.36 (KHTML, like Gecko; compatible; bingbot/2.0; +http://www.bing.com/bingbot.htm) Chrome/116.0.1938.76 Safari/537.36"
185.191.171.11 - - [28/Apr/2025:20:31:29 -0400] "GET /server.php/air-conditioning-washing-machines-27mu5 HTTP/1.1" 403 13 "-" "Mozilla/5.0 (compatible; SemrushBot/7~bl; +http://www.semrush.com/bot.html)"
66.249.68.64 - - [28/Apr/2025:20:31:46 -0400] "GET /server.php/fashion-bags-1432p HTTP/1.1" 403 13 "-" "Mozilla/5.0 (Linux; Android 6.0.1; Nexus 5X Build/MMB29P) AppleWebKit/537.36 (KHTML, like Gecko) Chrome/135.0.7049.95 Mobile Safari/537.36 (compatible; Googlebot/2.1; +http://www.google.com/bot.html)"
66.249.68.65 - - [28/Apr/2025:20:32:25 -0400] "GET /server.php/air-conditioning-oil-heaters-17uu4 HTTP/1.1" 403 13 "-" "Mozilla/5.0 (compatible; Googlebot/2.1; +http://www.google.com/bot.html)"
185.191.171.16 - - [28/Apr/2025:20:32:31 -0400] "GET /server.php/hobbies-paintings-dvvh HTTP/1.1" 403 13 "-" "Mozilla/5.0 (compatible; SemrushBot/7~bl; +http://www.semrush.com/bot.html)"
66.249.68.64 - - [28/Apr/2025:20:32:31 -0400] "GET /server.php/computers-network-devices-2fefx HTTP/1.1" 403 13 "-" "Mozilla/5.0 (Linux; Android 6.0.1; Nexus 5X Build/MMB29P) AppleWebKit/537.36 (KHTML, like Gecko) Chrome/135.0.7049.95 Mobile Safari/537.36 (compatible; Googlebot/2.1; +http://www.google.com/bot.html)"
66.249.79.2 - - [28/Apr/2025:20:33:00 -0400] "GET /fashion/jackets/pfo2 HTTP/1.1" 404 13 "-" "Mozilla/5.0 (Linux; Android 6.0.1; Nexus 5X Build/MMB29P) AppleWebKit/537.36 (KHTML, like Gecko) Chrome/135.0.7049.95 Mobile Safari/537.36 (compatible; Googlebot/2.1; +http://www.google.com/bot.html)"
52.167.144.234 - - [28/Apr/2025:20:33:31 -0400] "GET /server.php/interior-chairs-1da0o HTTP/1.1" 403 13 "-" "Mozilla/5.0 AppleWebKit/537.36 (KHTML, like Gecko; compatible; bingbot/2.0; +http://www.bing.com/bingbot.htm) Chrome/116.0.1938.76 Safari/537.36"
185.191.171.4 - - [28/Apr/2025:20:33:32 -0400] "GET /server.php/bicycles-wheels-1pkh1 HTTP/1.1" 403 13 "-" "Mozilla/5.0 (compatible; SemrushBot/7~bl; +http://www.semrush.com/bot.html)"
66.249.79.1 - - [28/Apr/2025:20:34:07 -0400] "GET /fashion/accessories/gmqe HTTP/1.1" 404 13 "-" "Mozilla/5.0 (Linux; Android 6.0.1; Nexus 5X Build/MMB29P) AppleWebKit/537.36 (KHTML, like Gecko) Chrome/135.0.7049.95 Mobile Safari/537.36 (compatible; Googlebot/2.1; +http://www.google.com/bot.html)"
207.46.13.126 - - [28/Apr/2025:20:34:13 -0400] "GET /server.php/cosmetics-face-creams-l4vp HTTP/1.1" 403 13 "-" "Mozilla/5.0 AppleWebKit/537.36 (KHTML, like Gecko; compatible; bingbot/2.0; +http://www.bing.com/bingbot.htm) Chrome/116.0.1938.76 Safari/537.36"
85.208.96.210 - - [28/Apr/2025:20:34:33 -0400] "GET /server.php/cosmetics-body-ajc2 HTTP/1.1" 403 13 "-" "Mozilla/5.0 (compatible; SemrushBot/7~bl; +http://www.semrush.com/bot.html)"
66.249.68.71 - - [28/Apr/2025:20:34:38 -0400] "GET /shopdetail/12800565 HTTP/1.1" 404 13 "-" "Mozilla/5.0 (Linux; Android 6.0.1; Nexus 5X Build/MMB29P) AppleWebKit/537.36 (KHTML, like Gecko) Chrome/135.0.7049.95 Mobile Safari/537.36 (compatible; Googlebot/2.1; +http://www.google.com/bot.html)"
207.46.13.126 - - [28/Apr/2025:20:35:13 -0400] "GET /server.php/tickets-japanese-artists-2gvui HTTP/1.1" 403 13 "-" "Mozilla/5.0 AppleWebKit/537.36 (KHTML, like Gecko; compatible; bingbot/2.0; +http://www.bing.com/bingbot.htm) Chrome/116.0.1938.76 Safari/537.36"
85.208.96.194 - - [28/Apr/2025:20:35:34 -0400] "GET /server.php/fashion-yukata-sqfu HTTP/1.1" 403 13 "-" "Mozilla/5.0 (compatible; SemrushBot/7~bl; +http://www.semrush.com/bot.html)"
207.46.13.126 - - [28/Apr/2025:20:36:14 -0400] "GET /server.php/decor-store-supplies-2ep2w HTTP/1.1" 403 13 "-" "Mozilla/5.0 AppleWebKit/537.36 (KHTML, like Gecko; compatible; bingbot/2.0; +http://www.bing.com/bingbot.htm) Chrome/116.0.1938.76 Safari/537.36"
66.249.68.65 - - [28/Apr/2025:20:36:31 -0400] "GET /server.php/character-anime-1hq9u HTTP/1.1" 403 13 "-" "Mozilla/5.0 (Linux; Android 6.0.1; Nexus 5X Build/MMB29P) AppleWebKit/537.36 (KHTML, like Gecko) Chrome/135.0.7049.95 Mobile Safari/537.36 (compatible; Googlebot/2.1; +http://www.google.com/bot.html)"
66.249.68.71 - - [28/Apr/2025:20:36:32 -0400] "GET /server.php/fashion-outerwear-2952u HTTP/1.1" 403 13 "-" "Mozilla/5.0 (Linux; Android 6.0.1; Nexus 5X Build/MMB29P) AppleWebKit/537.36 (KHTML, like Gecko) Chrome/135.0.7049.95 Mobile Safari/537.36 (compatible; Googlebot/2.1; +http://www.google.com/bot.html)"
66.249.68.64 - - [28/Apr/2025:20:36:32 -0400] "GET /server.php/fashion-outerwear-2952u HTTP/1.1" 403 13 "-" "Mozilla/5.0 (compatible; Googlebot/2.1; +http://www.google.com/bot.html)"
85.208.96.206 - - [28/Apr/2025:20:36:35 -0400] "GET /server.php/blu-ray-tv-dramas-ylpt HTTP/1.1" 403 13 "-" "Mozilla/5.0 (compatible; SemrushBot/7~bl; +http://www.semrush.com/bot.html)"
52.167.144.234 - - [28/Apr/2025:20:37:32 -0400] "GET /server.php/art-crafts-1kiup HTTP/1.1" 403 13 "-" "Mozilla/5.0 AppleWebKit/537.36 (KHTML, like Gecko; compatible; bingbot/2.0; +http://www.bing.com/bingbot.htm) Chrome/116.0.1938.76 Safari/537.36"
85.208.96.201 - - [28/Apr/2025:20:37:35 -0400] "GET /server.php/fashion-accessories-2f45w HTTP/1.1" 403 13 "-" "Mozilla/5.0 (compatible; SemrushBot/7~bl; +http://www.semrush.com/bot.html)"
66.249.68.65 - - [28/Apr/2025:20:38:29 -0400] "GET /server.php/smartphones-windows-notebooks-1fgug HTTP/1.1" 403 13 "-" "Mozilla/5.0 (Linux; Android 6.0.1; Nexus 5X Build/MMB29P) AppleWebKit/537.36 (KHTML, like Gecko) Chrome/135.0.7049.95 Mobile Safari/537.36 (compatible; Googlebot/2.1; +http://www.google.com/bot.html)"
185.191.171.2 - - [28/Apr/2025:20:38:36 -0400] "GET /server.php/audio-portable-players-h7h1 HTTP/1.1" 403 13 "-" "Mozilla/5.0 (compatible; SemrushBot/7~bl; +http://www.semrush.com/bot.html)"
66.249.68.64 - - [28/Apr/2025:20:39:06 -0400] "GET /server.php/furniture-dining-tables-1t387 HTTP/1.1" 403 13 "-" "Mozilla/5.0 (Linux; Android 6.0.1; Nexus 5X Build/MMB29P) AppleWebKit/537.36 (KHTML, like Gecko) Chrome/135.0.7049.95 Mobile Safari/537.36 (compatible; Googlebot/2.1; +http://www.google.com/bot.html)"
85.208.96.207 - - [28/Apr/2025:20:39:37 -0400] "GET /server.php/outdoor-ice-packs-1aqvm HTTP/1.1" 403 13 "-" "Mozilla/5.0 (compatible; SemrushBot/7~bl; +http://www.semrush.com/bot.html)"
40.77.167.156 - - [28/Apr/2025:20:39:49 -0400] "GET /server.php/flowers-conifers-1hawl HTTP/1.1" 403 13 "-" "Mozilla/5.0 AppleWebKit/537.36 (KHTML, like Gecko; compatible; bingbot/2.0; +http://www.bing.com/bingbot.htm) Chrome/116.0.1938.76 Safari/537.36"
66.249.79.1 - - [28/Apr/2025:20:40:23 -0400] "GET /server.php?sports-women-clothing-1l2em HTTP/1.1" 403 13 "-" "Mozilla/5.0 (Linux; Android 6.0.1; Nexus 5X Build/MMB29P) AppleWebKit/537.36 (KHTML, like Gecko) Chrome/135.0.7049.95 Mobile Safari/537.36 (compatible; Googlebot/2.1; +http://www.google.com/bot.html)"
185.191.171.7 - - [28/Apr/2025:20:40:38 -0400] "GET /server.php/games-pokemon-card-games-94q4 HTTP/1.1" 403 13 "-" "Mozilla/5.0 (compatible; SemrushBot/7~bl; +http://www.semrush.com/bot.html)"
66.249.68.64 - - [28/Apr/2025:20:40:38 -0400] "GET /server.php?fishing-bags-29uvn HTTP/1.1" 403 13 "-" "Mozilla/5.0 (Linux; Android 6.0.1; Nexus 5X Build/MMB29P) AppleWebKit/537.36 (KHTML, like Gecko) Chrome/135.0.7049.95 Mobile Safari/537.36 (compatible; Googlebot/2.1; +http://www.google.com/bot.html)"
66.249.68.71 - - [28/Apr/2025:20:40:50 -0400] "GET /server.php/air-conditioning-smoking-accessories-s3lg HTTP/1.1" 403 13 "-" "Mozilla/5.0 (compatible; Googlebot/2.1; +http://www.google.com/bot.html)"
66.249.68.64 - - [28/Apr/2025:20:40:54 -0400] "GET /server.php/tablets-apple-watches-1s9or HTTP/1.1" 403 13 "-" "Mozilla/5.0 (Linux; Android 6.0.1; Nexus 5X Build/MMB29P) AppleWebKit/537.36 (KHTML, like Gecko) Chrome/135.0.7049.95 Mobile Safari/537.36 (compatible; Googlebot/2.1; +http://www.google.com/bot.html)"
40.77.167.156 - - [28/Apr/2025:20:41:11 -0400] "GET /server.php/motorcycles-car-audio-lnno HTTP/1.1" 403 13 "-" "Mozilla/5.0 AppleWebKit/537.36 (KHTML, like Gecko; compatible; bingbot/2.0; +http://www.bing.com/bingbot.htm) Chrome/116.0.1938.76 Safari/537.36"
185.191.171.19 - - [28/Apr/2025:20:41:39 -0400] "GET /server.php/tickets-ski-resorts-tdmo HTTP/1.1" 403 13 "-" "Mozilla/5.0 (compatible; SemrushBot/7~bl; +http://www.semrush.com/bot.html)"
85.208.96.194 - - [28/Apr/2025:20:42:39 -0400] "GET /server.php/smartphones-macbooks-n9iu HTTP/1.1" 403 13 "-" "Mozilla/5.0 (compatible; SemrushBot/7~bl; +http://www.semrush.com/bot.html)"
66.249.79.1 - - [28/Apr/2025:20:42:48 -0400] "GET /server.php?pet-supplies-saltwater-fish-supplies-b18i HTTP/1.1" 403 13 "-" "Mozilla/5.0 (Linux; Android 6.0.1; Nexus 5X Build/MMB29P) AppleWebKit/537.36 (KHTML, like Gecko) Chrome/135.0.7049.95 Mobile Safari/537.36 (compatible; Googlebot/2.1; +http://www.google.com/bot.html)"
66.249.79.8 - - [28/Apr/2025:20:43:08 -0400] "GET /server.php/pcmypage?callback=product%2Fdetail%2F68311202 HTTP/1.1" 403 13 "-" "Mozilla/5.0 (Linux; Android 6.0.1; Nexus 5X Build/MMB29P) AppleWebKit/537.36 (KHTML, like Gecko) Chrome/135.0.7049.95 Mobile Safari/537.36 (compatible; Googlebot/2.1; +http://www.google.com/bot.html)"
85.208.96.208 - - [28/Apr/2025:20:43:40 -0400] "GET /server.php/travel-supplies-clothing-1q67c HTTP/1.1" 403 13 "-" "Mozilla/5.0 (compatible; SemrushBot/7~bl; +http://www.semrush.com/bot.html)"
185.191.171.13 - - [28/Apr/2025:20:44:41 -0400] "GET /server.php/games-sports-cards-1u077 HTTP/1.1" 403 13 "-" "Mozilla/5.0 (compatible; SemrushBot/7~bl; +http://www.semrush.com/bot.html)"
85.208.96.195 - - [28/Apr/2025:20:45:42 -0400] "GET /server.php/art-model-trains-2n1li HTTP/1.1" 403 13 "-" "Mozilla/5.0 (compatible; SemrushBot/7~bl; +http://www.semrush.com/bot.html)"
66.249.79.1 - - [28/Apr/2025:20:46:14 -0400] "GET /tv/amplifiers/wv7h HTTP/1.1" 404 13 "-" "Mozilla/5.0 (Linux; Android 6.0.1; Nexus 5X Build/MMB29P) AppleWebKit/537.36 (KHTML, like Gecko) Chrome/135.0.7049.95 Mobile Safari/537.36 (compatible; Googlebot/2.1; +http://www.google.com/bot.html)"
52.167.144.145 - - [28/Apr/2025:20:46:23 -0400] "GET /server.php/home-appliances-microwaves-26she HTTP/1.1" 403 13 "-" "Mozilla/5.0 AppleWebKit/537.36 (KHTML, like Gecko; compatible; bingbot/2.0; +http://www.bing.com/bingbot.htm) Chrome/116.0.1938.76 Safari/537.36"
185.191.171.2 - - [28/Apr/2025:20:46:43 -0400] "GET /server.php/outdoor-clothing-l3cd HTTP/1.1" 403 13 "-" "Mozilla/5.0 (compatible; SemrushBot/7~bl; +http://www.semrush.com/bot.html)"
20.120.134.41 - - [28/Apr/2025:20:46:51 -0400] "GET /server.php/outdoor-rods-1c8q9 HTTP/1.1" 403 13 "-" "Mozilla/5.0 (Windows NT 10.0; Win64; x64) AppleWebKit/537.36 (KHTML, like Gecko) Chrome/131.0.0.0 Safari/537.36 Edg/131.0.0.0"
185.191.171.15 - - [28/Apr/2025:20:47:02 -0400] "GET /robots.txt HTTP/1.1" 200 81 "-" "Mozilla/5.0 (compatible; SemrushBot/7~bl; +http://www.semrush.com/bot.html)"
66.249.79.8 - - [28/Apr/2025:20:47:21 -0400] "GET /server.php?hobbies-collections-1cvnv HTTP/1.1" 403 13 "-" "Mozilla/5.0 (Linux; Android 6.0.1; Nexus 5X Build/MMB29P) AppleWebKit/537.36 (KHTML, like Gecko) Chrome/135.0.7049.95 Mobile Safari/537.36 (compatible; Googlebot/2.1; +http://www.google.com/bot.html)"
185.191.171.13 - - [28/Apr/2025:20:47:44 -0400] "GET /server.php/hobbies-collections-plfg HTTP/1.1" 403 13 "-" "Mozilla/5.0 (compatible; SemrushBot/7~bl; +http://www.semrush.com/bot.html)"
52.167.144.145 - - [28/Apr/2025:20:48:31 -0400] "GET /server.php/musical-instruments-calligraphy-tools-1d5p0 HTTP/1.1" 403 13 "-" "Mozilla/5.0 AppleWebKit/537.36 (KHTML, like Gecko; compatible; bingbot/2.0; +http://www.bing.com/bingbot.htm) Chrome/116.0.1938.76 Safari/537.36"
66.249.68.64 - - [28/Apr/2025:20:48:40 -0400] "GET /server.php?shopdetail/6135710 HTTP/1.1" 403 13 "-" "Mozilla/5.0 (Linux; Android 6.0.1; Nexus 5X Build/MMB29P) AppleWebKit/537.36 (KHTML, like Gecko) Chrome/135.0.7049.95 Mobile Safari/537.36 (compatible; Googlebot/2.1; +http://www.google.com/bot.html)"
185.191.171.16 - - [28/Apr/2025:20:48:46 -0400] "GET /server.php/home-appliances-washing-machines-2gbqj HTTP/1.1" 403 13 "-" "Mozilla/5.0 (compatible; SemrushBot/7~bl; +http://www.semrush.com/bot.html)"
66.249.79.1 - - [28/Apr/2025:20:49:34 -0400] "GET /home-appliances/air-purifiers/hxox HTTP/1.1" 404 13 "-" "Mozilla/5.0 (Linux; Android 6.0.1; Nexus 5X Build/MMB29P) AppleWebKit/537.36 (KHTML, like Gecko) Chrome/135.0.7049.95 Mobile Safari/537.36 (compatible; Googlebot/2.1; +http://www.google.com/bot.html)"
85.208.96.196 - - [28/Apr/2025:20:49:46 -0400] "GET /server.php/motorcycles-parts-14nxa HTTP/1.1" 403 13 "-" "Mozilla/5.0 (compatible; SemrushBot/7~bl; +http://www.semrush.com/bot.html)"
207.46.13.155 - - [28/Apr/2025:20:49:56 -0400] "GET /server.php/travel-supplies-rods-1q2ex HTTP/1.1" 403 13 "-" "Mozilla/5.0 AppleWebKit/537.36 (KHTML, like Gecko; compatible; bingbot/2.0; +http://www.bing.com/bingbot.htm) Chrome/116.0.1938.76 Safari/537.36"
66.249.68.65 - - [28/Apr/2025:20:50:36 -0400] "GET /server.php?shopdetail/7527421 HTTP/1.1" 403 13 "-" "Mozilla/5.0 (Linux; Android 6.0.1; Nexus 5X Build/MMB29P) AppleWebKit/537.36 (KHTML, like Gecko) Chrome/135.0.7049.95 Mobile Safari/537.36 (compatible; Googlebot/2.1; +http://www.google.com/bot.html)"
85.208.96.194 - - [28/Apr/2025:20:50:46 -0400] "GET /server.php/furniture-others-jyjl HTTP/1.1" 403 13 "-" "Mozilla/5.0 (compatible; SemrushBot/7~bl; +http://www.semrush.com/bot.html)"
66.249.68.71 - - [28/Apr/2025:20:50:58 -0400] "GET /server.php/computers-smartphones-2kirt HTTP/1.1" 403 13 "-" "Mozilla/5.0 (Linux; Android 6.0.1; Nexus 5X Build/MMB29P) AppleWebKit/537.36 (KHTML, like Gecko) Chrome/135.0.7049.95 Mobile Safari/537.36 (compatible; GoogleOther)"
66.249.79.8 - - [28/Apr/2025:20:51:00 -0400] "GET /server.php/pet-supplies-aquariums-2eg9 HTTP/1.1" 403 13 "-" "Mozilla/5.0 (Linux; Android 6.0.1; Nexus 5X Build/MMB29P) AppleWebKit/537.36 (KHTML, like Gecko) Chrome/135.0.7049.95 Mobile Safari/537.36 (compatible; Googlebot/2.1; +http://www.google.com/bot.html)"
52.167.144.145 - - [28/Apr/2025:20:51:32 -0400] "GET /server.php/bicycles-parts-3xck HTTP/1.1" 403 13 "-" "Mozilla/5.0 AppleWebKit/537.36 (KHTML, like Gecko; compatible; bingbot/2.0; +http://www.bing.com/bingbot.htm) Chrome/116.0.1938.76 Safari/537.36"
66.249.79.8 - - [28/Apr/2025:20:51:36 -0400] "GET /server.php/pcmypage?callback=product%2Fdetail%2F82371008 HTTP/1.1" 403 13 "-" "Mozilla/5.0 (Linux; Android 6.0.1; Nexus 5X Build/MMB29P) AppleWebKit/537.36 (KHTML, like Gecko) Chrome/135.0.7049.95 Mobile Safari/537.36 (compatible; Googlebot/2.1; +http://www.google.com/bot.html)"
85.208.96.204 - - [28/Apr/2025:20:51:47 -0400] "GET /server.php/tv-television-139ti HTTP/1.1" 403 13 "-" "Mozilla/5.0 (compatible; SemrushBot/7~bl; +http://www.semrush.com/bot.html)"
66.249.79.8 - - [28/Apr/2025:20:52:00 -0400] "GET /drinks/whiskey/22h1r HTTP/1.1" 404 13 "-" "Mozilla/5.0 (Linux; Android 6.0.1; Nexus 5X Build/MMB29P) AppleWebKit/537.36 (KHTML, like Gecko) Chrome/135.0.7049.95 Mobile Safari/537.36 (compatible; Googlebot/2.1; +http://www.google.com/bot.html)"
66.249.79.8 - - [28/Apr/2025:20:52:40 -0400] "GET /server.php/cameras-camera-accessories-17x6r HTTP/1.1" 403 13 "-" "Mozilla/5.0 (Linux; Android 6.0.1; Nexus 5X Build/MMB29P) AppleWebKit/537.36 (KHTML, like Gecko) Chrome/135.0.7049.95 Mobile Safari/537.36 (compatible; Googlebot/2.1; +http://www.google.com/bot.html)"
66.249.68.64 - - [28/Apr/2025:20:52:44 -0400] "GET /server.php/musical-instruments-wind-1bvfq HTTP/1.1" 403 13 "-" "Mozilla/5.0 (Linux; Android 6.0.1; Nexus 5X Build/MMB29P) AppleWebKit/537.36 (KHTML, like Gecko) Chrome/135.0.7049.95 Mobile Safari/537.36 (compatible; Googlebot/2.1; +http://www.google.com/bot.html)"
185.191.171.19 - - [28/Apr/2025:20:52:48 -0400] "GET /server.php/computers-windows-notebooks-2mirf HTTP/1.1" 403 13 "-" "Mozilla/5.0 (compatible; SemrushBot/7~bl; +http://www.semrush.com/bot.html)"
40.77.167.7 - - [28/Apr/2025:20:52:50 -0400] "GET /server.php/tv-zoom-lens-24vde HTTP/1.1" 403 13 "-" "Mozilla/5.0 AppleWebKit/537.36 (KHTML, like Gecko; compatible; bingbot/2.0; +http://www.bing.com/bingbot.htm) Chrome/116.0.1938.76 Safari/537.36"
85.208.96.210 - - [28/Apr/2025:20:53:49 -0400] "GET /server.php/motorcycles-parts-16cgm HTTP/1.1" 403 13 "-" "Mozilla/5.0 (compatible; SemrushBot/7~bl; +http://www.semrush.com/bot.html)"
66.249.79.1 - - [28/Apr/2025:20:54:16 -0400] "GET /tickets/amusement-parks/oe8s HTTP/1.1" 404 13 "-" "Mozilla/5.0 (Linux; Android 6.0.1; Nexus 5X Build/MMB29P) AppleWebKit/537.36 (KHTML, like Gecko) Chrome/135.0.7049.95 Mobile Safari/537.36 (compatible; Googlebot/2.1; +http://www.google.com/bot.html)"
185.191.171.4 - - [28/Apr/2025:20:54:50 -0400] "GET /server.php/dvds-anime-14ltt HTTP/1.1" 403 13 "-" "Mozilla/5.0 (compatible; SemrushBot/7~bl; +http://www.semrush.com/bot.html)"
52.167.144.171 - - [28/Apr/2025:20:55:24 -0400] "GET /server.php/travel-supplies-chairs-fg66 HTTP/1.1" 403 13 "-" "Mozilla/5.0 AppleWebKit/537.36 (KHTML, like Gecko; compatible; bingbot/2.0; +http://www.bing.com/bingbot.htm) Chrome/116.0.1938.76 Safari/537.36"
66.249.79.8 - - [28/Apr/2025:20:55:38 -0400] "GET /food/whiskey/1vofw HTTP/1.1" 404 13 "-" "Mozilla/5.0 (Linux; Android 6.0.1; Nexus 5X Build/MMB29P) AppleWebKit/537.36 (KHTML, like Gecko) Chrome/135.0.7049.95 Mobile Safari/537.36 (compatible; Googlebot/2.1; +http://www.google.com/bot.html)"
85.208.96.202 - - [28/Apr/2025:20:55:50 -0400] "GET /server.php/interior-chairs-24rop HTTP/1.1" 403 13 "-" "Mozilla/5.0 (compatible; SemrushBot/7~bl; +http://www.semrush.com/bot.html)"
40.77.167.7 - - [28/Apr/2025:20:56:41 -0400] "GET /server.php/home-appliances-gas-stoves-5d6b HTTP/1.1" 403 13 "-" "Mozilla/5.0 AppleWebKit/537.36 (KHTML, like Gecko; compatible; bingbot/2.0; +http://www.bing.com/bingbot.htm) Chrome/116.0.1938.76 Safari/537.36"
66.249.79.1 - - [28/Apr/2025:20:56:51 -0400] "GET /server.php/pcmypage?callback=product%2Fdetail%2F44466691 HTTP/1.1" 403 13 "-" "Mozilla/5.0 (Linux; Android 6.0.1; Nexus 5X Build/MMB29P) AppleWebKit/537.36 (KHTML, like Gecko) Chrome/135.0.7049.95 Mobile Safari/537.36 (compatible; Googlebot/2.1; +http://www.google.com/bot.html)"
185.191.171.12 - - [28/Apr/2025:20:56:52 -0400] "GET /server.php/pet-supplies-dog-food-26hl5 HTTP/1.1" 403 13 "-" "Mozilla/5.0 (compatible; SemrushBot/7~bl; +http://www.semrush.com/bot.html)"
185.191.171.11 - - [28/Apr/2025:20:57:53 -0400] "GET /server.php/air-conditioning-battery-chargers-ib8g HTTP/1.1" 403 13 "-" "Mozilla/5.0 (compatible; SemrushBot/7~bl; +http://www.semrush.com/bot.html)"
66.249.79.8 - - [28/Apr/2025:20:58:28 -0400] "GET /server.php?etc.-generators-1w74e HTTP/1.1" 403 13 "-" "Mozilla/5.0 (Linux; Android 6.0.1; Nexus 5X Build/MMB29P) AppleWebKit/537.36 (KHTML, like Gecko) Chrome/135.0.7049.95 Mobile Safari/537.36 (compatible; Googlebot/2.1; +http://www.google.com/bot.html)"
207.46.13.17 - - [28/Apr/2025:20:58:48 -0400] "GET /server.php/tablets-windows-notebooks-s4el HTTP/1.1" 403 13 "-" "Mozilla/5.0 AppleWebKit/537.36 (KHTML, like Gecko; compatible; bingbot/2.0; +http://www.bing.com/bingbot.htm) Chrome/116.0.1938.76 Safari/537.36"
85.208.96.204 - - [28/Apr/2025:20:58:54 -0400] "GET /server.php/beauty-hair-irons-3yp7 HTTP/1.1" 403 13 "-" "Mozilla/5.0 (compatible; SemrushBot/7~bl; +http://www.semrush.com/bot.html)"
157.55.39.225 - - [28/Apr/2025:20:59:33 -0400] "GET /robots.txt HTTP/1.1" 200 81 "-" "Mozilla/5.0 AppleWebKit/537.36 (KHTML, like Gecko; compatible; bingbot/2.0; +http://www.bing.com/bingbot.htm) Chrome/116.0.1938.76 Safari/537.36"
66.249.79.2 - - [28/Apr/2025:20:59:38 -0400] "GET /handmade/fabrics/gx2b HTTP/1.1" 404 13 "-" "Mozilla/5.0 (Linux; Android 6.0.1; Nexus 5X Build/MMB29P) AppleWebKit/537.36 (KHTML, like Gecko) Chrome/135.0.7049.95 Mobile Safari/537.36 (compatible; Googlebot/2.1; +http://www.google.com/bot.html)"
66.249.68.65 - - [28/Apr/2025:20:59:49 -0400] "GET /server.php/smartphones-mobile-phones-2cfjy HTTP/1.1" 403 13 "-" "Mozilla/5.0 (Linux; Android 6.0.1; Nexus 5X Build/MMB29P) AppleWebKit/537.36 (KHTML, like Gecko) Chrome/135.0.7049.95 Mobile Safari/537.36 (compatible; Googlebot/2.1; +http://www.google.com/bot.html)"
185.191.171.16 - - [28/Apr/2025:20:59:56 -0400] "GET /server.php/fashion-accessories-1jpun HTTP/1.1" 403 13 "-" "Mozilla/5.0 (compatible; SemrushBot/7~bl; +http://www.semrush.com/bot.html)"
207.46.13.17 - - [28/Apr/2025:21:00:46 -0400] "GET /server.php/food-shochu-fdy2 HTTP/1.1" 403 13 "-" "Mozilla/5.0 AppleWebKit/537.36 (KHTML, like Gecko; compatible; bingbot/2.0; +http://www.bing.com/bingbot.htm) Chrome/116.0.1938.76 Safari/537.36"
207.46.13.17 - - [28/Apr/2025:21:00:47 -0400] "GET /server.php/bicycles-parts-8lq0 HTTP/1.1" 403 13 "-" "Mozilla/5.0 AppleWebKit/537.36 (KHTML, like Gecko; compatible; bingbot/2.0; +http://www.bing.com/bingbot.htm) Chrome/116.0.1938.76 Safari/537.36"
185.191.171.9 - - [28/Apr/2025:21:00:58 -0400] "GET /server.php/computers-windows-notebooks-1ta72 HTTP/1.1" 403 13 "-" "Mozilla/5.0 (compatible; SemrushBot/7~bl; +http://www.semrush.com/bot.html)"
66.249.79.8 - - [28/Apr/2025:21:01:34 -0400] "GET /server.php/pcmypage?callback=/product%2Fdetail%2F96110320 HTTP/1.1" 403 13 "-" "Mozilla/5.0 (Linux; Android 6.0.1; Nexus 5X Build/MMB29P) AppleWebKit/537.36 (KHTML, like Gecko) Chrome/135.0.7049.95 Mobile Safari/537.36 (compatible; Googlebot/2.1; +http://www.google.com/bot.html)"
66.249.68.64 - - [28/Apr/2025:21:01:44 -0400] "GET /server.php?shopdetail/9895032 HTTP/1.1" 403 13 "-" "Mozilla/5.0 (Linux; Android 6.0.1; Nexus 5X Build/MMB29P) AppleWebKit/537.36 (KHTML, like Gecko) Chrome/135.0.7049.95 Mobile Safari/537.36 (compatible; Googlebot/2.1; +http://www.google.com/bot.html)"
66.249.68.71 - - [28/Apr/2025:21:01:56 -0400] "GET /server.php/tickets-amusement-parks-rusg HTTP/1.1" 403 13 "-" "Mozilla/5.0 (Linux; Android 6.0.1; Nexus 5X Build/MMB29P) AppleWebKit/537.36 (KHTML, like Gecko) Chrome/135.0.7049.95 Mobile Safari/537.36 (compatible; Googlebot/2.1; +http://www.google.com/bot.html)"
185.191.171.19 - - [28/Apr/2025:21:01:58 -0400] "GET /server.php/games-idols-1u29s HTTP/1.1" 403 13 "-" "Mozilla/5.0 (compatible; SemrushBot/7~bl; +http://www.semrush.com/bot.html)"
185.191.171.14 - - [28/Apr/2025:21:02:59 -0400] "GET /server.php/blu-ray-western-music-1pfi2 HTTP/1.1" 403 13 "-" "Mozilla/5.0 (compatible; SemrushBot/7~bl; +http://www.semrush.com/bot.html)"
85.208.96.193 - - [28/Apr/2025:21:04:00 -0400] "GET /server.php/gardening-houseplants-2jbu6 HTTP/1.1" 403 13 "-" "Mozilla/5.0 (compatible; SemrushBot/7~bl; +http://www.semrush.com/bot.html)"
66.249.68.64 - - [28/Apr/2025:21:04:03 -0400] "GET /server.php/musical-instruments-others-1k8k4 HTTP/1.1" 403 13 "-" "Mozilla/5.0 (Linux; Android 6.0.1; Nexus 5X Build/MMB29P) AppleWebKit/537.36 (KHTML, like Gecko) Chrome/135.0.7049.95 Mobile Safari/537.36 (compatible; Googlebot/2.1; +http://www.google.com/bot.html)"
66.249.68.64 - - [28/Apr/2025:21:04:16 -0400] "GET /server.php/fashion-bags-1ne3c HTTP/1.1" 403 13 "-" "Mozilla/5.0 (Linux; Android 6.0.1; Nexus 5X Build/MMB29P) AppleWebKit/537.36 (KHTML, like Gecko) Chrome/135.0.7049.95 Mobile Safari/537.36 (compatible; Googlebot/2.1; +http://www.google.com/bot.html)"
66.249.79.2 - - [28/Apr/2025:21:04:20 -0400] "GET /server.php?fashion-tops-otud HTTP/1.1" 403 13 "-" "Mozilla/5.0 (Linux; Android 6.0.1; Nexus 5X Build/MMB29P) AppleWebKit/537.36 (KHTML, like Gecko) Chrome/135.0.7049.95 Mobile Safari/537.36 (compatible; Googlebot/2.1; +http://www.google.com/bot.html)"
66.249.68.71 - - [28/Apr/2025:21:04:58 -0400] "GET /server.php/goods-pokemon-card-games-2lipq HTTP/1.1" 403 13 "-" "Mozilla/5.0 (compatible; Googlebot/2.1; +http://www.google.com/bot.html)"
85.208.96.205 - - [28/Apr/2025:21:05:00 -0400] "GET /server.php/fashion-pants-160lh HTTP/1.1" 403 13 "-" "Mozilla/5.0 (compatible; SemrushBot/7~bl; +http://www.semrush.com/bot.html)"
52.167.144.187 - - [28/Apr/2025:21:05:23 -0400] "GET /server.php/outdoor-reels-7t21 HTTP/1.1" 403 13 "-" "Mozilla/5.0 AppleWebKit/537.36 (KHTML, like Gecko; compatible; bingbot/2.0; +http://www.bing.com/bingbot.htm) Chrome/116.0.1938.76 Safari/537.36"
52.167.144.187 - - [28/Apr/2025:21:05:23 -0400] "GET /server.php/outdoor-clothing-1m6i4 HTTP/1.1" 403 13 "-" "Mozilla/5.0 AppleWebKit/537.36 (KHTML, like Gecko; compatible; bingbot/2.0; +http://www.bing.com/bingbot.htm) Chrome/116.0.1938.76 Safari/537.36"
66.249.79.2 - - [28/Apr/2025:21:05:35 -0400] "GET /server.php/safe_search/config?return_url=%2Fproduct%2Fdetail%2F49695355 HTTP/1.1" 403 13 "-" "Mozilla/5.0 (Linux; Android 6.0.1; Nexus 5X Build/MMB29P) AppleWebKit/537.36 (KHTML, like Gecko) Chrome/135.0.7049.95 Mobile Safari/537.36 (compatible; Googlebot/2.1; +http://www.google.com/bot.html)"
185.191.171.17 - - [28/Apr/2025:21:06:01 -0400] "GET /server.php/motorcycles-accessories-1ysqe HTTP/1.1" 403 13 "-" "Mozilla/5.0 (compatible; SemrushBot/7~bl; +http://www.semrush.com/bot.html)"
66.249.68.64 - - [28/Apr/2025:21:06:30 -0400] "GET /server.php/musical-instruments-slot-machines-2awg3 HTTP/1.1" 403 13 "-" "Mozilla/5.0 (Linux; Android 6.0.1; Nexus 5X Build/MMB29P) AppleWebKit/537.36 (KHTML, like Gecko) Chrome/135.0.7049.95 Mobile Safari/537.36 (compatible; Googlebot/2.1; +http://www.google.com/bot.html)"
85.208.96.203 - - [28/Apr/2025:21:07:01 -0400] "GET /server.php/sports-commemorative-t7e9 HTTP/1.1" 403 13 "-" "Mozilla/5.0 (compatible; SemrushBot/7~bl; +http://www.semrush.com/bot.html)"
66.249.68.65 - - [28/Apr/2025:21:07:37 -0400] "GET /server.php/tickets-shopping-74ew HTTP/1.1" 403 13 "-" "Mozilla/5.0 (Linux; Android 6.0.1; Nexus 5X Build/MMB29P) AppleWebKit/537.36 (KHTML, like Gecko) Chrome/135.0.7049.95 Mobile Safari/537.36 (compatible; Googlebot/2.1; +http://www.google.com/bot.html)"
185.191.171.14 - - [28/Apr/2025:21:08:02 -0400] "GET /server.php/hobbies-dj-equipment-1xm53 HTTP/1.1" 403 13 "-" "Mozilla/5.0 (compatible; SemrushBot/7~bl; +http://www.semrush.com/bot.html)"
85.208.96.205 - - [28/Apr/2025:21:08:10 -0400] "GET /robots.txt HTTP/1.1" 200 81 "-" "Mozilla/5.0 (compatible; SemrushBot/7~bl; +http://www.semrush.com/bot.html)"
85.208.96.211 - - [28/Apr/2025:21:09:03 -0400] "GET /server.php/outdoor-tackle-supplies-y73j HTTP/1.1" 403 13 "-" "Mozilla/5.0 (compatible; SemrushBot/7~bl; +http://www.semrush.com/bot.html)"
66.249.79.1 - - [28/Apr/2025:21:09:21 -0400] "GET /server.php?flowers-fruit-trees-2l8mc HTTP/1.1" 403 13 "-" "Mozilla/5.0 (Linux; Android 6.0.1; Nexus 5X Build/MMB29P) AppleWebKit/537.36 (KHTML, like Gecko) Chrome/135.0.7049.95 Mobile Safari/537.36 (compatible; Googlebot/2.1; +http://www.google.com/bot.html)"
40.77.167.151 - - [28/Apr/2025:21:09:55 -0400] "GET /server.php/goods-tin-badges-19kvr HTTP/1.1" 403 13 "-" "Mozilla/5.0 AppleWebKit/537.36 (KHTML, like Gecko; compatible; bingbot/2.0; +http://www.bing.com/bingbot.htm) Chrome/116.0.1938.76 Safari/537.36"
185.191.171.3 - - [28/Apr/2025:21:10:04 -0400] "GET /server.php/goods-anime-2go6r HTTP/1.1" 403 13 "-" "Mozilla/5.0 (compatible; SemrushBot/7~bl; +http://www.semrush.com/bot.html)"
66.249.79.8 - - [28/Apr/2025:21:10:22 -0400] "GET /server.php?smartphones-others-213c7 HTTP/1.1" 403 13 "-" "Mozilla/5.0 (Linux; Android 6.0.1; Nexus 5X Build/MMB29P) AppleWebKit/537.36 (KHTML, like Gecko) Chrome/135.0.7049.95 Mobile Safari/537.36 (compatible; Googlebot/2.1; +http://www.google.com/bot.html)"
85.208.96.195 - - [28/Apr/2025:21:11:05 -0400] "GET /server.php/gardening-agave-xbx4 HTTP/1.1" 403 13 "-" "Mozilla/5.0 (compatible; SemrushBot/7~bl; +http://www.semrush.com/bot.html)"
66.249.68.71 - - [28/Apr/2025:21:11:07 -0400] "GET /shopdetail/13694532 HTTP/1.1" 404 13 "-" "Mozilla/5.0 (Linux; Android 6.0.1; Nexus 5X Build/MMB29P) AppleWebKit/537.36 (KHTML, like Gecko) Chrome/135.0.7049.95 Mobile Safari/537.36 (compatible; Googlebot/2.1; +http://www.google.com/bot.html)"
66.249.68.71 - - [28/Apr/2025:21:11:09 -0400] "GET /server.php/fashion-bags-a88n HTTP/1.1" 403 13 "-" "Mozilla/5.0 (Linux; Android 6.0.1; Nexus 5X Build/MMB29P) AppleWebKit/537.36 (KHTML, like Gecko) Chrome/135.0.7049.95 Mobile Safari/537.36 (compatible; Googlebot/2.1; +http://www.google.com/bot.html)"
66.249.79.8 - - [28/Apr/2025:21:11:51 -0400] "GET /cameras/digital-cameras/1oetb HTTP/1.1" 404 13 "-" "Mozilla/5.0 (Linux; Android 6.0.1; Nexus 5X Build/MMB29P) AppleWebKit/537.36 (KHTML, like Gecko) Chrome/135.0.7049.95 Mobile Safari/537.36 (compatible; Googlebot/2.1; +http://www.google.com/bot.html)"
85.208.96.196 - - [28/Apr/2025:21:12:05 -0400] "GET /server.php/toys-sports-cards-1ki5y HTTP/1.1" 403 13 "-" "Mozilla/5.0 (compatible; SemrushBot/7~bl; +http://www.semrush.com/bot.html)"
66.249.79.2 - - [28/Apr/2025:21:12:44 -0400] "GET /server.php/pcmypage?callback=product%2Fdetail%2F30890923 HTTP/1.1" 403 13 "-" "Mozilla/5.0 (Linux; Android 6.0.1; Nexus 5X Build/MMB29P) AppleWebKit/537.36 (KHTML, like Gecko) Chrome/135.0.7049.95 Mobile Safari/537.36 (compatible; Googlebot/2.1; +http://www.google.com/bot.html)"
85.208.96.199 - - [28/Apr/2025:21:13:06 -0400] "GET /server.php/fashion-shoes-hqtt HTTP/1.1" 403 13 "-" "Mozilla/5.0 (compatible; SemrushBot/7~bl; +http://www.semrush.com/bot.html)"
157.55.39.201 - - [28/Apr/2025:21:13:49 -0400] "GET /server.php/home-appliances-smoking-accessories-25vgw HTTP/1.1" 403 13 "-" "Mozilla/5.0 AppleWebKit/537.36 (KHTML, like Gecko; compatible; bingbot/2.0; +http://www.bing.com/bingbot.htm) Chrome/116.0.1938.76 Safari/537.36"
