152.42.225.136 - - [04/May/2025:14:56:40 -0400] "GET /config/infyom/infyom/infyom/infyom/cache.php HTTP/1.1" 404 13 "-" "Mozilla/5.0 (Linux; Android 7.0; SM-G892A Build/NRD90M; wv) AppleWebKit/537.36 (KHTML, like Gecko) Version/4.0 Chrome/60.0.3112.107 Mobile Safari/537.36"
152.42.225.136 - - [04/May/2025:14:56:41 -0400] "GET /mailer.php HTTP/1.1" 404 13 "-" "Mozilla/5.0 (Linux; Android 7.0; SM-G892A Build/NRD90M; wv) AppleWebKit/537.36 (KHTML, like Gecko) Version/4.0 Chrome/60.0.3112.107 Mobile Safari/537.36"
152.42.225.136 - - [04/May/2025:15:26:50 -0400] "GET /index/function.php HTTP/1.1" 404 13 "-" "Mozilla/5.0 (Linux; Android 7.0; SM-G892A Build/NRD90M; wv) AppleWebKit/537.36 (KHTML, like Gecko) Version/4.0 Chrome/60.0.3112.107 Mobile Safari/537.36"
35.215.69.198 - - [04/May/2025:15:55:10 -0400] "GET / HTTP/1.1" 200 1759 "-" "Mozilla/5.0 (Windows NT 10.0; Win64; x64) AppleWebKit/537.36 (KHTML, like Gecko; compatible; BW/1.3; rb.gy/qyzae5) Chrome/124.0.0.0 Safari/537.36"
35.215.69.198 - - [04/May/2025:15:55:11 -0400] "GET /robots.txt HTTP/1.1" 404 13 "-" "Mozilla/5.0 (Windows NT 10.0; Win64; x64) AppleWebKit/537.36 (KHTML, like Gecko; compatible; BW/1.3; rb.gy/qyzae5) Chrome/124.0.0.0 Safari/537.36"
40.77.167.18 - - [04/May/2025:16:11:42 -0400] "GET / HTTP/1.1" 200 1759 "-" "Mozilla/5.0 AppleWebKit/537.36 (KHTML, like Gecko; compatible; bingbot/2.0; +http://www.bing.com/bingbot.htm) Chrome/116.0.1938.76 Safari/537.36"
199.188.205.55 - - [04/May/2025:17:24:06 -0400] "POST /wp-cron.php?doing_wp_cron=1746393846.1740250587463378906250 HTTP/1.1" 403 13 "-" "WordPress/6.8; https://youngsstupa.com"
118.89.233.234 - - [04/May/2025:17:24:03 -0400] "GET / HTTP/1.1" 301 0 "http://www.youngsstupa.com" "Mozilla/5.0 (iPhone; CPU iPhone OS 13_2_3 like Mac OS X) AppleWebKit/605.1.15 (KHTML, like Gecko) Version/13.0.3 Mobile/15E148 Safari/604.1"
118.89.233.234 - - [04/May/2025:17:24:08 -0400] "GET / HTTP/1.1" 200 2024 "https://www.youngsstupa.com/" "Mozilla/5.0 (iPhone; CPU iPhone OS 13_2_3 like Mac OS X) AppleWebKit/605.1.15 (KHTML, like Gecko) Version/13.0.3 Mobile/15E148 Safari/604.1"
54.172.23.145 - - [04/May/2025:18:11:30 -0400] "GET /wp-content/plugins/litespeed-cache/readme.txt HTTP/1.1" 200 15867 "-" "Mozlila/5.0 (Linux; Android 7.0; SM-G892A Bulid/NRD90M; wv) AppleWebKit/537.36 (KHTML, like Gecko) Version/4.0 Chrome/60.0.3112.107 Moblie Safari/537.36"
199.188.205.55 - - [04/May/2025:19:21:58 -0400] "POST /wp-cron.php?doing_wp_cron=1746400918.3865239620208740234375 HTTP/1.1" 403 13 "-" "WordPress/6.8; https://youngsstupa.com"
170.106.82.209 - - [04/May/2025:19:21:56 -0400] "GET / HTTP/1.1" 301 0 "http://www.youngsstupa.com" "Mozilla/5.0 (iPhone; CPU iPhone OS 13_2_3 like Mac OS X) AppleWebKit/605.1.15 (KHTML, like Gecko) Version/13.0.3 Mobile/15E148 Safari/604.1"
170.106.82.209 - - [04/May/2025:19:21:59 -0400] "GET / HTTP/1.1" 200 2024 "https://www.youngsstupa.com/" "Mozilla/5.0 (iPhone; CPU iPhone OS 13_2_3 like Mac OS X) AppleWebKit/605.1.15 (KHTML, like Gecko) Version/13.0.3 Mobile/15E148 Safari/604.1"
199.188.205.55 - - [04/May/2025:20:01:11 -0400] "POST /wp-cron.php?doing_wp_cron=1746403271.1272709369659423828125 HTTP/1.1" 403 13 "-" "WordPress/6.8; https://youngsstupa.com"
206.168.34.205 - - [04/May/2025:20:01:08 -0400] "GET / HTTP/1.1" 200 2024 "-" "Mozilla/5.0 (compatible; CensysInspect/1.1; +https://about.censys.io/)"
206.168.34.205 - - [04/May/2025:20:01:18 -0400] "GET /wp-content/plugins/site-offline/assets/img/logo.png HTTP/1.1" 200 9301 "-" "Mozilla/5.0 (compatible; CensysInspect/1.1; +https://about.censys.io/)"
206.168.34.205 - - [04/May/2025:20:01:24 -0400] "GET /favicon.ico HTTP/1.1" 404 13 "-" "Mozilla/5.0 (compatible; CensysInspect/1.1; +https://about.censys.io/)"
206.168.34.205 - - [04/May/2025:20:02:31 -0400] "GET /favicon.ico HTTP/1.1" 404 13 "-" "Mozilla/5.0 (compatible; CensysInspect/1.1; +https://about.censys.io/)"
43.166.238.12 - - [04/May/2025:20:28:14 -0400] "GET / HTTP/1.1" 200 2024 "http://youngsstupa.com" "Mozilla/5.0 (iPhone; CPU iPhone OS 13_2_3 like Mac OS X) AppleWebKit/605.1.15 (KHTML, like Gecko) Version/13.0.3 Mobile/15E148 Safari/604.1"
113.141.91.58 - - [04/May/2025:20:33:40 -0400] "GET / HTTP/1.1" 200 2024 "http://youngsstupa.com" "Mozilla/5.0 (iPhone; CPU iPhone OS 13_2_3 like Mac OS X) AppleWebKit/605.1.15 (KHTML, like Gecko) Version/13.0.3 Mobile/15E148 Safari/604.1"
134.17.14.122 - - [04/May/2025:21:55:26 -0400] "POST /wp-content/themes/.index.php HTTP/1.1" 404 13 "-" "Mozilla/4.0 (compatible; MSIE 6.0; Windows NT 5.1; SV1)"
66.249.68.69 - - [04/May/2025:22:33:02 -0400] "GET /robots.txt HTTP/1.1" 404 13 "-" "Mozilla/5.0 (compatible; Googlebot/2.1; +http://www.google.com/bot.html)"
199.188.205.55 - - [04/May/2025:23:38:09 -0400] "POST /wp-cron.php?doing_wp_cron=1746416289.2535638809204101562500 HTTP/1.1" 403 13 "-" "WordPress/6.8; https://youngsstupa.com"
106.227.49.113 - - [04/May/2025:23:38:07 -0400] "GET / HTTP/1.1" 301 0 "http://www.youngsstupa.com" "Mozilla/5.0 (iPhone; CPU iPhone OS 13_2_3 like Mac OS X) AppleWebKit/605.1.15 (KHTML, like Gecko) Version/13.0.3 Mobile/15E148 Safari/604.1"
51.222.253.4 - - [05/May/2025:00:03:09 -0400] "GET /robots.txt HTTP/1.1" 404 13 "-" "Mozilla/5.0 (compatible; AhrefsBot/7.0; +http://ahrefs.com/robot/)"
199.188.205.55 - - [05/May/2025:00:03:13 -0400] "POST /wp-cron.php?doing_wp_cron=1746417793.0075399875640869140625 HTTP/1.1" 403 13 "-" "WordPress/6.8; https://youngsstupa.com"
51.222.253.2 - - [05/May/2025:00:03:10 -0400] "GET / HTTP/1.1" 200 1759 "-" "Mozilla/5.0 (compatible; AhrefsBot/7.0; +http://ahrefs.com/robot/)"
51.222.253.5 - - [05/May/2025:00:03:17 -0400] "GET /wp-content/plugins/site-offline/output/assets/css/jquery.vegas.css HTTP/1.1" 200 233 "-" "Mozilla/5.0 (compatible; AhrefsBot/7.0; +http://ahrefs.com/robot/)"
51.222.253.18 - - [05/May/2025:00:03:18 -0400] "GET /wp-content/plugins/site-offline/output/assets/css/style.css HTTP/1.1" 200 1356 "-" "Mozilla/5.0 (compatible; AhrefsBot/7.0; +http://ahrefs.com/robot/)"
51.222.253.2 - - [05/May/2025:00:03:19 -0400] "GET /wp-content/plugins/site-offline/output/assets/js/retina-1.1.0.min.js HTTP/1.1" 200 1069 "-" "Mozilla/5.0 (compatible; AhrefsBot/7.0; +http://ahrefs.com/robot/)"
51.222.253.5 - - [05/May/2025:00:03:20 -0400] "GET /wp-content/plugins/site-offline/output/assets/js/jquery.backstretch.min.js HTTP/1.1" 200 1642 "-" "Mozilla/5.0 (compatible; AhrefsBot/7.0; +http://ahrefs.com/robot/)"
51.222.253.16 - - [05/May/2025:00:03:21 -0400] "GET /wp-content/plugins/site-offline/output/assets/css/custom.css HTTP/1.1" 200 1124 "-" "Mozilla/5.0 (compatible; AhrefsBot/7.0; +http://ahrefs.com/robot/)"
51.222.253.4 - - [05/May/2025:00:03:22 -0400] "GET /wp-content/uploads/2024/07/136491616.jpg HTTP/1.1" 200 117033 "-" "Mozilla/5.0 (compatible; AhrefsBot/7.0; +http://ahrefs.com/robot/)"
51.222.253.9 - - [05/May/2025:00:03:25 -0400] "GET /wp-content/plugins/site-offline/assets/css/font-awesome/css/font-awesome.min.css HTTP/1.1" 200 5118 "-" "Mozilla/5.0 (compatible; AhrefsBot/7.0; +http://ahrefs.com/robot/)"
51.222.253.2 - - [05/May/2025:00:03:26 -0400] "GET /wp-content/plugins/site-offline/assets/css/bootstrap.css HTTP/1.1" 200 4109 "-" "Mozilla/5.0 (compatible; AhrefsBot/7.0; +http://ahrefs.com/robot/)"
51.222.253.9 - - [05/May/2025:00:03:27 -0400] "GET /wp-content/plugins/site-offline/output/assets/js/jquery.countdown.min.js HTTP/1.1" 200 2238 "-" "Mozilla/5.0 (compatible; AhrefsBot/7.0; +http://ahrefs.com/robot/)"
51.222.253.13 - - [05/May/2025:00:03:34 -0400] "GET /wp-includes/js/jquery/jquery.js HTTP/1.1" 200 81316 "-" "Mozilla/5.0 (compatible; AhrefsBot/7.0; +http://ahrefs.com/robot/)"
51.222.253.9 - - [05/May/2025:00:03:36 -0400] "GET /wp-content/plugins/site-offline/output/assets/js/wow.min.js HTTP/1.1" 200 1561 "-" "Mozilla/5.0 (compatible; AhrefsBot/7.0; +http://ahrefs.com/robot/)"
51.222.253.9 - - [05/May/2025:00:03:37 -0400] "GET /wp-content/plugins/site-offline/output/assets/css/media-queries.css HTTP/1.1" 200 575 "-" "Mozilla/5.0 (compatible; AhrefsBot/7.0; +http://ahrefs.com/robot/)"
51.222.253.19 - - [05/May/2025:00:03:38 -0400] "GET /wp-content/plugins/site-offline/output/assets/css/animate.css HTTP/1.1" 200 4502 "-" "Mozilla/5.0 (compatible; AhrefsBot/7.0; +http://ahrefs.com/robot/)"
51.222.253.11 - - [05/May/2025:00:03:39 -0400] "GET /wp-content/plugins/site-offline/output/assets/css/form-elements.css HTTP/1.1" 200 427 "-" "Mozilla/5.0 (compatible; AhrefsBot/7.0; +http://ahrefs.com/robot/)"
51.222.253.11 - - [05/May/2025:00:03:40 -0400] "GET /wp-content/plugins/site-offline/output/assets/js/scripts.js HTTP/1.1" 200 572 "-" "Mozilla/5.0 (compatible; AhrefsBot/7.0; +http://ahrefs.com/robot/)"
152.53.49.184 - - [05/May/2025:00:35:26 -0400] "GET /wp-admin/upgrade.php HTTP/1.1" 403 13 "-" "Mozilla/5.0 (Windows NT 10.0; Win64; x64) AppleWebKit/537.36 (KHTML, like Gecko) Chrome/100.0.1825.888 Safari/537.36"
104.210.140.130 - - [05/May/2025:01:18:29 -0400] "GET /robots.txt HTTP/1.1" 404 13 "-" "Mozilla/5.0 (Macintosh; Intel Mac OS X 10_15_7) AppleWebKit/537.36 (KHTML, like Gecko) Chrome/131.0.0.0 Safari/537.36; compatible; OAI-SearchBot/1.0; +https://openai.com/searchbot"
104.210.140.130 - - [05/May/2025:01:18:29 -0400] "GET /robots.txt HTTP/1.1" 404 13 "-" "Mozilla/5.0 (Macintosh; Intel Mac OS X 10_15_7) AppleWebKit/537.36 (KHTML, like Gecko) Chrome/131.0.0.0 Safari/537.36; compatible; OAI-SearchBot/1.0; +https://openai.com/searchbot"
199.188.205.55 - - [05/May/2025:02:21:29 -0400] "POST /wp-cron.php?doing_wp_cron=1746426089.6423120498657226562500 HTTP/1.1" 200 0 "-" "WordPress/6.8; https://youngsstupa.com"
43.130.47.33 - - [05/May/2025:02:21:25 -0400] "GET / HTTP/1.1" 301 0 "http://www.youngsstupa.com" "Mozilla/5.0 (iPhone; CPU iPhone OS 13_2_3 like Mac OS X) AppleWebKit/605.1.15 (KHTML, like Gecko) Version/13.0.3 Mobile/15E148 Safari/604.1"
199.188.205.55 - - [05/May/2025:02:21:38 -0400] "POST /wp-cron.php HTTP/1.1" 200 0 "-" "WordPress/6.8; https://youngsstupa.com"
43.130.47.33 - - [05/May/2025:02:21:37 -0400] "GET / HTTP/1.1" 200 2024 "https://www.youngsstupa.com/" "Mozilla/5.0 (iPhone; CPU iPhone OS 13_2_3 like Mac OS X) AppleWebKit/605.1.15 (KHTML, like Gecko) Version/13.0.3 Mobile/15E148 Safari/604.1"
199.188.205.55 - - [05/May/2025:02:21:38 -0400] "GET / HTTP/1.1" 200 2024 "-" "WordPress/6.8; https://youngsstupa.com"
199.188.205.55 - - [05/May/2025:02:21:40 -0400] "GET / HTTP/1.1" 200 2024 "-" "WordPress/6.8; https://youngsstupa.com"
199.188.205.55 - - [05/May/2025:02:21:42 -0400] "GET / HTTP/1.1" 200 2024 "-" "WordPress/6.8; https://youngsstupa.com"
199.188.205.55 - - [05/May/2025:02:21:45 -0400] "GET / HTTP/1.1" 200 2024 "-" "WordPress/6.8; https://youngsstupa.com"
199.188.205.55 - - [05/May/2025:02:21:47 -0400] "POST /wp-admin/admin-ajax.php?action=async_litespeed&nonce=p13kOusXZFdFtQCIbwbpPNqvjX56eoNS&litespeed_type=imgoptm HTTP/1.1" 200 0 "-" "WordPress/6.8; https://youngsstupa.com"
199.188.205.55 - - [05/May/2025:02:54:41 -0400] "POST /wp-cron.php?doing_wp_cron=1746428081.0632410049438476562500 HTTP/1.1" 200 0 "-" "WordPress/6.8.1; https://youngsstupa.com"
121.229.185.160 - - [05/May/2025:02:54:37 -0400] "GET / HTTP/1.1" 200 2024 "http://youngsstupa.com" "Mozilla/5.0 (iPhone; CPU iPhone OS 13_2_3 like Mac OS X) AppleWebKit/605.1.15 (KHTML, like Gecko) Version/13.0.3 Mobile/15E148 Safari/604.1"
199.188.205.55 - - [05/May/2025:02:54:41 -0400] "POST /wp-admin/admin-ajax.php?action=async_litespeed&nonce=KFnJNcwME8oWMWpwckaM6V361RxDNWk0&litespeed_type=imgoptm HTTP/1.1" 200 21 "-" "WordPress/6.8.1; https://youngsstupa.com"
199.188.205.55 - - [05/May/2025:03:17:28 -0400] "POST /wp-cron.php?doing_wp_cron=1746429448.1505739688873291015625 HTTP/1.1" 200 0 "-" "WordPress/6.8.1; https://youngsstupa.com"
43.159.152.184 - - [05/May/2025:03:17:24 -0400] "GET / HTTP/1.1" 200 2024 "http://youngsstupa.com" "Mozilla/5.0 (iPhone; CPU iPhone OS 13_2_3 like Mac OS X) AppleWebKit/605.1.15 (KHTML, like Gecko) Version/13.0.3 Mobile/15E148 Safari/604.1"
199.188.205.55 - - [05/May/2025:03:17:28 -0400] "POST /wp-admin/admin-ajax.php?action=async_litespeed&nonce=A9HhsMyBC8x4vddAeCT6FHE4iFvSAp7S&litespeed_type=imgoptm HTTP/1.1" 200 21 "-" "WordPress/6.8.1; https://youngsstupa.com"
199.188.205.55 - - [05/May/2025:04:02:24 -0400] "POST /wp-cron.php?doing_wp_cron=1746432144.1918609142303466796875 HTTP/1.1" 200 0 "-" "WordPress/6.8.1; https://youngsstupa.com"
192.177.87.43 - - [05/May/2025:04:02:22 -0400] "GET /wp-login.php?action=register HTTP/1.1" 302 0 "-" "-"
199.188.205.55 - - [05/May/2025:04:02:24 -0400] "POST /wp-admin/admin-ajax.php?action=async_litespeed&nonce=sKqtrKICeF6XG9FSyr43Wu0pNABhDRmm&litespeed_type=imgoptm HTTP/1.1" 200 21 "-" "WordPress/6.8.1; https://youngsstupa.com"
192.177.87.43 - - [05/May/2025:04:02:25 -0400] "GET /wp-login.php?registration=disabled HTTP/1.1" 200 2041 "-" "-"
199.188.205.55 - - [05/May/2025:04:48:36 -0400] "POST /wp-cron.php?doing_wp_cron=1746434916.7833371162414550781250 HTTP/1.1" 200 0 "-" "WordPress/6.8.1; https://youngsstupa.com"
134.17.14.122 - - [05/May/2025:04:48:34 -0400] "GET /asasx.php?p= HTTP/1.1" 301 0 "-" "Mozilla/5.0 (iPhone; CPU OS 10_15_5 (Erg\xc3\xa4nzendes Update) like Mac OS X) AppleWebKit/605.1.15 (KHTML, like Gecko) Version/12.1.1 Mobile/14E304 Safari/605.1.15"
199.188.205.55 - - [05/May/2025:04:48:37 -0400] "POST /wp-admin/admin-ajax.php?action=async_litespeed&nonce=JVfHRtoTbb83rHl7SGmmrY0SV5AK6D94&litespeed_type=imgoptm HTTP/1.1" 200 21 "-" "WordPress/6.8.1; https://youngsstupa.com"
134.17.14.122 - - [05/May/2025:04:48:38 -0400] "GET /asasx.php HTTP/1.1" 404 1759 "-" "Mozilla/5.0 (iPhone; CPU OS 10_15_5 (Erg\xc3\xa4nzendes Update) like Mac OS X) AppleWebKit/605.1.15 (KHTML, like Gecko) Version/12.1.1 Mobile/14E304 Safari/605.1.15"
199.188.205.55 - - [05/May/2025:05:12:32 -0400] "POST /wp-cron.php?doing_wp_cron=1746436352.5651340484619140625000 HTTP/1.1" 200 0 "-" "WordPress/6.8.1; https://youngsstupa.com"
93.159.230.28 - - [05/May/2025:05:12:30 -0400] "GET / HTTP/1.1" 200 2024 "-" "Mozilla/5.0 (Linux; arm_64; Android 12; CPH2205) AppleWebKit/537.36 (KHTML, like Gecko) Chrome/110.0.0.0 YaBrowser/23.3.3.86.00 SA/3 Mobile Safari/537.36"
199.188.205.55 - - [05/May/2025:05:12:33 -0400] "POST /wp-admin/admin-ajax.php?action=async_litespeed&nonce=eYVsKjoMKop3N9SRFDxescDcFue7r1rn&litespeed_type=imgoptm HTTP/1.1" 200 21 "-" "WordPress/6.8.1; https://youngsstupa.com"
199.188.205.55 - - [05/May/2025:06:03:24 -0400] "POST /wp-cron.php?doing_wp_cron=1746439404.0984818935394287109375 HTTP/1.1" 200 0 "-" "WordPress/6.8.1; https://youngsstupa.com"
139.155.139.22 - - [05/May/2025:06:03:21 -0400] "GET / HTTP/1.1" 301 0 "http://www.youngsstupa.com" "Mozilla/5.0 (iPhone; CPU iPhone OS 13_2_3 like Mac OS X) AppleWebKit/605.1.15 (KHTML, like Gecko) Version/13.0.3 Mobile/15E148 Safari/604.1"
199.188.205.55 - - [05/May/2025:06:03:24 -0400] "POST /wp-admin/admin-ajax.php?action=async_litespeed&nonce=ehlVgsevtxeUujBsDBU8ier3W9Re4JOm&litespeed_type=imgoptm HTTP/1.1" 200 21 "-" "WordPress/6.8.1; https://youngsstupa.com"
199.188.205.55 - - [05/May/2025:08:33:33 -0400] "POST /wp-cron.php?doing_wp_cron=1746448413.3847029209136962890625 HTTP/1.1" 200 0 "-" "WordPress/6.8.1; https://youngsstupa.com"
170.106.35.153 - - [05/May/2025:08:33:30 -0400] "GET / HTTP/1.1" 301 0 "http://www.youngsstupa.com" "Mozilla/5.0 (iPhone; CPU iPhone OS 13_2_3 like Mac OS X) AppleWebKit/605.1.15 (KHTML, like Gecko) Version/13.0.3 Mobile/15E148 Safari/604.1"
199.188.205.55 - - [05/May/2025:08:33:34 -0400] "POST /wp-admin/admin-ajax.php?action=async_litespeed&nonce=WafJeCz43wJSsK686zWob90c09JQUTJX&litespeed_type=imgoptm HTTP/1.1" 200 21 "-" "WordPress/6.8.1; https://youngsstupa.com"
170.106.35.153 - - [05/May/2025:08:33:37 -0400] "GET / HTTP/1.1" 200 2024 "https://www.youngsstupa.com/" "Mozilla/5.0 (iPhone; CPU iPhone OS 13_2_3 like Mac OS X) AppleWebKit/605.1.15 (KHTML, like Gecko) Version/13.0.3 Mobile/15E148 Safari/604.1"
199.188.205.55 - - [05/May/2025:09:19:06 -0400] "POST /wp-cron.php?doing_wp_cron=1746451146.8256208896636962890625 HTTP/1.1" 200 0 "-" "WordPress/6.8.1; https://youngsstupa.com"
223.15.245.170 - - [05/May/2025:09:19:04 -0400] "GET / HTTP/1.1" 200 2024 "http://youngsstupa.com" "Mozilla/5.0 (iPhone; CPU iPhone OS 13_2_3 like Mac OS X) AppleWebKit/605.1.15 (KHTML, like Gecko) Version/13.0.3 Mobile/15E148 Safari/604.1"
199.188.205.55 - - [05/May/2025:09:19:07 -0400] "POST /wp-admin/admin-ajax.php?action=async_litespeed&nonce=5O6Z2CXLYbplbueZMkA0f5D2XAjxkRva&litespeed_type=imgoptm HTTP/1.1" 200 21 "-" "WordPress/6.8.1; https://youngsstupa.com"
199.188.205.55 - - [05/May/2025:09:19:32 -0400] "POST /wp-cron.php?doing_wp_cron=1746451172.1988000869750976562500 HTTP/1.1" 200 0 "-" "WordPress/6.8.1; https://youngsstupa.com"
43.159.152.184 - - [05/May/2025:09:19:31 -0400] "GET / HTTP/1.1" 200 2024 "http://youngsstupa.com" "Mozilla/5.0 (iPhone; CPU iPhone OS 13_2_3 like Mac OS X) AppleWebKit/605.1.15 (KHTML, like Gecko) Version/13.0.3 Mobile/15E148 Safari/604.1"
199.188.205.55 - - [05/May/2025:09:19:32 -0400] "POST /wp-admin/admin-ajax.php?action=async_litespeed&nonce=XTnyXwKV7Kx0PMVjv9iv3fHUeb3I07sL&litespeed_type=imgoptm HTTP/1.1" 200 21 "-" "WordPress/6.8.1; https://youngsstupa.com"
199.188.205.55 - - [05/May/2025:11:11:07 -0400] "POST /wp-cron.php?doing_wp_cron=1746457867.5013439655303955078125 HTTP/1.1" 200 0 "-" "WordPress/6.8.1; https://youngsstupa.com"
47.128.58.23 - - [05/May/2025:11:11:03 -0400] "GET / HTTP/1.1" 200 1759 "-" "Mozilla/5.0 (Linux; Android 5.0) AppleWebKit/537.36 (KHTML, like Gecko) Mobile Safari/537.36 (compatible; Bytespider; spider-feedback@bytedance.com)"
199.188.205.55 - - [05/May/2025:11:11:08 -0400] "POST /wp-admin/admin-ajax.php?action=async_litespeed&nonce=I25stCy3ifHmjhLz85gdtuuMHX7sERvR&litespeed_type=imgoptm HTTP/1.1" 200 21 "-" "WordPress/6.8.1; https://youngsstupa.com"
47.128.58.23 - - [05/May/2025:11:11:08 -0400] "GET /wp-content/plugins/site-offline/output/assets/css/custom.css HTTP/1.1" 200 1124 "https://youngsstupa.com/" "Mozilla/5.0 (Linux; Android 5.0) AppleWebKit/537.36 (KHTML, like Gecko) Mobile Safari/537.36 (compatible; Bytespider; spider-feedback@bytedance.com)"
47.128.58.23 - - [05/May/2025:11:11:08 -0400] "GET /wp-content/plugins/site-offline/assets/css/font-awesome/css/font-awesome.min.css HTTP/1.1" 200 5118 "https://youngsstupa.com/" "Mozilla/5.0 (Linux; Android 5.0) AppleWebKit/537.36 (KHTML, like Gecko) Mobile Safari/537.36 (compatible; Bytespider; spider-feedback@bytedance.com)"
47.128.58.23 - - [05/May/2025:11:11:08 -0400] "GET /wp-content/plugins/site-offline/output/assets/css/jquery.vegas.css HTTP/1.1" 200 233 "https://youngsstupa.com/" "Mozilla/5.0 (Linux; Android 5.0) AppleWebKit/537.36 (KHTML, like Gecko) Mobile Safari/537.36 (compatible; Bytespider; spider-feedback@bytedance.com)"
47.128.58.23 - - [05/May/2025:11:11:08 -0400] "GET /wp-content/plugins/site-offline/assets/css/bootstrap.css HTTP/1.1" 200 4109 "https://youngsstupa.com/" "Mozilla/5.0 (Linux; Android 5.0) AppleWebKit/537.36 (KHTML, like Gecko) Mobile Safari/537.36 (compatible; Bytespider; spider-feedback@bytedance.com)"
47.128.58.23 - - [05/May/2025:11:11:09 -0400] "GET /wp-content/plugins/site-offline/output/assets/css/form-elements.css HTTP/1.1" 200 427 "https://youngsstupa.com/" "Mozilla/5.0 (Linux; Android 5.0) AppleWebKit/537.36 (KHTML, like Gecko) Mobile Safari/537.36 (compatible; Bytespider; spider-feedback@bytedance.com)"
47.128.58.23 - - [05/May/2025:11:11:09 -0400] "GET /wp-content/plugins/site-offline/output/assets/css/style.css HTTP/1.1" 200 1356 "https://youngsstupa.com/" "Mozilla/5.0 (Linux; Android 5.0) AppleWebKit/537.36 (KHTML, like Gecko) Mobile Safari/537.36 (compatible; Bytespider; spider-feedback@bytedance.com)"
47.128.58.23 - - [05/May/2025:11:11:09 -0400] "GET /wp-content/plugins/site-offline/output/assets/css/animate.css HTTP/1.1" 200 4502 "https://youngsstupa.com/" "Mozilla/5.0 (Linux; Android 5.0) AppleWebKit/537.36 (KHTML, like Gecko) Mobile Safari/537.36 (compatible; Bytespider; spider-feedback@bytedance.com)"
47.128.58.23 - - [05/May/2025:11:11:09 -0400] "GET /wp-content/plugins/site-offline/output/assets/css/media-queries.css HTTP/1.1" 200 575 "https://youngsstupa.com/" "Mozilla/5.0 (Linux; Android 5.0) AppleWebKit/537.36 (KHTML, like Gecko) Mobile Safari/537.36 (compatible; Bytespider; spider-feedback@bytedance.com)"
47.128.58.23 - - [05/May/2025:11:11:09 -0400] "GET /wp-content/uploads/2024/07/136491616.jpg HTTP/1.1" 206 500 "https://youngsstupa.com/" "Mozilla/5.0 (Linux; Android 5.0) AppleWebKit/537.36 (KHTML, like Gecko) Mobile Safari/537.36 (compatible; Bytespider; spider-feedback@bytedance.com)"
199.188.205.55 - - [05/May/2025:11:15:08 -0400] "POST /wp-cron.php?doing_wp_cron=1746458108.3365631103515625000000 HTTP/1.1" 200 0 "-" "WordPress/6.8.1; https://youngsstupa.com"
47.128.46.44 - - [05/May/2025:11:15:04 -0400] "GET /robots.txt HTTP/1.1" 200 2024 "-" "Mozilla/5.0 (Linux; Android 5.0) AppleWebKit/537.36 (KHTML, like Gecko) Mobile Safari/537.36 (compatible; Bytespider; spider-feedback@bytedance.com)"
199.188.205.55 - - [05/May/2025:11:15:09 -0400] "POST /wp-admin/admin-ajax.php?action=async_litespeed&nonce=yvVtqL7jGZ1aTqTXHL0oXyp0b0fQMVHl&litespeed_type=imgoptm HTTP/1.1" 200 21 "-" "WordPress/6.8.1; https://youngsstupa.com"
54.172.23.145 - - [05/May/2025:11:17:36 -0400] "GET /wp-content/plugins/litespeed-cache/readme.txt HTTP/1.1" 200 15867 "-" "Mozlila/5.0 (Linux; Android 7.0; SM-G892A Bulid/NRD90M; wv) AppleWebKit/537.36 (KHTML, like Gecko) Version/4.0 Chrome/60.0.3112.107 Moblie Safari/537.36"
199.188.205.55 - - [05/May/2025:11:34:01 -0400] "POST /wp-cron.php?doing_wp_cron=1746459241.4901819229125976562500 HTTP/1.1" 200 0 "-" "WordPress/6.8.1; https://youngsstupa.com"
40.77.167.184 - - [05/May/2025:11:33:59 -0400] "GET /robots.txt HTTP/1.1" 301 0 "-" "Mozilla/5.0 AppleWebKit/537.36 (KHTML, like Gecko; compatible; bingbot/2.0; +http://www.bing.com/bingbot.htm) Chrome/116.0.1938.76 Safari/537.36"
199.188.205.55 - - [05/May/2025:11:34:02 -0400] "POST /wp-admin/admin-ajax.php?action=async_litespeed&nonce=zW4asqzifJCvB4IhjddwTyQL37fyLON1&litespeed_type=imgoptm HTTP/1.1" 200 21 "-" "WordPress/6.8.1; https://youngsstupa.com"
40.77.167.184 - - [05/May/2025:11:34:02 -0400] "GET /robots.txt HTTP/1.1" 200 1759 "-" "Mozilla/5.0 AppleWebKit/537.36 (KHTML, like Gecko; compatible; bingbot/2.0; +http://www.bing.com/bingbot.htm) Chrome/116.0.1938.76 Safari/537.36"
40.77.167.184 - - [05/May/2025:11:34:03 -0400] "GET /robots.txt HTTP/1.1" 301 0 "-" "Mozilla/5.0 AppleWebKit/537.36 (KHTML, like Gecko; compatible; bingbot/2.0; +http://www.bing.com/bingbot.htm) Chrome/116.0.1938.76 Safari/537.36"
40.77.167.184 - - [05/May/2025:11:34:03 -0400] "GET /robots.txt HTTP/1.1" 200 1759 "-" "Mozilla/5.0 AppleWebKit/537.36 (KHTML, like Gecko; compatible; bingbot/2.0; +http://www.bing.com/bingbot.htm) Chrome/116.0.1938.76 Safari/537.36"
199.188.205.55 - - [05/May/2025:11:34:14 -0400] "POST /wp-cron.php?doing_wp_cron=1746459254.2651939392089843750000 HTTP/1.1" 200 0 "-" "WordPress/6.8.1; https://youngsstupa.com"
52.167.144.167 - - [05/May/2025:11:34:13 -0400] "GET /wp-links-opml.php HTTP/1.1" 200 196 "-" "Mozilla/5.0 AppleWebKit/537.36 (KHTML, like Gecko; compatible; bingbot/2.0; +http://www.bing.com/bingbot.htm) Chrome/116.0.1938.76 Safari/537.36"
199.188.205.55 - - [05/May/2025:11:34:14 -0400] "POST /wp-admin/admin-ajax.php?action=async_litespeed&nonce=sqnzQIEAeSljMcanlgAqEDWS6BDOe69n&litespeed_type=imgoptm HTTP/1.1" 200 21 "-" "WordPress/6.8.1; https://youngsstupa.com"
199.188.205.55 - - [05/May/2025:12:30:43 -0400] "POST /wp-cron.php?doing_wp_cron=1746462642.7157208919525146484375 HTTP/1.1" 200 0 "-" "WordPress/6.8.1; https://youngsstupa.com"
60.188.57.0 - - [05/May/2025:12:30:38 -0400] "GET / HTTP/1.1" 301 0 "http://www.youngsstupa.com" "Mozilla/5.0 (iPhone; CPU iPhone OS 13_2_3 like Mac OS X) AppleWebKit/605.1.15 (KHTML, like Gecko) Version/13.0.3 Mobile/15E148 Safari/604.1"
199.188.205.55 - - [05/May/2025:12:30:44 -0400] "POST /wp-admin/admin-ajax.php?action=async_litespeed&nonce=sKOrJfXOhdAtzUEES3qImE3QOnVFuqIn&litespeed_type=imgoptm HTTP/1.1" 200 21 "-" "WordPress/6.8.1; https://youngsstupa.com"
60.188.57.0 - - [05/May/2025:12:30:48 -0400] "GET / HTTP/1.1" 200 2024 "https://www.youngsstupa.com/" "Mozilla/5.0 (iPhone; CPU iPhone OS 13_2_3 like Mac OS X) AppleWebKit/605.1.15 (KHTML, like Gecko) Version/13.0.3 Mobile/15E148 Safari/604.1"
199.188.205.55 - - [05/May/2025:13:13:36 -0400] "POST /wp-cron.php?doing_wp_cron=1746465216.7676100730895996093750 HTTP/1.1" 200 0 "-" "WordPress/6.8.1; https://youngsstupa.com"
82.102.18.126 - - [05/May/2025:13:13:34 -0400] "GET / HTTP/1.1" 200 6950 "-" "Mozilla/5.0 (Windows NT 10.0; Win64; x64) AppleWebKit/537.36 (KHTML, like Gecko) Chrome/78.0.3904.108 Safari/537.36"
82.102.18.126 - - [05/May/2025:13:13:37 -0400] "GET //wp-includes/wlwmanifest.xml HTTP/1.1" 404 1251 "-" "Mozilla/5.0 (Windows NT 10.0; Win64; x64) AppleWebKit/537.36 (KHTML, like Gecko) Chrome/78.0.3904.108 Safari/537.36"
199.188.205.55 - - [05/May/2025:13:13:37 -0400] "POST /wp-admin/admin-ajax.php?action=async_litespeed&nonce=Tyo7OVE3Z3lrDRlNsfeFjMEtFTEjl0o9&litespeed_type=imgoptm HTTP/1.1" 200 21 "-" "WordPress/6.8.1; https://youngsstupa.com"
82.102.18.126 - - [05/May/2025:13:13:37 -0400] "GET //xmlrpc.php?rsd HTTP/1.1" 200 804 "-" "Mozilla/5.0 (Windows NT 10.0; Win64; x64) AppleWebKit/537.36 (KHTML, like Gecko) Chrome/78.0.3904.108 Safari/537.36"
82.102.18.126 - - [05/May/2025:13:13:38 -0400] "GET //?author=1 HTTP/1.1" 301 0 "-" "Mozilla/5.0 (Windows NT 10.0; Win64; x64) AppleWebKit/537.36 (KHTML, like Gecko) Chrome/78.0.3904.108 Safari/537.36"
82.102.18.126 - - [05/May/2025:13:13:38 -0400] "GET //?author=2 HTTP/1.1" 301 0 "-" "Mozilla/5.0 (Windows NT 10.0; Win64; x64) AppleWebKit/537.36 (KHTML, like Gecko) Chrome/78.0.3904.108 Safari/537.36"
82.102.18.126 - - [05/May/2025:13:13:39 -0400] "GET //wp-json/wp/v2/users/ HTTP/1.1" 200 769 "-" "Mozilla/5.0 (Windows NT 10.0; Win64; x64) AppleWebKit/537.36 (KHTML, like Gecko) Chrome/78.0.3904.108 Safari/537.36"
82.102.18.126 - - [05/May/2025:13:13:40 -0400] "POST //xmlrpc.php HTTP/1.1" 200 401 "-" "Mozilla/5.0 (Windows NT 10.0; Win64; x64) AppleWebKit/537.36 (KHTML, like Gecko) Chrome/78.0.3904.108 Safari/537.36"
82.102.18.126 - - [05/May/2025:13:13:40 -0400] "POST //xmlrpc.php HTTP/1.1" 200 401 "-" "Mozilla/5.0 (Windows NT 10.0; Win64; x64) AppleWebKit/537.36 (KHTML, like Gecko) Chrome/78.0.3904.108 Safari/537.36"
82.102.18.126 - - [05/May/2025:13:13:40 -0400] "POST //xmlrpc.php HTTP/1.1" 200 401 "-" "Mozilla/5.0 (Windows NT 10.0; Win64; x64) AppleWebKit/537.36 (KHTML, like Gecko) Chrome/78.0.3904.108 Safari/537.36"
82.102.18.126 - - [05/May/2025:13:13:41 -0400] "POST //xmlrpc.php HTTP/1.1" 200 401 "-" "Mozilla/5.0 (Windows NT 10.0; Win64; x64) AppleWebKit/537.36 (KHTML, like Gecko) Chrome/78.0.3904.108 Safari/537.36"
82.102.18.126 - - [05/May/2025:13:13:41 -0400] "POST //xmlrpc.php HTTP/1.1" 200 401 "-" "Mozilla/5.0 (Windows NT 10.0; Win64; x64) AppleWebKit/537.36 (KHTML, like Gecko) Chrome/78.0.3904.108 Safari/537.36"
82.102.18.126 - - [05/May/2025:13:13:41 -0400] "POST //xmlrpc.php HTTP/1.1" 200 401 "-" "Mozilla/5.0 (Windows NT 10.0; Win64; x64) AppleWebKit/537.36 (KHTML, like Gecko) Chrome/78.0.3904.108 Safari/537.36"
199.188.205.55 - - [05/May/2025:13:54:59 -0400] "POST /wp-cron.php?doing_wp_cron=1746467699.8147621154785156250000 HTTP/1.1" 200 0 "-" "WordPress/6.8.1; https://youngsstupa.com"
40.77.167.184 - - [05/May/2025:13:54:56 -0400] "GET /robots.txt HTTP/1.1" 200 1759 "-" "Mozilla/5.0 AppleWebKit/537.36 (KHTML, like Gecko; compatible; bingbot/2.0; +http://www.bing.com/bingbot.htm) Chrome/116.0.1938.76 Safari/537.36"
199.188.205.55 - - [05/May/2025:13:55:00 -0400] "POST /wp-admin/admin-ajax.php?action=async_litespeed&nonce=ys2WIwDVeuCBMv8a9KciDZU9eBEb7hzq&litespeed_type=imgoptm HTTP/1.1" 200 21 "-" "WordPress/6.8.1; https://youngsstupa.com"
40.77.167.184 - - [05/May/2025:13:55:00 -0400] "GET /robots.txt HTTP/1.1" 200 1759 "-" "Mozilla/5.0 AppleWebKit/537.36 (KHTML, like Gecko; compatible; bingbot/2.0; +http://www.bing.com/bingbot.htm) Chrome/116.0.1938.76 Safari/537.36"
40.77.167.3 - - [05/May/2025:13:55:05 -0400] "GET / HTTP/1.1" 200 1759 "-" "Mozilla/5.0 AppleWebKit/537.36 (KHTML, like Gecko; compatible; bingbot/2.0; +http://www.bing.com/bingbot.htm) Chrome/116.0.1938.76 Safari/537.36"
54.172.23.145 - - [05/May/2025:14:03:26 -0400] "GET /wp-content/plugins/litespeed-cache/readme.txt HTTP/1.1" 200 15867 "-" "Mozlila/5.0 (Linux; Android 7.0; SM-G892A Bulid/NRD90M; wv) AppleWebKit/537.36 (KHTML, like Gecko) Version/4.0 Chrome/60.0.3112.107 Moblie Safari/537.36"
199.188.205.55 - - [05/May/2025:15:00:01 -0400] "POST /wp-cron.php?doing_wp_cron=1746471600.6947259902954101562500 HTTP/1.1" 200 0 "-" "WordPress/6.8.1; https://youngsstupa.com"
199.188.205.55 - - [05/May/2025:14:59:56 -0400] "GET / HTTP/1.1" 200 6950 "-" "Mozilla/5.0 (Windows NT 10.0; Win64; x64; rv:122.0) Gecko/20100101 Firefox/122.0"
199.188.205.55 - - [05/May/2025:15:00:02 -0400] "POST /wp-admin/admin-ajax.php?action=async_litespeed&nonce=c7hSBuhwJWps30P8PFQsidr6O4xAkzkh&litespeed_type=imgoptm HTTP/1.1" 200 0 "-" "WordPress/6.8.1; https://youngsstupa.com"
199.188.205.55 - - [05/May/2025:16:00:20 -0400] "POST /wp-cron.php?doing_wp_cron=1746475220.1676099300384521484375 HTTP/1.1" 200 0 "-" "WordPress/6.8.1; https://youngsstupa.com"
82.197.64.247 - - [05/May/2025:16:00:16 -0400] "GET / HTTP/1.1" 200 6950 "http://youngsstupa.com/?" "Mozilla/5.0 (Windows NT 10.0; Win64; x64; rv:89.0) Gecko/20100101 Firefox/89.0"
199.188.205.55 - - [05/May/2025:16:00:21 -0400] "POST /wp-admin/admin-ajax.php?action=async_litespeed&nonce=62sv5qIFH1Z8fIQq2WmP8FJRVJO7zbfl&litespeed_type=imgoptm HTTP/1.1" 200 21 "-" "WordPress/6.8.1; https://youngsstupa.com"
199.188.205.55 - - [05/May/2025:18:08:52 -0400] "POST /wp-cron.php?doing_wp_cron=1746482932.3530800342559814453125 HTTP/1.1" 200 0 "-" "WordPress/6.8.1; https://youngsstupa.com"
170.106.143.6 - - [05/May/2025:18:08:48 -0400] "GET / HTTP/1.1" 301 0 "http://www.youngsstupa.com" "Mozilla/5.0 (iPhone; CPU iPhone OS 13_2_3 like Mac OS X) AppleWebKit/605.1.15 (KHTML, like Gecko) Version/13.0.3 Mobile/15E148 Safari/604.1"
199.188.205.55 - - [05/May/2025:18:08:53 -0400] "POST /wp-admin/admin-ajax.php?action=async_litespeed&nonce=h3cgypVfOxMdXis3JF6VgjLc7P03rTIo&litespeed_type=imgoptm HTTP/1.1" 200 0 "-" "WordPress/6.8.1; https://youngsstupa.com"
170.106.143.6 - - [05/May/2025:18:08:55 -0400] "GET / HTTP/1.1" 200 2024 "https://www.youngsstupa.com/" "Mozilla/5.0 (iPhone; CPU iPhone OS 13_2_3 like Mac OS X) AppleWebKit/605.1.15 (KHTML, like Gecko) Version/13.0.3 Mobile/15E148 Safari/604.1"
199.188.205.55 - - [05/May/2025:18:27:17 -0400] "POST /wp-cron.php?doing_wp_cron=1746484037.7454988956451416015625 HTTP/1.1" 200 0 "-" "WordPress/6.8.1; https://youngsstupa.com"
152.53.51.102 - - [05/May/2025:18:27:13 -0400] "GET /wp-admin/install.php HTTP/1.1" 200 508 "-" "Mozilla/5.0 (Windows NT 10.0; Win64; x64) AppleWebKit/537.36 (KHTML, like Gecko) Chrome/100.0.5390.756 Safari/537.36"
199.188.205.55 - - [05/May/2025:18:44:17 -0400] "POST /wp-cron.php?doing_wp_cron=1746485057.0610730648040771484375 HTTP/1.1" 200 0 "-" "WordPress/6.8.1; https://youngsstupa.com"
122.51.104.231 - - [05/May/2025:18:44:13 -0400] "GET / HTTP/1.1" 301 0 "http://www.youngsstupa.com" "Mozilla/5.0 (iPhone; CPU iPhone OS 13_2_3 like Mac OS X) AppleWebKit/605.1.15 (KHTML, like Gecko) Version/13.0.3 Mobile/15E148 Safari/604.1"
199.188.205.55 - - [05/May/2025:18:44:17 -0400] "POST /wp-admin/admin-ajax.php?action=async_litespeed&nonce=7nN4hXBJm27eyaL3iMQf0Jlnj9KFW1JE&litespeed_type=imgoptm HTTP/1.1" 200 21 "-" "WordPress/6.8.1; https://youngsstupa.com"
122.51.104.231 - - [05/May/2025:18:44:18 -0400] "GET / HTTP/1.1" 200 2024 "https://www.youngsstupa.com/" "Mozilla/5.0 (iPhone; CPU iPhone OS 13_2_3 like Mac OS X) AppleWebKit/605.1.15 (KHTML, like Gecko) Version/13.0.3 Mobile/15E148 Safari/604.1"
199.188.205.55 - - [05/May/2025:19:26:55 -0400] "POST /wp-cron.php?doing_wp_cron=1746487614.7350010871887207031250 HTTP/1.1" 200 0 "-" "WordPress/6.8.1; https://youngsstupa.com"
54.36.148.160 - - [05/May/2025:19:26:50 -0400] "GET /robots.txt HTTP/1.1" 200 1759 "-" "Mozilla/5.0 (compatible; AhrefsBot/7.0; +http://ahrefs.com/robot/)"
199.188.205.55 - - [05/May/2025:19:26:56 -0400] "POST /wp-admin/admin-ajax.php?action=async_litespeed&nonce=Kdk4FSSjsZAjTJ6XfyFq6K6eUsYc8nTS&litespeed_type=imgoptm HTTP/1.1" 200 21 "-" "WordPress/6.8.1; https://youngsstupa.com"
51.222.253.1 - - [05/May/2025:19:26:57 -0400] "GET /wp-activate.php HTTP/1.1" 302 0 "-" "Mozilla/5.0 (compatible; AhrefsBot/7.0; +http://ahrefs.com/robot/)"
199.188.205.55 - - [05/May/2025:20:02:35 -0400] "POST /wp-cron.php?doing_wp_cron=1746489755.5294780731201171875000 HTTP/1.1" 200 0 "-" "WordPress/6.8.1; https://youngsstupa.com"
170.106.163.48 - - [05/May/2025:20:02:31 -0400] "GET / HTTP/1.1" 200 2024 "http://youngsstupa.com" "Mozilla/5.0 (iPhone; CPU iPhone OS 13_2_3 like Mac OS X) AppleWebKit/605.1.15 (KHTML, like Gecko) Version/13.0.3 Mobile/15E148 Safari/604.1"
199.188.205.55 - - [05/May/2025:20:02:36 -0400] "POST /wp-admin/admin-ajax.php?action=async_litespeed&nonce=jMxVqUdorvWPdBl4xEgucpwrBhCcNZmE&litespeed_type=imgoptm HTTP/1.1" 200 21 "-" "WordPress/6.8.1; https://youngsstupa.com"
199.188.205.55 - - [05/May/2025:20:03:12 -0400] "POST /wp-cron.php?doing_wp_cron=1746489792.3872690200805664062500 HTTP/1.1" 200 0 "-" "WordPress/6.8.1; https://youngsstupa.com"
51.68.234.121 - - [05/May/2025:20:03:11 -0400] "GET /robots.txt HTTP/1.1" 200 6950 "-" "Mozilla/5.0 (compatible; MJ12bot/v1.4.8; http://mj12bot.com/)"
199.188.205.55 - - [05/May/2025:20:03:13 -0400] "POST /wp-admin/admin-ajax.php?action=async_litespeed&nonce=H4IpsSby4QlTn7aRcx8HnYzfdRmsL9lD&litespeed_type=imgoptm HTTP/1.1" 200 21 "-" "WordPress/6.8.1; https://youngsstupa.com"
51.68.234.121 - - [05/May/2025:20:03:14 -0400] "GET /wp-includes/SimplePie/checkbox.php?loknya=/usr/include/ImageMagick/Magick HTTP/1.1" 404 1251 "-" "Mozilla/5.0 (compatible; MJ12bot/v1.4.8; http://mj12bot.com/)"
51.68.234.121 - - [05/May/2025:20:03:16 -0400] "GET /wp-includes/SimplePie/checkbox.php?loknya=/usr/include/c HTTP/1.1" 404 1251 "-" "Mozilla/5.0 (compatible; MJ12bot/v1.4.8; http://mj12bot.com/)"
51.68.234.121 - - [05/May/2025:20:03:17 -0400] "GET /wp-includes/SimplePie/checkbox.php?loknya=/usr/local/php/5.2.17 HTTP/1.1" 404 1251 "-" "Mozilla/5.0 (compatible; MJ12bot/v1.4.8; http://mj12bot.com/)"
196.251.118.209 - - [05/May/2025:20:31:42 -0400] "GET /wp-content/themes/seotheme/db.php?u HTTP/1.1" 200 0 "www.google.com" "Mozlila/5.0 (Linux; Android 7.0; SM-G892A Bulid/NRD90M; wv) AppleWebKit/537.36 (KHTML, like Gecko) Version/4.0 Chrome/60.0.3112.107 Moblie Safari/537.36"
196.251.118.209 - - [05/May/2025:20:31:42 -0400] "GET /wp-content/plugins/fix/up.php HTTP/1.1" 200 0 "-" "Mozilla/5.0 (Windows NT 10.0; Win64; x64) AppleWebKit/537.36 (KHTML, like Gecko) Chrome/85.0.4183.102 Safari/537.36"
196.251.118.209 - - [05/May/2025:20:31:42 -0400] "GET / HTTP/1.1" 500 2431 "-" "Mozlila/5.0 (Linux; Android 7.0; SM-G892A Bulid/NRD90M; wv) AppleWebKit/537.36 (KHTML, like Gecko) Version/4.0 Chrome/60.0.3112.107 Moblie Safari/537.36"
196.251.118.209 - - [05/May/2025:20:31:42 -0400] "POST /wp-plain.php HTTP/1.1" 500 2431 "www.google.com" "Mozilla/5.0 (Linux; Android 7.0; SM-G892A Bulid/NRD90M; wv) AppleWebKit/537.36 (KHTML, like Gecko) Version/4.0 Chrome/60.0.3112.107 Moblie Safari/537.36"
196.251.118.209 - - [05/May/2025:20:31:43 -0400] "GET /wp-content/themes/seotheme/db.php?u HTTP/1.1" 200 0 "www.google.com" "Mozlila/5.0 (Linux; Android 7.0; SM-G892A Bulid/NRD90M; wv) AppleWebKit/537.36 (KHTML, like Gecko) Version/4.0 Chrome/60.0.3112.107 Moblie Safari/537.36"
196.251.118.209 - - [05/May/2025:20:31:44 -0400] "GET /tjnprpao.php?Fox=d3wL7 HTTP/1.1" 200 0 "www.google.com" "Mozilla/5.0 (Linux; Android 7.0; SM-G892A Bulid/NRD90M; wv) AppleWebKit/537.36 (KHTML, like Gecko) Version/4.0 Chrome/60.0.3112.107 Moblie Safari/537.36"
196.251.118.209 - - [05/May/2025:20:32:00 -0400] "GET /tjnprpao.php?Fox=d3wL7 HTTP/1.1" 200 0 "www.google.com" "Mozilla/5.0 (Linux; Android 7.0; SM-G892A Bulid/NRD90M; wv) AppleWebKit/537.36 (KHTML, like Gecko) Version/4.0 Chrome/60.0.3112.107 Moblie Safari/537.36"
199.188.205.55 - - [05/May/2025:20:32:15 -0400] "POST /wp-cron.php?doing_wp_cron=1746491528.5341169834136962890625 HTTP/1.1" 200 0 "-" "WordPress/6.8.1; https://youngsstupa.com"
199.188.205.55 - - [05/May/2025:21:02:59 -0400] "POST /wp-cron.php?doing_wp_cron=1746493379.8935549259185791015625 HTTP/1.1" 200 0 "-" "WordPress/6.8.1; https://youngsstupa.com"
51.195.36.135 - - [05/May/2025:21:02:56 -0400] "GET / HTTP/1.1" 200 6950 "-" "Mozilla/5.0 (Windows NT 10.0; Win64; x64) AppleWebKit/537.36 (KHTML, like Gecko) Chrome/127.0.0.0 Safari/537.36"
199.188.205.55 - - [05/May/2025:21:03:00 -0400] "POST /wp-admin/admin-ajax.php?action=async_litespeed&nonce=mMJY8PLEn5popMUC3TC2m6Yep0RmfUgR&litespeed_type=imgoptm HTTP/1.1" 200 21 "-" "WordPress/6.8.1; https://youngsstupa.com"
199.188.205.55 - - [05/May/2025:21:47:54 -0400] "POST /wp-cron.php?doing_wp_cron=1746496074.7058389186859130859375 HTTP/1.1" 200 0 "-" "WordPress/6.8.1; https://youngsstupa.com"
104.210.140.130 - - [05/May/2025:21:47:51 -0400] "GET /robots.txt HTTP/1.1" 200 1759 "-" "Mozilla/5.0 (Macintosh; Intel Mac OS X 10_15_7) AppleWebKit/537.36 (KHTML, like Gecko) Chrome/131.0.0.0 Safari/537.36; compatible; OAI-SearchBot/1.0; +https://openai.com/searchbot"
199.188.205.55 - - [05/May/2025:21:47:55 -0400] "POST /wp-admin/admin-ajax.php?action=async_litespeed&nonce=70KGf2619i9Ddpscz8dwrs6BU7QGQO5p&litespeed_type=imgoptm HTTP/1.1" 200 21 "-" "WordPress/6.8.1; https://youngsstupa.com"
199.188.205.55 - - [05/May/2025:21:55:54 -0400] "POST /wp-cron.php?doing_wp_cron=1746496554.2094318866729736328125 HTTP/1.1" 200 0 "-" "WordPress/6.8.1; https://youngsstupa.com"
49.232.151.112 - - [05/May/2025:21:55:51 -0400] "GET / HTTP/1.1" 200 2024 "http://youngsstupa.com" "Mozilla/5.0 (iPhone; CPU iPhone OS 13_2_3 like Mac OS X) AppleWebKit/605.1.15 (KHTML, like Gecko) Version/13.0.3 Mobile/15E148 Safari/604.1"
199.188.205.55 - - [05/May/2025:21:55:54 -0400] "POST /wp-admin/admin-ajax.php?action=async_litespeed&nonce=G6x1Qq9lLZ62cs3u8yZ0fRXAfGhU5o8L&litespeed_type=imgoptm HTTP/1.1" 200 21 "-" "WordPress/6.8.1; https://youngsstupa.com"
93.123.109.81 - - [05/May/2025:22:00:58 -0400] "GET /.env HTTP/1.1" 403 1242 "-" "Mozilla/5.0 (X11; Linux x86_64) AppleWebKit/537.36 (KHTML, like Gecko) Chrome/81.0.4044.129 Safari/537.36"
93.123.109.81 - - [05/May/2025:22:01:02 -0400] "GET /api/.env HTTP/1.1" 403 1242 "-" "Mozilla/5.0 (X11; Linux x86_64) AppleWebKit/537.36 (KHTML, like Gecko) Chrome/81.0.4044.129 Safari/537.36"
93.123.109.81 - - [05/May/2025:22:01:02 -0400] "GET /.env.save HTTP/1.1" 403 1242 "-" "Mozilla/5.0 (X11; Linux x86_64) AppleWebKit/537.36 (KHTML, like Gecko) Chrome/81.0.4044.129 Safari/537.36"
93.123.109.81 - - [05/May/2025:22:01:03 -0400] "GET /.env.prod HTTP/1.1" 403 1242 "-" "Mozilla/5.0 (X11; Linux x86_64) AppleWebKit/537.36 (KHTML, like Gecko) Chrome/81.0.4044.129 Safari/537.36"
199.188.205.55 - - [05/May/2025:22:01:06 -0400] "POST /wp-cron.php?doing_wp_cron=1746496866.4754760265350341796875 HTTP/1.1" 200 0 "-" "WordPress/6.8.1; https://youngsstupa.com"
93.123.109.81 - - [05/May/2025:22:01:03 -0400] "GET /env.js HTTP/1.1" 404 2024 "-" "Mozilla/5.0 (X11; Linux x86_64) AppleWebKit/537.36 (KHTML, like Gecko) Chrome/81.0.4044.129 Safari/537.36"
199.188.205.55 - - [05/May/2025:22:01:07 -0400] "POST /wp-admin/admin-ajax.php?action=async_litespeed&nonce=VekqcEdr4y1HtpRIgvJQ5T9eu38Ox6Ig&litespeed_type=imgoptm HTTP/1.1" 200 21 "-" "WordPress/6.8.1; https://youngsstupa.com"
93.123.109.81 - - [05/May/2025:22:01:07 -0400] "GET /api/config.js HTTP/1.1" 404 2024 "-" "Mozilla/5.0 (X11; Linux x86_64) AppleWebKit/537.36 (KHTML, like Gecko) Chrome/81.0.4044.129 Safari/537.36"
199.188.205.55 - - [05/May/2025:22:01:09 -0400] "POST /wp-cron.php?doing_wp_cron=1746496869.3442800045013427734375 HTTP/1.1" 200 0 "-" "WordPress/6.8.1; https://youngsstupa.com"
93.123.109.81 - - [05/May/2025:22:01:08 -0400] "GET /assets/env.js HTTP/1.1" 404 2024 "-" "Mozilla/5.0 (X11; Linux x86_64) AppleWebKit/537.36 (KHTML, like Gecko) Chrome/81.0.4044.129 Safari/537.36"
199.188.205.55 - - [05/May/2025:22:01:09 -0400] "POST /wp-admin/admin-ajax.php?action=async_litespeed&nonce=U5SoY8NgGX496Xx1ZfJEE9fJymb9yOm1&litespeed_type=imgoptm HTTP/1.1" 200 21 "-" "WordPress/6.8.1; https://youngsstupa.com"
93.123.109.81 - - [05/May/2025:22:01:10 -0400] "GET /js/config.js HTTP/1.1" 404 2024 "-" "Mozilla/5.0 (X11; Linux x86_64) AppleWebKit/537.36 (KHTML, like Gecko) Chrome/81.0.4044.129 Safari/537.36"
93.123.109.81 - - [05/May/2025:22:01:11 -0400] "GET /js/app.js HTTP/1.1" 404 2024 "-" "Mozilla/5.0 (X11; Linux x86_64) AppleWebKit/537.36 (KHTML, like Gecko) Chrome/81.0.4044.129 Safari/537.36"
93.123.109.81 - - [05/May/2025:22:01:13 -0400] "GET /config.json HTTP/1.1" 404 2024 "-" "Mozilla/5.0 (X11; Linux x86_64) AppleWebKit/537.36 (KHTML, like Gecko) Chrome/81.0.4044.129 Safari/537.36"
93.123.109.81 - - [05/May/2025:22:01:14 -0400] "GET /phpinfo.php HTTP/1.1" 404 2024 "-" "Mozilla/5.0 (X11; Linux x86_64) AppleWebKit/537.36 (KHTML, like Gecko) Chrome/81.0.4044.129 Safari/537.36"
93.123.109.81 - - [05/May/2025:22:01:15 -0400] "GET /phpinfo HTTP/1.1" 404 2024 "-" "Mozilla/5.0 (X11; Linux x86_64) AppleWebKit/537.36 (KHTML, like Gecko) Chrome/81.0.4044.129 Safari/537.36"
93.123.109.81 - - [05/May/2025:22:01:16 -0400] "GET /dev/.env HTTP/1.1" 403 1242 "-" "Mozilla/5.0 (X11; Linux x86_64) AppleWebKit/537.36 (KHTML, like Gecko) Chrome/81.0.4044.129 Safari/537.36"
93.123.109.81 - - [05/May/2025:22:01:17 -0400] "GET /application/.env HTTP/1.1" 403 1242 "-" "Mozilla/5.0 (X11; Linux x86_64) AppleWebKit/537.36 (KHTML, like Gecko) Chrome/81.0.4044.129 Safari/537.36"
93.123.109.81 - - [05/May/2025:22:01:17 -0400] "GET /php_info.php HTTP/1.1" 404 2024 "-" "Mozilla/5.0 (X11; Linux x86_64) AppleWebKit/537.36 (KHTML, like Gecko) Chrome/81.0.4044.129 Safari/537.36"
93.123.109.81 - - [05/May/2025:22:01:19 -0400] "GET /_profiler/phpinfo HTTP/1.1" 404 2024 "-" "Mozilla/5.0 (X11; Linux x86_64) AppleWebKit/537.36 (KHTML, like Gecko) Chrome/81.0.4044.129 Safari/537.36"
93.123.109.81 - - [05/May/2025:22:01:20 -0400] "POST / HTTP/1.1" 200 2024 "-" "Mozilla/5.0 (X11; Linux x86_64) AppleWebKit/537.36 (KHTML, like Gecko) Chrome/81.0.4044.129 Safari/537.36"
199.188.205.55 - - [05/May/2025:22:05:09 -0400] "POST /wp-cron.php?doing_wp_cron=1746497109.2766239643096923828125 HTTP/1.1" 200 0 "-" "WordPress/6.8.1; https://youngsstupa.com"
49.113.93.185 - - [05/May/2025:22:05:06 -0400] "GET / HTTP/1.1" 200 6950 "-" "Go-http-client/1.1"
199.188.205.55 - - [05/May/2025:22:05:10 -0400] "POST /wp-admin/admin-ajax.php?action=async_litespeed&nonce=7W0K94KEgXzUD7l0VAj3FrGU2oAd2hkO&litespeed_type=imgoptm HTTP/1.1" 200 21 "-" "WordPress/6.8.1; https://youngsstupa.com"
199.188.205.55 - - [06/May/2025:01:04:29 -0400] "POST /wp-cron.php?doing_wp_cron=1746507869.2041718959808349609375 HTTP/1.1" 200 0 "-" "WordPress/6.8.1; https://youngsstupa.com"
182.44.67.97 - - [06/May/2025:01:04:25 -0400] "GET / HTTP/1.1" 301 0 "http://www.youngsstupa.com" "Mozilla/5.0 (iPhone; CPU iPhone OS 13_2_3 like Mac OS X) AppleWebKit/605.1.15 (KHTML, like Gecko) Version/13.0.3 Mobile/15E148 Safari/604.1"
199.188.205.55 - - [06/May/2025:01:04:29 -0400] "POST /wp-admin/admin-ajax.php?action=async_litespeed&nonce=0jGAlkbEnor9lHby4B6KVLuAUKADgGGl&litespeed_type=imgoptm HTTP/1.1" 200 21 "-" "WordPress/6.8.1; https://youngsstupa.com"
182.44.67.97 - - [06/May/2025:01:04:38 -0400] "GET / HTTP/1.1" 200 2024 "https://www.youngsstupa.com/" "Mozilla/5.0 (iPhone; CPU iPhone OS 13_2_3 like Mac OS X) AppleWebKit/605.1.15 (KHTML, like Gecko) Version/13.0.3 Mobile/15E148 Safari/604.1"
199.188.205.55 - - [06/May/2025:03:44:04 -0400] "POST /wp-cron.php?doing_wp_cron=1746517444.7240319252014160156250 HTTP/1.1" 200 0 "-" "WordPress/6.8.1; https://youngsstupa.com"
45.88.78.37 - - [06/May/2025:03:44:01 -0400] "GET / HTTP/1.0" 200 6950 "https://youngsstupa.com/" "Mozilla/5.0 (Windows NT 10.0; Win64; x64) AppleWebKit/537.36 (KHTML, like Gecko) Chrome/131.0.0.0 Safari/537.36"
199.188.205.55 - - [06/May/2025:03:44:05 -0400] "POST /wp-admin/admin-ajax.php?action=async_litespeed&nonce=YabMQt3cv0lo7GUDAXVf475QGie3CGxN&litespeed_type=imgoptm HTTP/1.1" 200 21 "-" "WordPress/6.8.1; https://youngsstupa.com"
199.188.205.55 - - [06/May/2025:04:24:46 -0400] "POST /wp-cron.php?doing_wp_cron=1746519886.1454460620880126953125 HTTP/1.1" 200 0 "-" "WordPress/6.8.1; https://youngsstupa.com"
124.226.222.66 - - [06/May/2025:04:24:43 -0400] "GET / HTTP/1.1" 200 2024 "http://youngsstupa.com" "Mozilla/5.0 (iPhone; CPU iPhone OS 13_2_3 like Mac OS X) AppleWebKit/605.1.15 (KHTML, like Gecko) Version/13.0.3 Mobile/15E148 Safari/604.1"
199.188.205.55 - - [06/May/2025:04:24:46 -0400] "POST /wp-admin/admin-ajax.php?action=async_litespeed&nonce=aGsIZIfxiTE5MIyb7JNY8GnsrP5H3t6C&litespeed_type=imgoptm HTTP/1.1" 200 21 "-" "WordPress/6.8.1; https://youngsstupa.com"
199.188.205.55 - - [06/May/2025:04:58:20 -0400] "POST /wp-cron.php?doing_wp_cron=1746521900.7706680297851562500000 HTTP/1.1" 200 0 "-" "WordPress/6.8.1; https://youngsstupa.com"
134.17.14.122 - - [06/May/2025:04:58:18 -0400] "GET /not.php HTTP/1.1" 404 1759 "-" "Mozilla/5.0 (Android 10; Mobile; rv:82.0) Gecko/82.0 Firefox/82.0"
199.188.205.55 - - [06/May/2025:04:58:21 -0400] "POST /wp-admin/admin-ajax.php?action=async_litespeed&nonce=l5K7OuIEK3dcTfhFfmPvaXtlNlwxEECy&litespeed_type=imgoptm HTTP/1.1" 200 21 "-" "WordPress/6.8.1; https://youngsstupa.com"
51.195.36.135 - - [06/May/2025:05:25:08 -0400] "GET /wp-content/plugins/wp-etd-dispenser/index.php HTTP/1.1" 200 0 "-" "Mozilla/5.0 (Windows NT 10.0; Win64; x64) AppleWebKit/537.36 (KHTML, like Gecko) Chrome/127.0.0.0 Safari/537.36"
199.188.205.55 - - [06/May/2025:05:56:07 -0400] "POST /wp-cron.php?doing_wp_cron=1746525367.4557209014892578125000 HTTP/1.1" 200 0 "-" "WordPress/6.8.1; https://youngsstupa.com"
49.51.33.159 - - [06/May/2025:05:56:01 -0400] "GET / HTTP/1.1" 301 0 "http://www.youngsstupa.com" "Mozilla/5.0 (iPhone; CPU iPhone OS 13_2_3 like Mac OS X) AppleWebKit/605.1.15 (KHTML, like Gecko) Version/13.0.3 Mobile/15E148 Safari/604.1"
199.188.205.55 - - [06/May/2025:05:56:08 -0400] "POST /wp-admin/admin-ajax.php?action=async_litespeed&nonce=r9OMtHK33yBic7JffnpKwWrYsJAh3pIt&litespeed_type=imgoptm HTTP/1.1" 200 21 "-" "WordPress/6.8.1; https://youngsstupa.com"
49.51.33.159 - - [06/May/2025:05:56:09 -0400] "GET / HTTP/1.1" 200 2024 "https://www.youngsstupa.com/" "Mozilla/5.0 (iPhone; CPU iPhone OS 13_2_3 like Mac OS X) AppleWebKit/605.1.15 (KHTML, like Gecko) Version/13.0.3 Mobile/15E148 Safari/604.1"
199.188.205.55 - - [06/May/2025:06:51:13 -0400] "POST /wp-cron.php?doing_wp_cron=1746528673.7212901115417480468750 HTTP/1.1" 200 0 "-" "WordPress/6.8.1; https://youngsstupa.com"
43.130.47.33 - - [06/May/2025:06:51:11 -0400] "GET / HTTP/1.1" 200 2024 "http://youngsstupa.com" "Mozilla/5.0 (iPhone; CPU iPhone OS 13_2_3 like Mac OS X) AppleWebKit/605.1.15 (KHTML, like Gecko) Version/13.0.3 Mobile/15E148 Safari/604.1"
199.188.205.55 - - [06/May/2025:06:51:14 -0400] "POST /wp-admin/admin-ajax.php?action=async_litespeed&nonce=iDiHi2uzxBGLqRbilBCrrMgzZYvSGdGi&litespeed_type=imgoptm HTTP/1.1" 200 21 "-" "WordPress/6.8.1; https://youngsstupa.com"
199.188.205.55 - - [06/May/2025:07:37:48 -0400] "POST /wp-cron.php?doing_wp_cron=1746531468.7272140979766845703125 HTTP/1.1" 200 0 "-" "WordPress/6.8.1; https://youngsstupa.com"
182.40.104.255 - - [06/May/2025:07:37:46 -0400] "GET / HTTP/1.1" 301 0 "http://www.youngsstupa.com" "Mozilla/5.0 (iPhone; CPU iPhone OS 13_2_3 like Mac OS X) AppleWebKit/605.1.15 (KHTML, like Gecko) Version/13.0.3 Mobile/15E148 Safari/604.1"
199.188.205.55 - - [06/May/2025:07:37:49 -0400] "POST /wp-admin/admin-ajax.php?action=async_litespeed&nonce=DU4vbdysLVetU3M30bt537ovbbNAsMGf&litespeed_type=imgoptm HTTP/1.1" 200 21 "-" "WordPress/6.8.1; https://youngsstupa.com"
182.40.104.255 - - [06/May/2025:07:37:56 -0400] "GET / HTTP/1.1" 200 2024 "https://www.youngsstupa.com/" "Mozilla/5.0 (iPhone; CPU iPhone OS 13_2_3 like Mac OS X) AppleWebKit/605.1.15 (KHTML, like Gecko) Version/13.0.3 Mobile/15E148 Safari/604.1"
51.195.36.135 - - [06/May/2025:07:42:22 -0400] "GET /wp-content/plugins/HelloDollyV2/hello_dolly_v2.php HTTP/1.1" 200 0 "-" "Mozilla/5.0 (Windows NT 10.0; Win64; x64) AppleWebKit/537.36 (KHTML, like Gecko) Chrome/127.0.0.0 Safari/537.36"
51.195.36.135 - - [06/May/2025:08:12:03 -0400] "GET /wp-content/themes/hello_dolly_v2.php HTTP/1.1" 200 0 "-" "Mozilla/5.0 (Windows NT 10.0; Win64; x64) AppleWebKit/537.36 (KHTML, like Gecko) Chrome/127.0.0.0 Safari/537.36"
199.188.205.55 - - [06/May/2025:08:12:06 -0400] "POST /wp-cron.php?doing_wp_cron=1746533526.8232951164245605468750 HTTP/1.1" 200 0 "-" "WordPress/6.8.1; https://youngsstupa.com"
51.195.36.135 - - [06/May/2025:08:12:04 -0400] "GET /wp-admin/includes/hello_dolly_v2.php HTTP/1.1" 302 0 "-" "Mozilla/5.0 (Windows NT 10.0; Win64; x64) AppleWebKit/537.36 (KHTML, like Gecko) Chrome/127.0.0.0 Safari/537.36"
199.188.205.55 - - [06/May/2025:08:12:07 -0400] "POST /wp-admin/admin-ajax.php?action=async_litespeed&nonce=jFBTIsnAQKPcCT4T8XQ5eOvcJBE6hutP&litespeed_type=imgoptm HTTP/1.1" 200 21 "-" "WordPress/6.8.1; https://youngsstupa.com"
51.195.36.135 - - [06/May/2025:08:12:07 -0400] "GET /wp-login.php?redirect_to=https%3A%2F%2Fyoungsstupa.com%2Fwp-admin%2Fincludes%2Fhello_dolly_v2.php&reauth=1 HTTP/1.1" 200 4578 "-" "Mozilla/5.0 (Windows NT 10.0; Win64; x64) AppleWebKit/537.36 (KHTML, like Gecko) Chrome/127.0.0.0 Safari/537.36"
