199.188.205.55 - - [06/May/2025:08:58:20 -0400] "POST /wp-cron.php?doing_wp_cron=1746536300.0142331123352050781250 HTTP/1.1" 200 0 "-" "WordPress/6.8.1; https://youngsstupa.com"
157.173.122.176 - - [06/May/2025:08:58:17 -0400] "GET / HTTP/1.1" 200 2024 "-" "Mozilla/5.0 (Windows NT 10.0; Win64; x64) AppleWebKit/537.36 (KHTML, like Gecko) Chrome/91.0.4472.114 Safari/537.36 Edg/91.0.864.54"
199.188.205.55 - - [06/May/2025:08:58:20 -0400] "POST /wp-admin/admin-ajax.php?action=async_litespeed&nonce=96whVEBOsEkSK1QlijM5dQRuaqJ8kQWi&litespeed_type=imgoptm HTTP/1.1" 200 21 "-" "WordPress/6.8.1; https://youngsstupa.com"
199.188.205.55 - - [06/May/2025:10:52:47 -0400] "POST /wp-cron.php?doing_wp_cron=1746543167.3395090103149414062500 HTTP/1.1" 200 0 "-" "WordPress/6.8.1; https://youngsstupa.com"
47.128.125.233 - - [06/May/2025:10:52:44 -0400] "GET /robots.txt HTTP/1.1" 200 2024 "-" "Mozilla/5.0 (Linux; Android 5.0) AppleWebKit/537.36 (KHTML, like Gecko) Mobile Safari/537.36 (compatible; Bytespider; spider-feedback@bytedance.com)"
199.188.205.55 - - [06/May/2025:10:52:49 -0400] "POST /wp-admin/admin-ajax.php?action=async_litespeed&nonce=d4lImmSjLgV4dJ7IJ5EEoabGhdQfEa8b&litespeed_type=imgoptm HTTP/1.1" 200 21 "-" "WordPress/6.8.1; https://youngsstupa.com"
107.151.222.60 - - [06/May/2025:10:55:17 -0400] "GET /wp-admin/css/ HTTP/1.1" 200 3714 "binance.com" "Mozilla/5.0 (Windows NT 10.0; Win64; x64) AppleWebKit/537.36 (KHTML, like Gecko) Chrome/90.0.4430.85 Safari/537.36"
107.151.222.60 - - [06/May/2025:10:55:20 -0400] "GET /wp-content/uploads/2025/05/ HTTP/1.1" 200 695 "binance.com" "Mozilla/5.0 (Windows NT 10.0; Win64; x64) AppleWebKit/537.36 (KHTML, like Gecko) Chrome/90.0.4430.85 Safari/537.36"
107.151.222.60 - - [06/May/2025:10:55:23 -0400] "GET /wp-content/uploads/2025/04/ HTTP/1.1" 200 695 "binance.com" "Mozilla/5.0 (Windows NT 10.0; Win64; x64) AppleWebKit/537.36 (KHTML, like Gecko) Chrome/90.0.4430.85 Safari/537.36"
107.151.222.60 - - [06/May/2025:10:55:25 -0400] "GET /wp-content/uploads/ HTTP/1.1" 200 794 "binance.com" "Mozilla/5.0 (Windows NT 10.0; Win64; x64) AppleWebKit/537.36 (KHTML, like Gecko) Chrome/90.0.4430.85 Safari/537.36"
107.151.222.60 - - [06/May/2025:10:55:28 -0400] "GET /wp-content/upgrade/ HTTP/1.1" 200 686 "binance.com" "Mozilla/5.0 (Windows NT 10.0; Win64; x64) AppleWebKit/537.36 (KHTML, like Gecko) Chrome/90.0.4430.85 Safari/537.36"
107.151.222.60 - - [06/May/2025:10:55:32 -0400] "GET /wp-content/languages/ HTTP/1.1" 200 0 "binance.com" "Mozilla/5.0 (Windows NT 10.0; Win64; x64) AppleWebKit/537.36 (KHTML, like Gecko) Chrome/90.0.4430.85 Safari/537.36"
107.151.222.60 - - [06/May/2025:10:55:35 -0400] "GET /wp-admin/includes/ HTTP/1.1" 200 4714 "binance.com" "Mozilla/5.0 (Windows NT 10.0; Win64; x64) AppleWebKit/537.36 (KHTML, like Gecko) Chrome/90.0.4430.85 Safari/537.36"
107.151.222.60 - - [06/May/2025:10:55:38 -0400] "GET /wp-admin/includes/ HTTP/1.1" 200 4714 "binance.com" "Mozilla/5.0 (Windows NT 10.0; Win64; x64) AppleWebKit/537.36 (KHTML, like Gecko) Chrome/90.0.4430.85 Safari/537.36"
107.151.222.60 - - [06/May/2025:10:55:40 -0400] "GET /wp-admin/maint/ HTTP/1.1" 200 776 "binance.com" "Mozilla/5.0 (Windows NT 10.0; Win64; x64) AppleWebKit/537.36 (KHTML, like Gecko) Chrome/90.0.4430.85 Safari/537.36"
107.151.222.60 - - [06/May/2025:10:55:43 -0400] "GET /wp-admin/maint/ HTTP/1.1" 200 776 "binance.com" "Mozilla/5.0 (Windows NT 10.0; Win64; x64) AppleWebKit/537.36 (KHTML, like Gecko) Chrome/90.0.4430.85 Safari/537.36"
199.188.205.55 - - [06/May/2025:10:55:48 -0400] "POST /wp-cron.php?doing_wp_cron=1746543347.9439330101013183593750 HTTP/1.1" 200 0 "-" "WordPress/6.8.1; https://youngsstupa.com"
107.151.222.60 - - [06/May/2025:10:55:46 -0400] "GET /wp-admin/network/ HTTP/1.1" 302 0 "binance.com" "Mozilla/5.0 (Windows NT 10.0; Win64; x64) AppleWebKit/537.36 (KHTML, like Gecko) Chrome/90.0.4430.85 Safari/537.36"
107.151.222.60 - - [06/May/2025:10:55:48 -0400] "GET /wp-login.php?redirect_to=https%3A%2F%2Fyoungsstupa.com%2Fwp-admin%2Fnetwork%2F&reauth=1 HTTP/1.1" 200 1965 "binance.com" "Mozilla/5.0 (Windows NT 10.0; Win64; x64) AppleWebKit/537.36 (KHTML, like Gecko) Chrome/90.0.4430.85 Safari/537.36"
199.188.205.55 - - [06/May/2025:10:55:48 -0400] "POST /wp-admin/admin-ajax.php?action=async_litespeed&nonce=hiaOiT081L0U7gEzkWUx4BdBwhUwY6Iv&litespeed_type=imgoptm HTTP/1.1" 200 21 "-" "WordPress/6.8.1; https://youngsstupa.com"
107.151.222.60 - - [06/May/2025:10:55:52 -0400] "GET /wp-admin/css/ HTTP/1.1" 200 3714 "binance.com" "Mozilla/5.0 (Windows NT 10.0; Win64; x64) AppleWebKit/537.36 (KHTML, like Gecko) Chrome/90.0.4430.85 Safari/537.36"
107.151.222.60 - - [06/May/2025:10:55:55 -0400] "GET /wp-admin/css/colors/ HTTP/1.1" 200 1336 "binance.com" "Mozilla/5.0 (Windows NT 10.0; Win64; x64) AppleWebKit/537.36 (KHTML, like Gecko) Chrome/90.0.4430.85 Safari/537.36"
107.151.222.60 - - [06/May/2025:10:55:57 -0400] "GET /wp-admin/css/colors/blue/ HTTP/1.1" 200 914 "binance.com" "Mozilla/5.0 (Windows NT 10.0; Win64; x64) AppleWebKit/537.36 (KHTML, like Gecko) Chrome/90.0.4430.85 Safari/537.36"
107.151.222.60 - - [06/May/2025:10:55:59 -0400] "GET /wp-admin/css/colors/coffee/ HTTP/1.1" 200 911 "binance.com" "Mozilla/5.0 (Windows NT 10.0; Win64; x64) AppleWebKit/537.36 (KHTML, like Gecko) Chrome/90.0.4430.85 Safari/537.36"
107.151.222.60 - - [06/May/2025:10:56:01 -0400] "GET /wp-admin/css/colors/ectoplasm/ HTTP/1.1" 200 919 "binance.com" "Mozilla/5.0 (Windows NT 10.0; Win64; x64) AppleWebKit/537.36 (KHTML, like Gecko) Chrome/90.0.4430.85 Safari/537.36"
107.151.222.60 - - [06/May/2025:10:56:03 -0400] "GET /wp-admin/css/colors/light/ HTTP/1.1" 200 915 "binance.com" "Mozilla/5.0 (Windows NT 10.0; Win64; x64) AppleWebKit/537.36 (KHTML, like Gecko) Chrome/90.0.4430.85 Safari/537.36"
107.151.222.60 - - [06/May/2025:10:56:05 -0400] "GET /wp-admin/css/colors/midnight/ HTTP/1.1" 200 918 "binance.com" "Mozilla/5.0 (Windows NT 10.0; Win64; x64) AppleWebKit/537.36 (KHTML, like Gecko) Chrome/90.0.4430.85 Safari/537.36"
107.151.222.60 - - [06/May/2025:10:56:06 -0400] "GET /wp-admin/css/colors/modern/ HTTP/1.1" 200 896 "binance.com" "Mozilla/5.0 (Windows NT 10.0; Win64; x64) AppleWebKit/537.36 (KHTML, like Gecko) Chrome/90.0.4430.85 Safari/537.36"
107.151.222.60 - - [06/May/2025:10:56:08 -0400] "GET /wp-admin/css/colors/ocean/ HTTP/1.1" 200 915 "binance.com" "Mozilla/5.0 (Windows NT 10.0; Win64; x64) AppleWebKit/537.36 (KHTML, like Gecko) Chrome/90.0.4430.85 Safari/537.36"
107.151.222.60 - - [06/May/2025:10:56:11 -0400] "GET /wp-admin/css/colors/sunrise/%20 HTTP/1.1" 302 0 "binance.com" "Mozilla/5.0 (Windows NT 10.0; Win64; x64) AppleWebKit/537.36 (KHTML, like Gecko) Chrome/90.0.4430.85 Safari/537.36"
107.151.222.60 - - [06/May/2025:10:56:11 -0400] "GET /wp-login.php?redirect_to=https%3A%2F%2Fyoungsstupa.com%2Fwp-admin%2Fcss%2Fcolors%2Fsunrise%2F%2520&reauth=1 HTTP/1.1" 200 1979 "binance.com" "Mozilla/5.0 (Windows NT 10.0; Win64; x64) AppleWebKit/537.36 (KHTML, like Gecko) Chrome/90.0.4430.85 Safari/537.36"
107.151.222.60 - - [06/May/2025:10:56:16 -0400] "GET /wp-admin/images/ HTTP/1.1" 200 3374 "binance.com" "Mozilla/5.0 (Windows NT 10.0; Win64; x64) AppleWebKit/537.36 (KHTML, like Gecko) Chrome/90.0.4430.85 Safari/537.36"
107.151.222.60 - - [06/May/2025:10:56:19 -0400] "GET /wp-admin/js/ HTTP/1.1" 200 4058 "binance.com" "Mozilla/5.0 (Windows NT 10.0; Win64; x64) AppleWebKit/537.36 (KHTML, like Gecko) Chrome/90.0.4430.85 Safari/537.36"
107.151.222.60 - - [06/May/2025:10:56:21 -0400] "GET /wp-admin/js/widgets/ HTTP/1.1" 200 1507 "binance.com" "Mozilla/5.0 (Windows NT 10.0; Win64; x64) AppleWebKit/537.36 (KHTML, like Gecko) Chrome/90.0.4430.85 Safari/537.36"
107.151.222.60 - - [06/May/2025:10:56:23 -0400] "GET /wp-includes/ HTTP/1.1" 200 10069 "binance.com" "Mozilla/5.0 (Windows NT 10.0; Win64; x64) AppleWebKit/537.36 (KHTML, like Gecko) Chrome/90.0.4430.85 Safari/537.36"
107.151.222.60 - - [06/May/2025:10:56:27 -0400] "GET /wp-includes/ HTTP/1.1" 200 10069 "binance.com" "Mozilla/5.0 (Windows NT 10.0; Win64; x64) AppleWebKit/537.36 (KHTML, like Gecko) Chrome/90.0.4430.85 Safari/537.36"
107.151.222.60 - - [06/May/2025:10:56:30 -0400] "GET /wp-includes/block-bindings.php HTTP/1.1" 200 0 "binance.com" "Mozilla/5.0 (Windows NT 10.0; Win64; x64) AppleWebKit/537.36 (KHTML, like Gecko) Chrome/90.0.4430.85 Safari/537.36"
107.151.222.60 - - [06/May/2025:10:56:33 -0400] "GET /wp-includes/block-editor.php HTTP/1.1" 200 0 "binance.com" "Mozilla/5.0 (Windows NT 10.0; Win64; x64) AppleWebKit/537.36 (KHTML, like Gecko) Chrome/90.0.4430.85 Safari/537.36"
107.151.222.60 - - [06/May/2025:10:56:35 -0400] "GET /wp-includes/block-template-utils.php HTTP/1.1" 200 0 "binance.com" "Mozilla/5.0 (Windows NT 10.0; Win64; x64) AppleWebKit/537.36 (KHTML, like Gecko) Chrome/90.0.4430.85 Safari/537.36"
107.151.222.60 - - [06/May/2025:10:56:37 -0400] "GET /wp-includes/block-template.php HTTP/1.1" 200 0 "binance.com" "Mozilla/5.0 (Windows NT 10.0; Win64; x64) AppleWebKit/537.36 (KHTML, like Gecko) Chrome/90.0.4430.85 Safari/537.36"
107.151.222.60 - - [06/May/2025:10:56:39 -0400] "GET /wp-includes/class-avif-info.php HTTP/1.1" 200 0 "binance.com" "Mozilla/5.0 (Windows NT 10.0; Win64; x64) AppleWebKit/537.36 (KHTML, like Gecko) Chrome/90.0.4430.85 Safari/537.36"
107.151.222.60 - - [06/May/2025:10:56:41 -0400] "GET /wp-includes/class-wp-block-bindings-registry.php HTTP/1.1" 200 0 "binance.com" "Mozilla/5.0 (Windows NT 10.0; Win64; x64) AppleWebKit/537.36 (KHTML, like Gecko) Chrome/90.0.4430.85 Safari/537.36"
107.151.222.60 - - [06/May/2025:10:56:42 -0400] "GET /wp-includes/class-wp-block-bindings-source.php HTTP/1.1" 200 0 "binance.com" "Mozilla/5.0 (Windows NT 10.0; Win64; x64) AppleWebKit/537.36 (KHTML, like Gecko) Chrome/90.0.4430.85 Safari/537.36"
107.151.222.60 - - [06/May/2025:10:56:44 -0400] "GET /wp-includes/class-wp-block-editor-context.php HTTP/1.1" 200 0 "binance.com" "Mozilla/5.0 (Windows NT 10.0; Win64; x64) AppleWebKit/537.36 (KHTML, like Gecko) Chrome/90.0.4430.85 Safari/537.36"
107.151.222.60 - - [06/May/2025:10:56:46 -0400] "GET /wp-includes/class-wp-block-metadata-registry.php HTTP/1.1" 200 0 "binance.com" "Mozilla/5.0 (Windows NT 10.0; Win64; x64) AppleWebKit/537.36 (KHTML, like Gecko) Chrome/90.0.4430.85 Safari/537.36"
107.151.222.60 - - [06/May/2025:10:56:48 -0400] "GET /wp-includes/class-wp-block-parser-block.php HTTP/1.1" 200 0 "binance.com" "Mozilla/5.0 (Windows NT 10.0; Win64; x64) AppleWebKit/537.36 (KHTML, like Gecko) Chrome/90.0.4430.85 Safari/537.36"
107.151.222.60 - - [06/May/2025:10:56:49 -0400] "GET /wp-includes/class-wp-block-parser-frame.php HTTP/1.1" 200 0 "binance.com" "Mozilla/5.0 (Windows NT 10.0; Win64; x64) AppleWebKit/537.36 (KHTML, like Gecko) Chrome/90.0.4430.85 Safari/537.36"
107.151.222.60 - - [06/May/2025:10:56:52 -0400] "GET /wp-includes/class-wp-block-template.php HTTP/1.1" 200 0 "binance.com" "Mozilla/5.0 (Windows NT 10.0; Win64; x64) AppleWebKit/537.36 (KHTML, like Gecko) Chrome/90.0.4430.85 Safari/537.36"
107.151.222.60 - - [06/May/2025:10:56:53 -0400] "GET /wp-includes/class-wp-block-templates-registry.php HTTP/1.1" 200 0 "binance.com" "Mozilla/5.0 (Windows NT 10.0; Win64; x64) AppleWebKit/537.36 (KHTML, like Gecko) Chrome/90.0.4430.85 Safari/537.36"
107.151.222.60 - - [06/May/2025:10:56:55 -0400] "GET /wp-includes/class-wp-classic-to-block-menu-converter.php HTTP/1.1" 200 0 "binance.com" "Mozilla/5.0 (Windows NT 10.0; Win64; x64) AppleWebKit/537.36 (KHTML, like Gecko) Chrome/90.0.4430.85 Safari/537.36"
107.151.222.60 - - [06/May/2025:10:56:57 -0400] "GET /wp-includes/class-wp-dependencies.php HTTP/1.1" 200 0 "binance.com" "Mozilla/5.0 (Windows NT 10.0; Win64; x64) AppleWebKit/537.36 (KHTML, like Gecko) Chrome/90.0.4430.85 Safari/537.36"
107.151.222.60 - - [06/May/2025:10:57:00 -0400] "GET /wp-includes/class-wp-duotone.php HTTP/1.1" 200 0 "binance.com" "Mozilla/5.0 (Windows NT 10.0; Win64; x64) AppleWebKit/537.36 (KHTML, like Gecko) Chrome/90.0.4430.85 Safari/537.36"
107.151.222.60 - - [06/May/2025:10:57:02 -0400] "GET /wp-includes/class-wp-exception.php HTTP/1.1" 200 0 "binance.com" "Mozilla/5.0 (Windows NT 10.0; Win64; x64) AppleWebKit/537.36 (KHTML, like Gecko) Chrome/90.0.4430.85 Safari/537.36"
107.151.222.60 - - [06/May/2025:10:57:05 -0400] "GET /wp-includes/class-wp-http.php HTTP/1.1" 200 22 "binance.com" "Mozilla/5.0 (Windows NT 10.0; Win64; x64) AppleWebKit/537.36 (KHTML, like Gecko) Chrome/90.0.4430.85 Safari/537.36"
107.151.222.60 - - [06/May/2025:10:57:08 -0400] "GET /wp-includes/class-wp-navigation-fallback.php HTTP/1.1" 200 0 "binance.com" "Mozilla/5.0 (Windows NT 10.0; Win64; x64) AppleWebKit/537.36 (KHTML, like Gecko) Chrome/90.0.4430.85 Safari/537.36"
107.151.222.60 - - [06/May/2025:10:57:10 -0400] "GET /wp-includes/class-wp-phpmailer.php HTTP/1.1" 500 0 "binance.com" "Mozilla/5.0 (Windows NT 10.0; Win64; x64) AppleWebKit/537.36 (KHTML, like Gecko) Chrome/90.0.4430.85 Safari/537.36"
107.151.222.60 - - [06/May/2025:10:57:12 -0400] "GET /wp-includes/class-wp-plugin-dependencies.php HTTP/1.1" 200 0 "binance.com" "Mozilla/5.0 (Windows NT 10.0; Win64; x64) AppleWebKit/537.36 (KHTML, like Gecko) Chrome/90.0.4430.85 Safari/537.36"
107.151.222.60 - - [06/May/2025:10:57:15 -0400] "GET /wp-includes/class-wp-script-modules.php HTTP/1.1" 200 0 "binance.com" "Mozilla/5.0 (Windows NT 10.0; Win64; x64) AppleWebKit/537.36 (KHTML, like Gecko) Chrome/90.0.4430.85 Safari/537.36"
107.151.222.60 - - [06/May/2025:10:57:19 -0400] "GET /wp-includes/class-wp-scripts.php HTTP/1.1" 500 0 "binance.com" "Mozilla/5.0 (Windows NT 10.0; Win64; x64) AppleWebKit/537.36 (KHTML, like Gecko) Chrome/90.0.4430.85 Safari/537.36"
107.151.222.60 - - [06/May/2025:10:57:22 -0400] "GET /wp-includes/class-wp-speculation-rules.php HTTP/1.1" 200 0 "binance.com" "Mozilla/5.0 (Windows NT 10.0; Win64; x64) AppleWebKit/537.36 (KHTML, like Gecko) Chrome/90.0.4430.85 Safari/537.36"
107.151.222.60 - - [06/May/2025:10:57:26 -0400] "GET /wp-includes/class-wp-styles.php HTTP/1.1" 500 0 "binance.com" "Mozilla/5.0 (Windows NT 10.0; Win64; x64) AppleWebKit/537.36 (KHTML, like Gecko) Chrome/90.0.4430.85 Safari/537.36"
199.188.205.55 - - [06/May/2025:10:57:27 -0400] "POST /wp-cron.php?doing_wp_cron=1746543447.2673659324645996093750 HTTP/1.1" 200 0 "-" "WordPress/6.8.1; https://youngsstupa.com"
107.151.222.60 - - [06/May/2025:10:57:29 -0400] "GET /wp-includes/class-wp-textdomain-registry.php HTTP/1.1" 200 0 "binance.com" "Mozilla/5.0 (Windows NT 10.0; Win64; x64) AppleWebKit/537.36 (KHTML, like Gecko) Chrome/90.0.4430.85 Safari/537.36"
199.188.205.55 - - [06/May/2025:10:57:30 -0400] "POST /wp-admin/admin-ajax.php?action=async_litespeed&nonce=hbPhGqa4RjRrjuSqtQJVN9zifRUNl1K1&litespeed_type=imgoptm HTTP/1.1" 200 0 "-" "WordPress/6.8.1; https://youngsstupa.com"
107.151.222.60 - - [06/May/2025:10:57:33 -0400] "GET /wp-includes/class-wp-theme-json-data.php HTTP/1.1" 200 0 "binance.com" "Mozilla/5.0 (Windows NT 10.0; Win64; x64) AppleWebKit/537.36 (KHTML, like Gecko) Chrome/90.0.4430.85 Safari/537.36"
107.151.222.60 - - [06/May/2025:10:57:38 -0400] "GET /wp-includes/class-wp-theme-json-resolver.php HTTP/1.1" 200 0 "binance.com" "Mozilla/5.0 (Windows NT 10.0; Win64; x64) AppleWebKit/537.36 (KHTML, like Gecko) Chrome/90.0.4430.85 Safari/537.36"
107.151.222.60 - - [06/May/2025:10:57:41 -0400] "GET /wp-includes/class-wp-theme-json-schema.php HTTP/1.1" 200 0 "binance.com" "Mozilla/5.0 (Windows NT 10.0; Win64; x64) AppleWebKit/537.36 (KHTML, like Gecko) Chrome/90.0.4430.85 Safari/537.36"
107.151.222.60 - - [06/May/2025:10:57:48 -0400] "GET /wp-includes/class-wp-theme-json.php HTTP/1.1" 200 0 "binance.com" "Mozilla/5.0 (Windows NT 10.0; Win64; x64) AppleWebKit/537.36 (KHTML, like Gecko) Chrome/90.0.4430.85 Safari/537.36"
132.232.144.200 - - [06/May/2025:10:57:21 -0400] "GET / HTTP/1.1" 200 0 "http://youngsstupa.com" "Mozilla/5.0 (iPhone; CPU iPhone OS 13_2_3 like Mac OS X) AppleWebKit/605.1.15 (KHTML, like Gecko) Version/13.0.3 Mobile/15E148 Safari/604.1"
107.151.222.60 - - [06/May/2025:10:57:55 -0400] "GET /wp-includes/class-wp-token-map.php HTTP/1.1" 200 0 "binance.com" "Mozilla/5.0 (Windows NT 10.0; Win64; x64) AppleWebKit/537.36 (KHTML, like Gecko) Chrome/90.0.4430.85 Safari/537.36"
107.151.222.60 - - [06/May/2025:10:57:58 -0400] "GET /wp-includes/class-wp-url-pattern-prefixer.php HTTP/1.1" 200 0 "binance.com" "Mozilla/5.0 (Windows NT 10.0; Win64; x64) AppleWebKit/537.36 (KHTML, like Gecko) Chrome/90.0.4430.85 Safari/537.36"
107.151.222.60 - - [06/May/2025:10:58:00 -0400] "GET /wp-includes/class-wpdb.php HTTP/1.1" 200 0 "binance.com" "Mozilla/5.0 (Windows NT 10.0; Win64; x64) AppleWebKit/537.36 (KHTML, like Gecko) Chrome/90.0.4430.85 Safari/537.36"
107.151.222.60 - - [06/May/2025:10:58:02 -0400] "GET /wp-includes/fonts.php HTTP/1.1" 200 0 "binance.com" "Mozilla/5.0 (Windows NT 10.0; Win64; x64) AppleWebKit/537.36 (KHTML, like Gecko) Chrome/90.0.4430.85 Safari/537.36"
107.151.222.60 - - [06/May/2025:10:58:10 -0400] "GET /wp-includes/global-styles-and-settings.php HTTP/1.1" 200 0 "binance.com" "Mozilla/5.0 (Windows NT 10.0; Win64; x64) AppleWebKit/537.36 (KHTML, like Gecko) Chrome/90.0.4430.85 Safari/537.36"
107.151.222.60 - - [06/May/2025:10:58:12 -0400] "GET /wp-includes/https-detection.php HTTP/1.1" 200 0 "binance.com" "Mozilla/5.0 (Windows NT 10.0; Win64; x64) AppleWebKit/537.36 (KHTML, like Gecko) Chrome/90.0.4430.85 Safari/537.36"
107.151.222.60 - - [06/May/2025:10:58:15 -0400] "GET /wp-includes/https-migration.php HTTP/1.1" 200 0 "binance.com" "Mozilla/5.0 (Windows NT 10.0; Win64; x64) AppleWebKit/537.36 (KHTML, like Gecko) Chrome/90.0.4430.85 Safari/537.36"
107.151.222.60 - - [06/May/2025:10:58:18 -0400] "GET /wp-includes/robots-template.php HTTP/1.1" 200 0 "binance.com" "Mozilla/5.0 (Windows NT 10.0; Win64; x64) AppleWebKit/537.36 (KHTML, like Gecko) Chrome/90.0.4430.85 Safari/537.36"
107.151.222.60 - - [06/May/2025:10:58:22 -0400] "GET /wp-includes/script-modules.php HTTP/1.1" 200 0 "binance.com" "Mozilla/5.0 (Windows NT 10.0; Win64; x64) AppleWebKit/537.36 (KHTML, like Gecko) Chrome/90.0.4430.85 Safari/537.36"
107.151.222.60 - - [06/May/2025:10:58:29 -0400] "GET /wp-includes/speculative-loading.php HTTP/1.1" 200 0 "binance.com" "Mozilla/5.0 (Windows NT 10.0; Win64; x64) AppleWebKit/537.36 (KHTML, like Gecko) Chrome/90.0.4430.85 Safari/537.36"
107.151.222.60 - - [06/May/2025:10:58:32 -0400] "GET /wp-includes/style-engine.php HTTP/1.1" 200 0 "binance.com" "Mozilla/5.0 (Windows NT 10.0; Win64; x64) AppleWebKit/537.36 (KHTML, like Gecko) Chrome/90.0.4430.85 Safari/537.36"
107.151.222.60 - - [06/May/2025:10:58:36 -0400] "GET /wp-includes/template-canvas.php HTTP/1.1" 500 0 "binance.com" "Mozilla/5.0 (Windows NT 10.0; Win64; x64) AppleWebKit/537.36 (KHTML, like Gecko) Chrome/90.0.4430.85 Safari/537.36"
107.151.222.60 - - [06/May/2025:10:58:37 -0400] "GET /wp-includes/theme-previews.php HTTP/1.1" 200 0 "binance.com" "Mozilla/5.0 (Windows NT 10.0; Win64; x64) AppleWebKit/537.36 (KHTML, like Gecko) Chrome/90.0.4430.85 Safari/537.36"
107.151.222.60 - - [06/May/2025:10:58:46 -0400] "GET /wp-includes/theme-templates.php HTTP/1.1" 200 0 "binance.com" "Mozilla/5.0 (Windows NT 10.0; Win64; x64) AppleWebKit/537.36 (KHTML, like Gecko) Chrome/90.0.4430.85 Safari/537.36"
107.151.222.60 - - [06/May/2025:10:58:48 -0400] "GET /wp-includes/wp-blog-header.php HTTP/1.1" 200 0 "binance.com" "Mozilla/5.0 (Windows NT 10.0; Win64; x64) AppleWebKit/537.36 (KHTML, like Gecko) Chrome/90.0.4430.85 Safari/537.36"
107.151.222.60 - - [06/May/2025:10:58:50 -0400] "GET /wp-includes/wp-cron.php HTTP/1.1" 200 0 "binance.com" "Mozilla/5.0 (Windows NT 10.0; Win64; x64) AppleWebKit/537.36 (KHTML, like Gecko) Chrome/90.0.4430.85 Safari/537.36"
107.151.222.60 - - [06/May/2025:10:58:54 -0400] "GET /wp-includes/ID3/ HTTP/1.1" 200 1646 "binance.com" "Mozilla/5.0 (Windows NT 10.0; Win64; x64) AppleWebKit/537.36 (KHTML, like Gecko) Chrome/90.0.4430.85 Safari/537.36"
107.151.222.60 - - [06/May/2025:10:58:57 -0400] "GET /wp-includes/ID3/ HTTP/1.1" 200 1646 "binance.com" "Mozilla/5.0 (Windows NT 10.0; Win64; x64) AppleWebKit/537.36 (KHTML, like Gecko) Chrome/90.0.4430.85 Safari/537.36"
107.151.222.60 - - [06/May/2025:10:58:59 -0400] "GET /wp-includes/IXR/ HTTP/1.1" 200 1435 "binance.com" "Mozilla/5.0 (Windows NT 10.0; Win64; x64) AppleWebKit/537.36 (KHTML, like Gecko) Chrome/90.0.4430.85 Safari/537.36"
107.151.222.60 - - [06/May/2025:10:59:02 -0400] "GET /wp-includes/IXR/ HTTP/1.1" 200 1435 "binance.com" "Mozilla/5.0 (Windows NT 10.0; Win64; x64) AppleWebKit/537.36 (KHTML, like Gecko) Chrome/90.0.4430.85 Safari/537.36"
107.151.222.60 - - [06/May/2025:10:59:05 -0400] "GET /wp-includes/PHPMailer/ HTTP/1.1" 200 877 "binance.com" "Mozilla/5.0 (Windows NT 10.0; Win64; x64) AppleWebKit/537.36 (KHTML, like Gecko) Chrome/90.0.4430.85 Safari/537.36"
107.151.222.60 - - [06/May/2025:10:59:07 -0400] "GET /wp-includes/PHPMailer/ HTTP/1.1" 200 877 "binance.com" "Mozilla/5.0 (Windows NT 10.0; Win64; x64) AppleWebKit/537.36 (KHTML, like Gecko) Chrome/90.0.4430.85 Safari/537.36"
107.151.222.60 - - [06/May/2025:10:59:09 -0400] "GET /wp-includes/Text/ HTTP/1.1" 200 871 "binance.com" "Mozilla/5.0 (Windows NT 10.0; Win64; x64) AppleWebKit/537.36 (KHTML, like Gecko) Chrome/90.0.4430.85 Safari/537.36"
107.151.222.60 - - [06/May/2025:10:59:12 -0400] "GET /wp-includes/Text/ HTTP/1.1" 200 871 "binance.com" "Mozilla/5.0 (Windows NT 10.0; Win64; x64) AppleWebKit/537.36 (KHTML, like Gecko) Chrome/90.0.4430.85 Safari/537.36"
107.151.222.60 - - [06/May/2025:10:59:13 -0400] "GET /wp-includes/Text/Diff/ HTTP/1.1" 200 871 "binance.com" "Mozilla/5.0 (Windows NT 10.0; Win64; x64) AppleWebKit/537.36 (KHTML, like Gecko) Chrome/90.0.4430.85 Safari/537.36"
107.151.222.60 - - [06/May/2025:10:59:16 -0400] "GET /wp-includes/Text/Diff/ HTTP/1.1" 200 871 "binance.com" "Mozilla/5.0 (Windows NT 10.0; Win64; x64) AppleWebKit/537.36 (KHTML, like Gecko) Chrome/90.0.4430.85 Safari/537.36"
107.151.222.60 - - [06/May/2025:10:59:19 -0400] "GET /wp-includes/Text/Diff/Engine/ HTTP/1.1" 200 888 "binance.com" "Mozilla/5.0 (Windows NT 10.0; Win64; x64) AppleWebKit/537.36 (KHTML, like Gecko) Chrome/90.0.4430.85 Safari/537.36"
107.151.222.60 - - [06/May/2025:10:59:23 -0400] "GET /wp-includes/Text/Diff/Engine/ HTTP/1.1" 200 888 "binance.com" "Mozilla/5.0 (Windows NT 10.0; Win64; x64) AppleWebKit/537.36 (KHTML, like Gecko) Chrome/90.0.4430.85 Safari/537.36"
107.151.222.60 - - [06/May/2025:10:59:25 -0400] "GET /wp-includes/Text/Diff/Renderer/ HTTP/1.1" 200 790 "binance.com" "Mozilla/5.0 (Windows NT 10.0; Win64; x64) AppleWebKit/537.36 (KHTML, like Gecko) Chrome/90.0.4430.85 Safari/537.36"
107.151.222.60 - - [06/May/2025:10:59:28 -0400] "GET /wp-includes/Text/Diff/Renderer/ HTTP/1.1" 200 790 "binance.com" "Mozilla/5.0 (Windows NT 10.0; Win64; x64) AppleWebKit/537.36 (KHTML, like Gecko) Chrome/90.0.4430.85 Safari/537.36"
107.151.222.60 - - [06/May/2025:10:59:31 -0400] "GET /wp-includes/blocks/ HTTP/1.1" 200 22 "binance.com" "Mozilla/5.0 (Windows NT 10.0; Win64; x64) AppleWebKit/537.36 (KHTML, like Gecko) Chrome/90.0.4430.85 Safari/537.36"
107.151.222.60 - - [06/May/2025:10:59:34 -0400] "GET /wp-includes/pomo/ HTTP/1.1" 200 1310 "binance.com" "Mozilla/5.0 (Windows NT 10.0; Win64; x64) AppleWebKit/537.36 (KHTML, like Gecko) Chrome/90.0.4430.85 Safari/537.36"
107.151.222.60 - - [06/May/2025:10:59:36 -0400] "GET /wp-includes/pomo/ HTTP/1.1" 200 1310 "binance.com" "Mozilla/5.0 (Windows NT 10.0; Win64; x64) AppleWebKit/537.36 (KHTML, like Gecko) Chrome/90.0.4430.85 Safari/537.36"
107.151.222.60 - - [06/May/2025:10:59:40 -0400] "GET /wp-includes/sitemaps/ HTTP/1.1" 200 1365 "binance.com" "Mozilla/5.0 (Windows NT 10.0; Win64; x64) AppleWebKit/537.36 (KHTML, like Gecko) Chrome/90.0.4430.85 Safari/537.36"
107.151.222.60 - - [06/May/2025:10:59:43 -0400] "GET /wp-includes/sitemaps/ HTTP/1.1" 200 1365 "binance.com" "Mozilla/5.0 (Windows NT 10.0; Win64; x64) AppleWebKit/537.36 (KHTML, like Gecko) Chrome/90.0.4430.85 Safari/537.36"
107.151.222.60 - - [06/May/2025:10:59:47 -0400] "GET /wp-includes/sitemaps/providers/ HTTP/1.1" 200 902 "binance.com" "Mozilla/5.0 (Windows NT 10.0; Win64; x64) AppleWebKit/537.36 (KHTML, like Gecko) Chrome/90.0.4430.85 Safari/537.36"
107.151.222.60 - - [06/May/2025:10:59:51 -0400] "GET /wp-includes/sitemaps/providers/ HTTP/1.1" 200 902 "binance.com" "Mozilla/5.0 (Windows NT 10.0; Win64; x64) AppleWebKit/537.36 (KHTML, like Gecko) Chrome/90.0.4430.85 Safari/537.36"
107.151.222.60 - - [06/May/2025:10:59:57 -0400] "GET /wp-includes/widgets/ HTTP/1.1" 200 1825 "binance.com" "Mozilla/5.0 (Windows NT 10.0; Win64; x64) AppleWebKit/537.36 (KHTML, like Gecko) Chrome/90.0.4430.85 Safari/537.36"
107.151.222.60 - - [06/May/2025:11:00:03 -0400] "GET /wp-includes/widgets/ HTTP/1.1" 200 1825 "binance.com" "Mozilla/5.0 (Windows NT 10.0; Win64; x64) AppleWebKit/537.36 (KHTML, like Gecko) Chrome/90.0.4430.85 Safari/537.36"
107.151.222.60 - - [06/May/2025:11:00:06 -0400] "GET /wp-includes/widgets/class-wp-widget-block.php HTTP/1.1" 500 0 "binance.com" "Mozilla/5.0 (Windows NT 10.0; Win64; x64) AppleWebKit/537.36 (KHTML, like Gecko) Chrome/90.0.4430.85 Safari/537.36"
107.151.222.60 - - [06/May/2025:11:00:13 -0400] "GET /wp-includes/css/ HTTP/1.1" 200 2414 "binance.com" "Mozilla/5.0 (Windows NT 10.0; Win64; x64) AppleWebKit/537.36 (KHTML, like Gecko) Chrome/90.0.4430.85 Safari/537.36"
107.151.222.60 - - [06/May/2025:11:00:19 -0400] "GET /wp-includes/css/dist/ HTTP/1.1" 200 1398 "binance.com" "Mozilla/5.0 (Windows NT 10.0; Win64; x64) AppleWebKit/537.36 (KHTML, like Gecko) Chrome/90.0.4430.85 Safari/537.36"
107.151.222.60 - - [06/May/2025:11:00:25 -0400] "GET /wp-includes/fonts/ HTTP/1.1" 200 1477 "binance.com" "Mozilla/5.0 (Windows NT 10.0; Win64; x64) AppleWebKit/537.36 (KHTML, like Gecko) Chrome/90.0.4430.85 Safari/537.36"
107.151.222.60 - - [06/May/2025:11:00:28 -0400] "GET /wp-includes/fonts/ HTTP/1.1" 200 1477 "binance.com" "Mozilla/5.0 (Windows NT 10.0; Win64; x64) AppleWebKit/537.36 (KHTML, like Gecko) Chrome/90.0.4430.85 Safari/537.36"
107.151.222.60 - - [06/May/2025:11:00:30 -0400] "GET /wp-includes/fonts/class-wp-font-collection.php HTTP/1.1" 200 0 "binance.com" "Mozilla/5.0 (Windows NT 10.0; Win64; x64) AppleWebKit/537.36 (KHTML, like Gecko) Chrome/90.0.4430.85 Safari/537.36"
107.151.222.60 - - [06/May/2025:11:00:34 -0400] "GET /wp-includes/fonts/class-wp-font-face-resolver.php HTTP/1.1" 200 0 "binance.com" "Mozilla/5.0 (Windows NT 10.0; Win64; x64) AppleWebKit/537.36 (KHTML, like Gecko) Chrome/90.0.4430.85 Safari/537.36"
107.151.222.60 - - [06/May/2025:11:00:37 -0400] "GET /wp-includes/fonts/class-wp-font-face.php HTTP/1.1" 200 0 "binance.com" "Mozilla/5.0 (Windows NT 10.0; Win64; x64) AppleWebKit/537.36 (KHTML, like Gecko) Chrome/90.0.4430.85 Safari/537.36"
107.151.222.60 - - [06/May/2025:11:00:41 -0400] "GET /wp-includes/fonts/class-wp-font-library.php HTTP/1.1" 200 0 "binance.com" "Mozilla/5.0 (Windows NT 10.0; Win64; x64) AppleWebKit/537.36 (KHTML, like Gecko) Chrome/90.0.4430.85 Safari/537.36"
107.151.222.60 - - [06/May/2025:11:00:43 -0400] "GET /wp-includes/fonts/class-wp-font-utils.php HTTP/1.1" 200 0 "binance.com" "Mozilla/5.0 (Windows NT 10.0; Win64; x64) AppleWebKit/537.36 (KHTML, like Gecko) Chrome/90.0.4430.85 Safari/537.36"
107.151.222.60 - - [06/May/2025:11:00:47 -0400] "GET /wp-includes/images/ HTTP/1.1" 200 2021 "binance.com" "Mozilla/5.0 (Windows NT 10.0; Win64; x64) AppleWebKit/537.36 (KHTML, like Gecko) Chrome/90.0.4430.85 Safari/537.36"
107.151.222.60 - - [06/May/2025:11:00:51 -0400] "GET /wp-includes/images/crystal/ HTTP/1.1" 200 1423 "binance.com" "Mozilla/5.0 (Windows NT 10.0; Win64; x64) AppleWebKit/537.36 (KHTML, like Gecko) Chrome/90.0.4430.85 Safari/537.36"
107.151.222.60 - - [06/May/2025:11:00:54 -0400] "GET /wp-includes/images/media/ HTTP/1.1" 200 1510 "binance.com" "Mozilla/5.0 (Windows NT 10.0; Win64; x64) AppleWebKit/537.36 (KHTML, like Gecko) Chrome/90.0.4430.85 Safari/537.36"
107.151.222.60 - - [06/May/2025:11:00:57 -0400] "GET /wp-includes/images/smilies/ HTTP/1.1" 200 1694 "binance.com" "Mozilla/5.0 (Windows NT 10.0; Win64; x64) AppleWebKit/537.36 (KHTML, like Gecko) Chrome/90.0.4430.85 Safari/537.36"
107.151.222.60 - - [06/May/2025:11:00:58 -0400] "GET /wp-includes/images/wlw/ HTTP/1.1" 404 1251 "binance.com" "Mozilla/5.0 (Windows NT 10.0; Win64; x64) AppleWebKit/537.36 (KHTML, like Gecko) Chrome/90.0.4430.85 Safari/537.36"
107.151.222.60 - - [06/May/2025:11:01:01 -0400] "GET /wp-includes/js/%20 HTTP/1.1" 404 1251 "binance.com" "Mozilla/5.0 (Windows NT 10.0; Win64; x64) AppleWebKit/537.36 (KHTML, like Gecko) Chrome/90.0.4430.85 Safari/537.36"
107.151.222.60 - - [06/May/2025:11:01:04 -0400] "GET /wp-includes/js/codemirror/ HTTP/1.1" 200 1361 "binance.com" "Mozilla/5.0 (Windows NT 10.0; Win64; x64) AppleWebKit/537.36 (KHTML, like Gecko) Chrome/90.0.4430.85 Safari/537.36"
107.151.222.60 - - [06/May/2025:11:01:08 -0400] "GET /wp-includes/js/plupload/ HTTP/1.1" 200 1419 "binance.com" "Mozilla/5.0 (Windows NT 10.0; Win64; x64) AppleWebKit/537.36 (KHTML, like Gecko) Chrome/90.0.4430.85 Safari/537.36"
199.188.205.55 - - [06/May/2025:11:01:13 -0400] "POST /wp-cron.php?doing_wp_cron=1746543673.7031040191650390625000 HTTP/1.1" 200 0 "-" "WordPress/6.8.1; https://youngsstupa.com"
107.151.222.60 - - [06/May/2025:11:01:12 -0400] "GET /.well-known/ HTTP/1.1" 404 2024 "binance.com" "Mozilla/5.0 (Windows NT 10.0; Win64; x64) AppleWebKit/537.36 (KHTML, like Gecko) Chrome/90.0.4430.85 Safari/537.36"
199.188.205.55 - - [06/May/2025:11:01:14 -0400] "POST /wp-admin/admin-ajax.php?action=async_litespeed&nonce=CIjs8LAAF6HxafypHgfTWNZKVCy6FUI6&litespeed_type=imgoptm HTTP/1.1" 200 21 "-" "WordPress/6.8.1; https://youngsstupa.com"
199.188.205.55 - - [06/May/2025:11:48:53 -0400] "POST /wp-cron.php?doing_wp_cron=1746546533.0205891132354736328125 HTTP/1.1" 200 0 "-" "WordPress/6.8.1; https://youngsstupa.com"
47.128.62.255 - - [06/May/2025:11:48:50 -0400] "GET / HTTP/1.1" 200 1759 "-" "Mozilla/5.0 (Linux; Android 5.0) AppleWebKit/537.36 (KHTML, like Gecko) Mobile Safari/537.36 (compatible; Bytespider; spider-feedback@bytedance.com)"
47.128.62.255 - - [06/May/2025:11:48:53 -0400] "GET /wp-content/plugins/site-offline/output/assets/css/jquery.vegas.css HTTP/1.1" 200 233 "https://youngsstupa.com/" "Mozilla/5.0 (Linux; Android 5.0) AppleWebKit/537.36 (KHTML, like Gecko) Mobile Safari/537.36 (compatible; Bytespider; spider-feedback@bytedance.com)"
199.188.205.55 - - [06/May/2025:11:48:53 -0400] "POST /wp-admin/admin-ajax.php?action=async_litespeed&nonce=8afJD39imLckijk9OO92nE3AgWTJtmGH&litespeed_type=imgoptm HTTP/1.1" 200 21 "-" "WordPress/6.8.1; https://youngsstupa.com"
47.128.62.255 - - [06/May/2025:11:48:54 -0400] "GET /wp-content/plugins/site-offline/assets/css/font-awesome/css/font-awesome.min.css HTTP/1.1" 200 5118 "https://youngsstupa.com/" "Mozilla/5.0 (Linux; Android 5.0) AppleWebKit/537.36 (KHTML, like Gecko) Mobile Safari/537.36 (compatible; Bytespider; spider-feedback@bytedance.com)"
47.128.62.255 - - [06/May/2025:11:48:54 -0400] "GET /wp-content/plugins/site-offline/output/assets/css/animate.css HTTP/1.1" 200 4502 "https://youngsstupa.com/" "Mozilla/5.0 (Linux; Android 5.0) AppleWebKit/537.36 (KHTML, like Gecko) Mobile Safari/537.36 (compatible; Bytespider; spider-feedback@bytedance.com)"
47.128.62.255 - - [06/May/2025:11:48:54 -0400] "GET /wp-content/plugins/site-offline/assets/css/bootstrap.css HTTP/1.1" 200 4109 "https://youngsstupa.com/" "Mozilla/5.0 (Linux; Android 5.0) AppleWebKit/537.36 (KHTML, like Gecko) Mobile Safari/537.36 (compatible; Bytespider; spider-feedback@bytedance.com)"
47.128.62.255 - - [06/May/2025:11:48:54 -0400] "GET /wp-content/plugins/site-offline/output/assets/css/custom.css HTTP/1.1" 200 1124 "https://youngsstupa.com/" "Mozilla/5.0 (Linux; Android 5.0) AppleWebKit/537.36 (KHTML, like Gecko) Mobile Safari/537.36 (compatible; Bytespider; spider-feedback@bytedance.com)"
47.128.62.255 - - [06/May/2025:11:48:54 -0400] "GET /wp-content/plugins/site-offline/output/assets/css/media-queries.css HTTP/1.1" 200 575 "https://youngsstupa.com/" "Mozilla/5.0 (Linux; Android 5.0) AppleWebKit/537.36 (KHTML, like Gecko) Mobile Safari/537.36 (compatible; Bytespider; spider-feedback@bytedance.com)"
47.128.62.255 - - [06/May/2025:11:48:54 -0400] "GET /wp-content/plugins/site-offline/output/assets/css/style.css HTTP/1.1" 200 1356 "https://youngsstupa.com/" "Mozilla/5.0 (Linux; Android 5.0) AppleWebKit/537.36 (KHTML, like Gecko) Mobile Safari/537.36 (compatible; Bytespider; spider-feedback@bytedance.com)"
47.128.62.255 - - [06/May/2025:11:48:54 -0400] "GET /wp-content/plugins/site-offline/output/assets/css/form-elements.css HTTP/1.1" 200 427 "https://youngsstupa.com/" "Mozilla/5.0 (Linux; Android 5.0) AppleWebKit/537.36 (KHTML, like Gecko) Mobile Safari/537.36 (compatible; Bytespider; spider-feedback@bytedance.com)"
47.128.62.255 - - [06/May/2025:11:48:54 -0400] "GET /wp-content/uploads/2024/07/136491616.jpg HTTP/1.1" 206 500 "https://youngsstupa.com/" "Mozilla/5.0 (Linux; Android 5.0) AppleWebKit/537.36 (KHTML, like Gecko) Mobile Safari/537.36 (compatible; Bytespider; spider-feedback@bytedance.com)"
199.188.205.55 - - [06/May/2025:12:09:32 -0400] "POST /wp-cron.php?doing_wp_cron=1746547771.8870859146118164062500 HTTP/1.1" 200 0 "-" "WordPress/6.8.1; https://youngsstupa.com"
66.249.65.96 - - [06/May/2025:12:09:28 -0400] "GET /robots.txt HTTP/1.1" 200 1759 "-" "Mozilla/5.0 (compatible; Googlebot/2.1; +http://www.google.com/bot.html)"
199.188.205.55 - - [06/May/2025:12:09:33 -0400] "POST /wp-admin/admin-ajax.php?action=async_litespeed&nonce=INWH4VEvWXUaVDrh3B8Y9h3y5xku7XWk&litespeed_type=imgoptm HTTP/1.1" 200 0 "-" "WordPress/6.8.1; https://youngsstupa.com"
66.249.65.105 - - [06/May/2025:12:09:35 -0400] "GET / HTTP/1.1" 200 1759 "-" "Mozilla/5.0 (Linux; Android 6.0.1; Nexus 5X Build/MMB29P) AppleWebKit/537.36 (KHTML, like Gecko) Chrome/136.0.7103.59 Mobile Safari/537.36 (compatible; Googlebot/2.1; +http://www.google.com/bot.html)"
66.249.65.104 - - [06/May/2025:12:09:57 -0400] "GET /wp-content/plugins/site-offline/assets/css/bootstrap.css HTTP/1.1" 200 4109 "https://youngsstupa.com/" "Mozilla/5.0 (Linux; Android 6.0.1; Nexus 5X Build/MMB29P) AppleWebKit/537.36 (KHTML, like Gecko) Chrome/135.0.7049.114 Mobile Safari/537.36 (compatible; Googlebot/2.1; +http://www.google.com/bot.html)"
66.249.65.104 - - [06/May/2025:12:09:58 -0400] "GET /wp-content/plugins/site-offline/output/assets/css/jquery.vegas.css HTTP/1.1" 200 233 "https://youngsstupa.com/" "Mozilla/5.0 (Linux; Android 6.0.1; Nexus 5X Build/MMB29P) AppleWebKit/537.36 (KHTML, like Gecko) Chrome/135.0.7049.114 Mobile Safari/537.36 (compatible; Googlebot/2.1; +http://www.google.com/bot.html)"
66.249.65.104 - - [06/May/2025:12:09:59 -0400] "GET /wp-content/plugins/site-offline/output/assets/js/jquery.countdown.min.js HTTP/1.1" 200 2238 "https://youngsstupa.com/" "Mozilla/5.0 (Linux; Android 6.0.1; Nexus 5X Build/MMB29P) AppleWebKit/537.36 (KHTML, like Gecko) Chrome/135.0.7049.114 Mobile Safari/537.36 (compatible; Googlebot/2.1; +http://www.google.com/bot.html)"
66.249.65.104 - - [06/May/2025:12:09:59 -0400] "GET /wp-content/plugins/site-offline/output/assets/css/animate.css HTTP/1.1" 200 4502 "https://youngsstupa.com/" "Mozilla/5.0 (Linux; Android 6.0.1; Nexus 5X Build/MMB29P) AppleWebKit/537.36 (KHTML, like Gecko) Chrome/135.0.7049.114 Mobile Safari/537.36 (compatible; Googlebot/2.1; +http://www.google.com/bot.html)"
66.249.65.105 - - [06/May/2025:12:10:00 -0400] "GET /wp-content/plugins/site-offline/output/assets/js/jquery.backstretch.min.js HTTP/1.1" 200 1642 "https://youngsstupa.com/" "Mozilla/5.0 (Linux; Android 6.0.1; Nexus 5X Build/MMB29P) AppleWebKit/537.36 (KHTML, like Gecko) Chrome/135.0.7049.114 Mobile Safari/537.36 (compatible; Googlebot/2.1; +http://www.google.com/bot.html)"
66.249.65.105 - - [06/May/2025:12:10:02 -0400] "GET /wp-content/plugins/site-offline/output/assets/css/media-queries.css HTTP/1.1" 200 575 "https://youngsstupa.com/" "Mozilla/5.0 (Linux; Android 6.0.1; Nexus 5X Build/MMB29P) AppleWebKit/537.36 (KHTML, like Gecko) Chrome/135.0.7049.114 Mobile Safari/537.36 (compatible; Googlebot/2.1; +http://www.google.com/bot.html)"
66.249.65.96 - - [06/May/2025:12:10:03 -0400] "GET /wp-content/plugins/site-offline/output/assets/js/retina-1.1.0.min.js HTTP/1.1" 200 1069 "https://youngsstupa.com/" "Mozilla/5.0 (Linux; Android 6.0.1; Nexus 5X Build/MMB29P) AppleWebKit/537.36 (KHTML, like Gecko) Chrome/135.0.7049.114 Mobile Safari/537.36 (compatible; Googlebot/2.1; +http://www.google.com/bot.html)"
66.249.65.104 - - [06/May/2025:12:10:03 -0400] "GET /wp-content/plugins/site-offline/output/assets/css/style.css HTTP/1.1" 200 1356 "https://youngsstupa.com/" "Mozilla/5.0 (Linux; Android 6.0.1; Nexus 5X Build/MMB29P) AppleWebKit/537.36 (KHTML, like Gecko) Chrome/135.0.7049.114 Mobile Safari/537.36 (compatible; Googlebot/2.1; +http://www.google.com/bot.html)"
66.249.65.105 - - [06/May/2025:12:10:04 -0400] "GET /wp-content/plugins/site-offline/output/assets/css/custom.css HTTP/1.1" 200 1124 "https://youngsstupa.com/" "Mozilla/5.0 (Linux; Android 6.0.1; Nexus 5X Build/MMB29P) AppleWebKit/537.36 (KHTML, like Gecko) Chrome/135.0.7049.114 Mobile Safari/537.36 (compatible; Googlebot/2.1; +http://www.google.com/bot.html)"
66.249.65.105 - - [06/May/2025:12:10:05 -0400] "GET /wp-content/plugins/site-offline/output/assets/js/wow.min.js HTTP/1.1" 200 1561 "https://youngsstupa.com/" "Mozilla/5.0 (Linux; Android 6.0.1; Nexus 5X Build/MMB29P) AppleWebKit/537.36 (KHTML, like Gecko) Chrome/135.0.7049.114 Mobile Safari/537.36 (compatible; Googlebot/2.1; +http://www.google.com/bot.html)"
66.249.65.104 - - [06/May/2025:12:10:07 -0400] "GET /wp-content/plugins/site-offline/output/assets/js/scripts.js HTTP/1.1" 200 572 "https://youngsstupa.com/" "Mozilla/5.0 (Linux; Android 6.0.1; Nexus 5X Build/MMB29P) AppleWebKit/537.36 (KHTML, like Gecko) Chrome/135.0.7049.114 Mobile Safari/537.36 (compatible; Googlebot/2.1; +http://www.google.com/bot.html)"
66.249.65.104 - - [06/May/2025:12:10:07 -0400] "GET /wp-content/plugins/site-offline/output/assets/css/form-elements.css HTTP/1.1" 200 427 "https://youngsstupa.com/" "Mozilla/5.0 (Linux; Android 6.0.1; Nexus 5X Build/MMB29P) AppleWebKit/537.36 (KHTML, like Gecko) Chrome/135.0.7049.114 Mobile Safari/537.36 (compatible; Googlebot/2.1; +http://www.google.com/bot.html)"
66.249.65.104 - - [06/May/2025:12:10:08 -0400] "GET /wp-content/plugins/site-offline/assets/css/font-awesome/css/font-awesome.min.css HTTP/1.1" 200 5118 "https://youngsstupa.com/" "Mozilla/5.0 (Linux; Android 6.0.1; Nexus 5X Build/MMB29P) AppleWebKit/537.36 (KHTML, like Gecko) Chrome/135.0.7049.114 Mobile Safari/537.36 (compatible; Googlebot/2.1; +http://www.google.com/bot.html)"
199.188.205.55 - - [06/May/2025:12:10:42 -0400] "POST /wp-cron.php?doing_wp_cron=1746547842.3642170429229736328125 HTTP/1.1" 200 0 "-" "WordPress/6.8.1; https://youngsstupa.com"
43.135.130.202 - - [06/May/2025:12:10:41 -0400] "GET / HTTP/1.1" 301 0 "http://www.youngsstupa.com" "Mozilla/5.0 (iPhone; CPU iPhone OS 13_2_3 like Mac OS X) AppleWebKit/605.1.15 (KHTML, like Gecko) Version/13.0.3 Mobile/15E148 Safari/604.1"
199.188.205.55 - - [06/May/2025:12:10:43 -0400] "POST /wp-admin/admin-ajax.php?action=async_litespeed&nonce=FtkUguK0QDu8mEf4xQC9jHwnVERAnUMs&litespeed_type=imgoptm HTTP/1.1" 200 21 "-" "WordPress/6.8.1; https://youngsstupa.com"
43.135.130.202 - - [06/May/2025:12:10:43 -0400] "GET / HTTP/1.1" 200 2024 "https://www.youngsstupa.com/" "Mozilla/5.0 (iPhone; CPU iPhone OS 13_2_3 like Mac OS X) AppleWebKit/605.1.15 (KHTML, like Gecko) Version/13.0.3 Mobile/15E148 Safari/604.1"
199.188.205.55 - - [06/May/2025:13:17:59 -0400] "POST /wp-cron.php?doing_wp_cron=1746551879.0588459968566894531250 HTTP/1.1" 200 0 "-" "WordPress/6.8.1; https://youngsstupa.com"
162.62.213.187 - - [06/May/2025:13:17:54 -0400] "GET / HTTP/1.1" 200 2024 "http://youngsstupa.com" "Mozilla/5.0 (iPhone; CPU iPhone OS 13_2_3 like Mac OS X) AppleWebKit/605.1.15 (KHTML, like Gecko) Version/13.0.3 Mobile/15E148 Safari/604.1"
199.188.205.55 - - [06/May/2025:13:18:00 -0400] "POST /wp-admin/admin-ajax.php?action=async_litespeed&nonce=Jz2yWIMDAzH2SLunnYezV2DFbr7Tmyqf&litespeed_type=imgoptm HTTP/1.1" 200 0 "-" "WordPress/6.8.1; https://youngsstupa.com"
66.249.65.105 - - [06/May/2025:13:20:05 -0400] "GET /robots.txt HTTP/1.1" 200 1759 "-" "Mozilla/5.0 (compatible; Googlebot/2.1; +http://www.google.com/bot.html)"
199.188.205.55 - - [06/May/2025:13:20:10 -0400] "POST /wp-cron.php?doing_wp_cron=1746552008.5398950576782226562500 HTTP/1.1" 200 0 "-" "WordPress/6.8.1; https://youngsstupa.com"